
CREATE TABLE `about_us` (
  `id` bigint(20) unsigned NOT NULL AUTO_INCREMENT,
  `user_id` bigint(20) unsigned DEFAULT NULL,
  `mainTitle` varchar(191) NOT NULL,
  `slug` varchar(191) NOT NULL,
  `subTitle` varchar(191) NOT NULL,
  `mainDescription` longtext NOT NULL,
  `sec1_image` varchar(191) NOT NULL,
  `sec2_image` varchar(191) NOT NULL,
  `benifitTitle` varchar(191) NOT NULL,
  `benifitDescription` longtext NOT NULL,
  `sellingTitle` varchar(191) NOT NULL,
  `sellingDescription` longtext NOT NULL,
  `price` varchar(191) NOT NULL,
  `created_at` timestamp NULL DEFAULT NULL,
  `updated_at` timestamp NULL DEFAULT NULL,
  PRIMARY KEY (`id`),
  UNIQUE KEY `about_us_slug_unique` (`slug`)
) ENGINE=InnoDB AUTO_INCREMENT=2 DEFAULT CHARSET=utf8mb4 COLLATE=utf8mb4_unicode_ci;

INSERT INTO `about_us` VALUES (1,NULL,'About Us','initail slug','Delevering happiness on the goal.','<p>We believe time is valuable to our fellow residents, and that they should not have to waste hours in traffic, brave bad weather and wait in line just to buy basic necessities like eggs! This is why Chaldal delivers everything you need right at your door-step and at no additional cost.</p>','frontend\\default\\img\\about_1.png','frontend\\default\\img\\about_1.png','Benefits','<p>Opens the doorway for everybody to shop over the Internet. We constantly update with lot of new products, services and special offers. We provide on-time delivery of products and quick resolution of any concerns.</p>','ALL YOU JUST NEED IS START SELLING','<p>Selling is very easy in this site. You can easily register here as a vendor and start selling immediately</p>','Starting @ $7.00/month','2024-01-23 11:19:52','2024-01-23 11:19:52');
CREATE TABLE `add_gift_cards` (
  `id` bigint(20) unsigned NOT NULL AUTO_INCREMENT,
  `gift_card_value` int(11) DEFAULT NULL,
  `gift_selling_price` int(11) DEFAULT NULL,
  `gift_discount_type` tinyint(3) unsigned DEFAULT NULL COMMENT '1 = percentage, 0 = percentage',
  `gift_discount_amount` int(11) DEFAULT NULL,
  `start_date` date DEFAULT NULL,
  `end_date` date DEFAULT NULL,
  `number_of_gift_card` varchar(191) DEFAULT NULL,
  `digilat_gift_id` bigint(20) unsigned NOT NULL,
  `created_at` timestamp NULL DEFAULT NULL,
  `updated_at` timestamp NULL DEFAULT NULL,
  PRIMARY KEY (`id`)
) ENGINE=InnoDB DEFAULT CHARSET=utf8mb4 COLLATE=utf8mb4_unicode_ci;

CREATE TABLE `admin_colors` (
  `id` bigint(20) unsigned NOT NULL AUTO_INCREMENT,
  `title` varchar(191) NOT NULL,
  `color_mode` varchar(191) NOT NULL,
  `background_type` varchar(191) DEFAULT NULL,
  `background_image` varchar(191) DEFAULT NULL,
  `background_color` varchar(191) DEFAULT NULL,
  `base_color` varchar(191) DEFAULT NULL,
  `solid_color` varchar(191) DEFAULT NULL,
  `gradient_color_one` varchar(191) DEFAULT NULL,
  `gradient_color_two` varchar(191) DEFAULT NULL,
  `gradient_color_three` varchar(191) DEFAULT NULL,
  `scroll_color` varchar(191) DEFAULT NULL,
  `text_color` varchar(191) DEFAULT NULL,
  `text_white` varchar(191) DEFAULT NULL,
  `background_white` varchar(191) DEFAULT NULL,
  `text_black` varchar(191) DEFAULT NULL,
  `background_black` varchar(191) DEFAULT NULL,
  `input_background` varchar(191) DEFAULT NULL,
  `border_color` varchar(191) DEFAULT NULL,
  `success_color` varchar(191) DEFAULT NULL,
  `warning_color` varchar(191) DEFAULT NULL,
  `danger_color` varchar(191) DEFAULT NULL,
  `toastr_position` varchar(191) DEFAULT NULL,
  `toastr_time` double(8,2) DEFAULT NULL,
  `is_active` tinyint(1) NOT NULL DEFAULT 0,
  `created_at` timestamp NULL DEFAULT NULL,
  `updated_at` timestamp NULL DEFAULT NULL,
  PRIMARY KEY (`id`)
) ENGINE=InnoDB AUTO_INCREMENT=3 DEFAULT CHARSET=utf8mb4 COLLATE=utf8mb4_unicode_ci;

INSERT INTO `admin_colors` VALUES (1,'Default Color','Gradient','image','backend/img/admin-body-bg.jpg','','#415094','','#7C32FF','#A235EC','#C738D8','#7E7172','#828BB2','#FFFFFF','#FFFFFF','#000000','#000000','#FFFFFF','rgba(130, 139, 178, 0.3)','#4BCF90','#E09079','#FF6D68','toast-top-right',3000.00,0,'2024-01-23 11:19:57','2024-01-23 14:34:35'),(2,'EmarketZone','gradient','color',NULL,'#f2f2f2','#000000',NULL,'#33adff','#349aed','#34d9e5','#7e7172','#858585','#ffffff','#ffffff','#000000','#000000','#ffffff','#000000','#389c6b','#f57a58','#ff0000','toast-top-right',5000.00,1,'2024-01-23 14:34:16','2024-01-24 16:50:40');
CREATE TABLE `affiliate_category_commissions` (
  `id` bigint(20) unsigned NOT NULL AUTO_INCREMENT,
  `category_id` varchar(191) NOT NULL,
  `calculation_method` varchar(191) NOT NULL,
  `amount` double(8,2) NOT NULL,
  `created_at` timestamp NULL DEFAULT NULL,
  `updated_at` timestamp NULL DEFAULT NULL,
  PRIMARY KEY (`id`)
) ENGINE=InnoDB DEFAULT CHARSET=utf8mb4 COLLATE=utf8mb4_unicode_ci;

CREATE TABLE `affiliate_configurations` (
  `id` bigint(20) unsigned NOT NULL AUTO_INCREMENT,
  `key` varchar(191) NOT NULL,
  `value` varchar(191) DEFAULT NULL,
  `created_at` timestamp NULL DEFAULT NULL,
  `updated_at` timestamp NULL DEFAULT NULL,
  PRIMARY KEY (`id`)
) ENGINE=InnoDB AUTO_INCREMENT=15 DEFAULT CHARSET=utf8mb4 COLLATE=utf8mb4_unicode_ci;

INSERT INTO `affiliate_configurations` VALUES (1,'min_withdraw','50',NULL,'2024-01-24 08:52:57'),(2,'balance_add_account_after_days','10',NULL,NULL),(3,'transfer_approval_need','1',NULL,NULL),(4,'admin_approval_need','1',NULL,'2024-02-06 05:11:33'),(5,'referral_duration_type','Fixed',NULL,NULL),(6,'referral_duration','30',NULL,'2024-02-03 15:31:41'),(7,'commission_type','Product',NULL,NULL),(8,'amount_type','Percentage',NULL,NULL),(9,'commission_amount','8',NULL,'2024-02-06 14:21:35'),(10,'common_amount','5',NULL,NULL),(11,'common_calculation_method','Percentage',NULL,NULL),(12,'multi_category_commission_calculate','Maximum',NULL,NULL),(13,'calculation_method1','Percentage','2024-02-03 15:31:41','2024-02-03 15:31:41'),(14,'commission_amount1','5','2024-02-03 15:31:41','2024-02-03 15:31:41');
CREATE TABLE `affiliate_link_visit_track_users` (
  `id` bigint(20) unsigned NOT NULL AUTO_INCREMENT,
  `affiliate_link_id` bigint(20) unsigned NOT NULL,
  `ip` varchar(191) NOT NULL,
  `agent` varchar(191) NOT NULL,
  `date` date NOT NULL,
  `created_at` timestamp NULL DEFAULT NULL,
  `updated_at` timestamp NULL DEFAULT NULL,
  PRIMARY KEY (`id`),
  KEY `affiliate_link_visit_track_users_affiliate_link_id_foreign` (`affiliate_link_id`),
  CONSTRAINT `affiliate_link_visit_track_users_affiliate_link_id_foreign` FOREIGN KEY (`affiliate_link_id`) REFERENCES `affiliate_links` (`id`) ON DELETE CASCADE
) ENGINE=InnoDB DEFAULT CHARSET=utf8mb4 COLLATE=utf8mb4_unicode_ci;

CREATE TABLE `affiliate_links` (
  `id` bigint(20) unsigned NOT NULL AUTO_INCREMENT,
  `affiliate_link` varchar(500) NOT NULL,
  `owner_id` bigint(20) unsigned NOT NULL,
  `visits` int(11) NOT NULL DEFAULT 0,
  `created_at` timestamp NULL DEFAULT NULL,
  `updated_at` timestamp NULL DEFAULT NULL,
  PRIMARY KEY (`id`)
) ENGINE=InnoDB DEFAULT CHARSET=utf8mb4 COLLATE=utf8mb4_unicode_ci;

CREATE TABLE `affiliate_referral_payments` (
  `id` bigint(20) unsigned NOT NULL AUTO_INCREMENT,
  `payment_to` bigint(20) unsigned NOT NULL COMMENT 'Who Received Money',
  `amount` double NOT NULL,
  `affiliate_link_id` bigint(20) unsigned DEFAULT NULL,
  `payment_from` bigint(20) unsigned NOT NULL COMMENT 'Who Enrolled Course',
  `item_id` bigint(20) unsigned DEFAULT NULL,
  `date` date DEFAULT NULL,
  `status` tinyint(1) NOT NULL DEFAULT 0,
  `order_id` bigint(20) unsigned DEFAULT NULL,
  `type` varchar(191) DEFAULT NULL,
  `created_at` timestamp NULL DEFAULT NULL,
  `updated_at` timestamp NULL DEFAULT NULL,
  PRIMARY KEY (`id`),
  KEY `affiliate_referral_payments_affiliate_link_id_foreign` (`affiliate_link_id`)
) ENGINE=InnoDB DEFAULT CHARSET=utf8mb4 COLLATE=utf8mb4_unicode_ci;

CREATE TABLE `affiliate_referral_users` (
  `id` bigint(20) unsigned NOT NULL AUTO_INCREMENT,
  `user_id` bigint(20) unsigned NOT NULL,
  `affiliate_link_id` bigint(20) unsigned DEFAULT NULL,
  `reffered_by` bigint(20) unsigned DEFAULT NULL,
  `validity_start_date` date DEFAULT NULL,
  `created_at` timestamp NULL DEFAULT NULL,
  `updated_at` timestamp NULL DEFAULT NULL,
  PRIMARY KEY (`id`),
  KEY `affiliate_referral_users_affiliate_link_id_foreign` (`affiliate_link_id`),
  KEY `affiliate_referral_users_user_id_foreign` (`user_id`),
  KEY `affiliate_referral_users_reffered_by_foreign` (`reffered_by`),
  CONSTRAINT `affiliate_referral_users_reffered_by_foreign` FOREIGN KEY (`reffered_by`) REFERENCES `users` (`id`) ON DELETE CASCADE,
  CONSTRAINT `affiliate_referral_users_user_id_foreign` FOREIGN KEY (`user_id`) REFERENCES `users` (`id`) ON DELETE CASCADE
) ENGINE=InnoDB DEFAULT CHARSET=utf8mb4 COLLATE=utf8mb4_unicode_ci;

CREATE TABLE `affiliate_user_wallets` (
  `id` bigint(20) unsigned NOT NULL AUTO_INCREMENT,
  `user_id` bigint(20) unsigned NOT NULL,
  `amount` double NOT NULL DEFAULT 0,
  `paypal_account` varchar(191) DEFAULT NULL,
  `created_at` timestamp NULL DEFAULT NULL,
  `updated_at` timestamp NULL DEFAULT NULL,
  PRIMARY KEY (`id`),
  KEY `affiliate_user_wallets_user_id_foreign` (`user_id`),
  CONSTRAINT `affiliate_user_wallets_user_id_foreign` FOREIGN KEY (`user_id`) REFERENCES `users` (`id`) ON DELETE CASCADE
) ENGINE=InnoDB DEFAULT CHARSET=utf8mb4 COLLATE=utf8mb4_unicode_ci;

CREATE TABLE `affiliate_withdraws` (
  `id` bigint(20) unsigned NOT NULL AUTO_INCREMENT,
  `user_id` bigint(20) unsigned NOT NULL,
  `withdraw_amount` double NOT NULL,
  `payment_type` int(11) NOT NULL COMMENT '1=>Offline, 2 => Paypal, 3=>Add User Wallet',
  `status` tinyint(1) NOT NULL DEFAULT 0 COMMENT '0 => Pending, 1 => Done , 2=>Cancel',
  `request_date` date NOT NULL,
  `confirmed_by` bigint(20) unsigned DEFAULT NULL,
  `confirm_date` date DEFAULT NULL,
  `created_at` timestamp NULL DEFAULT NULL,
  `updated_at` timestamp NULL DEFAULT NULL,
  PRIMARY KEY (`id`),
  KEY `affiliate_withdraws_user_id_foreign` (`user_id`),
  CONSTRAINT `affiliate_withdraws_user_id_foreign` FOREIGN KEY (`user_id`) REFERENCES `users` (`id`) ON DELETE CASCADE
) ENGINE=InnoDB DEFAULT CHARSET=utf8mb4 COLLATE=utf8mb4_unicode_ci;

CREATE TABLE `analytics_tools` (
  `id` bigint(20) unsigned NOT NULL AUTO_INCREMENT,
  `type` varchar(191) NOT NULL,
  `google_tracking_id` varchar(191) DEFAULT NULL,
  `facebook_pixel_id` varchar(191) DEFAULT NULL,
  `created_at` timestamp NULL DEFAULT NULL,
  `updated_at` timestamp NULL DEFAULT NULL,
  PRIMARY KEY (`id`)
) ENGINE=InnoDB AUTO_INCREMENT=3 DEFAULT CHARSET=utf8mb4 COLLATE=utf8mb4_unicode_ci;

INSERT INTO `analytics_tools` VALUES (1,'google_analytics',NULL,NULL,'2024-01-23 11:19:55','2024-01-23 11:19:55'),(2,'facebook_pixel',NULL,NULL,'2024-01-23 11:19:55','2024-01-23 11:19:55');
CREATE TABLE `attendances` (
  `id` bigint(20) unsigned NOT NULL AUTO_INCREMENT,
  `attendance` varchar(50) NOT NULL DEFAULT 'P',
  `date` date DEFAULT NULL,
  `day` varchar(30) DEFAULT NULL,
  `month` varchar(30) DEFAULT NULL,
  `year` int(11) DEFAULT NULL,
  `note` varchar(255) DEFAULT NULL,
  `user_id` int(10) unsigned NOT NULL DEFAULT 1,
  `role_id` int(10) unsigned NOT NULL DEFAULT 1,
  `created_by` bigint(20) unsigned DEFAULT NULL,
  `updated_by` bigint(20) unsigned DEFAULT NULL,
  `created_at` timestamp NULL DEFAULT NULL,
  `updated_at` timestamp NULL DEFAULT NULL,
  PRIMARY KEY (`id`),
  KEY `attendances_created_by_foreign` (`created_by`),
  KEY `attendances_updated_by_foreign` (`updated_by`),
  CONSTRAINT `attendances_created_by_foreign` FOREIGN KEY (`created_by`) REFERENCES `users` (`id`),
  CONSTRAINT `attendances_updated_by_foreign` FOREIGN KEY (`updated_by`) REFERENCES `users` (`id`)
) ENGINE=InnoDB AUTO_INCREMENT=2 DEFAULT CHARSET=utf8mb4 COLLATE=utf8mb4_unicode_ci;

INSERT INTO `attendances` VALUES (1,'P','2024-02-06','Tuesday','February',2024,'test',2,2,NULL,1,'2024-02-06 05:06:42','2024-02-06 05:06:42');
CREATE TABLE `attribute_values` (
  `id` bigint(20) unsigned NOT NULL AUTO_INCREMENT,
  `value` varchar(50) NOT NULL,
  `attribute_id` bigint(20) unsigned DEFAULT NULL,
  `created_at` timestamp NULL DEFAULT NULL,
  `updated_at` timestamp NULL DEFAULT NULL,
  PRIMARY KEY (`id`),
  KEY `attribute_values_attribute_id_foreign` (`attribute_id`),
  CONSTRAINT `attribute_values_attribute_id_foreign` FOREIGN KEY (`attribute_id`) REFERENCES `attributes` (`id`) ON DELETE CASCADE
) ENGINE=InnoDB AUTO_INCREMENT=16 DEFAULT CHARSET=utf8mb4 COLLATE=utf8mb4_unicode_ci;

INSERT INTO `attribute_values` VALUES (1,'black',1,'2024-01-23 11:19:52','2024-01-23 11:19:52'),(2,'red',1,'2024-01-23 11:19:52','2024-01-23 11:19:52'),(3,'white',1,'2024-01-23 11:19:52','2024-01-23 11:19:52'),(4,'yellow',1,'2024-02-06 14:26:48','2024-02-06 14:26:48'),(5,'blue',1,'2024-02-06 14:29:53','2024-02-06 14:29:53'),(6,'brown',1,'2024-02-06 14:29:53','2024-02-06 14:29:53'),(7,'green',1,'2024-02-06 14:29:53','2024-02-06 14:29:53'),(8,'orange',1,'2024-02-06 14:29:53','2024-02-06 14:29:53'),(9,'violet',1,'2024-02-06 14:29:53','2024-02-06 14:29:53'),(10,'pink',1,'2024-02-06 14:29:53','2024-02-06 14:29:53'),(11,'16',2,'2024-02-06 14:32:13',NULL),(12,'17',2,'2024-02-06 14:32:13',NULL),(13,'18',2,'2024-02-06 14:32:13',NULL),(14,'gold',1,'2024-03-02 10:43:21','2024-03-02 10:43:21'),(15,'grey',1,'2024-03-03 13:31:20','2024-03-03 14:13:11');
CREATE TABLE `attributes` (
  `id` bigint(20) unsigned NOT NULL AUTO_INCREMENT,
  `name` varchar(255) NOT NULL,
  `display_type` varchar(70) DEFAULT NULL,
  `description` text DEFAULT NULL,
  `status` tinyint(1) NOT NULL DEFAULT 0,
  `created_by` bigint(20) unsigned DEFAULT NULL,
  `updated_by` bigint(20) unsigned DEFAULT NULL,
  `created_at` timestamp NULL DEFAULT NULL,
  `updated_at` timestamp NULL DEFAULT NULL,
  PRIMARY KEY (`id`),
  KEY `attributes_created_by_foreign` (`created_by`),
  KEY `attributes_updated_by_foreign` (`updated_by`),
  CONSTRAINT `attributes_created_by_foreign` FOREIGN KEY (`created_by`) REFERENCES `users` (`id`) ON DELETE CASCADE,
  CONSTRAINT `attributes_updated_by_foreign` FOREIGN KEY (`updated_by`) REFERENCES `users` (`id`) ON DELETE CASCADE
) ENGINE=InnoDB AUTO_INCREMENT=3 DEFAULT CHARSET=utf8mb4 COLLATE=utf8mb4_unicode_ci;

INSERT INTO `attributes` VALUES (1,'Color','radio_button','this is for color atrribute.',1,NULL,NULL,'2018-11-05 01:12:26','2018-11-05 01:12:26'),(2,'Size',NULL,'This is for size atrribute',1,NULL,NULL,'2024-02-06 14:32:13','2024-02-06 14:32:13');
CREATE TABLE `auction_bids` (
  `id` bigint(20) unsigned NOT NULL AUTO_INCREMENT,
  `auction_id` bigint(20) unsigned NOT NULL,
  `user_id` bigint(20) unsigned NOT NULL,
  `customer_name` varchar(191) DEFAULT NULL,
  `customer_email` varchar(191) DEFAULT NULL,
  `customer_phone` varchar(191) DEFAULT NULL,
  `bid_amount` double unsigned NOT NULL DEFAULT 0,
  `is_send` int(11) NOT NULL DEFAULT 0,
  `confirm_order` int(11) NOT NULL DEFAULT 0,
  `cancel_order` int(11) NOT NULL DEFAULT 0,
  `created_at` timestamp NULL DEFAULT NULL,
  `updated_at` timestamp NULL DEFAULT NULL,
  PRIMARY KEY (`id`)
) ENGINE=InnoDB DEFAULT CHARSET=utf8mb4 COLLATE=utf8mb4_unicode_ci;

CREATE TABLE `auctions` (
  `id` bigint(20) unsigned NOT NULL AUTO_INCREMENT,
  `user_id` bigint(20) unsigned NOT NULL,
  `auction_title` text DEFAULT NULL,
  `seller_product_id` bigint(20) unsigned NOT NULL,
  `quantity` int(11) NOT NULL DEFAULT 1,
  `starting_bidding_price` bigint(20) unsigned DEFAULT NULL,
  `auction_start_date` date DEFAULT NULL,
  `auction_end_date` date DEFAULT NULL,
  `auction_description` text DEFAULT NULL,
  `status` tinyint(4) NOT NULL DEFAULT 1,
  `total_bids` bigint(20) unsigned NOT NULL DEFAULT 0,
  `bidder_award_system` int(11) NOT NULL DEFAULT 1,
  `is_send` int(11) NOT NULL DEFAULT 0,
  `created_at` timestamp NULL DEFAULT NULL,
  `updated_at` timestamp NULL DEFAULT NULL,
  PRIMARY KEY (`id`),
  KEY `auctions_seller_product_id_foreign` (`seller_product_id`),
  CONSTRAINT `auctions_seller_product_id_foreign` FOREIGN KEY (`seller_product_id`) REFERENCES `seller_products` (`id`) ON DELETE CASCADE
) ENGINE=InnoDB DEFAULT CHARSET=utf8mb4 COLLATE=utf8mb4_unicode_ci;

CREATE TABLE `backendmenu_users` (
  `id` bigint(20) unsigned NOT NULL AUTO_INCREMENT,
  `backendmenu_id` bigint(20) unsigned NOT NULL,
  `user_id` bigint(20) unsigned NOT NULL,
  `parent_id` bigint(20) unsigned DEFAULT NULL,
  `position` bigint(20) unsigned NOT NULL DEFAULT 0,
  `status` tinyint(1) NOT NULL DEFAULT 1,
  `created_at` timestamp NULL DEFAULT NULL,
  `updated_at` timestamp NULL DEFAULT NULL,
  PRIMARY KEY (`id`)
) ENGINE=InnoDB AUTO_INCREMENT=588 DEFAULT CHARSET=utf8mb4 COLLATE=utf8mb4_unicode_ci;

INSERT INTO `backendmenu_users` VALUES (1,1,1,NULL,1,1,'2024-01-23 13:39:57','2024-01-26 04:04:03'),(2,2,1,NULL,4,1,'2024-01-23 13:39:57','2024-01-26 04:04:10'),(3,3,1,2,1,1,'2024-01-23 13:39:57','2024-01-23 13:39:57'),(4,4,1,3,1,1,'2024-01-23 13:39:57','2024-01-23 13:39:57'),(5,5,1,2,2,1,'2024-01-23 13:39:57','2024-01-23 13:39:57'),(6,6,1,5,1,1,'2024-01-23 13:39:57','2024-01-23 13:39:57'),(7,7,1,5,2,1,'2024-01-23 13:39:57','2024-01-23 13:39:57'),(8,8,1,5,3,1,'2024-01-23 13:39:57','2024-01-23 13:39:57'),(9,9,1,5,4,1,'2024-01-23 13:39:57','2024-01-23 13:39:57'),(10,10,1,5,5,1,'2024-01-23 13:39:57','2024-01-23 13:39:57'),(11,11,1,5,6,1,'2024-01-23 13:39:57','2024-01-23 13:39:57'),(12,12,1,5,7,1,'2024-01-23 13:39:57','2024-01-23 13:39:57'),(13,13,1,NULL,8,1,'2024-01-23 13:39:57','2024-01-26 04:04:24'),(14,14,1,13,1,1,'2024-01-23 13:39:57','2024-01-23 13:39:57'),(15,15,1,14,1,1,'2024-01-23 13:39:57','2024-01-23 13:39:57'),(16,16,1,14,2,1,'2024-01-23 13:39:57','2024-01-23 13:39:57'),(17,17,1,14,3,1,'2024-01-23 13:39:57','2024-01-23 13:39:57'),(18,18,1,14,4,1,'2024-01-23 13:39:57','2024-01-23 13:39:57'),(19,19,1,14,5,1,'2024-01-23 13:39:57','2024-01-23 13:39:57'),(20,20,1,14,6,1,'2024-01-23 13:39:57','2024-01-23 13:39:57'),(21,21,1,14,7,1,'2024-01-23 13:39:57','2024-01-23 13:39:57'),(22,22,1,14,8,1,'2024-01-23 13:39:57','2024-01-23 13:39:57'),(23,23,1,14,9,1,'2024-01-23 13:39:57','2024-01-23 13:39:57'),(24,24,1,14,10,1,'2024-01-23 13:39:57','2024-01-23 13:39:57'),(25,25,1,14,11,1,'2024-01-23 13:39:57','2024-01-23 13:39:57'),(26,26,1,14,12,1,'2024-01-23 13:39:57','2024-01-23 13:39:57'),(27,27,1,14,13,1,'2024-01-23 13:39:57','2024-01-23 13:39:57'),(28,28,1,13,2,1,'2024-01-23 13:39:57','2024-01-23 13:39:57'),(29,29,1,28,1,1,'2024-01-23 13:39:57','2024-01-23 13:39:57'),(30,30,1,28,2,1,'2024-01-23 13:39:57','2024-01-23 13:39:57'),(31,31,1,28,3,1,'2024-01-23 13:39:57','2024-01-23 13:39:57'),(32,32,1,28,4,1,'2024-01-23 13:39:57','2024-01-23 13:39:57'),(33,33,1,28,5,1,'2024-01-23 13:39:57','2024-01-23 13:39:57'),(34,34,1,28,6,1,'2024-01-23 13:39:57','2024-01-23 13:39:57'),(35,35,1,28,7,1,'2024-01-23 13:39:57','2024-01-23 13:39:57'),(36,36,1,13,3,1,'2024-01-23 13:39:57','2024-01-23 13:39:57'),(37,37,1,36,1,1,'2024-01-23 13:39:57','2024-01-23 13:39:57'),(38,38,1,13,4,1,'2024-01-23 13:39:57','2024-01-23 13:39:57'),(39,39,1,38,1,1,'2024-01-23 13:39:57','2024-01-23 13:39:57'),(40,40,1,NULL,2,1,'2024-01-23 13:39:57','2024-01-26 04:04:03'),(41,41,1,40,1,1,'2024-01-23 13:39:57','2024-01-23 13:39:57'),(42,42,1,41,1,1,'2024-01-23 13:39:57','2024-01-23 13:39:57'),(43,43,1,41,2,1,'2024-01-23 13:39:57','2024-01-23 13:39:57'),(44,44,1,41,3,1,'2024-01-23 13:39:57','2024-01-23 13:39:57'),(45,45,1,41,4,1,'2024-01-23 13:39:57','2024-01-23 13:39:57'),(46,46,1,41,5,1,'2024-01-23 13:39:57','2024-01-23 13:39:57'),(47,47,1,40,2,1,'2024-01-23 13:39:57','2024-01-23 13:39:57'),(48,48,1,47,1,1,'2024-01-23 13:39:57','2024-01-23 13:39:57'),(49,49,1,47,2,1,'2024-01-23 13:39:57','2024-01-23 13:39:57'),(50,50,1,47,3,1,'2024-01-23 13:39:57','2024-01-23 13:39:57'),(51,51,1,47,4,1,'2024-01-23 13:39:57','2024-01-23 13:39:57'),(52,52,1,47,5,1,'2024-01-23 13:39:57','2024-01-23 13:39:57'),(53,53,1,NULL,3,1,'2024-01-23 13:39:57','2024-01-26 04:04:10'),(54,54,1,53,1,1,'2024-01-23 13:39:57','2024-01-23 13:39:57'),(55,55,1,54,1,1,'2024-01-23 13:39:57','2024-01-23 13:39:57'),(56,56,1,54,2,1,'2024-01-23 13:39:57','2024-01-23 13:39:57'),(57,57,1,54,3,1,'2024-01-23 13:39:57','2024-01-23 13:39:57'),(58,58,1,54,4,1,'2024-01-23 13:39:57','2024-01-23 13:39:57'),(59,59,1,54,5,1,'2024-01-23 13:39:57','2024-01-23 13:39:57'),(60,60,1,54,6,1,'2024-01-23 13:39:57','2024-01-23 13:39:57'),(61,61,1,54,7,1,'2024-01-23 13:39:57','2024-01-23 13:39:57'),(62,62,1,54,8,1,'2024-01-23 13:39:57','2024-01-23 13:39:57'),(63,63,1,53,2,1,'2024-01-23 13:39:57','2024-01-23 13:39:57'),(64,64,1,63,1,1,'2024-01-23 13:39:57','2024-01-23 13:39:57'),(65,65,1,63,2,1,'2024-01-23 13:39:57','2024-01-23 13:39:57'),(66,66,1,63,3,1,'2024-01-23 13:39:57','2024-01-23 13:39:57'),(67,67,1,53,3,1,'2024-01-23 13:39:57','2024-01-23 13:39:57'),(68,68,1,67,1,1,'2024-01-23 13:39:57','2024-01-23 13:39:57'),(69,69,1,67,2,1,'2024-01-23 13:39:57','2024-01-23 13:39:57'),(70,70,1,67,3,1,'2024-01-23 13:39:57','2024-01-23 13:39:57'),(71,71,1,67,4,1,'2024-01-23 13:39:57','2024-01-23 13:39:57'),(72,72,1,67,5,1,'2024-01-23 13:39:57','2024-01-23 13:39:57'),(73,73,1,53,4,1,'2024-01-23 13:39:57','2024-01-23 13:39:57'),(74,74,1,73,1,1,'2024-01-23 13:39:57','2024-01-23 13:39:57'),(75,75,1,73,2,1,'2024-01-23 13:39:57','2024-01-23 13:39:57'),(76,76,1,NULL,5,1,'2024-01-23 13:39:57','2024-01-26 04:04:16'),(77,77,1,76,1,1,'2024-01-23 13:39:57','2024-01-23 13:39:57'),(78,78,1,77,1,1,'2024-01-23 13:39:57','2024-01-23 13:39:57'),(79,79,1,77,2,1,'2024-01-23 13:39:57','2024-01-23 13:39:57'),(80,80,1,77,3,1,'2024-01-23 13:39:57','2024-01-23 13:39:57'),(81,81,1,77,4,1,'2024-01-23 13:39:57','2024-01-23 13:39:57'),(82,82,1,77,5,1,'2024-01-23 13:39:57','2024-01-23 13:39:57'),(83,83,1,77,6,1,'2024-01-23 13:39:57','2024-01-23 13:39:57'),(84,84,1,77,7,1,'2024-01-23 13:39:57','2024-01-23 13:39:57'),(85,85,1,77,8,1,'2024-01-23 13:39:57','2024-01-23 13:39:57'),(86,86,1,76,2,1,'2024-01-23 13:39:57','2024-01-23 13:39:57'),(87,87,1,86,1,1,'2024-01-23 13:39:57','2024-01-23 13:39:57'),(88,88,1,NULL,6,1,'2024-01-23 13:39:57','2024-01-26 04:04:24'),(89,89,1,88,1,1,'2024-01-23 13:39:57','2024-01-23 13:39:57'),(90,90,1,89,1,1,'2024-01-23 13:39:57','2024-01-23 13:39:57'),(91,91,1,89,2,1,'2024-01-23 13:39:57','2024-01-23 13:39:57'),(92,92,1,89,3,1,'2024-01-23 13:39:57','2024-01-23 13:39:57'),(93,93,1,89,4,1,'2024-01-23 13:39:57','2024-01-23 13:39:57'),(94,94,1,89,5,1,'2024-01-23 13:39:57','2024-01-23 13:39:57'),(95,95,1,89,6,1,'2024-01-23 13:39:57','2024-01-23 13:39:57'),(96,96,1,89,7,1,'2024-01-23 13:39:57','2024-01-23 13:39:57'),(97,97,1,88,2,1,'2024-01-23 13:39:57','2024-01-23 13:39:57'),(98,98,1,97,1,1,'2024-01-23 13:39:57','2024-01-23 13:39:57'),(99,99,1,97,2,1,'2024-01-23 13:39:57','2024-01-23 13:39:57'),(100,100,1,97,3,1,'2024-01-23 13:39:57','2024-01-23 13:39:57'),(101,101,1,97,4,1,'2024-01-23 13:39:57','2024-01-23 13:39:57'),(102,102,1,NULL,7,1,'2024-01-23 13:39:57','2024-01-26 04:04:24'),(103,103,1,102,1,1,'2024-01-23 13:39:57','2024-01-23 13:39:57'),(104,104,1,103,1,1,'2024-01-23 13:39:57','2024-01-23 13:39:57'),(105,105,1,103,2,1,'2024-01-23 13:39:57','2024-01-23 13:39:57'),(106,106,1,102,2,1,'2024-01-23 13:39:57','2024-01-23 13:39:57'),(107,107,1,106,1,1,'2024-01-23 13:39:57','2024-01-23 13:39:57'),(108,108,1,102,3,1,'2024-01-23 13:39:57','2024-01-23 13:39:57'),(109,109,1,108,1,1,'2024-01-23 13:39:57','2024-01-23 13:39:57'),(110,110,1,108,2,1,'2024-01-23 13:39:57','2024-01-23 13:39:57'),(111,111,1,108,3,1,'2024-01-23 13:39:57','2024-01-23 13:39:57'),(112,112,1,108,4,1,'2024-01-23 13:39:57','2024-01-23 13:39:57'),(113,113,1,108,5,1,'2024-01-23 13:39:57','2024-01-23 13:39:57'),(114,114,1,108,6,1,'2024-01-23 13:39:57','2024-01-23 13:39:57'),(115,115,1,108,7,1,'2024-01-23 13:39:57','2024-01-23 13:39:57'),(116,116,1,108,8,1,'2024-01-23 13:39:57','2024-01-23 13:39:57'),(117,117,1,108,9,1,'2024-01-23 13:39:57','2024-01-23 13:39:57'),(118,118,1,108,10,1,'2024-01-23 13:39:57','2024-01-23 13:39:57'),(119,119,1,108,11,1,'2024-01-23 13:39:57','2024-01-23 13:39:57'),(120,120,1,108,12,1,'2024-01-23 13:39:57','2024-01-23 13:39:57'),(121,121,1,102,4,1,'2024-01-23 13:39:57','2024-01-23 13:39:57'),(122,122,1,121,1,1,'2024-01-23 13:39:57','2024-01-23 13:39:57'),(123,123,1,121,2,1,'2024-01-23 13:39:57','2024-01-23 13:39:57'),(124,124,1,121,3,1,'2024-01-23 13:39:57','2024-01-23 13:39:57'),(125,125,1,121,4,1,'2024-01-23 13:39:58','2024-01-23 13:39:58'),(126,126,1,121,5,1,'2024-01-23 13:39:58','2024-01-23 13:39:58'),(127,127,1,102,5,1,'2024-01-23 13:39:58','2024-01-23 13:39:58'),(128,128,1,127,1,1,'2024-01-23 13:39:58','2024-01-23 13:39:58'),(129,129,1,127,2,1,'2024-01-23 13:39:58','2024-01-23 13:39:58'),(130,130,1,102,6,1,'2024-01-23 13:39:58','2024-01-23 13:39:58'),(131,131,1,130,1,1,'2024-01-23 13:39:58','2024-01-23 13:39:58'),(132,132,1,NULL,9,1,'2024-01-23 13:39:58','2024-01-26 04:04:03'),(133,133,1,132,1,1,'2024-01-23 13:39:58','2024-01-23 13:39:58'),(134,134,1,133,1,1,'2024-01-23 13:39:58','2024-01-23 13:39:58'),(135,135,1,133,2,1,'2024-01-23 13:39:58','2024-01-23 13:39:58'),(136,136,1,133,3,1,'2024-01-23 13:39:58','2024-01-23 13:39:58'),(137,137,1,133,4,1,'2024-01-23 13:39:58','2024-01-23 13:39:58'),(138,138,1,133,5,1,'2024-01-23 13:39:58','2024-01-23 13:39:58'),(139,139,1,133,6,1,'2024-01-23 13:39:58','2024-01-23 13:39:58'),(140,140,1,133,7,1,'2024-01-23 13:39:58','2024-01-23 13:39:58'),(141,141,1,133,8,1,'2024-01-23 13:39:58','2024-01-23 13:39:58'),(142,142,1,133,9,1,'2024-01-23 13:39:58','2024-01-23 13:39:58'),(143,143,1,133,10,1,'2024-01-23 13:39:58','2024-01-23 13:39:58'),(144,144,1,133,11,1,'2024-01-23 13:39:58','2024-01-23 13:39:58'),(145,145,1,133,12,1,'2024-01-23 13:39:58','2024-01-23 13:39:58'),(146,146,1,133,13,1,'2024-01-23 13:39:58','2024-01-23 13:39:58'),(147,147,1,133,14,1,'2024-01-23 13:39:58','2024-01-23 13:39:58'),(148,148,1,133,15,1,'2024-01-23 13:39:58','2024-01-23 13:39:58'),(149,149,1,133,16,1,'2024-01-23 13:39:58','2024-01-23 13:39:58'),(150,150,1,132,2,1,'2024-01-23 13:39:58','2024-01-23 13:39:58'),(151,151,1,132,3,1,'2024-01-23 13:39:58','2024-01-23 13:39:58'),(152,152,1,132,4,1,'2024-01-23 13:39:58','2024-01-23 13:39:58'),(153,153,1,152,1,1,'2024-01-23 13:39:58','2024-01-23 13:39:58'),(154,154,1,152,2,1,'2024-01-23 13:39:58','2024-01-23 13:39:58'),(155,155,1,152,3,1,'2024-01-23 13:39:58','2024-01-23 13:39:58'),(156,156,1,152,4,1,'2024-01-23 13:39:58','2024-01-23 13:39:58'),(157,157,1,156,1,1,'2024-01-23 13:39:58','2024-01-23 13:39:58'),(158,158,1,156,2,1,'2024-01-23 13:39:58','2024-01-23 13:39:58'),(159,159,1,156,3,1,'2024-01-23 13:39:58','2024-01-23 13:39:58'),(160,160,1,132,5,1,'2024-01-23 13:39:58','2024-01-23 13:39:58'),(161,161,1,160,1,1,'2024-01-23 13:39:58','2024-01-23 13:39:58'),(162,162,1,160,2,1,'2024-01-23 13:39:58','2024-01-23 13:39:58'),(163,163,1,132,6,1,'2024-01-23 13:39:58','2024-01-23 13:39:58'),(164,164,1,132,7,1,'2024-01-23 13:39:58','2024-01-23 13:39:58'),(165,165,1,1,1,1,'2024-01-23 13:39:58','2024-01-23 13:39:58'),(166,166,1,132,8,1,'2024-01-23 13:39:58','2024-01-23 13:39:58'),(167,168,1,14,14,1,'2024-01-23 13:39:58','2024-01-23 13:39:58'),(168,169,1,2,3,1,'2024-01-23 13:39:58','2024-01-23 13:39:58'),(169,170,1,168,1,1,'2024-01-23 13:39:58','2024-01-23 13:39:58'),(170,171,1,168,2,1,'2024-01-23 13:39:58','2024-01-23 13:39:58'),(171,172,1,168,3,1,'2024-01-23 13:39:58','2024-01-23 13:39:58'),(172,173,1,168,4,1,'2024-01-23 13:39:58','2024-01-23 13:39:58'),(173,174,1,168,5,1,'2024-01-23 13:39:58','2024-01-23 13:39:58'),(174,175,1,168,6,1,'2024-01-23 13:39:58','2024-01-23 13:39:58'),(175,178,1,97,5,1,'2024-01-23 13:39:58','2024-01-23 13:39:58'),(176,179,1,88,3,1,'2024-01-23 13:39:58','2024-01-23 13:39:58'),(177,180,1,176,1,1,'2024-01-23 13:39:58','2024-01-23 13:39:58'),(178,181,1,176,2,1,'2024-01-23 13:39:58','2024-01-23 13:39:58'),(179,184,1,54,9,1,'2024-01-23 13:39:58','2024-01-23 13:39:58'),(180,185,1,63,4,1,'2024-01-23 13:39:58','2024-01-23 13:39:58'),(181,186,1,63,5,1,'2024-01-23 13:39:58','2024-01-23 13:39:58'),(182,189,1,41,6,1,'2024-01-23 13:39:58','2024-01-23 13:39:58'),(183,190,1,47,6,1,'2024-01-23 13:39:58','2024-01-23 13:39:58'),(184,192,1,108,13,1,'2024-01-23 13:39:58','2024-01-23 13:39:58'),(185,193,1,108,14,1,'2024-01-23 13:39:58','2024-01-23 13:39:58'),(186,200,1,1,2,1,'2024-01-23 13:39:58','2024-01-23 13:39:58'),(187,201,1,186,1,1,'2024-01-23 13:39:58','2024-01-23 13:39:58'),(188,202,1,186,2,1,'2024-01-23 13:39:58','2024-01-23 13:39:58'),(189,203,1,186,3,1,'2024-01-23 13:39:58','2024-01-23 13:39:58'),(190,204,1,186,4,1,'2024-01-23 13:39:58','2024-01-23 13:39:58'),(191,205,1,186,5,1,'2024-01-23 13:39:58','2024-01-23 13:39:58'),(192,206,1,186,6,1,'2024-01-23 13:39:58','2024-01-23 13:39:58'),(193,207,1,186,7,1,'2024-01-23 13:39:58','2024-01-23 13:39:58'),(194,208,1,186,8,1,'2024-01-23 13:39:58','2024-01-23 13:39:58'),(195,210,1,28,8,1,'2024-01-23 13:39:58','2024-01-23 13:39:58'),(196,211,1,133,17,1,'2024-01-23 13:39:58','2024-01-23 13:39:58'),(197,212,1,3,2,1,'2024-01-23 13:39:58','2024-01-23 13:39:58'),(198,213,1,14,15,1,'2024-01-23 13:39:58','2024-01-23 13:39:58'),(199,214,1,1,3,1,'2024-01-23 13:39:58','2024-01-23 13:39:58'),(200,215,1,41,7,1,'2024-01-23 13:39:58','2024-01-23 13:39:58'),(201,216,1,41,8,1,'2024-01-23 13:39:58','2024-01-23 13:39:58'),(202,217,1,152,5,1,'2024-01-23 13:39:58','2024-01-23 13:39:58'),(203,218,1,76,3,1,'2024-01-23 15:55:27','2024-01-23 15:55:27'),(204,219,1,203,1,1,'2024-01-23 15:55:27','2024-01-23 15:55:27'),(205,220,1,203,2,1,'2024-01-23 15:55:27','2024-01-23 15:55:27'),(206,221,1,203,3,1,'2024-01-23 15:55:27','2024-01-23 15:55:27'),(207,222,1,203,4,1,'2024-01-23 15:55:27','2024-01-23 15:55:27'),(208,223,1,203,5,1,'2024-01-23 15:55:27','2024-01-23 15:55:27'),(209,224,1,53,5,1,'2024-01-23 15:56:31','2024-01-23 15:56:31'),(210,225,1,209,1,1,'2024-01-23 15:56:31','2024-01-23 15:56:31'),(211,226,1,209,2,1,'2024-01-23 15:56:31','2024-01-23 15:56:31'),(212,227,1,53,6,1,'2024-01-23 15:57:43','2024-01-23 15:57:43'),(213,228,1,212,1,1,'2024-01-23 15:57:43','2024-01-23 15:57:43'),(214,229,1,212,2,1,'2024-01-23 15:57:43','2024-01-23 15:57:43'),(215,230,1,212,3,1,'2024-01-23 15:57:43','2024-01-23 15:57:43'),(216,1,2,NULL,0,1,'2024-01-24 04:40:24','2024-01-24 04:40:24'),(217,2,2,NULL,0,1,'2024-01-24 04:40:24','2024-01-24 04:40:24'),(218,3,2,217,1,1,'2024-01-24 04:40:24','2024-01-24 04:40:24'),(219,4,2,218,1,1,'2024-01-24 04:40:24','2024-01-24 04:40:24'),(220,5,2,217,2,1,'2024-01-24 04:40:24','2024-01-24 04:40:24'),(221,6,2,220,1,1,'2024-01-24 04:40:24','2024-01-24 04:40:24'),(222,7,2,220,2,1,'2024-01-24 04:40:24','2024-01-24 04:40:24'),(223,8,2,220,3,1,'2024-01-24 04:40:24','2024-01-24 04:40:24'),(224,9,2,220,4,1,'2024-01-24 04:40:24','2024-01-24 04:40:24'),(225,10,2,220,5,1,'2024-01-24 04:40:24','2024-01-24 04:40:24'),(226,11,2,220,6,1,'2024-01-24 04:40:24','2024-01-24 04:40:24'),(227,12,2,220,7,1,'2024-01-24 04:40:24','2024-01-24 04:40:24'),(228,13,2,NULL,0,1,'2024-01-24 04:40:24','2024-01-24 04:40:24'),(229,14,2,228,1,1,'2024-01-24 04:40:24','2024-01-24 04:40:24'),(230,15,2,229,1,1,'2024-01-24 04:40:24','2024-01-24 04:40:24'),(231,16,2,229,2,1,'2024-01-24 04:40:24','2024-01-24 04:40:24'),(232,17,2,229,3,1,'2024-01-24 04:40:24','2024-01-24 04:40:24'),(233,18,2,229,4,1,'2024-01-24 04:40:24','2024-01-24 04:40:24'),(234,19,2,229,5,1,'2024-01-24 04:40:24','2024-01-24 04:40:24'),(235,20,2,229,6,1,'2024-01-24 04:40:24','2024-01-24 04:40:24'),(236,21,2,229,7,1,'2024-01-24 04:40:24','2024-01-24 04:40:24'),(237,22,2,229,8,1,'2024-01-24 04:40:24','2024-01-24 04:40:24'),(238,23,2,229,9,1,'2024-01-24 04:40:24','2024-01-24 04:40:24'),(239,24,2,229,10,1,'2024-01-24 04:40:24','2024-01-24 04:40:24'),(240,25,2,229,11,1,'2024-01-24 04:40:24','2024-01-24 04:40:24'),(241,26,2,229,12,1,'2024-01-24 04:40:24','2024-01-24 04:40:24'),(242,27,2,229,13,1,'2024-01-24 04:40:24','2024-01-24 04:40:24'),(243,28,2,228,2,1,'2024-01-24 04:40:24','2024-01-24 04:40:24'),(244,29,2,243,1,1,'2024-01-24 04:40:24','2024-01-24 04:40:24'),(245,30,2,243,2,1,'2024-01-24 04:40:24','2024-01-24 04:40:24'),(246,31,2,243,3,1,'2024-01-24 04:40:24','2024-01-24 04:40:24'),(247,32,2,243,4,1,'2024-01-24 04:40:24','2024-01-24 04:40:24'),(248,33,2,243,5,1,'2024-01-24 04:40:24','2024-01-24 04:40:24'),(249,34,2,243,6,1,'2024-01-24 04:40:24','2024-01-24 04:40:24'),(250,35,2,243,7,1,'2024-01-24 04:40:24','2024-01-24 04:40:24'),(251,36,2,228,3,1,'2024-01-24 04:40:24','2024-01-24 04:40:24'),(252,37,2,251,1,1,'2024-01-24 04:40:24','2024-01-24 04:40:24'),(253,38,2,228,4,1,'2024-01-24 04:40:24','2024-01-24 04:40:24'),(254,39,2,253,1,1,'2024-01-24 04:40:24','2024-01-24 04:40:24'),(255,40,2,NULL,0,1,'2024-01-24 04:40:24','2024-01-24 04:40:24'),(256,41,2,255,1,1,'2024-01-24 04:40:24','2024-01-24 04:40:24'),(257,42,2,256,1,1,'2024-01-24 04:40:24','2024-01-24 04:40:24'),(258,43,2,256,2,1,'2024-01-24 04:40:24','2024-01-24 04:40:24'),(259,44,2,256,3,1,'2024-01-24 04:40:24','2024-01-24 04:40:24'),(260,45,2,256,4,1,'2024-01-24 04:40:24','2024-01-24 04:40:24'),(261,46,2,256,5,1,'2024-01-24 04:40:24','2024-01-24 04:40:24'),(262,47,2,255,2,1,'2024-01-24 04:40:24','2024-01-24 04:40:24'),(263,48,2,262,1,1,'2024-01-24 04:40:24','2024-01-24 04:40:24'),(264,49,2,262,2,1,'2024-01-24 04:40:24','2024-01-24 04:40:24'),(265,50,2,262,3,1,'2024-01-24 04:40:24','2024-01-24 04:40:24'),(266,51,2,262,4,1,'2024-01-24 04:40:24','2024-01-24 04:40:24'),(267,52,2,262,5,1,'2024-01-24 04:40:24','2024-01-24 04:40:24'),(268,53,2,NULL,0,1,'2024-01-24 04:40:24','2024-01-24 04:40:24'),(269,54,2,268,1,1,'2024-01-24 04:40:24','2024-01-24 04:40:24'),(270,55,2,269,1,1,'2024-01-24 04:40:24','2024-01-24 04:40:24'),(271,56,2,269,2,1,'2024-01-24 04:40:24','2024-01-24 04:40:24'),(272,57,2,269,3,1,'2024-01-24 04:40:24','2024-01-24 04:40:24'),(273,58,2,269,4,1,'2024-01-24 04:40:24','2024-01-24 04:40:24'),(274,59,2,269,5,1,'2024-01-24 04:40:24','2024-01-24 04:40:24'),(275,60,2,269,6,1,'2024-01-24 04:40:24','2024-01-24 04:40:24'),(276,61,2,269,7,1,'2024-01-24 04:40:24','2024-01-24 04:40:24'),(277,62,2,269,8,1,'2024-01-24 04:40:24','2024-01-24 04:40:24'),(278,63,2,268,2,1,'2024-01-24 04:40:24','2024-01-24 04:40:24'),(279,64,2,278,1,1,'2024-01-24 04:40:24','2024-01-24 04:40:24'),(280,65,2,278,2,1,'2024-01-24 04:40:24','2024-01-24 04:40:24'),(281,66,2,278,3,1,'2024-01-24 04:40:24','2024-01-24 04:40:24'),(282,67,2,268,3,1,'2024-01-24 04:40:24','2024-01-24 04:40:24'),(283,68,2,282,1,1,'2024-01-24 04:40:24','2024-01-24 04:40:24'),(284,69,2,282,2,1,'2024-01-24 04:40:24','2024-01-24 04:40:24'),(285,70,2,282,3,1,'2024-01-24 04:40:24','2024-01-24 04:40:24'),(286,71,2,282,4,1,'2024-01-24 04:40:24','2024-01-24 04:40:24'),(287,72,2,282,5,1,'2024-01-24 04:40:24','2024-01-24 04:40:24'),(288,73,2,268,4,1,'2024-01-24 04:40:24','2024-01-24 04:40:24'),(289,74,2,288,1,1,'2024-01-24 04:40:24','2024-01-24 04:40:24'),(290,75,2,288,2,1,'2024-01-24 04:40:24','2024-01-24 04:40:24'),(291,76,2,NULL,0,1,'2024-01-24 04:40:24','2024-01-24 04:40:24'),(292,77,2,291,1,1,'2024-01-24 04:40:24','2024-01-24 04:40:24'),(293,78,2,292,1,1,'2024-01-24 04:40:24','2024-01-24 04:40:24'),(294,79,2,292,2,1,'2024-01-24 04:40:24','2024-01-24 04:40:24'),(295,80,2,292,3,1,'2024-01-24 04:40:24','2024-01-24 04:40:24'),(296,81,2,292,4,1,'2024-01-24 04:40:24','2024-01-24 04:40:24'),(297,82,2,292,5,1,'2024-01-24 04:40:24','2024-01-24 04:40:24'),(298,83,2,292,6,1,'2024-01-24 04:40:24','2024-01-24 04:40:24'),(299,84,2,292,7,1,'2024-01-24 04:40:24','2024-01-24 04:40:24'),(300,85,2,292,8,1,'2024-01-24 04:40:24','2024-01-24 04:40:24'),(301,86,2,291,2,1,'2024-01-24 04:40:24','2024-01-24 04:40:24'),(302,87,2,301,1,1,'2024-01-24 04:40:24','2024-01-24 04:40:24'),(303,88,2,NULL,0,1,'2024-01-24 04:40:24','2024-01-24 04:40:24'),(304,89,2,303,1,1,'2024-01-24 04:40:24','2024-01-24 04:40:24'),(305,90,2,304,1,1,'2024-01-24 04:40:24','2024-01-24 04:40:24'),(306,91,2,304,2,1,'2024-01-24 04:40:24','2024-01-24 04:40:24'),(307,92,2,304,3,1,'2024-01-24 04:40:24','2024-01-24 04:40:24'),(308,93,2,304,4,1,'2024-01-24 04:40:24','2024-01-24 04:40:24'),(309,94,2,304,5,1,'2024-01-24 04:40:24','2024-01-24 04:40:24'),(310,95,2,304,6,1,'2024-01-24 04:40:24','2024-01-24 04:40:24'),(311,96,2,304,7,1,'2024-01-24 04:40:24','2024-01-24 04:40:24'),(312,97,2,303,2,1,'2024-01-24 04:40:24','2024-01-24 04:40:24'),(313,98,2,312,1,1,'2024-01-24 04:40:24','2024-01-24 04:40:24'),(314,99,2,312,2,1,'2024-01-24 04:40:24','2024-01-24 04:40:24'),(315,100,2,312,3,1,'2024-01-24 04:40:24','2024-01-24 04:40:24'),(316,101,2,312,4,1,'2024-01-24 04:40:24','2024-01-24 04:40:24'),(317,102,2,NULL,0,1,'2024-01-24 04:40:24','2024-01-24 04:40:24'),(318,103,2,317,1,1,'2024-01-24 04:40:24','2024-01-24 04:40:24'),(319,104,2,318,1,1,'2024-01-24 04:40:24','2024-01-24 04:40:24'),(320,105,2,318,2,1,'2024-01-24 04:40:24','2024-01-24 04:40:24'),(321,106,2,317,2,1,'2024-01-24 04:40:24','2024-01-24 04:40:24'),(322,107,2,321,1,1,'2024-01-24 04:40:24','2024-01-24 04:40:24'),(323,108,2,317,3,1,'2024-01-24 04:40:24','2024-01-24 04:40:24'),(324,109,2,323,1,1,'2024-01-24 04:40:24','2024-01-24 04:40:24'),(325,110,2,323,2,1,'2024-01-24 04:40:24','2024-01-24 04:40:24'),(326,111,2,323,3,1,'2024-01-24 04:40:24','2024-01-24 04:40:24'),(327,112,2,323,4,1,'2024-01-24 04:40:24','2024-01-24 04:40:24'),(328,113,2,323,5,1,'2024-01-24 04:40:24','2024-01-24 04:40:24'),(329,114,2,323,6,1,'2024-01-24 04:40:24','2024-01-24 04:40:24'),(330,115,2,323,7,1,'2024-01-24 04:40:24','2024-01-24 04:40:24'),(331,116,2,323,8,1,'2024-01-24 04:40:24','2024-01-24 04:40:24'),(332,117,2,323,9,1,'2024-01-24 04:40:24','2024-01-24 04:40:24'),(333,118,2,323,10,1,'2024-01-24 04:40:24','2024-01-24 04:40:24'),(334,119,2,323,11,1,'2024-01-24 04:40:24','2024-01-24 04:40:24'),(335,120,2,323,12,1,'2024-01-24 04:40:24','2024-01-24 04:40:24'),(336,121,2,317,4,1,'2024-01-24 04:40:24','2024-01-24 04:40:24'),(337,122,2,336,1,1,'2024-01-24 04:40:24','2024-01-24 04:40:24'),(338,123,2,336,2,1,'2024-01-24 04:40:24','2024-01-24 04:40:24'),(339,124,2,336,3,1,'2024-01-24 04:40:24','2024-01-24 04:40:24'),(340,125,2,336,4,1,'2024-01-24 04:40:24','2024-01-24 04:40:24'),(341,126,2,336,5,1,'2024-01-24 04:40:24','2024-01-24 04:40:24'),(342,127,2,317,5,1,'2024-01-24 04:40:24','2024-01-24 04:40:24'),(343,128,2,342,1,1,'2024-01-24 04:40:24','2024-01-24 04:40:24'),(344,129,2,342,2,1,'2024-01-24 04:40:24','2024-01-24 04:40:24'),(345,130,2,317,6,1,'2024-01-24 04:40:24','2024-01-24 04:40:24'),(346,131,2,345,1,1,'2024-01-24 04:40:24','2024-01-24 04:40:24'),(347,132,2,NULL,0,1,'2024-01-24 04:40:24','2024-01-24 04:40:24'),(348,133,2,347,1,1,'2024-01-24 04:40:24','2024-01-24 04:40:24'),(349,134,2,348,1,1,'2024-01-24 04:40:24','2024-01-24 04:40:24'),(350,135,2,348,2,1,'2024-01-24 04:40:24','2024-01-24 04:40:24'),(351,136,2,348,3,1,'2024-01-24 04:40:24','2024-01-24 04:40:24'),(352,137,2,348,4,1,'2024-01-24 04:40:24','2024-01-24 04:40:24'),(353,138,2,348,5,1,'2024-01-24 04:40:24','2024-01-24 04:40:24'),(354,139,2,348,6,1,'2024-01-24 04:40:24','2024-01-24 04:40:24'),(355,140,2,348,7,1,'2024-01-24 04:40:24','2024-01-24 04:40:24'),(356,141,2,348,8,1,'2024-01-24 04:40:24','2024-01-24 04:40:24'),(357,142,2,348,9,1,'2024-01-24 04:40:24','2024-01-24 04:40:24'),(358,143,2,348,10,1,'2024-01-24 04:40:24','2024-01-24 04:40:24'),(359,144,2,348,11,1,'2024-01-24 04:40:24','2024-01-24 04:40:24'),(360,145,2,348,12,1,'2024-01-24 04:40:24','2024-01-24 04:40:24'),(361,146,2,348,13,1,'2024-01-24 04:40:24','2024-01-24 04:40:24'),(362,147,2,348,14,1,'2024-01-24 04:40:24','2024-01-24 04:40:24'),(363,148,2,348,15,1,'2024-01-24 04:40:24','2024-01-24 04:40:24'),(364,149,2,348,16,1,'2024-01-24 04:40:24','2024-01-24 04:40:24'),(365,150,2,347,2,1,'2024-01-24 04:40:24','2024-01-24 04:40:24'),(366,151,2,347,3,1,'2024-01-24 04:40:24','2024-01-24 04:40:24'),(367,152,2,347,4,1,'2024-01-24 04:40:24','2024-01-24 04:40:24'),(368,153,2,367,1,1,'2024-01-24 04:40:24','2024-01-24 04:40:24'),(369,154,2,367,2,1,'2024-01-24 04:40:24','2024-01-24 04:40:24'),(370,155,2,367,3,1,'2024-01-24 04:40:24','2024-01-24 04:40:24'),(371,156,2,367,4,1,'2024-01-24 04:40:24','2024-01-24 04:40:24'),(372,157,2,371,1,1,'2024-01-24 04:40:24','2024-01-24 04:40:24'),(373,158,2,371,2,1,'2024-01-24 04:40:24','2024-01-24 04:40:24'),(374,159,2,371,3,1,'2024-01-24 04:40:24','2024-01-24 04:40:24'),(375,160,2,347,5,1,'2024-01-24 04:40:24','2024-01-24 04:40:24'),(376,161,2,375,1,1,'2024-01-24 04:40:24','2024-01-24 04:40:24'),(377,162,2,375,2,1,'2024-01-24 04:40:24','2024-01-24 04:40:24'),(378,163,2,347,6,1,'2024-01-24 04:40:24','2024-01-24 04:40:24'),(379,164,2,347,7,1,'2024-01-24 04:40:24','2024-01-24 04:40:24'),(380,165,2,216,1,1,'2024-01-24 04:40:24','2024-01-24 04:40:24'),(381,166,2,347,8,1,'2024-01-24 04:40:24','2024-01-24 04:40:24'),(382,168,2,229,14,1,'2024-01-24 04:40:24','2024-01-24 04:40:24'),(383,169,2,217,3,1,'2024-01-24 04:40:24','2024-01-24 04:40:24'),(384,170,2,383,1,1,'2024-01-24 04:40:24','2024-01-24 04:40:24'),(385,171,2,383,2,1,'2024-01-24 04:40:24','2024-01-24 04:40:24'),(386,172,2,383,3,1,'2024-01-24 04:40:24','2024-01-24 04:40:24'),(387,173,2,383,4,1,'2024-01-24 04:40:24','2024-01-24 04:40:24'),(388,174,2,383,5,1,'2024-01-24 04:40:24','2024-01-24 04:40:24'),(389,175,2,383,6,1,'2024-01-24 04:40:24','2024-01-24 04:40:24'),(390,178,2,312,5,1,'2024-01-24 04:40:24','2024-01-24 04:40:24'),(391,179,2,303,3,1,'2024-01-24 04:40:24','2024-01-24 04:40:24'),(392,180,2,391,1,1,'2024-01-24 04:40:24','2024-01-24 04:40:24'),(393,181,2,391,2,1,'2024-01-24 04:40:24','2024-01-24 04:40:24'),(394,184,2,269,9,1,'2024-01-24 04:40:24','2024-01-24 04:40:24'),(395,185,2,278,4,1,'2024-01-24 04:40:24','2024-01-24 04:40:24'),(396,186,2,278,5,1,'2024-01-24 04:40:24','2024-01-24 04:40:24'),(397,189,2,256,6,1,'2024-01-24 04:40:24','2024-01-24 04:40:24'),(398,190,2,262,6,1,'2024-01-24 04:40:24','2024-01-24 04:40:24'),(399,192,2,323,13,1,'2024-01-24 04:40:24','2024-01-24 04:40:24'),(400,193,2,323,14,1,'2024-01-24 04:40:24','2024-01-24 04:40:24'),(401,200,2,216,2,1,'2024-01-24 04:40:24','2024-01-24 04:40:24'),(402,201,2,401,1,1,'2024-01-24 04:40:24','2024-01-24 04:40:24'),(403,202,2,401,2,1,'2024-01-24 04:40:24','2024-01-24 04:40:24'),(404,203,2,401,3,1,'2024-01-24 04:40:24','2024-01-24 04:40:24'),(405,204,2,401,4,1,'2024-01-24 04:40:24','2024-01-24 04:40:24'),(406,205,2,401,5,1,'2024-01-24 04:40:24','2024-01-24 04:40:24'),(407,206,2,401,6,1,'2024-01-24 04:40:24','2024-01-24 04:40:24'),(408,207,2,401,7,1,'2024-01-24 04:40:24','2024-01-24 04:40:24'),(409,208,2,401,8,1,'2024-01-24 04:40:24','2024-01-24 04:40:24'),(410,210,2,243,8,1,'2024-01-24 04:40:24','2024-01-24 04:40:24'),(411,211,2,348,17,1,'2024-01-24 04:40:24','2024-01-24 04:40:24'),(412,212,2,218,2,1,'2024-01-24 04:40:24','2024-01-24 04:40:24'),(413,213,2,229,15,1,'2024-01-24 04:40:24','2024-01-24 04:40:24'),(414,214,2,216,3,1,'2024-01-24 04:40:24','2024-01-24 04:40:24'),(415,215,2,256,7,1,'2024-01-24 04:40:24','2024-01-24 04:40:24'),(416,216,2,256,8,1,'2024-01-24 04:40:25','2024-01-24 04:40:25'),(417,217,2,367,5,1,'2024-01-24 04:40:25','2024-01-24 04:40:25'),(418,218,2,291,3,1,'2024-01-24 04:40:25','2024-01-24 04:40:25'),(419,219,2,418,1,1,'2024-01-24 04:40:25','2024-01-24 04:40:25'),(420,220,2,418,2,1,'2024-01-24 04:40:25','2024-01-24 04:40:25'),(421,221,2,418,3,1,'2024-01-24 04:40:25','2024-01-24 04:40:25'),(422,222,2,418,4,1,'2024-01-24 04:40:25','2024-01-24 04:40:25'),(423,223,2,418,5,1,'2024-01-24 04:40:25','2024-01-24 04:40:25'),(424,224,2,268,5,1,'2024-01-24 04:40:25','2024-01-24 04:40:25'),(425,225,2,424,1,1,'2024-01-24 04:40:25','2024-01-24 04:40:25'),(426,226,2,424,2,1,'2024-01-24 04:40:25','2024-01-24 04:40:25'),(427,227,2,268,6,1,'2024-01-24 04:40:25','2024-01-24 04:40:25'),(428,228,2,427,1,1,'2024-01-24 04:40:25','2024-01-24 04:40:25'),(429,229,2,427,2,1,'2024-01-24 04:40:25','2024-01-24 04:40:25'),(430,230,2,427,3,1,'2024-01-24 04:40:25','2024-01-24 04:40:25'),(431,1,4,NULL,1,1,'2024-02-11 06:11:39','2024-02-11 07:27:22'),(432,2,4,NULL,6,1,'2024-02-11 06:11:39','2024-02-11 07:28:29'),(433,40,4,NULL,2,1,'2024-02-11 06:11:39','2024-02-11 07:27:22'),(434,47,4,433,13,1,'2024-02-11 06:11:39','2024-02-11 07:27:49'),(435,53,4,NULL,3,1,'2024-02-11 06:11:39','2024-02-11 07:28:00'),(436,63,4,435,17,1,'2024-02-11 06:11:39','2024-02-11 07:28:12'),(437,67,4,435,2,0,'2024-02-11 06:11:39','2024-02-11 07:27:46'),(438,68,4,437,1,0,'2024-02-11 06:11:39','2024-02-11 07:27:46'),(439,69,4,437,2,0,'2024-02-11 06:11:39','2024-02-11 07:27:46'),(440,70,4,437,3,0,'2024-02-11 06:11:39','2024-02-11 07:27:46'),(441,71,4,437,4,0,'2024-02-11 06:11:39','2024-02-11 07:27:46'),(442,72,4,437,5,0,'2024-02-11 06:11:39','2024-02-11 07:27:46'),(443,73,4,435,20,1,'2024-02-11 06:11:39','2024-02-11 07:28:12'),(444,74,4,443,21,1,'2024-02-11 06:11:39','2024-02-11 07:28:12'),(445,75,4,443,22,1,'2024-02-11 06:11:39','2024-02-11 07:28:12'),(446,88,4,NULL,4,1,'2024-02-11 06:11:39','2024-02-11 07:28:24'),(447,102,4,NULL,5,1,'2024-02-11 06:11:39','2024-02-11 07:28:29'),(448,121,4,447,26,1,'2024-02-11 06:11:39','2024-02-11 07:27:46'),(449,132,4,NULL,7,1,'2024-02-11 06:11:39','2024-02-11 07:27:22'),(450,150,4,449,29,1,'2024-02-11 06:11:39','2024-02-11 07:27:46'),(451,151,4,449,2,0,'2024-02-11 06:11:39','2024-02-11 07:27:46'),(452,167,4,431,1,1,'2024-02-11 06:11:39','2024-02-11 06:11:39'),(453,176,4,433,11,1,'2024-02-11 06:11:39','2024-02-11 07:27:46'),(454,177,4,453,12,1,'2024-02-11 06:11:39','2024-02-11 07:27:49'),(455,179,4,446,24,1,'2024-02-11 06:11:39','2024-02-11 07:27:46'),(456,180,4,455,1,0,'2024-02-11 06:11:39','2024-02-11 07:27:46'),(457,181,4,455,2,0,'2024-02-11 06:11:39','2024-02-11 07:27:46'),(458,182,4,432,23,1,'2024-02-11 06:11:39','2024-02-11 07:28:09'),(459,183,4,446,25,1,'2024-02-11 06:11:39','2024-02-11 07:27:46'),(460,185,4,436,18,1,'2024-02-11 06:11:39','2024-02-11 07:28:12'),(461,186,4,436,19,1,'2024-02-11 06:11:39','2024-02-11 07:28:12'),(462,187,4,435,15,1,'2024-02-11 06:11:39','2024-02-11 07:28:09'),(463,188,4,462,16,1,'2024-02-11 06:11:39','2024-02-11 07:28:12'),(464,190,4,434,14,1,'2024-02-11 06:11:39','2024-02-11 07:27:49'),(465,191,4,448,27,1,'2024-02-11 06:11:39','2024-02-11 07:27:46'),(466,194,4,447,28,1,'2024-02-11 06:11:39','2024-02-11 07:27:46'),(467,195,4,466,1,0,'2024-02-11 06:11:39','2024-02-11 07:27:46'),(468,196,4,466,2,0,'2024-02-11 06:11:39','2024-02-11 07:27:46'),(469,197,4,466,3,0,'2024-02-11 06:11:39','2024-02-11 07:27:46'),(470,198,4,466,4,0,'2024-02-11 06:11:39','2024-02-11 07:27:46'),(471,199,4,466,5,0,'2024-02-11 06:11:39','2024-02-11 07:27:46'),(472,200,4,431,2,1,'2024-02-11 06:11:39','2024-02-11 06:11:39'),(473,201,4,472,3,1,'2024-02-11 06:11:39','2024-02-11 07:27:46'),(474,202,4,472,4,1,'2024-02-11 06:11:39','2024-02-11 07:27:46'),(475,203,4,472,5,1,'2024-02-11 06:11:39','2024-02-11 07:27:46'),(476,204,4,472,6,1,'2024-02-11 06:11:39','2024-02-11 07:27:46'),(477,205,4,472,7,1,'2024-02-11 06:11:39','2024-02-11 07:27:46'),(478,206,4,472,8,1,'2024-02-11 06:11:39','2024-02-11 07:27:46'),(479,207,4,472,9,1,'2024-02-11 06:11:39','2024-02-11 07:27:46'),(480,208,4,472,10,1,'2024-02-11 06:11:39','2024-02-11 07:27:46'),(481,209,4,462,2,0,'2024-02-11 06:11:39','2024-02-11 07:27:46'),(482,214,4,431,3,0,'2024-02-11 06:11:39','2024-02-11 07:27:46'),(483,1,5,NULL,0,1,'2024-02-17 15:43:05','2024-02-17 15:43:05'),(484,2,5,NULL,0,1,'2024-02-17 15:43:05','2024-02-17 15:43:05'),(485,40,5,NULL,0,1,'2024-02-17 15:43:05','2024-02-17 15:43:05'),(486,47,5,485,1,1,'2024-02-17 15:43:05','2024-02-17 15:43:05'),(487,53,5,NULL,0,1,'2024-02-17 15:43:05','2024-02-17 15:43:05'),(488,63,5,487,1,1,'2024-02-17 15:43:05','2024-02-17 15:43:05'),(489,67,5,487,2,1,'2024-02-17 15:43:05','2024-02-17 15:43:05'),(490,68,5,489,1,1,'2024-02-17 15:43:05','2024-02-17 15:43:05'),(491,69,5,489,2,1,'2024-02-17 15:43:05','2024-02-17 15:43:05'),(492,70,5,489,3,1,'2024-02-17 15:43:05','2024-02-17 15:43:05'),(493,71,5,489,4,1,'2024-02-17 15:43:05','2024-02-17 15:43:05'),(494,72,5,489,5,1,'2024-02-17 15:43:05','2024-02-17 15:43:05'),(495,73,5,487,3,1,'2024-02-17 15:43:05','2024-02-17 15:43:05'),(496,74,5,495,1,1,'2024-02-17 15:43:05','2024-02-17 15:43:05'),(497,75,5,495,2,1,'2024-02-17 15:43:05','2024-02-17 15:43:05'),(498,88,5,NULL,0,1,'2024-02-17 15:43:05','2024-02-17 15:43:05'),(499,102,5,NULL,0,1,'2024-02-17 15:43:05','2024-02-17 15:43:05'),(500,121,5,499,1,1,'2024-02-17 15:43:05','2024-02-17 15:43:05'),(501,132,5,NULL,0,1,'2024-02-17 15:43:05','2024-02-17 15:43:05'),(502,150,5,501,1,1,'2024-02-17 15:43:05','2024-02-17 15:43:05'),(503,151,5,501,2,1,'2024-02-17 15:43:05','2024-02-17 15:43:05'),(504,167,5,483,1,1,'2024-02-17 15:43:05','2024-02-17 15:43:05'),(505,176,5,485,2,1,'2024-02-17 15:43:05','2024-02-17 15:43:05'),(506,177,5,505,1,1,'2024-02-17 15:43:05','2024-02-17 15:43:05'),(507,179,5,498,1,1,'2024-02-17 15:43:05','2024-02-17 15:43:05'),(508,180,5,507,1,1,'2024-02-17 15:43:05','2024-02-17 15:43:05'),(509,181,5,507,2,1,'2024-02-17 15:43:05','2024-02-17 15:43:05'),(510,182,5,484,1,1,'2024-02-17 15:43:05','2024-02-17 15:43:05'),(511,183,5,498,2,1,'2024-02-17 15:43:05','2024-02-17 15:43:05'),(512,185,5,488,1,1,'2024-02-17 15:43:05','2024-02-17 15:43:05'),(513,186,5,488,2,1,'2024-02-17 15:43:05','2024-02-17 15:43:05'),(514,187,5,487,4,1,'2024-02-17 15:43:05','2024-02-17 15:43:05'),(515,188,5,514,1,1,'2024-02-17 15:43:05','2024-02-17 15:43:05'),(516,190,5,486,1,1,'2024-02-17 15:43:05','2024-02-17 15:43:05'),(517,191,5,500,1,1,'2024-02-17 15:43:05','2024-02-17 15:43:05'),(518,194,5,499,2,1,'2024-02-17 15:43:05','2024-02-17 15:43:05'),(519,195,5,518,1,1,'2024-02-17 15:43:05','2024-02-17 15:43:05'),(520,196,5,518,2,1,'2024-02-17 15:43:05','2024-02-17 15:43:05'),(521,197,5,518,3,1,'2024-02-17 15:43:05','2024-02-17 15:43:05'),(522,198,5,518,4,1,'2024-02-17 15:43:05','2024-02-17 15:43:05'),(523,199,5,518,5,1,'2024-02-17 15:43:05','2024-02-17 15:43:05'),(524,200,5,483,2,1,'2024-02-17 15:43:05','2024-02-17 15:43:05'),(525,201,5,524,1,1,'2024-02-17 15:43:05','2024-02-17 15:43:05'),(526,202,5,524,2,1,'2024-02-17 15:43:05','2024-02-17 15:43:05'),(527,203,5,524,3,1,'2024-02-17 15:43:05','2024-02-17 15:43:05'),(528,204,5,524,4,1,'2024-02-17 15:43:05','2024-02-17 15:43:05'),(529,205,5,524,5,1,'2024-02-17 15:43:05','2024-02-17 15:43:05'),(530,206,5,524,6,1,'2024-02-17 15:43:05','2024-02-17 15:43:05'),(531,207,5,524,7,1,'2024-02-17 15:43:05','2024-02-17 15:43:05'),(532,208,5,524,8,1,'2024-02-17 15:43:05','2024-02-17 15:43:05'),(533,209,5,514,2,1,'2024-02-17 15:43:05','2024-02-17 15:43:05'),(534,214,5,483,3,1,'2024-02-17 15:43:05','2024-02-17 15:43:05'),(535,1,6,NULL,0,1,'2024-02-18 08:35:33','2024-02-18 08:35:33'),(536,2,6,NULL,0,1,'2024-02-18 08:35:33','2024-02-18 08:35:33'),(537,40,6,NULL,0,1,'2024-02-18 08:35:33','2024-02-18 08:35:33'),(538,47,6,537,1,1,'2024-02-18 08:35:33','2024-02-18 08:35:33'),(539,53,6,NULL,0,1,'2024-02-18 08:35:33','2024-02-18 08:35:33'),(540,63,6,539,1,1,'2024-02-18 08:35:33','2024-02-18 08:35:33'),(541,67,6,539,2,1,'2024-02-18 08:35:33','2024-02-18 08:35:33'),(542,68,6,541,1,1,'2024-02-18 08:35:33','2024-02-18 08:35:33'),(543,69,6,541,2,1,'2024-02-18 08:35:33','2024-02-18 08:35:33'),(544,70,6,541,3,1,'2024-02-18 08:35:33','2024-02-18 08:35:33'),(545,71,6,541,4,1,'2024-02-18 08:35:33','2024-02-18 08:35:33'),(546,72,6,541,5,1,'2024-02-18 08:35:33','2024-02-18 08:35:33'),(547,73,6,539,3,1,'2024-02-18 08:35:33','2024-02-18 08:35:33'),(548,74,6,547,1,1,'2024-02-18 08:35:33','2024-02-18 08:35:33'),(549,75,6,547,2,1,'2024-02-18 08:35:33','2024-02-18 08:35:33'),(550,88,6,NULL,0,1,'2024-02-18 08:35:33','2024-02-18 08:35:33'),(551,102,6,NULL,0,1,'2024-02-18 08:35:33','2024-02-18 08:35:33'),(552,121,6,551,1,1,'2024-02-18 08:35:33','2024-02-18 08:35:33'),(553,132,6,NULL,0,1,'2024-02-18 08:35:33','2024-02-18 08:35:33'),(554,150,6,553,1,1,'2024-02-18 08:35:33','2024-02-18 08:35:33'),(555,151,6,553,2,1,'2024-02-18 08:35:33','2024-02-18 08:35:33'),(556,167,6,535,1,1,'2024-02-18 08:35:33','2024-02-18 08:35:33'),(557,176,6,537,2,1,'2024-02-18 08:35:33','2024-02-18 08:35:33'),(558,177,6,557,1,1,'2024-02-18 08:35:33','2024-02-18 08:35:33'),(559,179,6,550,1,1,'2024-02-18 08:35:33','2024-02-18 08:35:33'),(560,180,6,559,1,1,'2024-02-18 08:35:34','2024-02-18 08:35:34'),(561,181,6,559,2,1,'2024-02-18 08:35:34','2024-02-18 08:35:34'),(562,182,6,536,1,1,'2024-02-18 08:35:34','2024-02-18 08:35:34'),(563,183,6,550,2,1,'2024-02-18 08:35:34','2024-02-18 08:35:34'),(564,185,6,540,1,1,'2024-02-18 08:35:34','2024-02-18 08:35:34'),(565,186,6,540,2,1,'2024-02-18 08:35:34','2024-02-18 08:35:34'),(566,187,6,539,4,1,'2024-02-18 08:35:34','2024-02-18 08:35:34'),(567,188,6,566,1,1,'2024-02-18 08:35:34','2024-02-18 08:35:34'),(568,190,6,538,1,1,'2024-02-18 08:35:34','2024-02-18 08:35:34'),(569,191,6,552,1,1,'2024-02-18 08:35:34','2024-02-18 08:35:34'),(570,194,6,551,2,1,'2024-02-18 08:35:34','2024-02-18 08:35:34'),(571,195,6,570,1,1,'2024-02-18 08:35:34','2024-02-18 08:35:34'),(572,196,6,570,2,1,'2024-02-18 08:35:34','2024-02-18 08:35:34'),(573,197,6,570,3,1,'2024-02-18 08:35:34','2024-02-18 08:35:34'),(574,198,6,570,4,1,'2024-02-18 08:35:34','2024-02-18 08:35:34'),(575,199,6,570,5,1,'2024-02-18 08:35:34','2024-02-18 08:35:34'),(576,200,6,535,2,1,'2024-02-18 08:35:34','2024-02-18 08:35:34'),(577,201,6,576,1,1,'2024-02-18 08:35:34','2024-02-18 08:35:34'),(578,202,6,576,2,1,'2024-02-18 08:35:34','2024-02-18 08:35:34'),(579,203,6,576,3,1,'2024-02-18 08:35:34','2024-02-18 08:35:34'),(580,204,6,576,4,1,'2024-02-18 08:35:34','2024-02-18 08:35:34'),(581,205,6,576,5,1,'2024-02-18 08:35:34','2024-02-18 08:35:34'),(582,206,6,576,6,1,'2024-02-18 08:35:34','2024-02-18 08:35:34'),(583,207,6,576,7,1,'2024-02-18 08:35:34','2024-02-18 08:35:34'),(584,208,6,576,8,1,'2024-02-18 08:35:34','2024-02-18 08:35:34'),(585,209,6,566,2,1,'2024-02-18 08:35:34','2024-02-18 08:35:34'),(586,214,6,535,3,1,'2024-02-18 08:35:34','2024-02-18 08:35:34'),(587,231,1,54,0,1,NULL,NULL);
CREATE TABLE `backendmenus` (
  `id` bigint(20) unsigned NOT NULL AUTO_INCREMENT,
  `name` varchar(191) NOT NULL,
  `icon` varchar(191) DEFAULT NULL,
  `user_id` bigint(20) unsigned DEFAULT NULL,
  `parent_id` bigint(20) unsigned DEFAULT NULL,
  `is_admin` tinyint(1) NOT NULL DEFAULT 0,
  `is_seller` tinyint(1) NOT NULL DEFAULT 0,
  `route` varchar(191) DEFAULT NULL,
  `position` bigint(20) unsigned NOT NULL DEFAULT 0,
  `module` varchar(191) DEFAULT NULL,
  `created_at` timestamp NULL DEFAULT NULL,
  `updated_at` timestamp NULL DEFAULT NULL,
  PRIMARY KEY (`id`)
) ENGINE=InnoDB AUTO_INCREMENT=232 DEFAULT CHARSET=utf8mb4 COLLATE=utf8mb4_unicode_ci;

INSERT INTO `backendmenus` VALUES (1,'common.dashboard','fas fa-th',NULL,NULL,1,1,NULL,1,NULL,NULL,NULL),(2,'common.user_manages',NULL,NULL,NULL,1,1,NULL,2,NULL,NULL,NULL),(3,'common.customer','fas fa-users',NULL,2,1,0,'cusotmer.list_active',1,NULL,NULL,NULL),(4,'common.all_customer','fas fa-users',NULL,3,1,0,'cusotmer.list_active',1,NULL,NULL,NULL),(5,'hr.human_resource','fas fa-users',NULL,2,1,0,'human_resource',2,NULL,NULL,NULL),(6,'hr.staff','fas fa-users',NULL,5,1,0,'staffs.index',1,NULL,NULL,NULL),(7,'hr.role','fas fa-users',NULL,5,1,0,'permission.roles.index',2,NULL,NULL,NULL),(8,'hr.department','fas fa-users',NULL,5,1,0,'departments.index',3,NULL,NULL,NULL),(9,'hr.attendance','fas fa-users',NULL,5,1,0,'attendances.index',4,NULL,NULL,NULL),(10,'hr.attendance_report','fas fa-users',NULL,5,1,0,'attendance_report.index',5,NULL,NULL,NULL),(11,'hr.event','fas fa-users',NULL,5,1,0,'events.index',6,NULL,NULL,NULL),(12,'hr.holiday_setup','fas fa-users',NULL,5,1,0,'holidays.index',7,NULL,NULL,NULL),(13,'frontendCms.frontend_cms',NULL,NULL,NULL,1,0,NULL,3,NULL,NULL,NULL),(14,'frontendCms.frontend_cms','ti-eye',NULL,13,1,0,'frontend_cms',1,NULL,NULL,NULL),(15,'frontendCms.home_page','ti-home',NULL,14,1,0,'frontendcms.widget.index',1,NULL,NULL,NULL),(16,'frontendCms.features','ti-eye',NULL,14,1,0,'frontendcms.features.index',2,NULL,NULL,NULL),(17,'frontendCms.return_exchange','ti-eye',NULL,14,1,0,'frontendcms.return-exchange.index',3,NULL,NULL,NULL),(18,'frontendCms.contact_content','ti-eye',NULL,14,1,0,'frontendcms.contact-content.index',4,NULL,NULL,NULL),(19,'frontendCms.dynamic_pages','ti-eye',NULL,14,1,0,'frontendcms.dynamic-page.index',5,NULL,NULL,NULL),(20,'frontendCms.footer_setting','ti-eye',NULL,14,1,0,'footerSetting.footer.index',6,NULL,NULL,NULL),(21,'frontendCms.subscription','ti-eye',NULL,14,1,0,'frontendcms.subscribe-content.index',7,NULL,NULL,NULL),(22,'frontendCms.popup_content','ti-eye',NULL,14,1,0,'frontendcms.popup-content.index',8,NULL,NULL,NULL),(23,'frontendCms.promotion_bar','ti-eye',NULL,14,1,0,'frontendcms.promotionbar.index',9,NULL,NULL,NULL),(24,'frontendCms.ads_bar','ti-eye',NULL,14,1,0,'frontendcms.ads_bar.index',10,NULL,NULL,NULL),(25,'frontendCms.related_sale_setting','ti-eye',NULL,14,1,0,'frontendcms.title_index',11,NULL,NULL,NULL),(26,'frontendCms.about_us','ti-eye',NULL,14,1,0,'frontendcms.about-us.index',12,NULL,NULL,NULL),(27,'frontendCms.login_page','ti-eye',NULL,14,1,0,'frontendcms.login_page',13,NULL,NULL,NULL),(28,'appearance.appearance','fas fa-wrench',NULL,13,1,0,'appearance',2,NULL,NULL,NULL),(29,'appearance.themes','ti-panel',NULL,28,1,0,'appearance.themes.index',1,NULL,NULL,NULL),(30,'appearance.Color scheme','fas fa-wrench',NULL,28,1,0,'appearance.themeColor.index',2,NULL,NULL,NULL),(31,'appearance.menu','fas fa-wrench',NULL,28,1,0,'menu.manage',3,NULL,NULL,NULL),(32,'appearance.slider','fas fa-wrench',NULL,28,1,0,'appearance.slider.index',4,NULL,NULL,NULL),(33,'setup.dashboard_setup','fas fa-wrench',NULL,28,1,0,'appearance.dashoboard.index',5,NULL,NULL,NULL),(34,'appearance.Dashboard color','fas fa-wrench',NULL,28,1,0,'appearance.color.index',6,NULL,NULL,NULL),(35,'general_settings.preloader_setting','fas fa-wrench',NULL,28,1,0,'appearance.pre-loader',7,NULL,NULL,NULL),(36,'page-builder.Page Builder','fas fa-cogs',NULL,13,1,0,'page_builder',3,NULL,NULL,NULL),(37,'page-builder.Pages','fas fa-cogs',NULL,36,1,0,'page_builder.pages.index',1,NULL,NULL,NULL),(38,'formBuilder.form_builder','fas fa-cogs',NULL,13,1,0,'form_builder',4,NULL,NULL,NULL),(39,'formBuilder.forms','fas fa-cogs',NULL,38,1,0,'form_builder.forms.index',1,NULL,NULL,NULL),(40,'order.order_manages',NULL,NULL,NULL,1,1,NULL,4,NULL,NULL,NULL),(41,'order.order_manage','fas fa-shopping-cart',NULL,40,1,0,'order_manage',1,NULL,NULL,NULL),(42,'order.inhouse_orders','fas fa-shopping-cart',NULL,41,1,0,'admin.inhouse-order.index',1,NULL,NULL,NULL),(43,'order.total_order','fas fa-shopping-cart',NULL,41,1,0,'order_manage.total_sales_index',2,NULL,NULL,NULL),(44,'order.delivery_process','fas fa-shopping-cart',NULL,41,1,0,'order_manage.process_index',3,NULL,NULL,NULL),(45,'order.cancel_reason','fas fa-shopping-cart',NULL,41,1,0,'order_manage.cancel_reason_index',4,NULL,NULL,NULL),(46,'order.Track order setting','fas fa-shopping-cart',NULL,41,1,0,'track_order_configuration',5,NULL,NULL,NULL),(47,'refund.refund_manage','fas fa-shopping-cart',NULL,40,1,1,'refund_manage',2,NULL,NULL,NULL),(48,'refund.pending_refund_requests','fas fa-shopping-cart',NULL,47,1,0,'refund.total_refund_list',1,NULL,NULL,NULL),(49,'refund.confirmed_refund_requests','fas fa-shopping-cart',NULL,47,1,0,'refund.confirmed_refund_requests',2,NULL,NULL,NULL),(50,'refund.reasons','fas fa-shopping-cart',NULL,47,1,0,'refund.reasons_list',3,NULL,NULL,NULL),(51,'refund.refund_process','fas fa-shopping-cart',NULL,47,1,0,'refund.process_index',4,NULL,NULL,NULL),(52,'refund.Refund setting','fas fa-wrench',NULL,47,1,0,'refund.config',5,NULL,NULL,NULL),(53,'product.product_manage',NULL,NULL,NULL,1,1,NULL,5,NULL,NULL,NULL),(54,'product.products','fa fa-product-hunt',NULL,53,1,0,'product_module',1,NULL,NULL,NULL),(55,'product.category','fa fa-product-hunt',NULL,54,1,0,'product.category.index',1,NULL,NULL,NULL),(56,'product.brand','fa fa-product-hunt',NULL,54,1,0,'product.brands.index',2,NULL,NULL,NULL),(57,'product.attribute','fa fa-product-hunt',NULL,54,1,0,'product.attribute.index',3,NULL,NULL,NULL),(58,'product.units','fa fa-product-hunt',NULL,54,1,0,'product.units.index',4,NULL,NULL,NULL),(59,'product.add_new_product','fa fa-product-hunt',NULL,54,1,0,'product.create',5,NULL,NULL,NULL),(60,'product.product_list','fa fa-product-hunt',NULL,54,1,0,'product.index',6,NULL,NULL,NULL),(61,'product.bulk_product_upload','fa fa-product-hunt',NULL,54,1,0,'product.bulk_product_upload_page',7,NULL,NULL,NULL),(62,'product.recent_view_config','fa fa-product-hunt',NULL,54,1,0,'product.recent_view_product_config',8,NULL,NULL,NULL),(63,'review.review','fas fa-user',NULL,53,1,1,'review_module',2,NULL,NULL,NULL),(64,'review.product_review','fa fa-product-hunt',NULL,63,1,0,'review.product.index',1,NULL,NULL,NULL),(65,'review.company_review','fas fa-user',NULL,63,1,0,'review.seller.index',2,NULL,NULL,NULL),(66,'review.Review setting','fas fa-wrench',NULL,63,1,0,'review.review_configuration',3,NULL,NULL,NULL),(67,'shipping.shipping','ti-truck',NULL,53,1,1,'shipping_methods',3,NULL,NULL,NULL),(68,'shipping.carriers','ti-truck',NULL,67,1,1,'shipping.carriers.index',1,NULL,NULL,NULL),(69,'shipping.shipping_rates','ti-truck',NULL,67,1,1,'shipping_methods.index',2,NULL,NULL,NULL),(70,'shipping.pickup_locations','ti-truck',NULL,67,1,1,'shipping.pickup_locations.index',3,NULL,NULL,NULL),(71,'shipping.shipping_orders','ti-truck',NULL,67,1,1,'shipping.pending_orders.index',4,NULL,NULL,NULL),(72,'shipping.Shipping Setting','fas fa-wrench',NULL,67,1,1,'shipping.configuration.index',5,NULL,NULL,NULL),(73,'common.media_manager','ti-image',NULL,53,1,1,'media-manager',4,NULL,NULL,NULL),(74,'common.all_upload_files','ti-image',NULL,73,1,1,'media-manager.upload_files',1,NULL,NULL,NULL),(75,'common.new_upload','ti-image',NULL,73,1,1,'media-manager.new-upload',2,NULL,NULL,NULL),(76,'common.promotional',NULL,NULL,NULL,1,0,NULL,6,NULL,NULL,NULL),(77,'marketing.marketing','fas fa-user',NULL,76,1,0,'marketing_module',1,NULL,NULL,NULL),(78,'marketing.flash_deals',NULL,NULL,77,1,0,'marketing.flash-deals',1,NULL,NULL,NULL),(79,'marketing.coupons',NULL,NULL,77,1,0,'marketing.coupon',2,NULL,NULL,NULL),(80,'marketing.new_user_zone',NULL,NULL,77,1,0,'marketing.new-user-zone',3,NULL,NULL,NULL),(81,'marketing.news_letters',NULL,NULL,77,1,0,'marketing.news-letter',4,NULL,NULL,NULL),(82,'marketing.bulk_sms',NULL,NULL,77,1,0,'marketing.bulk-sms',5,NULL,NULL,NULL),(83,'marketing.subscribers',NULL,NULL,77,1,0,'marketing.subscriber',6,NULL,NULL,NULL),(84,'marketing.referral_code_setup',NULL,NULL,77,1,0,'marketing.referral-code',7,NULL,NULL,NULL),(85,'marketing.marketing setting',NULL,NULL,77,1,0,'marketing.configuration',8,NULL,NULL,NULL),(86,'common.gift_card','fas fa-gift',NULL,76,1,0,'gift_card_manage',2,NULL,NULL,NULL),(87,'common.gift_card_list',NULL,NULL,86,1,0,'admin.giftcard.index',1,NULL,NULL,NULL),(88,'common.finance',NULL,NULL,NULL,1,1,NULL,7,NULL,NULL,NULL),(89,'account.Account','fas fa-comment-dollar',NULL,88,1,0,'account_module',1,NULL,NULL,NULL),(90,'account.Chart Of Accounts',NULL,NULL,89,1,0,'account.chart-of-accounts.index',1,NULL,NULL,NULL),(91,'account.Bank Accounts',NULL,NULL,89,1,0,'account.bank-accounts.index',2,NULL,NULL,NULL),(92,'list.Income',NULL,NULL,89,1,0,'account.incomes.index',3,NULL,NULL,NULL),(93,'account.Expenses',NULL,NULL,89,1,0,'account.expenses.index',4,NULL,NULL,NULL),(94,'account.Profit',NULL,NULL,89,1,0,'account.profit',5,NULL,NULL,NULL),(95,'account.Transaction',NULL,NULL,89,1,0,'account.transaction',6,NULL,NULL,NULL),(96,'account.Statement',NULL,NULL,89,1,0,'account.statement',7,NULL,NULL,NULL),(97,'wallet.wallet_manage','fas fa-wallet',NULL,88,1,0,'wallet_manage',2,NULL,NULL,NULL),(98,'wallet.online_recharge',NULL,NULL,97,1,0,'wallet_recharge.index',1,NULL,NULL,NULL),(99,'wallet.bank_recharge',NULL,NULL,97,1,0,'bank_recharge.index',2,NULL,NULL,NULL),(100,'wallet.offline_recharge',NULL,NULL,97,1,0,'wallet_recharge.offline_index',3,NULL,NULL,NULL),(101,'wallet.Wallet setting',NULL,NULL,97,1,0,'wallet.wallet_configuration',4,NULL,NULL,NULL),(102,'common.content',NULL,NULL,NULL,1,1,NULL,8,NULL,NULL,NULL),(103,'blog.blog','fas fa-users',NULL,102,1,0,'blog_module',1,NULL,NULL,NULL),(104,'blog.Blog posts',NULL,NULL,103,1,0,'blog.posts.index',1,NULL,NULL,NULL),(105,'blog.blog_category',NULL,NULL,103,1,0,'blog.categories.index',2,NULL,NULL,NULL),(106,'contactRequest.contact_request','fas fa-user',NULL,102,1,0,'contact_request',2,NULL,NULL,NULL),(107,'contactRequest.contact_mail',NULL,NULL,106,1,0,'contactrequest.contact.index',1,NULL,NULL,NULL),(108,'report.admin_reports','ti-agenda',NULL,102,1,0,'admin_report',3,NULL,NULL,NULL),(109,'report.Keywords search',NULL,NULL,108,1,0,'report.user_searches',1,NULL,NULL,NULL),(110,'report.visitor',NULL,NULL,108,1,0,'report.visitor_report',2,NULL,NULL,NULL),(111,'report.inhouse_product_sale',NULL,NULL,108,1,0,'report.inhouse_product_sale',3,NULL,NULL,NULL),(112,'report.product_stock',NULL,NULL,108,1,0,'report.product_stock',4,NULL,NULL,NULL),(113,'defaultTheme.wishlist',NULL,NULL,108,1,0,'report.wishlist',5,NULL,NULL,NULL),(114,'report.wallet_recharge_history',NULL,NULL,108,1,0,'report.wallet_recharge_history',6,NULL,NULL,NULL),(115,'dashboard.top_customers',NULL,NULL,108,1,0,'report.top_customer',7,NULL,NULL,NULL),(116,'report.top_selling_item',NULL,NULL,108,1,0,'report.top_selling_item',8,NULL,NULL,NULL),(117,'common.order',NULL,NULL,108,1,0,'report.order',9,NULL,NULL,NULL),(118,'common.payment',NULL,NULL,108,1,0,'report.payment',10,NULL,NULL,NULL),(119,'review.Product review',NULL,NULL,108,1,0,'report.product_review',11,NULL,NULL,NULL),(120,'review.company_review',NULL,NULL,108,1,0,'report.seller_review',12,NULL,NULL,NULL),(121,'ticket.support_ticket','fas fa-wrench',NULL,102,1,1,'support_tickets',4,NULL,NULL,NULL),(122,'ticket.support_ticket',NULL,NULL,121,1,0,'ticket.tickets.index',1,NULL,NULL,NULL),(123,'common.category',NULL,NULL,121,1,0,'ticket.category.index',2,NULL,NULL,NULL),(124,'ticket.priority',NULL,NULL,121,1,0,'ticket.priority.index',3,NULL,NULL,NULL),(125,'common.status',NULL,NULL,121,1,0,'ticket.status.index',4,NULL,NULL,NULL),(126,'ticket.my_tickets',NULL,NULL,121,1,0,'ticket.my_ticket',5,NULL,NULL,NULL),(127,'common.all_activity_logs','fas fa-clock-o',NULL,102,1,0,'activity_logs',5,NULL,NULL,NULL),(128,'common.activity_logs',NULL,NULL,127,1,0,'activity_log',1,NULL,NULL,NULL),(129,'common.login_activity',NULL,NULL,127,1,0,'activity_log.login',2,NULL,NULL,NULL),(130,'common.visitors_setup','fas fa-wrench',NULL,102,1,0,'visitors_setup',6,NULL,NULL,NULL),(131,'common.ignore_ip',NULL,NULL,130,1,0,'ignore_ip_list',1,NULL,NULL,NULL),(132,'common.system',NULL,NULL,NULL,1,1,NULL,9,NULL,NULL,NULL),(133,'general_settings.system_settings','fas fa-cog',NULL,132,1,0,'system_settings',1,NULL,NULL,NULL),(134,'general_settings.general_settings',NULL,NULL,133,1,0,'generalsetting.index',1,NULL,NULL,NULL),(135,'general_settings.Email Template',NULL,NULL,133,1,0,'email_templates.index',2,NULL,NULL,NULL),(136,'general_settings.sms_template',NULL,NULL,133,1,0,'sms_templates.index',3,NULL,NULL,NULL),(137,'general_settings.company_information',NULL,NULL,133,1,0,'generalsetting.company_index',4,NULL,NULL,NULL),(138,'general_settings.email_settings',NULL,NULL,133,1,0,'generalsetting.smtp_index',5,NULL,NULL,NULL),(139,'general_settings.sms_settings',NULL,NULL,133,1,0,'generalsetting.sms_index',6,NULL,NULL,NULL),(140,'setup.google_maps_api',NULL,NULL,133,1,0,'setup.maps.index',7,NULL,NULL,NULL),(141,'setup.google_recaptcha',NULL,NULL,133,1,0,'setup.recaptcha.index',8,NULL,NULL,NULL),(142,'setup.analytics',NULL,NULL,133,1,0,'setup.analytics.index',9,NULL,NULL,NULL),(143,'general_settings.activation',NULL,NULL,133,1,0,'generalsetting.activation_index',10,NULL,NULL,NULL),(144,'general_settings.Notification setting',NULL,NULL,133,1,0,'notificationsetting.index',11,NULL,NULL,NULL),(145,'general_settings.social_configuration',NULL,NULL,133,1,0,'generalsetting.social_login_configuration',12,NULL,NULL,NULL),(146,'general_settings.maintenance',NULL,NULL,133,1,0,'maintenance.index',13,NULL,NULL,NULL),(147,'general_settings.about_update',NULL,NULL,133,1,0,'generalsetting.updatesystem',14,NULL,NULL,NULL),(148,'general_settings.module_manager',NULL,NULL,133,1,0,'modulemanager.index',15,NULL,NULL,NULL),(149,'general_settings.homepage_seo_setup',NULL,NULL,133,1,0,'generalsetting.seo-setup',16,NULL,NULL,NULL),(150,'common.sidebar_manager','fas fa-bars',NULL,132,1,1,'sidebar-manager.index',2,NULL,NULL,NULL),(151,'general_settings.Payment Gateways','far fa-money-bill-alt',NULL,132,1,1,'payment_gateway.index',3,NULL,NULL,'2024-01-23 11:19:58'),(152,'setup.setup','fas fa-wrench',NULL,132,1,0,'setup_module',4,NULL,NULL,NULL),(153,'language.Language Settings',NULL,NULL,152,1,0,'languages.index',1,NULL,NULL,NULL),(154,'general_settings.currency_list',NULL,NULL,152,1,0,'currencies.index',2,NULL,NULL,NULL),(155,'common.tag',NULL,NULL,152,1,0,'tags.index',3,NULL,NULL,NULL),(156,'setup.location',NULL,NULL,152,1,0,'location_manage',4,NULL,NULL,NULL),(157,'common.country',NULL,NULL,156,1,0,'setup.country.index',1,NULL,NULL,NULL),(158,'common.state',NULL,NULL,156,1,0,'setup.state.index',2,NULL,NULL,NULL),(159,'common.city',NULL,NULL,156,1,0,'setup.city.index',3,NULL,NULL,NULL),(160,'gst.gst_setup','fas fa-wrench',NULL,132,1,0,'gst_setup',5,NULL,NULL,NULL),(161,'gst.gst_list',NULL,NULL,160,1,0,'gst_tax.index',1,NULL,NULL,NULL),(162,'gst.GST setting',NULL,NULL,160,1,0,'gst_tax.configuration_index',2,NULL,NULL,NULL),(163,'general_settings.backup','fas fa-file-download',NULL,132,1,0,'backup.index',6,NULL,NULL,NULL),(164,'utilities.utilities','ti-lock',NULL,132,1,0,'utilities.index',7,NULL,NULL,NULL),(165,'common.dashboard','fas fa-th',NULL,1,1,0,'admin.dashboard',1,NULL,NULL,NULL),(166,'general_settings.file_storage','ti-file',NULL,132,1,0,'file-storage.index',2,NULL,NULL,NULL),(167,'common.dashboard','fas fa-th',NULL,1,0,1,'seller.dashboard',1,'MultiVendor','2024-01-23 11:19:58','2024-01-23 11:19:58'),(168,'frontendCms.merchant_content','fas fa-user',NULL,14,1,0,'frontendcms.merchant-content.index',4,'MultiVendor','2024-01-23 11:19:58','2024-01-23 11:19:58'),(169,'seller.manage_seller','fas fa-user',NULL,2,1,0,'manage_seller',4,'MultiVendor','2024-01-23 11:19:58','2024-01-23 11:19:58'),(170,'seller.seller_list',NULL,NULL,169,1,0,'admin.merchants_list',1,'MultiVendor','2024-01-23 11:19:58','2024-01-23 11:19:58'),(171,'seller.request_inactive_seller_list',NULL,NULL,169,1,0,'admin.inactiveMerchants',2,'MultiVendor','2024-01-23 11:19:58','2024-01-23 11:19:58'),(172,'seller.commision_setup',NULL,NULL,169,1,0,'admin.seller_commission_index',3,'MultiVendor','2024-01-23 11:19:58','2024-01-23 11:19:58'),(173,'frontendCms.pricing_plan',NULL,NULL,169,1,0,'admin.pricing.index',4,'MultiVendor','2024-01-23 11:19:58','2024-01-23 11:19:58'),(174,'seller.subscription_payment',NULL,NULL,169,1,0,'admin.subscription_payment_list',5,'MultiVendor','2024-01-23 11:19:58','2024-01-23 11:19:58'),(175,'seller.seller_setting',NULL,NULL,169,1,0,'admin.seller_configuration',6,'MultiVendor','2024-01-23 11:19:58','2024-01-23 11:19:58'),(176,'seller.Seller Order Manage','fas fa-shopping-cart',NULL,40,0,1,'seller_order_manage',30,'MultiVendor','2024-01-23 11:19:58','2024-01-23 11:19:58'),(177,'order.my_order','fas fa-shopping-cart',NULL,176,0,1,'order_manage.my_sales_index',1,'MultiVendor','2024-01-23 11:19:58','2024-01-23 11:19:58'),(178,'wallet.withdraw_requests','fas fa-wallet',NULL,97,1,0,'wallet.withdraw_requests',2,'MultiVendor','2024-01-23 11:19:58','2024-01-23 11:19:58'),(179,'wallet.my_wallet','fas fa-wallet',NULL,88,1,1,'my_wallet',10,'MultiVendor','2024-01-23 11:19:58','2024-01-23 11:19:58'),(180,'common.transactions','fas fa-wallet',NULL,179,1,1,'my-wallet.index',1,'MultiVendor','2024-01-23 11:19:58','2024-01-23 11:19:58'),(181,'wallet.withdraw','fas fa-wallet',NULL,179,1,1,'my-wallet.withdraw_index',2,'MultiVendor','2024-01-23 11:19:58','2024-01-23 11:19:58'),(182,'seller.my_staff','fas fa-user',NULL,2,0,1,'seller.sub_seller.index',10,'MultiVendor','2024-01-23 11:19:58','2024-01-23 11:19:58'),(183,'common.subscription_payment','fas fa-wallet',NULL,88,0,1,'seller.my_subscription_payment_list',11,'MultiVendor','2024-01-23 11:19:58','2024-01-23 11:19:58'),(184,'product.inhouse_product_list','fas fa-money-bill',NULL,54,1,0,'admin.my-product.index',5,'MultiVendor','2024-01-23 11:19:58','2024-01-23 11:19:58'),(185,'review.my_product_review','fa fa-product-hunt',NULL,63,1,1,'seller.product-reviews.index',5,'MultiVendor','2024-01-23 11:19:58','2024-01-23 11:19:58'),(186,'review.my_review','fas fa-user',NULL,63,1,1,'seller.my-reviews.index',6,'MultiVendor','2024-01-23 11:19:58','2024-01-23 11:19:58'),(187,'product.products','fa fa-product-hunt',NULL,53,0,1,'seller_product_module',10,'MultiVendor','2024-01-23 11:19:58','2024-01-23 11:19:58'),(188,'product.my_product_list','fa fa-product-hunt',NULL,187,0,1,'seller.product.index',1,'MultiVendor','2024-01-23 11:19:58','2024-01-23 11:19:58'),(189,'order.my_order','fas fa-shopping-cart',NULL,41,1,0,'order_manage.my_sales_index',2,'MultiVendor','2024-01-23 11:19:58','2024-01-23 11:19:58'),(190,'refund.my_refund_requests','fas fa-shopping-cart',NULL,47,1,1,'refund.my_refund_list',2,'MultiVendor','2024-01-23 11:19:58','2024-01-23 11:19:58'),(191,'ticket.my_tickets','ti-headphone-alt',NULL,121,0,1,'seller.support-ticket.index',2,'MultiVendor','2024-01-23 11:19:58','2024-01-23 11:19:58'),(192,'report.seller_wise_sales','ti-agenda',NULL,108,1,0,'report.seller_wise_sales',10,'MultiVendor','2024-01-23 11:19:58','2024-01-23 11:19:58'),(193,'dashboard.top_sellers','ti-agenda',NULL,108,1,0,'report.top_seller',11,'MultiVendor','2024-01-23 11:19:58','2024-01-23 11:19:58'),(194,'report.my_reports','ti-agenda',NULL,102,0,1,'seller_report',32,'MultiVendor','2024-01-23 11:19:58','2024-01-23 11:19:58'),(195,'common.product','ti-agenda',NULL,194,0,1,'seller_report.product',1,'MultiVendor','2024-01-23 11:19:58','2024-01-23 11:19:58'),(196,'dashboard.top_customers','ti-agenda',NULL,194,0,1,'seller_report.top_customer',2,'MultiVendor','2024-01-23 11:19:58','2024-01-23 11:19:58'),(197,'report.top_selling_item','ti-agenda',NULL,194,0,1,'seller_report.top_selling_item',3,'MultiVendor','2024-01-23 11:19:58','2024-01-23 11:19:58'),(198,'common.order','ti-agenda',NULL,194,0,1,'seller_report.order',4,'MultiVendor','2024-01-23 11:19:58','2024-01-23 11:19:58'),(199,'review.review','ti-agenda',NULL,194,0,1,'seller_report.review',5,'MultiVendor','2024-01-23 11:19:58','2024-01-23 11:19:58'),(200,'customer_panel.customer_panel','fas fa-th',NULL,1,1,1,'customer_panel',2,'MultiVendor','2024-01-23 11:19:58','2024-01-23 11:19:58'),(201,'customer_panel.my_purchase_orders','fas fa-shopping-cart',NULL,200,1,1,'frontend.my_purchase_order_list',1,'MultiVendor','2024-01-23 11:19:58','2024-01-23 11:19:58'),(202,'customer_panel.my_giftcards','ti-gift',NULL,200,1,1,'frontend.purchased-gift-card',2,'MultiVendor','2024-01-23 11:19:58','2024-01-23 11:19:58'),(203,'customer_panel.my_digital_products','ti-file',NULL,200,1,1,'frontend.digital_product',3,'MultiVendor','2024-01-23 11:19:58','2024-01-23 11:19:58'),(204,'customer_panel.my_wishlists','ti-heart',NULL,200,1,1,'frontend.my-wishlist',4,'MultiVendor','2024-01-23 11:19:58','2024-01-23 11:19:58'),(205,'customer_panel.my_refund_desputes','fas fa-shopping-cart',NULL,200,1,1,'refund.frontend.index',5,'MultiVendor','2024-01-23 11:19:58','2024-01-23 11:19:58'),(206,'customer_panel.my_coupons','ti-gift',NULL,200,1,1,'customer_panel.coupon',6,'MultiVendor','2024-01-23 11:19:58','2024-01-23 11:19:58'),(207,'customer_panel.my_profiles','fas fa-user',NULL,200,1,1,'frontend.customer_profile',7,'MultiVendor','2024-01-23 11:19:58','2024-01-23 11:19:58'),(208,'customer_panel.my_referral','fas fa-user',NULL,200,1,1,'customer_panel.referral',8,'MultiVendor','2024-01-23 11:19:58','2024-01-23 11:19:58'),(209,'product.bulk_product_upload','fa fa-product-hunt',NULL,187,0,1,'seller.bulk_product_upload',7,'MultiVendor','2024-01-23 11:19:58','2024-01-23 11:19:58'),(210,'appearance.Custom asset','fa fa-product-hunt',NULL,28,1,0,'appearance.custom-asset',7,NULL,'2024-01-23 11:19:58','2024-01-23 11:19:58'),(211,'general_settings.Push Notification Setup','fas fa-cog',NULL,133,1,0,'admin.push.notification',99999,NULL,'2024-01-23 11:19:58','2024-01-23 11:19:58'),(212,'common.bulk_customer_upload','fas fa-users',NULL,3,1,0,'admin.customer.bulk_upload',2,NULL,'2024-01-23 11:19:58','2024-01-23 11:19:58'),(213,'frontendCms.socialLink','ti-eye',NULL,14,1,0,'frontendcms.socialLink',13,NULL,'2024-01-23 11:19:58','2024-01-23 11:19:58'),(214,'amazy.Followers','fas fa-users',NULL,1,1,1,'seller.seller_follow',13,'MultiVendor','2024-01-23 11:19:58','2024-01-23 11:19:58'),(215,'setup.checkout_field_manager',NULL,NULL,41,1,0,'setup.checkout.page.setup',1,NULL,'2024-01-23 11:19:59','2024-01-23 11:19:59'),(216,'setup.one_click_order_complete',NULL,NULL,41,1,0,'setup.one.click.order.receive',1,NULL,'2024-01-23 11:19:59','2024-01-23 11:19:59'),(217,'setup.algolia_search_setup',NULL,NULL,152,1,0,'setup.algolia.search.config',1,NULL,'2024-01-23 11:19:59','2024-01-23 11:19:59'),(218,'affiliate.Affiliate','fas fa-money-bill',NULL,76,1,0,'affiliate',7,'Affiliate','2024-01-23 15:55:25','2024-01-23 15:55:25'),(219,'affiliate.My Affiliate','fas fa-money-bill',NULL,218,1,0,'affiliate.my_affiliate.index',1,'Affiliate','2024-01-23 15:55:25','2024-01-23 15:55:25'),(220,'affiliate.Pending Withdrawn','fas fa-money-bill',NULL,218,1,0,'affiliate.pending_withdraw',2,'Affiliate','2024-01-23 15:55:25','2024-01-23 15:55:25'),(221,'affiliate.Complete Withdrawn','fas fa-money-bill',NULL,218,1,0,'affiliate.complete_withdraw',3,'Affiliate','2024-01-23 15:55:25','2024-01-23 15:55:25'),(222,'affiliate.Affiliate setting','fas fa-money-bill',NULL,218,1,0,'affiliate.configurations.update',4,'Affiliate','2024-01-23 15:55:25','2024-01-23 15:55:25'),(223,'affiliate.Users','fas fa-money-bill',NULL,218,1,0,'affiliate.users.index',5,'Affiliate','2024-01-23 15:55:25','2024-01-23 15:55:25'),(224,'clubpoint.club_point','ti-eye',NULL,53,1,0,'clubpoint',2,'ClubPoint','2024-01-23 15:56:29','2024-01-23 15:56:29'),(225,'clubpoint.set_product_point',NULL,NULL,224,1,0,'clubpoint.set-product-point',3,'ClubPoint','2024-01-23 15:56:29','2024-01-23 15:56:29'),(226,'clubpoint.user_product_point',NULL,NULL,224,1,0,'clubpoint.user-product-point',3,'ClubPoint','2024-01-23 15:56:29','2024-01-23 15:56:29'),(227,'auctionproduct.auction','ti-announcement',NULL,53,1,0,'auctionproducts.auction-product',2,'AuctionProducts','2024-01-23 15:57:40','2024-01-23 15:57:40'),(228,'auctionproduct.auction_list',NULL,NULL,227,1,0,'auctionproducts.auction-product',3,'AuctionProducts','2024-01-23 15:57:40','2024-01-23 15:57:40'),(229,'auctionproduct.add_new_auction',NULL,NULL,227,1,0,'auctionproducts.auction.create',3,'AuctionProducts','2024-01-23 15:57:40','2024-01-23 15:57:40'),(230,'auctionproduct.auction_configuration',NULL,NULL,227,1,0,'auctionproducts.configuration',3,'AuctionProducts','2024-01-23 15:57:40','2024-01-23 15:57:40'),(231,'product.report_reasons',NULL,NULL,53,1,0,'product.report.index',0,NULL,NULL,NULL);
CREATE TABLE `bank_accounts` (
  `id` bigint(20) unsigned NOT NULL AUTO_INCREMENT,
  `bank_name` varchar(191) DEFAULT NULL,
  `branch_name` varchar(191) DEFAULT NULL,
  `account_name` varchar(191) DEFAULT NULL,
  `account_number` varchar(191) DEFAULT NULL,
  `opening_balance` double NOT NULL DEFAULT 0,
  `description` text DEFAULT NULL,
  `status` tinyint(1) NOT NULL DEFAULT 1,
  `created_by` bigint(20) unsigned DEFAULT NULL,
  `updated_by` bigint(20) unsigned DEFAULT NULL,
  `created_at` timestamp NULL DEFAULT NULL,
  `updated_at` timestamp NULL DEFAULT NULL,
  PRIMARY KEY (`id`)
) ENGINE=InnoDB DEFAULT CHARSET=utf8mb4 COLLATE=utf8mb4_unicode_ci;

CREATE TABLE `bank_details` (
  `id` bigint(20) unsigned NOT NULL AUTO_INCREMENT,
  `itemable_id` bigint(20) unsigned DEFAULT NULL,
  `itemable_type` varchar(255) DEFAULT NULL,
  `bank_name` varchar(191) DEFAULT NULL,
  `branch_name` varchar(191) DEFAULT NULL,
  `account_number` varchar(191) DEFAULT NULL,
  `account_holder` varchar(191) DEFAULT NULL,
  `image_src` varchar(191) DEFAULT NULL,
  `created_at` timestamp NULL DEFAULT NULL,
  `updated_at` timestamp NULL DEFAULT NULL,
  PRIMARY KEY (`id`)
) ENGINE=InnoDB DEFAULT CHARSET=utf8mb4 COLLATE=utf8mb4_unicode_ci;

CREATE TABLE `benifits` (
  `id` bigint(20) unsigned NOT NULL AUTO_INCREMENT,
  `user_id` bigint(20) unsigned DEFAULT NULL,
  `title` varchar(191) NOT NULL,
  `image` varchar(191) NOT NULL,
  `description` text NOT NULL,
  `status` tinyint(1) NOT NULL DEFAULT 1,
  `created_at` timestamp NULL DEFAULT NULL,
  `updated_at` timestamp NULL DEFAULT NULL,
  PRIMARY KEY (`id`)
) ENGINE=InnoDB AUTO_INCREMENT=5 DEFAULT CHARSET=utf8mb4 COLLATE=utf8mb4_unicode_ci;

INSERT INTO `benifits` VALUES (1,NULL,'Instant Selling Start','frontend\\default\\img\\icon\\icon_1.png','Use these effective strategies to learn how to sell your products.',1,'2024-01-23 11:19:52','2024-01-23 11:19:52'),(2,NULL,'Managing\n        Dashboard Panel','frontend\\default\\img\\icon\\icon_2.png','You can manage your dashboard panels easily.',1,'2024-01-23 11:19:52','2024-01-23 11:19:52'),(3,NULL,'Secured\n        Payment Options','frontend\\default\\img\\icon\\icon_3.png','We have secured and easy to pay payment option.',1,'2024-01-23 11:19:52','2024-01-23 11:19:52'),(4,NULL,'Awesome\n        Privilege Options','frontend\\default\\img\\icon\\icon_4.png','You can get many privilege as a vendor or customer.',1,'2024-01-23 11:19:52','2024-01-23 11:19:52');
CREATE TABLE `blog_categories` (
  `id` bigint(20) unsigned NOT NULL AUTO_INCREMENT,
  `name` varchar(191) NOT NULL,
  `slug` varchar(191) DEFAULT NULL,
  `level` int(11) NOT NULL,
  `parent_id` int(11) NOT NULL DEFAULT 0,
  `image_url` varchar(191) DEFAULT NULL,
  `created_at` timestamp NULL DEFAULT NULL,
  `updated_at` timestamp NULL DEFAULT NULL,
  PRIMARY KEY (`id`)
) ENGINE=InnoDB DEFAULT CHARSET=utf8mb4 COLLATE=utf8mb4_unicode_ci;

CREATE TABLE `blog_category_post` (
  `id` bigint(20) unsigned NOT NULL AUTO_INCREMENT,
  `blog_category_id` bigint(20) unsigned NOT NULL,
  `blog_post_id` bigint(20) unsigned NOT NULL,
  `created_at` timestamp NULL DEFAULT NULL,
  `updated_at` timestamp NULL DEFAULT NULL,
  PRIMARY KEY (`id`),
  KEY `blog_category_post_blog_category_id_foreign` (`blog_category_id`),
  KEY `blog_category_post_blog_post_id_foreign` (`blog_post_id`),
  CONSTRAINT `blog_category_post_blog_category_id_foreign` FOREIGN KEY (`blog_category_id`) REFERENCES `blog_categories` (`id`),
  CONSTRAINT `blog_category_post_blog_post_id_foreign` FOREIGN KEY (`blog_post_id`) REFERENCES `blog_posts` (`id`) ON DELETE CASCADE
) ENGINE=InnoDB DEFAULT CHARSET=utf8mb4 COLLATE=utf8mb4_unicode_ci;

CREATE TABLE `blog_comment_replays` (
  `id` bigint(20) unsigned NOT NULL AUTO_INCREMENT,
  `blog_post_id` bigint(20) unsigned NOT NULL,
  `user_id` bigint(20) unsigned NOT NULL,
  `blog_comment_id` bigint(20) unsigned NOT NULL,
  `replay_id` bigint(20) unsigned NOT NULL DEFAULT 0,
  `replay` text NOT NULL,
  `created_at` timestamp NULL DEFAULT NULL,
  `updated_at` timestamp NULL DEFAULT NULL,
  PRIMARY KEY (`id`)
) ENGINE=InnoDB DEFAULT CHARSET=utf8mb4 COLLATE=utf8mb4_unicode_ci;

CREATE TABLE `blog_comments` (
  `id` bigint(20) unsigned NOT NULL AUTO_INCREMENT,
  `blog_post_id` bigint(20) unsigned NOT NULL,
  `user_id` bigint(20) unsigned NOT NULL,
  `comment` text NOT NULL,
  `created_at` timestamp NULL DEFAULT NULL,
  `updated_at` timestamp NULL DEFAULT NULL,
  PRIMARY KEY (`id`)
) ENGINE=InnoDB DEFAULT CHARSET=utf8mb4 COLLATE=utf8mb4_unicode_ci;

CREATE TABLE `blog_post_likes` (
  `id` bigint(20) unsigned NOT NULL AUTO_INCREMENT,
  `post_id` bigint(20) unsigned NOT NULL,
  `user_id` bigint(20) unsigned NOT NULL,
  `like` tinyint(1) NOT NULL,
  `created_at` timestamp NULL DEFAULT NULL,
  `updated_at` timestamp NULL DEFAULT NULL,
  PRIMARY KEY (`id`)
) ENGINE=InnoDB DEFAULT CHARSET=utf8mb4 COLLATE=utf8mb4_unicode_ci;

CREATE TABLE `blog_post_tag` (
  `id` bigint(20) unsigned NOT NULL AUTO_INCREMENT,
  `tag_id` bigint(20) unsigned NOT NULL,
  `blog_post_id` bigint(20) unsigned NOT NULL,
  `created_at` timestamp NULL DEFAULT NULL,
  `updated_at` timestamp NULL DEFAULT NULL,
  PRIMARY KEY (`id`),
  KEY `blog_post_tag_tag_id_foreign` (`tag_id`),
  KEY `blog_post_tag_blog_post_id_foreign` (`blog_post_id`),
  CONSTRAINT `blog_post_tag_blog_post_id_foreign` FOREIGN KEY (`blog_post_id`) REFERENCES `blog_posts` (`id`) ON DELETE CASCADE,
  CONSTRAINT `blog_post_tag_tag_id_foreign` FOREIGN KEY (`tag_id`) REFERENCES `tags` (`id`) ON DELETE CASCADE
) ENGINE=InnoDB DEFAULT CHARSET=utf8mb4 COLLATE=utf8mb4_unicode_ci;

CREATE TABLE `blog_posts` (
  `id` bigint(20) unsigned NOT NULL AUTO_INCREMENT,
  `author_id` bigint(20) unsigned DEFAULT NULL,
  `title` varchar(191) NOT NULL,
  `slug` varchar(191) NOT NULL,
  `content` text NOT NULL,
  `image_url` varchar(191) DEFAULT NULL,
  `status` tinyint(1) NOT NULL DEFAULT 0,
  `is_approved` tinyint(1) NOT NULL DEFAULT 0,
  `view_count` bigint(20) unsigned NOT NULL DEFAULT 0,
  `approved_by` bigint(20) unsigned DEFAULT NULL,
  `is_commentable` tinyint(1) NOT NULL DEFAULT 1,
  `published_at` timestamp NULL DEFAULT NULL,
  `created_at` timestamp NULL DEFAULT NULL,
  `updated_at` timestamp NULL DEFAULT NULL,
  PRIMARY KEY (`id`),
  UNIQUE KEY `blog_posts_slug_unique` (`slug`)
) ENGINE=InnoDB DEFAULT CHARSET=utf8mb4 COLLATE=utf8mb4_unicode_ci;

CREATE TABLE `brand_category` (
  `id` bigint(20) unsigned NOT NULL AUTO_INCREMENT,
  `category_id` bigint(20) unsigned NOT NULL,
  `brand_id` bigint(20) unsigned NOT NULL,
  `created_at` timestamp NULL DEFAULT NULL,
  `updated_at` timestamp NULL DEFAULT NULL,
  PRIMARY KEY (`id`),
  KEY `brand_category_category_id_foreign` (`category_id`),
  KEY `brand_category_brand_id_foreign` (`brand_id`),
  CONSTRAINT `brand_category_brand_id_foreign` FOREIGN KEY (`brand_id`) REFERENCES `brands` (`id`),
  CONSTRAINT `brand_category_category_id_foreign` FOREIGN KEY (`category_id`) REFERENCES `categories` (`id`) ON DELETE CASCADE
) ENGINE=InnoDB DEFAULT CHARSET=utf8mb4 COLLATE=utf8mb4_unicode_ci;

CREATE TABLE `brands` (
  `id` bigint(20) unsigned NOT NULL AUTO_INCREMENT,
  `name` varchar(255) NOT NULL,
  `logo` varchar(255) DEFAULT NULL,
  `description` text DEFAULT NULL,
  `link` varchar(255) DEFAULT NULL,
  `status` tinyint(1) NOT NULL DEFAULT 1,
  `featured` tinyint(1) NOT NULL DEFAULT 0,
  `meta_title` text DEFAULT NULL,
  `meta_description` text DEFAULT NULL,
  `sort_id` bigint(20) unsigned DEFAULT NULL,
  `total_sale` bigint(20) unsigned NOT NULL DEFAULT 0,
  `avg_rating` double(8,2) NOT NULL DEFAULT 0.00,
  `slug` varchar(255) DEFAULT NULL,
  `created_by` bigint(20) unsigned DEFAULT NULL,
  `updated_by` bigint(20) unsigned DEFAULT NULL,
  `created_at` timestamp NULL DEFAULT NULL,
  `updated_at` timestamp NULL DEFAULT NULL,
  PRIMARY KEY (`id`),
  KEY `brands_created_by_foreign` (`created_by`),
  KEY `brands_updated_by_foreign` (`updated_by`),
  KEY `brands_id_status_index` (`id`,`status`),
  CONSTRAINT `brands_created_by_foreign` FOREIGN KEY (`created_by`) REFERENCES `users` (`id`) ON DELETE CASCADE,
  CONSTRAINT `brands_updated_by_foreign` FOREIGN KEY (`updated_by`) REFERENCES `users` (`id`) ON DELETE CASCADE
) ENGINE=InnoDB AUTO_INCREMENT=2 DEFAULT CHARSET=utf8mb4 COLLATE=utf8mb4_unicode_ci;

INSERT INTO `brands` VALUES (1,'Xiaomi','uploads/images/02-03-2024/65e30d7ea1581.png',NULL,NULL,1,1,NULL,NULL,NULL,0,0.00,'xiaomi',NULL,NULL,'2024-03-02 10:29:02','2024-03-02 10:29:02');
CREATE TABLE `bulk_s_m_s` (
  `id` bigint(20) unsigned NOT NULL AUTO_INCREMENT,
  `title` varchar(191) NOT NULL,
  `message` text NOT NULL,
  `publish_date` date NOT NULL,
  `send_type` int(10) unsigned NOT NULL,
  `send_user_ids` text NOT NULL,
  `multiple_role_id` varchar(191) DEFAULT NULL,
  `single_role_id` tinyint(3) unsigned DEFAULT NULL,
  `created_by` bigint(20) unsigned DEFAULT NULL,
  `updated_by` bigint(20) unsigned DEFAULT NULL,
  `is_send` tinyint(1) NOT NULL DEFAULT 0,
  `created_at` timestamp NULL DEFAULT NULL,
  `updated_at` timestamp NULL DEFAULT NULL,
  PRIMARY KEY (`id`)
) ENGINE=InnoDB DEFAULT CHARSET=utf8mb4 COLLATE=utf8mb4_unicode_ci;

CREATE TABLE `business_settings` (
  `id` bigint(20) unsigned NOT NULL AUTO_INCREMENT,
  `category_type` varchar(200) DEFAULT NULL,
  `type` varchar(200) DEFAULT NULL,
  `status` mediumint(9) NOT NULL DEFAULT 0,
  `created_at` timestamp NULL DEFAULT NULL,
  `updated_at` timestamp NULL DEFAULT NULL,
  PRIMARY KEY (`id`)
) ENGINE=InnoDB AUTO_INCREMENT=16 DEFAULT CHARSET=utf8mb4 COLLATE=utf8mb4_unicode_ci;

INSERT INTO `business_settings` VALUES (1,'verification and notifications','email_verification',0,'2024-01-23 11:19:51',NULL),(2,'verification and notifications','sms_verification',0,'2024-01-23 11:19:51',NULL),(3,'verification and notifications','mail_notification',1,'2024-01-23 11:19:51','2024-01-24 17:19:19'),(4,'verification and notifications','system_notification',1,'2024-01-23 11:19:51','2024-01-24 17:19:24'),(5,'sms_gateways','Twillo',0,'2024-01-23 11:19:51',NULL),(6,'sms_gateways','TextLocal',0,'2024-01-23 11:19:51',NULL),(7,'vendor_configuration','Multi-Vendor System Activate',1,'2024-01-23 11:19:51','2024-01-23 11:19:56'),(8,'refund_config','refund_status',1,'2024-01-23 11:19:51','2024-01-23 13:51:36'),(9,'refund_config','refund_times',14,'2024-01-23 11:19:51','2024-01-23 13:52:55'),(10,'voucher','payroll_voucher_approval',0,'2024-01-23 11:19:51',NULL),(11,'analytics_tool','google_analytics',1,'2024-01-23 11:19:51','2024-01-26 16:35:17'),(12,'analytics_tool','facebook_pixel',0,'2024-01-23 11:19:51',NULL),(13,'sms_gateways','OtherSmsGateway',0,'2024-01-23 11:19:57','2024-01-23 11:19:57'),(14,'file_storage','Local',1,'2024-01-23 11:19:58','2024-01-23 11:19:58'),(15,'sms_gateways','MsegatSMS',0,'2024-01-23 11:19:58','2024-01-23 11:19:58');
CREATE TABLE `cache` (
  `key` varchar(191) NOT NULL,
  `value` mediumtext NOT NULL,
  `expiration` int(11) NOT NULL,
  PRIMARY KEY (`key`)
) ENGINE=InnoDB DEFAULT CHARSET=utf8mb4 COLLATE=utf8mb4_unicode_ci;

CREATE TABLE `cache_locks` (
  `key` varchar(191) NOT NULL,
  `owner` varchar(191) NOT NULL,
  `expiration` int(11) NOT NULL,
  PRIMARY KEY (`key`)
) ENGINE=InnoDB DEFAULT CHARSET=utf8mb4 COLLATE=utf8mb4_unicode_ci;

CREATE TABLE `cancel_reasons` (
  `id` bigint(20) unsigned NOT NULL AUTO_INCREMENT,
  `name` varchar(75) DEFAULT NULL,
  `description` varchar(191) DEFAULT NULL,
  `created_at` timestamp NULL DEFAULT NULL,
  `updated_at` timestamp NULL DEFAULT NULL,
  PRIMARY KEY (`id`)
) ENGINE=InnoDB AUTO_INCREMENT=5 DEFAULT CHARSET=utf8mb4 COLLATE=utf8mb4_unicode_ci;

INSERT INTO `cancel_reasons` VALUES (1,'Wrong product','Wrong product when ordering','2024-01-23 11:19:56','2024-02-06 04:54:20'),(2,'High price','Product price is very high.','2024-01-23 11:19:56','2024-01-23 11:19:56'),(3,'Delivery date change','I want to cancel my order for changing delivery date.','2024-01-23 11:19:56','2024-01-23 11:19:56'),(4,'Delivery place change','I want to cancel my order for changing delivery place.','2024-01-23 11:19:56','2024-01-23 11:19:56');
CREATE TABLE `careers` (
  `id` bigint(20) unsigned NOT NULL AUTO_INCREMENT,
  `user_id` bigint(20) unsigned DEFAULT NULL,
  `title` varchar(191) NOT NULL,
  `slug` varchar(191) NOT NULL,
  `description` text NOT NULL,
  `status` tinyint(1) NOT NULL DEFAULT 1,
  `source` varchar(191) NOT NULL,
  `created_at` timestamp NULL DEFAULT NULL,
  `updated_at` timestamp NULL DEFAULT NULL,
  PRIMARY KEY (`id`)
) ENGINE=InnoDB AUTO_INCREMENT=2 DEFAULT CHARSET=utf8mb4 COLLATE=utf8mb4_unicode_ci;

INSERT INTO `careers` VALUES (1,NULL,'Career','initail slug','Build up your career with us.',1,'content','2024-01-23 11:19:52','2024-01-23 11:19:52');
CREATE TABLE `carriers` (
  `id` bigint(20) unsigned NOT NULL AUTO_INCREMENT,
  `name` varchar(191) NOT NULL,
  `logo` varchar(191) DEFAULT NULL,
  `type` varchar(191) NOT NULL DEFAULT 'Manual',
  `slug` varchar(191) DEFAULT NULL,
  `tracking_url` varchar(191) DEFAULT NULL,
  `status` tinyint(1) NOT NULL DEFAULT 1,
  `created_by` bigint(20) unsigned NOT NULL DEFAULT 1,
  `created_at` timestamp NULL DEFAULT NULL,
  `updated_at` timestamp NULL DEFAULT NULL,
  PRIMARY KEY (`id`)
) ENGINE=InnoDB AUTO_INCREMENT=7 DEFAULT CHARSET=utf8mb4 COLLATE=utf8mb4_unicode_ci;

INSERT INTO `carriers` VALUES (1,'Manual',NULL,'Manual','Manual',NULL,1,1,NULL,NULL),(2,'Manual',NULL,'Manual','Manual',NULL,1,4,'2024-02-10 16:58:24','2024-02-10 16:58:24'),(3,'Manual',NULL,'Manual','Manual',NULL,1,5,'2024-02-17 15:32:45','2024-02-17 15:32:45'),(4,'Manual',NULL,'Manual','Manual',NULL,1,6,'2024-02-17 15:54:36','2024-02-17 15:54:36'),(5,'FeedEx',NULL,'Manual',NULL,NULL,1,1,'2024-02-21 04:52:56','2024-02-21 04:52:56'),(6,'Local post',NULL,'Manual',NULL,NULL,1,1,'2024-02-27 04:29:39','2024-02-27 04:29:39');
CREATE TABLE `carts` (
  `id` bigint(20) unsigned NOT NULL AUTO_INCREMENT,
  `user_id` bigint(20) unsigned DEFAULT NULL,
  `session_id` varchar(191) DEFAULT NULL,
  `seller_id` bigint(20) unsigned NOT NULL,
  `product_type` varchar(50) DEFAULT NULL,
  `product_id` bigint(20) unsigned NOT NULL,
  `qty` int(10) unsigned NOT NULL DEFAULT 1,
  `price` double NOT NULL DEFAULT 0,
  `total_price` double NOT NULL DEFAULT 0,
  `sku` varchar(191) DEFAULT NULL,
  `is_select` tinyint(1) NOT NULL DEFAULT 0,
  `shipping_method_id` bigint(20) unsigned DEFAULT NULL,
  `is_updated` tinyint(1) NOT NULL DEFAULT 0,
  `is_buy_now` tinyint(1) NOT NULL DEFAULT 0,
  `created_at` timestamp NULL DEFAULT NULL,
  `updated_at` timestamp NULL DEFAULT NULL,
  PRIMARY KEY (`id`),
  KEY `carts_user_id_foreign` (`user_id`),
  KEY `carts_seller_id_foreign` (`seller_id`),
  CONSTRAINT `carts_seller_id_foreign` FOREIGN KEY (`seller_id`) REFERENCES `users` (`id`) ON DELETE CASCADE,
  CONSTRAINT `carts_user_id_foreign` FOREIGN KEY (`user_id`) REFERENCES `users` (`id`) ON DELETE CASCADE
) ENGINE=InnoDB AUTO_INCREMENT=21 DEFAULT CHARSET=utf8mb4 COLLATE=utf8mb4_unicode_ci;

INSERT INTO `carts` VALUES (2,NULL,'UPoJ8EIi0gq2RzSEHvkhMGUz6AzjFGaPIYsNQn6n',1,'product',1,1,35.91,35.91,NULL,1,0,0,0,'2024-01-31 03:41:53','2024-01-31 03:41:53'),(3,NULL,'OxKmaZNjeGts5QvwpkxonwPK3jdEHOX9f9s8Nwqd',1,'product',1,1,35.91,35.91,NULL,1,0,0,1,'2024-01-31 08:28:22','2024-01-31 08:28:22'),(4,NULL,'FxeJDyPeN92gZy5zKjiwXsqd6HhaAYjcsr3WcH2c',1,'product',1,1,35.91,35.91,NULL,1,0,0,0,'2024-02-02 14:20:11','2024-02-02 14:20:11'),(6,NULL,'wgwoXz8jM85mxrDJHmVCO4sl3Ujs70psuScetZzs',1,'product',1,1,35.91,35.91,NULL,1,0,0,1,'2024-02-02 17:24:19','2024-02-02 17:27:54'),(15,NULL,'XAsCFiqrYxNOTRDDvubqYDm9H5Mg0X8tDUiYAPIk',5,'product',51,1,98,98,NULL,1,0,0,0,'2024-03-15 16:40:40','2024-03-15 16:40:40'),(16,NULL,'gkwQF1vtVkTpnig58O1YYvxCQtmIu89qGwke0zmU',4,'product',23,1,19,19,NULL,1,0,0,1,'2024-03-15 16:46:29','2024-03-15 16:46:29'),(17,NULL,'dCMb2gH0OFaKAvYCVhbawulHiL12198OU8Ke6neP',1,'product',63,24,42.9,1029.6,NULL,1,0,0,0,'2024-04-19 15:57:35','2024-04-19 15:57:35'),(18,NULL,'hvp88G56bgREjk3Nb50LNqInEeJCREW09l29lonI',1,'product',1,24,39.9,957.6,NULL,1,0,0,0,'2024-04-30 08:56:23','2024-04-30 08:56:23'),(19,NULL,'B0hnXLi9qeVkaYiomHMw612w0w1P5CCYzPTss7Ag',5,'product',44,1,31,31,NULL,1,0,0,0,'2024-05-21 23:06:06','2024-05-21 23:06:06');
CREATE TABLE `categories` (
  `id` bigint(20) unsigned NOT NULL AUTO_INCREMENT,
  `name` varchar(191) NOT NULL,
  `slug` varchar(191) NOT NULL,
  `parent_id` bigint(20) unsigned NOT NULL,
  `depth_level` int(10) unsigned NOT NULL DEFAULT 1,
  `icon` varchar(191) DEFAULT NULL,
  `searchable` tinyint(1) NOT NULL DEFAULT 1,
  `status` tinyint(1) NOT NULL DEFAULT 1,
  `total_sale` bigint(20) unsigned NOT NULL DEFAULT 0,
  `avg_rating` double(8,2) NOT NULL DEFAULT 0.00,
  `commission_rate` double(16,2) DEFAULT NULL,
  `created_at` timestamp NULL DEFAULT NULL,
  `updated_at` timestamp NULL DEFAULT NULL,
  PRIMARY KEY (`id`),
  UNIQUE KEY `categories_slug_unique` (`slug`),
  KEY `categories_id_parent_id_status_index` (`id`,`parent_id`,`status`)
) ENGINE=InnoDB AUTO_INCREMENT=16 DEFAULT CHARSET=utf8mb4 COLLATE=utf8mb4_unicode_ci;

INSERT INTO `categories` VALUES (1,'3D Wall Panels','3d-wall-panels',0,1,NULL,1,1,0,0.00,5.00,'2024-01-28 12:17:43','2024-02-06 14:22:36'),(2,'Books','books',0,1,NULL,1,1,0,0.00,5.00,'2024-02-10 16:11:53','2024-02-10 16:11:53'),(3,'eBooks','ebooks',2,2,NULL,1,1,0,0.00,5.00,'2024-02-10 16:18:11','2024-02-10 16:48:47'),(4,'Kindle eBooks','kindle-ebooks',3,3,NULL,1,1,0,0.00,5.00,'2024-02-10 16:50:43','2024-02-10 16:54:02'),(5,'Paperback','paperback',2,2,NULL,1,1,0,0.00,5.00,'2024-02-10 16:53:47','2024-02-10 16:53:47'),(6,'Computers & Technology','computers-&-technology',4,4,NULL,1,1,0,0.00,5.00,'2024-02-10 16:54:53','2024-02-10 16:55:06'),(7,'Computers Technology','computers-technology',3,3,NULL,1,1,0,0.00,5.00,'2024-02-11 12:18:53','2024-02-11 12:18:53'),(8,'Science & Math','science-&-math',3,3,NULL,1,1,0,0.00,3.00,'2024-02-15 16:02:50','2024-02-15 16:02:50'),(9,'Programming','programming',4,4,NULL,1,1,0,0.00,5.00,'2024-02-18 09:45:27','2024-02-18 09:45:27'),(10,'Engineering','engineering',3,3,NULL,1,1,0,0.00,5.00,'2024-02-23 04:16:12','2024-02-23 04:16:12'),(11,'Business & Money','business-&-money',3,3,NULL,1,1,0,0.00,5.00,'2024-02-28 04:01:45','2024-02-28 04:01:45'),(12,'Consumer Electronics','consumer-electronics',0,1,NULL,1,1,0,0.00,5.00,'2024-03-02 10:46:43','2024-03-02 10:46:43'),(13,'Smart Watches','smart-watches',12,2,NULL,1,1,0,0.00,5.00,'2024-03-02 10:47:47','2024-03-02 13:54:57'),(14,'Earphones & Headphones','earphones-&-headphones',12,2,NULL,1,1,0,0.00,5.00,'2024-03-02 13:51:31','2024-03-02 13:51:51'),(15,'Home Electronics','home-electronics',12,2,NULL,1,1,0,0.00,5.00,'2024-03-03 09:39:17','2024-03-03 09:39:17');
CREATE TABLE `category_images` (
  `id` bigint(20) unsigned NOT NULL AUTO_INCREMENT,
  `category_id` bigint(20) unsigned NOT NULL,
  `image` varchar(191) NOT NULL,
  `created_at` timestamp NULL DEFAULT NULL,
  `updated_at` timestamp NULL DEFAULT NULL,
  PRIMARY KEY (`id`),
  KEY `category_images_category_id_foreign` (`category_id`),
  CONSTRAINT `category_images_category_id_foreign` FOREIGN KEY (`category_id`) REFERENCES `categories` (`id`) ON DELETE CASCADE
) ENGINE=InnoDB AUTO_INCREMENT=5 DEFAULT CHARSET=utf8mb4 COLLATE=utf8mb4_unicode_ci;

INSERT INTO `category_images` VALUES (1,1,'uploads/images/06-02-2024/65c24ebc50b09.webp','2024-01-28 12:19:16','2024-02-06 14:22:36'),(2,2,'uploads/images/10-02-2024/65c7ae596c3f5.webp','2024-02-10 16:11:53','2024-02-10 16:11:53'),(3,3,'uploads/images/21-02-2024/65d57caeca43d.webp','2024-02-21 03:31:42','2024-02-21 03:31:42'),(4,12,'uploads/images/02-03-2024/65e311a432e40.webp','2024-03-02 10:46:44','2024-03-02 10:46:44');
CREATE TABLE `category_product` (
  `id` bigint(20) unsigned NOT NULL AUTO_INCREMENT,
  `category_id` bigint(20) unsigned NOT NULL,
  `product_id` bigint(20) unsigned NOT NULL,
  `created_at` timestamp NULL DEFAULT NULL,
  `updated_at` timestamp NULL DEFAULT NULL,
  PRIMARY KEY (`id`),
  KEY `category_product_category_id_product_id_index` (`category_id`,`product_id`)
) ENGINE=InnoDB AUTO_INCREMENT=104 DEFAULT CHARSET=utf8mb4 COLLATE=utf8mb4_unicode_ci;

INSERT INTO `category_product` VALUES (1,1,1,'2024-01-28 12:35:00','2024-01-28 12:35:00'),(2,1,2,'2024-02-02 20:59:57','2024-02-02 20:59:57'),(6,1,6,'2024-02-02 21:27:07','2024-02-02 21:27:07'),(10,1,10,'2024-02-04 18:46:05','2024-02-04 18:46:05'),(12,2,12,'2024-02-11 06:54:37','2024-02-11 06:54:37'),(13,3,12,'2024-02-11 06:54:37','2024-02-11 06:54:37'),(14,4,12,'2024-02-11 07:24:36','2024-02-11 07:24:36'),(15,6,12,'2024-02-11 07:24:36','2024-02-11 07:24:36'),(16,2,13,'2024-02-11 12:32:25','2024-02-11 12:32:25'),(17,3,13,'2024-02-11 12:32:25','2024-02-11 12:32:25'),(18,7,13,'2024-02-11 12:32:25','2024-02-11 12:32:25'),(19,2,14,'2024-02-12 04:40:47','2024-02-12 04:40:47'),(20,3,14,'2024-02-12 04:40:47','2024-02-12 04:40:47'),(21,7,14,'2024-02-12 04:40:47','2024-02-12 04:40:47'),(22,2,15,'2024-02-14 05:02:13','2024-02-14 05:02:13'),(23,4,15,'2024-02-14 05:02:13','2024-02-14 05:02:13'),(24,7,15,'2024-02-14 05:02:13','2024-02-14 05:02:13'),(25,2,16,'2024-02-15 16:09:32','2024-02-15 16:09:32'),(26,3,16,'2024-02-15 16:09:32','2024-02-15 16:09:32'),(27,8,16,'2024-02-15 16:09:32','2024-02-15 16:09:32'),(29,2,18,'2024-02-17 15:10:11','2024-02-17 15:10:11'),(30,3,18,'2024-02-17 15:10:11','2024-02-17 15:10:11'),(31,7,18,'2024-02-17 15:10:11','2024-02-17 15:10:11'),(32,2,19,'2024-02-18 11:31:45','2024-02-18 11:31:45'),(33,3,19,'2024-02-18 11:31:45','2024-02-18 11:31:45'),(34,4,19,'2024-02-18 11:31:45','2024-02-18 11:31:45'),(35,9,19,'2024-02-18 11:31:45','2024-02-18 11:31:45'),(36,2,20,'2024-02-21 03:48:05','2024-02-21 03:48:05'),(37,3,20,'2024-02-21 03:48:05','2024-02-21 03:48:05'),(38,4,20,'2024-02-21 03:48:05','2024-02-21 03:48:05'),(39,6,20,'2024-02-21 03:48:05','2024-02-21 03:48:05'),(40,2,21,'2024-02-23 04:24:00','2024-02-23 04:24:00'),(41,3,21,'2024-02-23 04:24:00','2024-02-23 04:24:00'),(42,10,21,'2024-02-23 04:24:00','2024-02-23 04:24:00'),(43,2,22,'2024-02-27 03:56:19','2024-02-27 03:56:19'),(44,3,22,'2024-02-27 03:56:19','2024-02-27 03:56:19'),(45,4,22,'2024-02-27 03:56:19','2024-02-27 03:56:19'),(46,6,22,'2024-02-27 03:56:19','2024-02-27 03:56:19'),(47,2,23,'2024-02-28 04:06:35','2024-02-28 04:06:35'),(48,3,23,'2024-02-28 04:06:35','2024-02-28 04:06:35'),(49,11,23,'2024-02-28 04:06:35','2024-02-28 04:06:35'),(50,12,24,'2024-03-02 12:03:10','2024-03-02 12:03:10'),(51,13,24,'2024-03-02 12:03:10','2024-03-02 12:03:10'),(57,12,27,'2024-03-03 07:26:13','2024-03-03 07:26:13'),(58,14,27,'2024-03-03 07:26:13','2024-03-03 07:26:13'),(59,12,28,'2024-03-03 09:50:05','2024-03-03 09:50:05'),(60,15,28,'2024-03-03 09:50:05','2024-03-03 09:50:05'),(61,12,29,'2024-03-03 14:00:59','2024-03-03 14:00:59'),(62,13,29,'2024-03-03 14:00:59','2024-03-03 14:00:59'),(63,12,30,'2024-03-04 13:01:22','2024-03-04 13:01:22'),(64,14,30,'2024-03-04 13:01:22','2024-03-04 13:01:22'),(65,12,31,'2024-03-05 04:40:17','2024-03-05 04:40:17'),(66,13,31,'2024-03-05 04:40:17','2024-03-05 04:40:17'),(67,1,32,'2024-03-09 18:21:27','2024-03-09 18:21:27'),(68,1,33,'2024-03-09 18:36:03','2024-03-09 18:36:03'),(69,1,34,'2024-03-09 18:44:36','2024-03-09 18:44:36'),(70,1,35,'2024-03-09 18:50:20','2024-03-09 18:50:20'),(71,1,36,'2024-03-09 18:56:00','2024-03-09 18:56:00'),(72,1,37,'2024-03-09 19:04:05','2024-03-09 19:04:05'),(73,1,38,'2024-03-09 19:10:06','2024-03-09 19:10:06'),(74,1,39,'2024-03-09 19:15:04','2024-03-09 19:15:04'),(75,1,40,'2024-03-09 19:19:51','2024-03-09 19:19:51'),(76,1,41,'2024-03-09 19:29:04','2024-03-09 19:29:04'),(77,1,42,'2024-03-09 19:35:37','2024-03-09 19:35:37'),(78,1,43,'2024-03-09 19:39:37','2024-03-09 19:39:37'),(79,1,44,'2024-03-09 19:44:45','2024-03-09 19:44:45'),(80,1,45,'2024-03-09 19:51:01','2024-03-09 19:51:01'),(81,1,46,'2024-03-09 19:56:14','2024-03-09 19:56:14'),(82,1,47,'2024-03-09 20:03:40','2024-03-09 20:03:40'),(83,1,48,'2024-03-09 20:15:50','2024-03-09 20:15:50'),(84,1,49,'2024-03-09 20:24:16','2024-03-09 20:24:16'),(85,1,50,'2024-03-09 20:32:07','2024-03-09 20:32:07'),(86,1,51,'2024-03-10 01:26:39','2024-03-10 01:26:39'),(87,1,52,'2024-03-10 01:40:31','2024-03-10 01:40:31'),(88,1,53,'2024-03-10 01:48:07','2024-03-10 01:48:07'),(89,1,54,'2024-03-10 01:57:03','2024-03-10 01:57:03'),(90,1,55,'2024-03-10 02:07:18','2024-03-10 02:07:18'),(91,1,56,'2024-03-10 02:11:40','2024-03-10 02:11:40'),(92,1,57,'2024-03-10 02:19:29','2024-03-10 02:19:29'),(93,1,58,'2024-03-10 02:24:41','2024-03-10 02:24:41'),(94,1,59,'2024-03-10 02:35:10','2024-03-10 02:35:10'),(95,1,60,'2024-03-10 02:44:28','2024-03-10 02:44:28'),(96,12,61,'2024-03-11 16:27:04','2024-03-11 16:27:04'),(97,14,61,'2024-03-11 16:27:04','2024-03-11 16:27:04'),(98,12,62,'2024-03-15 03:17:08','2024-03-15 03:17:08'),(99,14,62,'2024-03-15 03:17:08','2024-03-15 03:17:08'),(100,12,63,'2024-03-23 15:43:03','2024-03-23 15:43:03'),(101,15,63,'2024-03-23 15:43:03','2024-03-23 15:43:03'),(102,12,64,'2024-04-02 02:04:51','2024-04-02 02:04:51'),(103,14,64,'2024-04-02 02:04:51','2024-04-02 02:04:51');
CREATE TABLE `chart_of_accounts` (
  `id` bigint(20) unsigned NOT NULL AUTO_INCREMENT,
  `code` varchar(191) DEFAULT NULL,
  `type` varchar(191) DEFAULT NULL,
  `default_for` varchar(191) DEFAULT NULL,
  `name` varchar(191) DEFAULT NULL,
  `opening_balance` bigint(20) NOT NULL DEFAULT 0,
  `description` text DEFAULT NULL,
  `level` tinyint(4) NOT NULL DEFAULT 0,
  `morphable_type` varchar(255) DEFAULT NULL,
  `morphable_id` bigint(20) unsigned DEFAULT NULL,
  `status` tinyint(1) NOT NULL DEFAULT 1,
  `parent_id` bigint(20) unsigned DEFAULT NULL,
  `created_by` bigint(20) unsigned DEFAULT NULL,
  `updated_by` bigint(20) unsigned DEFAULT NULL,
  `created_at` timestamp NULL DEFAULT NULL,
  `updated_at` timestamp NULL DEFAULT NULL,
  PRIMARY KEY (`id`)
) ENGINE=InnoDB AUTO_INCREMENT=6 DEFAULT CHARSET=utf8mb4 COLLATE=utf8mb4_unicode_ci;

INSERT INTO `chart_of_accounts` VALUES (1,'income-1','Income','Income','Main Income',0,'this is for main income from system',0,NULL,NULL,1,NULL,1,NULL,'2024-01-23 11:19:55','2024-01-23 11:19:55'),(2,'income-2','Income','Seller Account','Main Seller Account',0,'This is for seller account',0,NULL,NULL,1,NULL,1,NULL,'2024-01-23 11:19:55','2024-01-23 11:19:55'),(3,'Income-3','Income','Product Wise Tax Account','Product TAX',0,'This is for product tax',0,NULL,NULL,1,NULL,1,NULL,'2024-01-23 11:19:55','2024-01-23 11:19:55'),(4,'liability-1','Liability','GST Tax Account','GST TAX',0,'This is for GST',0,NULL,NULL,1,NULL,1,NULL,'2024-01-23 11:19:55','2024-01-23 11:19:55'),(5,'income-4','Income','Seller Commision','Seller Commision',0,NULL,0,NULL,NULL,1,NULL,NULL,NULL,NULL,NULL);
CREATE TABLE `checkout_field_visibility` (
  `id` bigint(20) unsigned NOT NULL AUTO_INCREMENT,
  `user_id` int(11) DEFAULT NULL,
  `field_name` varchar(191) DEFAULT NULL,
  `visibility` int(11) NOT NULL DEFAULT 1,
  `required` int(11) NOT NULL DEFAULT 1,
  `created_at` timestamp NULL DEFAULT NULL,
  `updated_at` timestamp NULL DEFAULT NULL,
  PRIMARY KEY (`id`)
) ENGINE=InnoDB AUTO_INCREMENT=6 DEFAULT CHARSET=utf8mb4 COLLATE=utf8mb4_unicode_ci;

INSERT INTO `checkout_field_visibility` VALUES (1,1,'address',1,1,'2023-04-07 03:41:58',NULL),(2,1,'city',1,1,'2023-04-07 03:41:58',NULL),(3,1,'state',1,1,'2023-04-07 03:41:58',NULL),(4,1,'country',1,1,'2023-04-07 03:41:58',NULL),(5,1,'postal',1,1,'2023-04-07 03:41:58',NULL);
CREATE TABLE `cities` (
  `id` bigint(20) unsigned NOT NULL AUTO_INCREMENT,
  `name` varchar(191) NOT NULL,
  `state_id` bigint(20) unsigned NOT NULL,
  `status` tinyint(1) NOT NULL DEFAULT 1,
  `created_at` timestamp NULL DEFAULT NULL,
  `updated_at` timestamp NULL DEFAULT NULL,
  PRIMARY KEY (`id`)
) ENGINE=InnoDB AUTO_INCREMENT=48357 DEFAULT CHARSET=utf8mb4 COLLATE=utf8mb4_unicode_ci;

INSERT INTO `cities` VALUES (1,'Bombuflat',1,1,NULL,NULL),(2,'Garacharma',1,1,NULL,NULL),(3,'Port Blair',1,1,NULL,NULL),(4,'Rangat',1,1,NULL,NULL),(5,'Addanki',2,1,NULL,NULL),(6,'Adivivaram',2,1,NULL,NULL),(7,'Adoni',2,1,NULL,NULL),(8,'Aganampudi',2,1,NULL,NULL),(9,'Ajjaram',2,1,NULL,NULL),(10,'Akividu',2,1,NULL,NULL),(11,'Akkarampalle',2,1,NULL,NULL),(12,'Akkayapalle',2,1,NULL,NULL),(13,'Akkireddipalem',2,1,NULL,NULL),(14,'Alampur',2,1,NULL,NULL),(15,'Amalapuram',2,1,NULL,NULL),(16,'Amudalavalasa',2,1,NULL,NULL),(17,'Amur',2,1,NULL,NULL),(18,'Anakapalle',2,1,NULL,NULL),(19,'Anantapur',2,1,NULL,NULL),(20,'Andole',2,1,NULL,NULL),(21,'Atmakur',2,1,NULL,NULL),(22,'Attili',2,1,NULL,NULL),(23,'Avanigadda',2,1,NULL,NULL),(24,'Badepalli',2,1,NULL,NULL),(25,'Badvel',2,1,NULL,NULL),(26,'Balapur',2,1,NULL,NULL),(27,'Bandarulanka',2,1,NULL,NULL),(28,'Banganapalle',2,1,NULL,NULL),(29,'Bapatla',2,1,NULL,NULL),(30,'Bapulapadu',2,1,NULL,NULL),(31,'Belampalli',2,1,NULL,NULL),(32,'Bestavaripeta',2,1,NULL,NULL),(33,'Betamcherla',2,1,NULL,NULL),(34,'Bhattiprolu',2,1,NULL,NULL),(35,'Bhimavaram',2,1,NULL,NULL),(36,'Bhimunipatnam',2,1,NULL,NULL),(37,'Bobbili',2,1,NULL,NULL),(38,'Bombuflat',2,1,NULL,NULL),(39,'Bommuru',2,1,NULL,NULL),(40,'Bugganipalle',2,1,NULL,NULL),(41,'Challapalle',2,1,NULL,NULL),(42,'Chandur',2,1,NULL,NULL),(43,'Chatakonda',2,1,NULL,NULL),(44,'Chemmumiahpet',2,1,NULL,NULL),(45,'Chidiga',2,1,NULL,NULL),(46,'Chilakaluripet',2,1,NULL,NULL),(47,'Chimakurthy',2,1,NULL,NULL),(48,'Chinagadila',2,1,NULL,NULL),(49,'Chinagantyada',2,1,NULL,NULL),(50,'Chinnachawk',2,1,NULL,NULL),(51,'Chintalavalasa',2,1,NULL,NULL),(52,'Chipurupalle',2,1,NULL,NULL),(53,'Chirala',2,1,NULL,NULL),(54,'Chittoor',2,1,NULL,NULL),(55,'Chodavaram',2,1,NULL,NULL),(56,'Choutuppal',2,1,NULL,NULL),(57,'Chunchupalle',2,1,NULL,NULL),(58,'Cuddapah',2,1,NULL,NULL),(59,'Cumbum',2,1,NULL,NULL),(60,'Darnakal',2,1,NULL,NULL),(61,'Dasnapur',2,1,NULL,NULL),(62,'Dauleshwaram',2,1,NULL,NULL),(63,'Dharmavaram',2,1,NULL,NULL),(64,'Dhone',2,1,NULL,NULL),(65,'Dommara Nandyal',2,1,NULL,NULL),(66,'Dowlaiswaram',2,1,NULL,NULL),(67,'East Godavari Dist.',2,1,NULL,NULL),(68,'Eddumailaram',2,1,NULL,NULL),(69,'Edulapuram',2,1,NULL,NULL),(70,'Ekambara kuppam',2,1,NULL,NULL),(71,'Eluru',2,1,NULL,NULL),(72,'Enikapadu',2,1,NULL,NULL),(73,'Fakirtakya',2,1,NULL,NULL),(74,'Farrukhnagar',2,1,NULL,NULL),(75,'Gaddiannaram',2,1,NULL,NULL),(76,'Gajapathinagaram',2,1,NULL,NULL),(77,'Gajularega',2,1,NULL,NULL),(78,'Gajuvaka',2,1,NULL,NULL),(79,'Gannavaram',2,1,NULL,NULL),(80,'Garacharma',2,1,NULL,NULL),(81,'Garimellapadu',2,1,NULL,NULL),(82,'Giddalur',2,1,NULL,NULL),(83,'Godavarikhani',2,1,NULL,NULL),(84,'Gopalapatnam',2,1,NULL,NULL),(85,'Gopalur',2,1,NULL,NULL),(86,'Gorrekunta',2,1,NULL,NULL),(87,'Gudivada',2,1,NULL,NULL),(88,'Gudur',2,1,NULL,NULL),(89,'Guntakal',2,1,NULL,NULL),(90,'Guntur',2,1,NULL,NULL),(91,'Guti',2,1,NULL,NULL),(92,'Hindupur',2,1,NULL,NULL),(93,'Hukumpeta',2,1,NULL,NULL),(94,'Ichchapuram',2,1,NULL,NULL),(95,'Isnapur',2,1,NULL,NULL),(96,'Jaggayyapeta',2,1,NULL,NULL),(97,'Jallaram Kamanpur',2,1,NULL,NULL),(98,'Jammalamadugu',2,1,NULL,NULL),(99,'Jangampalli',2,1,NULL,NULL),(100,'Jarjapupeta',2,1,NULL,NULL),(101,'Kadiri',2,1,NULL,NULL),(102,'Kaikalur',2,1,NULL,NULL),(103,'Kakinada',2,1,NULL,NULL),(104,'Kallur',2,1,NULL,NULL),(105,'Kalyandurg',2,1,NULL,NULL),(106,'Kamalapuram',2,1,NULL,NULL),(107,'Kamareddi',2,1,NULL,NULL),(108,'Kanapaka',2,1,NULL,NULL),(109,'Kanigiri',2,1,NULL,NULL),(110,'Kanithi',2,1,NULL,NULL),(111,'Kankipadu',2,1,NULL,NULL),(112,'Kantabamsuguda',2,1,NULL,NULL),(113,'Kanuru',2,1,NULL,NULL),(114,'Karnul',2,1,NULL,NULL),(115,'Katheru',2,1,NULL,NULL),(116,'Kavali',2,1,NULL,NULL),(117,'Kazipet',2,1,NULL,NULL),(118,'Khanapuram Haveli',2,1,NULL,NULL),(119,'Kodar',2,1,NULL,NULL),(120,'Kollapur',2,1,NULL,NULL),(121,'Kondapalem',2,1,NULL,NULL),(122,'Kondapalle',2,1,NULL,NULL),(123,'Kondukur',2,1,NULL,NULL),(124,'Kosgi',2,1,NULL,NULL),(125,'Kothavalasa',2,1,NULL,NULL),(126,'Kottapalli',2,1,NULL,NULL),(127,'Kovur',2,1,NULL,NULL),(128,'Kovurpalle',2,1,NULL,NULL),(129,'Kovvur',2,1,NULL,NULL),(130,'Krishna',2,1,NULL,NULL),(131,'Kuppam',2,1,NULL,NULL),(132,'Kurmannapalem',2,1,NULL,NULL),(133,'Kurnool',2,1,NULL,NULL),(134,'Lakshettipet',2,1,NULL,NULL),(135,'Lalbahadur Nagar',2,1,NULL,NULL),(136,'Machavaram',2,1,NULL,NULL),(137,'Macherla',2,1,NULL,NULL),(138,'Machilipatnam',2,1,NULL,NULL),(139,'Madanapalle',2,1,NULL,NULL),(140,'Madaram',2,1,NULL,NULL),(141,'Madhuravada',2,1,NULL,NULL),(142,'Madikonda',2,1,NULL,NULL),(143,'Madugule',2,1,NULL,NULL),(144,'Mahabubnagar',2,1,NULL,NULL),(145,'Mahbubabad',2,1,NULL,NULL),(146,'Malkajgiri',2,1,NULL,NULL),(147,'Mamilapalle',2,1,NULL,NULL),(148,'Mancheral',2,1,NULL,NULL),(149,'Mandapeta',2,1,NULL,NULL),(150,'Mandasa',2,1,NULL,NULL),(151,'Mangalagiri',2,1,NULL,NULL),(152,'Manthani',2,1,NULL,NULL),(153,'Markapur',2,1,NULL,NULL),(154,'Marturu',2,1,NULL,NULL),(155,'Metpalli',2,1,NULL,NULL),(156,'Mindi',2,1,NULL,NULL),(157,'Mirpet',2,1,NULL,NULL),(158,'Moragudi',2,1,NULL,NULL),(159,'Mothugudam',2,1,NULL,NULL),(160,'Nagari',2,1,NULL,NULL),(161,'Nagireddipalle',2,1,NULL,NULL),(162,'Nandigama',2,1,NULL,NULL),(163,'Nandikotkur',2,1,NULL,NULL),(164,'Nandyal',2,1,NULL,NULL),(165,'Narasannapeta',2,1,NULL,NULL),(166,'Narasapur',2,1,NULL,NULL),(167,'Narasaraopet',2,1,NULL,NULL),(168,'Narayanavanam',2,1,NULL,NULL),(169,'Narsapur',2,1,NULL,NULL),(170,'Narsingi',2,1,NULL,NULL),(171,'Narsipatnam',2,1,NULL,NULL),(172,'Naspur',2,1,NULL,NULL),(173,'Nathayyapalem',2,1,NULL,NULL),(174,'Nayudupeta',2,1,NULL,NULL),(175,'Nelimaria',2,1,NULL,NULL),(176,'Nellore',2,1,NULL,NULL),(177,'Nidadavole',2,1,NULL,NULL),(178,'Nuzvid',2,1,NULL,NULL),(179,'Omerkhan daira',2,1,NULL,NULL),(180,'Ongole',2,1,NULL,NULL),(181,'Osmania University',2,1,NULL,NULL),(182,'Pakala',2,1,NULL,NULL),(183,'Palakole',2,1,NULL,NULL),(184,'Palakurthi',2,1,NULL,NULL),(185,'Palasa',2,1,NULL,NULL),(186,'Palempalle',2,1,NULL,NULL),(187,'Palkonda',2,1,NULL,NULL),(188,'Palmaner',2,1,NULL,NULL),(189,'Pamur',2,1,NULL,NULL),(190,'Panjim',2,1,NULL,NULL),(191,'Papampeta',2,1,NULL,NULL),(192,'Parasamba',2,1,NULL,NULL),(193,'Parvatipuram',2,1,NULL,NULL),(194,'Patancheru',2,1,NULL,NULL),(195,'Payakaraopet',2,1,NULL,NULL),(196,'Pedagantyada',2,1,NULL,NULL),(197,'Pedana',2,1,NULL,NULL),(198,'Peddapuram',2,1,NULL,NULL),(199,'Pendurthi',2,1,NULL,NULL),(200,'Penugonda',2,1,NULL,NULL),(201,'Penukonda',2,1,NULL,NULL),(202,'Phirangipuram',2,1,NULL,NULL),(203,'Pithapuram',2,1,NULL,NULL),(204,'Ponnur',2,1,NULL,NULL),(205,'Port Blair',2,1,NULL,NULL),(206,'Pothinamallayyapalem',2,1,NULL,NULL),(207,'Prakasam',2,1,NULL,NULL),(208,'Prasadampadu',2,1,NULL,NULL),(209,'Prasantinilayam',2,1,NULL,NULL),(210,'Proddatur',2,1,NULL,NULL),(211,'Pulivendla',2,1,NULL,NULL),(212,'Punganuru',2,1,NULL,NULL),(213,'Puttur',2,1,NULL,NULL),(214,'Qutubullapur',2,1,NULL,NULL),(215,'Rajahmundry',2,1,NULL,NULL),(216,'Rajamahendri',2,1,NULL,NULL),(217,'Rajampet',2,1,NULL,NULL),(218,'Rajendranagar',2,1,NULL,NULL),(219,'Rajoli',2,1,NULL,NULL),(220,'Ramachandrapuram',2,1,NULL,NULL),(221,'Ramanayyapeta',2,1,NULL,NULL),(222,'Ramapuram',2,1,NULL,NULL),(223,'Ramarajupalli',2,1,NULL,NULL),(224,'Ramavarappadu',2,1,NULL,NULL),(225,'Rameswaram',2,1,NULL,NULL),(226,'Rampachodavaram',2,1,NULL,NULL),(227,'Ravulapalam',2,1,NULL,NULL),(228,'Rayachoti',2,1,NULL,NULL),(229,'Rayadrug',2,1,NULL,NULL),(230,'Razam',2,1,NULL,NULL),(231,'Razole',2,1,NULL,NULL),(232,'Renigunta',2,1,NULL,NULL),(233,'Repalle',2,1,NULL,NULL),(234,'Rishikonda',2,1,NULL,NULL),(235,'Salur',2,1,NULL,NULL),(236,'Samalkot',2,1,NULL,NULL),(237,'Sattenapalle',2,1,NULL,NULL),(238,'Seetharampuram',2,1,NULL,NULL),(239,'Serilungampalle',2,1,NULL,NULL),(240,'Shankarampet',2,1,NULL,NULL),(241,'Shar',2,1,NULL,NULL),(242,'Singarayakonda',2,1,NULL,NULL),(243,'Sirpur',2,1,NULL,NULL),(244,'Sirsilla',2,1,NULL,NULL),(245,'Sompeta',2,1,NULL,NULL),(246,'Sriharikota',2,1,NULL,NULL),(247,'Srikakulam',2,1,NULL,NULL),(248,'Srikalahasti',2,1,NULL,NULL),(249,'Sriramnagar',2,1,NULL,NULL),(250,'Sriramsagar',2,1,NULL,NULL),(251,'Srisailam',2,1,NULL,NULL),(252,'Srisailamgudem Devasthanam',2,1,NULL,NULL),(253,'Sulurpeta',2,1,NULL,NULL),(254,'Suriapet',2,1,NULL,NULL),(255,'Suryaraopet',2,1,NULL,NULL),(256,'Tadepalle',2,1,NULL,NULL),(257,'Tadepalligudem',2,1,NULL,NULL),(258,'Tadpatri',2,1,NULL,NULL),(259,'Tallapalle',2,1,NULL,NULL),(260,'Tanuku',2,1,NULL,NULL),(261,'Tekkali',2,1,NULL,NULL),(262,'Tenali',2,1,NULL,NULL),(263,'Tigalapahad',2,1,NULL,NULL),(264,'Tiruchanur',2,1,NULL,NULL),(265,'Tirumala',2,1,NULL,NULL),(266,'Tirupati',2,1,NULL,NULL),(267,'Tirvuru',2,1,NULL,NULL),(268,'Trimulgherry',2,1,NULL,NULL),(269,'Tuni',2,1,NULL,NULL),(270,'Turangi',2,1,NULL,NULL),(271,'Ukkayapalli',2,1,NULL,NULL),(272,'Ukkunagaram',2,1,NULL,NULL),(273,'Uppal Kalan',2,1,NULL,NULL),(274,'Upper Sileru',2,1,NULL,NULL),(275,'Uravakonda',2,1,NULL,NULL),(276,'Vadlapudi',2,1,NULL,NULL),(277,'Vaparala',2,1,NULL,NULL),(278,'Vemalwada',2,1,NULL,NULL),(279,'Venkatagiri',2,1,NULL,NULL),(280,'Venkatapuram',2,1,NULL,NULL),(281,'Vepagunta',2,1,NULL,NULL),(282,'Vetapalem',2,1,NULL,NULL),(283,'Vijayapuri',2,1,NULL,NULL),(284,'Vijayapuri South',2,1,NULL,NULL),(285,'Vijayawada',2,1,NULL,NULL),(286,'Vinukonda',2,1,NULL,NULL),(287,'Visakhapatnam',2,1,NULL,NULL),(288,'Vizianagaram',2,1,NULL,NULL),(289,'Vuyyuru',2,1,NULL,NULL),(290,'Wanparti',2,1,NULL,NULL),(291,'West Godavari Dist.',2,1,NULL,NULL),(292,'Yadagirigutta',2,1,NULL,NULL),(293,'Yarada',2,1,NULL,NULL),(294,'Yellamanchili',2,1,NULL,NULL),(295,'Yemmiganur',2,1,NULL,NULL),(296,'Yenamalakudru',2,1,NULL,NULL),(297,'Yendada',2,1,NULL,NULL),(298,'Yerraguntla',2,1,NULL,NULL),(299,'Along',3,1,NULL,NULL),(300,'Basar',3,1,NULL,NULL),(301,'Bondila',3,1,NULL,NULL),(302,'Changlang',3,1,NULL,NULL),(303,'Daporijo',3,1,NULL,NULL),(304,'Deomali',3,1,NULL,NULL),(305,'Itanagar',3,1,NULL,NULL),(306,'Jairampur',3,1,NULL,NULL),(307,'Khonsa',3,1,NULL,NULL),(308,'Naharlagun',3,1,NULL,NULL),(309,'Namsai',3,1,NULL,NULL),(310,'Pasighat',3,1,NULL,NULL),(311,'Roing',3,1,NULL,NULL),(312,'Seppa',3,1,NULL,NULL),(313,'Tawang',3,1,NULL,NULL),(314,'Tezu',3,1,NULL,NULL),(315,'Ziro',3,1,NULL,NULL),(316,'Abhayapuri',4,1,NULL,NULL),(317,'Ambikapur',4,1,NULL,NULL),(318,'Amguri',4,1,NULL,NULL),(319,'Anand Nagar',4,1,NULL,NULL),(320,'Badarpur',4,1,NULL,NULL),(321,'Badarpur Railway Town',4,1,NULL,NULL),(322,'Bahbari Gaon',4,1,NULL,NULL),(323,'Bamun Sualkuchi',4,1,NULL,NULL),(324,'Barbari',4,1,NULL,NULL),(325,'Barpathar',4,1,NULL,NULL),(326,'Barpeta',4,1,NULL,NULL),(327,'Barpeta Road',4,1,NULL,NULL),(328,'Basugaon',4,1,NULL,NULL),(329,'Bihpuria',4,1,NULL,NULL),(330,'Bijni',4,1,NULL,NULL),(331,'Bilasipara',4,1,NULL,NULL),(332,'Biswanath Chariali',4,1,NULL,NULL),(333,'Bohori',4,1,NULL,NULL),(334,'Bokajan',4,1,NULL,NULL),(335,'Bokokhat',4,1,NULL,NULL),(336,'Bongaigaon',4,1,NULL,NULL),(337,'Bongaigaon Petro-chemical Town',4,1,NULL,NULL),(338,'Borgolai',4,1,NULL,NULL),(339,'Chabua',4,1,NULL,NULL),(340,'Chandrapur Bagicha',4,1,NULL,NULL),(341,'Chapar',4,1,NULL,NULL),(342,'Chekonidhara',4,1,NULL,NULL),(343,'Choto Haibor',4,1,NULL,NULL),(344,'Dergaon',4,1,NULL,NULL),(345,'Dharapur',4,1,NULL,NULL),(346,'Dhekiajuli',4,1,NULL,NULL),(347,'Dhemaji',4,1,NULL,NULL),(348,'Dhing',4,1,NULL,NULL),(349,'Dhubri',4,1,NULL,NULL),(350,'Dhuburi',4,1,NULL,NULL),(351,'Dibrugarh',4,1,NULL,NULL),(352,'Digboi',4,1,NULL,NULL),(353,'Digboi Oil Town',4,1,NULL,NULL),(354,'Dimaruguri',4,1,NULL,NULL),(355,'Diphu',4,1,NULL,NULL),(356,'Dispur',4,1,NULL,NULL),(357,'Doboka',4,1,NULL,NULL),(358,'Dokmoka',4,1,NULL,NULL),(359,'Donkamokan',4,1,NULL,NULL),(360,'Duliagaon',4,1,NULL,NULL),(361,'Duliajan',4,1,NULL,NULL),(362,'Duliajan No.1',4,1,NULL,NULL),(363,'Dum Duma',4,1,NULL,NULL),(364,'Durga Nagar',4,1,NULL,NULL),(365,'Gauripur',4,1,NULL,NULL),(366,'Goalpara',4,1,NULL,NULL),(367,'Gohpur',4,1,NULL,NULL),(368,'Golaghat',4,1,NULL,NULL),(369,'Golakganj',4,1,NULL,NULL),(370,'Gossaigaon',4,1,NULL,NULL),(371,'Guwahati',4,1,NULL,NULL),(372,'Haflong',4,1,NULL,NULL),(373,'Hailakandi',4,1,NULL,NULL),(374,'Hamren',4,1,NULL,NULL),(375,'Hauli',4,1,NULL,NULL),(376,'Hauraghat',4,1,NULL,NULL),(377,'Hojai',4,1,NULL,NULL),(378,'Jagiroad',4,1,NULL,NULL),(379,'Jagiroad Paper Mill',4,1,NULL,NULL),(380,'Jogighopa',4,1,NULL,NULL),(381,'Jonai Bazar',4,1,NULL,NULL),(382,'Jorhat',4,1,NULL,NULL),(383,'Kampur Town',4,1,NULL,NULL),(384,'Kamrup',4,1,NULL,NULL),(385,'Kanakpur',4,1,NULL,NULL),(386,'Karimganj',4,1,NULL,NULL),(387,'Kharijapikon',4,1,NULL,NULL),(388,'Kharupetia',4,1,NULL,NULL),(389,'Kochpara',4,1,NULL,NULL),(390,'Kokrajhar',4,1,NULL,NULL),(391,'Kumar Kaibarta Gaon',4,1,NULL,NULL),(392,'Lakhimpur',4,1,NULL,NULL),(393,'Lakhipur',4,1,NULL,NULL),(394,'Lala',4,1,NULL,NULL),(395,'Lanka',4,1,NULL,NULL),(396,'Lido Tikok',4,1,NULL,NULL),(397,'Lido Town',4,1,NULL,NULL),(398,'Lumding',4,1,NULL,NULL),(399,'Lumding Railway Colony',4,1,NULL,NULL),(400,'Mahur',4,1,NULL,NULL),(401,'Maibong',4,1,NULL,NULL),(402,'Majgaon',4,1,NULL,NULL),(403,'Makum',4,1,NULL,NULL),(404,'Mangaldai',4,1,NULL,NULL),(405,'Mankachar',4,1,NULL,NULL),(406,'Margherita',4,1,NULL,NULL),(407,'Mariani',4,1,NULL,NULL),(408,'Marigaon',4,1,NULL,NULL),(409,'Moran',4,1,NULL,NULL),(410,'Moranhat',4,1,NULL,NULL),(411,'Nagaon',4,1,NULL,NULL),(412,'Naharkatia',4,1,NULL,NULL),(413,'Nalbari',4,1,NULL,NULL),(414,'Namrup',4,1,NULL,NULL),(415,'Naubaisa Gaon',4,1,NULL,NULL),(416,'Nazira',4,1,NULL,NULL),(417,'New Bongaigaon Railway Colony',4,1,NULL,NULL),(418,'Niz-Hajo',4,1,NULL,NULL),(419,'North Guwahati',4,1,NULL,NULL),(420,'Numaligarh',4,1,NULL,NULL),(421,'Palasbari',4,1,NULL,NULL),(422,'Panchgram',4,1,NULL,NULL),(423,'Pathsala',4,1,NULL,NULL),(424,'Raha',4,1,NULL,NULL),(425,'Rangapara',4,1,NULL,NULL),(426,'Rangia',4,1,NULL,NULL),(427,'Salakati',4,1,NULL,NULL),(428,'Sapatgram',4,1,NULL,NULL),(429,'Sarthebari',4,1,NULL,NULL),(430,'Sarupathar',4,1,NULL,NULL),(431,'Sarupathar Bengali',4,1,NULL,NULL),(432,'Senchoagaon',4,1,NULL,NULL),(433,'Sibsagar',4,1,NULL,NULL),(434,'Silapathar',4,1,NULL,NULL),(435,'Silchar',4,1,NULL,NULL),(436,'Silchar Part-X',4,1,NULL,NULL),(437,'Sonari',4,1,NULL,NULL),(438,'Sorbhog',4,1,NULL,NULL),(439,'Sualkuchi',4,1,NULL,NULL),(440,'Tangla',4,1,NULL,NULL),(441,'Tezpur',4,1,NULL,NULL),(442,'Tihu',4,1,NULL,NULL),(443,'Tinsukia',4,1,NULL,NULL),(444,'Titabor',4,1,NULL,NULL),(445,'Udalguri',4,1,NULL,NULL),(446,'Umrangso',4,1,NULL,NULL),(447,'Uttar Krishnapur Part-I',4,1,NULL,NULL),(448,'Amarpur',5,1,NULL,NULL),(449,'Ara',5,1,NULL,NULL),(450,'Araria',5,1,NULL,NULL),(451,'Areraj',5,1,NULL,NULL),(452,'Asarganj',5,1,NULL,NULL),(453,'Aurangabad',5,1,NULL,NULL),(454,'Bagaha',5,1,NULL,NULL),(455,'Bahadurganj',5,1,NULL,NULL),(456,'Bairgania',5,1,NULL,NULL),(457,'Bakhtiyarpur',5,1,NULL,NULL),(458,'Banka',5,1,NULL,NULL),(459,'Banmankhi',5,1,NULL,NULL),(460,'Bar Bigha',5,1,NULL,NULL),(461,'Barauli',5,1,NULL,NULL),(462,'Barauni Oil Township',5,1,NULL,NULL),(463,'Barh',5,1,NULL,NULL),(464,'Barhiya',5,1,NULL,NULL),(465,'Bariapur',5,1,NULL,NULL),(466,'Baruni',5,1,NULL,NULL),(467,'Begusarai',5,1,NULL,NULL),(468,'Behea',5,1,NULL,NULL),(469,'Belsand',5,1,NULL,NULL),(470,'Bettiah',5,1,NULL,NULL),(471,'Bhabua',5,1,NULL,NULL),(472,'Bhagalpur',5,1,NULL,NULL),(473,'Bhimnagar',5,1,NULL,NULL),(474,'Bhojpur',5,1,NULL,NULL),(475,'Bihar',5,1,NULL,NULL),(476,'Bihar Sharif',5,1,NULL,NULL),(477,'Bihariganj',5,1,NULL,NULL),(478,'Bikramganj',5,1,NULL,NULL),(479,'Birpur',5,1,NULL,NULL),(480,'Bodh Gaya',5,1,NULL,NULL),(481,'Buxar',5,1,NULL,NULL),(482,'Chakia',5,1,NULL,NULL),(483,'Chanpatia',5,1,NULL,NULL),(484,'Chhapra',5,1,NULL,NULL),(485,'Chhatapur',5,1,NULL,NULL),(486,'Colgong',5,1,NULL,NULL),(487,'Dalsingh Sarai',5,1,NULL,NULL),(488,'Darbhanga',5,1,NULL,NULL),(489,'Daudnagar',5,1,NULL,NULL),(490,'Dehri',5,1,NULL,NULL),(491,'Dhaka',5,1,NULL,NULL),(492,'Dighwara',5,1,NULL,NULL),(493,'Dinapur',5,1,NULL,NULL),(494,'Dinapur Cantonment',5,1,NULL,NULL),(495,'Dumra',5,1,NULL,NULL),(496,'Dumraon',5,1,NULL,NULL),(497,'Fatwa',5,1,NULL,NULL),(498,'Forbesganj',5,1,NULL,NULL),(499,'Gaya',5,1,NULL,NULL),(500,'Gazipur',5,1,NULL,NULL),(501,'Ghoghardiha',5,1,NULL,NULL),(502,'Gogri Jamalpur',5,1,NULL,NULL),(503,'Gopalganj',5,1,NULL,NULL),(504,'Habibpur',5,1,NULL,NULL),(505,'Hajipur',5,1,NULL,NULL),(506,'Hasanpur',5,1,NULL,NULL),(507,'Hazaribagh',5,1,NULL,NULL),(508,'Hilsa',5,1,NULL,NULL),(509,'Hisua',5,1,NULL,NULL),(510,'Islampur',5,1,NULL,NULL),(511,'Jagdispur',5,1,NULL,NULL),(512,'Jahanabad',5,1,NULL,NULL),(513,'Jamalpur',5,1,NULL,NULL),(514,'Jamhaur',5,1,NULL,NULL),(515,'Jamui',5,1,NULL,NULL),(516,'Janakpur Road',5,1,NULL,NULL),(517,'Janpur',5,1,NULL,NULL),(518,'Jaynagar',5,1,NULL,NULL),(519,'Jha Jha',5,1,NULL,NULL),(520,'Jhanjharpur',5,1,NULL,NULL),(521,'Jogbani',5,1,NULL,NULL),(522,'Kanti',5,1,NULL,NULL),(523,'Kasba',5,1,NULL,NULL),(524,'Kataiya',5,1,NULL,NULL),(525,'Katihar',5,1,NULL,NULL),(526,'Khagaria',5,1,NULL,NULL),(527,'Khagaul',5,1,NULL,NULL),(528,'Kharagpur',5,1,NULL,NULL),(529,'Khusrupur',5,1,NULL,NULL),(530,'Kishanganj',5,1,NULL,NULL),(531,'Koath',5,1,NULL,NULL),(532,'Koilwar',5,1,NULL,NULL),(533,'Lakhisarai',5,1,NULL,NULL),(534,'Lalganj',5,1,NULL,NULL),(535,'Lauthaha',5,1,NULL,NULL),(536,'Madhepura',5,1,NULL,NULL),(537,'Madhubani',5,1,NULL,NULL),(538,'Maharajganj',5,1,NULL,NULL),(539,'Mahnar Bazar',5,1,NULL,NULL),(540,'Mairwa',5,1,NULL,NULL),(541,'Makhdumpur',5,1,NULL,NULL),(542,'Maner',5,1,NULL,NULL),(543,'Manihari',5,1,NULL,NULL),(544,'Marhaura',5,1,NULL,NULL),(545,'Masaurhi',5,1,NULL,NULL),(546,'Mirganj',5,1,NULL,NULL),(547,'Mohiuddinagar',5,1,NULL,NULL),(548,'Mokama',5,1,NULL,NULL),(549,'Motihari',5,1,NULL,NULL),(550,'Motipur',5,1,NULL,NULL),(551,'Munger',5,1,NULL,NULL),(552,'Murliganj',5,1,NULL,NULL),(553,'Muzaffarpur',5,1,NULL,NULL),(554,'Nabinagar',5,1,NULL,NULL),(555,'Narkatiaganj',5,1,NULL,NULL),(556,'Nasriganj',5,1,NULL,NULL),(557,'Natwar',5,1,NULL,NULL),(558,'Naugachhia',5,1,NULL,NULL),(559,'Nawada',5,1,NULL,NULL),(560,'Nirmali',5,1,NULL,NULL),(561,'Nokha',5,1,NULL,NULL),(562,'Paharpur',5,1,NULL,NULL),(563,'Patna',5,1,NULL,NULL),(564,'Phulwari',5,1,NULL,NULL),(565,'Piro',5,1,NULL,NULL),(566,'Purnia',5,1,NULL,NULL),(567,'Pusa',5,1,NULL,NULL),(568,'Rafiganj',5,1,NULL,NULL),(569,'Raghunathpur',5,1,NULL,NULL),(570,'Rajgir',5,1,NULL,NULL),(571,'Ramnagar',5,1,NULL,NULL),(572,'Raxaul',5,1,NULL,NULL),(573,'Revelganj',5,1,NULL,NULL),(574,'Rusera',5,1,NULL,NULL),(575,'Sagauli',5,1,NULL,NULL),(576,'Saharsa',5,1,NULL,NULL),(577,'Samastipur',5,1,NULL,NULL),(578,'Sasaram',5,1,NULL,NULL),(579,'Shahpur',5,1,NULL,NULL),(580,'Shaikhpura',5,1,NULL,NULL),(581,'Sherghati',5,1,NULL,NULL),(582,'Shivhar',5,1,NULL,NULL),(583,'Silao',5,1,NULL,NULL),(584,'Sitamarhi',5,1,NULL,NULL),(585,'Siwan',5,1,NULL,NULL),(586,'Sonepur',5,1,NULL,NULL),(587,'Sultanganj',5,1,NULL,NULL),(588,'Supaul',5,1,NULL,NULL),(589,'Teghra',5,1,NULL,NULL),(590,'Tekari',5,1,NULL,NULL),(591,'Thakurganj',5,1,NULL,NULL),(592,'Vaishali',5,1,NULL,NULL),(593,'Waris Aliganj',5,1,NULL,NULL),(594,'Chandigarh',6,1,NULL,NULL),(595,'Ahiwara',7,1,NULL,NULL),(596,'Akaltara',7,1,NULL,NULL),(597,'Ambagarh Chauki',7,1,NULL,NULL),(598,'Ambikapur',7,1,NULL,NULL),(599,'Arang',7,1,NULL,NULL),(600,'Bade Bacheli',7,1,NULL,NULL),(601,'Bagbahara',7,1,NULL,NULL),(602,'Baikunthpur',7,1,NULL,NULL),(603,'Balod',7,1,NULL,NULL),(604,'Baloda',7,1,NULL,NULL),(605,'Baloda Bazar',7,1,NULL,NULL),(606,'Banarsi',7,1,NULL,NULL),(607,'Basna',7,1,NULL,NULL),(608,'Bemetra',7,1,NULL,NULL),(609,'Bhanpuri',7,1,NULL,NULL),(610,'Bhatapara',7,1,NULL,NULL),(611,'Bhatgaon',7,1,NULL,NULL),(612,'Bhilai',7,1,NULL,NULL),(613,'Bilaspur',7,1,NULL,NULL),(614,'Bilha',7,1,NULL,NULL),(615,'Birgaon',7,1,NULL,NULL),(616,'Bodri',7,1,NULL,NULL),(617,'Champa',7,1,NULL,NULL),(618,'Charcha',7,1,NULL,NULL),(619,'Charoda',7,1,NULL,NULL),(620,'Chhuikhadan',7,1,NULL,NULL),(621,'Chirmiri',7,1,NULL,NULL),(622,'Dantewada',7,1,NULL,NULL),(623,'Deori',7,1,NULL,NULL),(624,'Dhamdha',7,1,NULL,NULL),(625,'Dhamtari',7,1,NULL,NULL),(626,'Dharamjaigarh',7,1,NULL,NULL),(627,'Dipka',7,1,NULL,NULL),(628,'Doman Hill Colliery',7,1,NULL,NULL),(629,'Dongargaon',7,1,NULL,NULL),(630,'Dongragarh',7,1,NULL,NULL),(631,'Durg',7,1,NULL,NULL),(632,'Frezarpur',7,1,NULL,NULL),(633,'Gandai',7,1,NULL,NULL),(634,'Gariaband',7,1,NULL,NULL),(635,'Gaurela',7,1,NULL,NULL),(636,'Gelhapani',7,1,NULL,NULL),(637,'Gharghoda',7,1,NULL,NULL),(638,'Gidam',7,1,NULL,NULL),(639,'Gobra Nawapara',7,1,NULL,NULL),(640,'Gogaon',7,1,NULL,NULL),(641,'Hatkachora',7,1,NULL,NULL),(642,'Jagdalpur',7,1,NULL,NULL),(643,'Jamui',7,1,NULL,NULL),(644,'Jashpurnagar',7,1,NULL,NULL),(645,'Jhagrakhand',7,1,NULL,NULL),(646,'Kanker',7,1,NULL,NULL),(647,'Katghora',7,1,NULL,NULL),(648,'Kawardha',7,1,NULL,NULL),(649,'Khairagarh',7,1,NULL,NULL),(650,'Khamhria',7,1,NULL,NULL),(651,'Kharod',7,1,NULL,NULL),(652,'Kharsia',7,1,NULL,NULL),(653,'Khonga Pani',7,1,NULL,NULL),(654,'Kirandu',7,1,NULL,NULL),(655,'Kirandul',7,1,NULL,NULL),(656,'Kohka',7,1,NULL,NULL),(657,'Kondagaon',7,1,NULL,NULL),(658,'Korba',7,1,NULL,NULL),(659,'Korea',7,1,NULL,NULL),(660,'Koria Block',7,1,NULL,NULL),(661,'Kota',7,1,NULL,NULL),(662,'Kumhari',7,1,NULL,NULL),(663,'Kumud Katta',7,1,NULL,NULL),(664,'Kurasia',7,1,NULL,NULL),(665,'Kurud',7,1,NULL,NULL),(666,'Lingiyadih',7,1,NULL,NULL),(667,'Lormi',7,1,NULL,NULL),(668,'Mahasamund',7,1,NULL,NULL),(669,'Mahendragarh',7,1,NULL,NULL),(670,'Mehmand',7,1,NULL,NULL),(671,'Mongra',7,1,NULL,NULL),(672,'Mowa',7,1,NULL,NULL),(673,'Mungeli',7,1,NULL,NULL),(674,'Nailajanjgir',7,1,NULL,NULL),(675,'Namna Kalan',7,1,NULL,NULL),(676,'Naya Baradwar',7,1,NULL,NULL),(677,'Pandariya',7,1,NULL,NULL),(678,'Patan',7,1,NULL,NULL),(679,'Pathalgaon',7,1,NULL,NULL),(680,'Pendra',7,1,NULL,NULL),(681,'Phunderdihari',7,1,NULL,NULL),(682,'Pithora',7,1,NULL,NULL),(683,'Raigarh',7,1,NULL,NULL),(684,'Raipur',7,1,NULL,NULL),(685,'Rajgamar',7,1,NULL,NULL),(686,'Rajhara',7,1,NULL,NULL),(687,'Rajnandgaon',7,1,NULL,NULL),(688,'Ramanuj Ganj',7,1,NULL,NULL),(689,'Ratanpur',7,1,NULL,NULL),(690,'Sakti',7,1,NULL,NULL),(691,'Saraipali',7,1,NULL,NULL),(692,'Sarajpur',7,1,NULL,NULL),(693,'Sarangarh',7,1,NULL,NULL),(694,'Shivrinarayan',7,1,NULL,NULL),(695,'Simga',7,1,NULL,NULL),(696,'Sirgiti',7,1,NULL,NULL),(697,'Takhatpur',7,1,NULL,NULL),(698,'Telgaon',7,1,NULL,NULL),(699,'Tildanewra',7,1,NULL,NULL),(700,'Urla',7,1,NULL,NULL),(701,'Vishrampur',7,1,NULL,NULL),(702,'Amli',8,1,NULL,NULL),(703,'Silvassa',8,1,NULL,NULL),(704,'Daman',9,1,NULL,NULL),(705,'Diu',9,1,NULL,NULL),(706,'Delhi',10,1,NULL,NULL),(707,'New Delhi',10,1,NULL,NULL),(708,'Aldona',11,1,NULL,NULL),(709,'Altinho',11,1,NULL,NULL),(710,'Aquem',11,1,NULL,NULL),(711,'Arpora',11,1,NULL,NULL),(712,'Bambolim',11,1,NULL,NULL),(713,'Bandora',11,1,NULL,NULL),(714,'Bardez',11,1,NULL,NULL),(715,'Benaulim',11,1,NULL,NULL),(716,'Betora',11,1,NULL,NULL),(717,'Bicholim',11,1,NULL,NULL),(718,'Calapor',11,1,NULL,NULL),(719,'Candolim',11,1,NULL,NULL),(720,'Caranzalem',11,1,NULL,NULL),(721,'Carapur',11,1,NULL,NULL),(722,'Chicalim',11,1,NULL,NULL),(723,'Chimbel',11,1,NULL,NULL),(724,'Chinchinim',11,1,NULL,NULL),(725,'Colvale',11,1,NULL,NULL),(726,'Corlim',11,1,NULL,NULL),(727,'Cortalim',11,1,NULL,NULL),(728,'Cuncolim',11,1,NULL,NULL),(729,'Curchorem',11,1,NULL,NULL),(730,'Curti',11,1,NULL,NULL),(731,'Davorlim',11,1,NULL,NULL),(732,'Dona Paula',11,1,NULL,NULL),(733,'Goa',11,1,NULL,NULL),(734,'Guirim',11,1,NULL,NULL),(735,'Jua',11,1,NULL,NULL),(736,'Kalangat',11,1,NULL,NULL),(737,'Kankon',11,1,NULL,NULL),(738,'Kundaim',11,1,NULL,NULL),(739,'Loutulim',11,1,NULL,NULL),(740,'Madgaon',11,1,NULL,NULL),(741,'Mapusa',11,1,NULL,NULL),(742,'Margao',11,1,NULL,NULL),(743,'Margaon',11,1,NULL,NULL),(744,'Miramar',11,1,NULL,NULL),(745,'Morjim',11,1,NULL,NULL),(746,'Mormugao',11,1,NULL,NULL),(747,'Navelim',11,1,NULL,NULL),(748,'Pale',11,1,NULL,NULL),(749,'Panaji',11,1,NULL,NULL),(750,'Parcem',11,1,NULL,NULL),(751,'Parra',11,1,NULL,NULL),(752,'Penha de Franca',11,1,NULL,NULL),(753,'Pernem',11,1,NULL,NULL),(754,'Pilerne',11,1,NULL,NULL),(755,'Pissurlem',11,1,NULL,NULL),(756,'Ponda',11,1,NULL,NULL),(757,'Porvorim',11,1,NULL,NULL),(758,'Quepem',11,1,NULL,NULL),(759,'Queula',11,1,NULL,NULL),(760,'Raia',11,1,NULL,NULL),(761,'Reis Magos',11,1,NULL,NULL),(762,'Salcette',11,1,NULL,NULL),(763,'Saligao',11,1,NULL,NULL),(764,'Sancoale',11,1,NULL,NULL),(765,'Sanguem',11,1,NULL,NULL),(766,'Sanquelim',11,1,NULL,NULL),(767,'Sanvordem',11,1,NULL,NULL),(768,'Sao Jose-de-Areal',11,1,NULL,NULL),(769,'Sattari',11,1,NULL,NULL),(770,'Serula',11,1,NULL,NULL),(771,'Sinquerim',11,1,NULL,NULL),(772,'Siolim',11,1,NULL,NULL),(773,'Taleigao',11,1,NULL,NULL),(774,'Tivim',11,1,NULL,NULL),(775,'Valpoi',11,1,NULL,NULL),(776,'Varca',11,1,NULL,NULL),(777,'Vasco',11,1,NULL,NULL),(778,'Verna',11,1,NULL,NULL),(779,'Abrama',12,1,NULL,NULL),(780,'Adalaj',12,1,NULL,NULL),(781,'Adityana',12,1,NULL,NULL),(782,'Advana',12,1,NULL,NULL),(783,'Ahmedabad',12,1,NULL,NULL),(784,'Ahwa',12,1,NULL,NULL),(785,'Alang',12,1,NULL,NULL),(786,'Ambaji',12,1,NULL,NULL),(787,'Ambaliyasan',12,1,NULL,NULL),(788,'Amod',12,1,NULL,NULL),(789,'Amreli',12,1,NULL,NULL),(790,'Amroli',12,1,NULL,NULL),(791,'Anand',12,1,NULL,NULL),(792,'Andada',12,1,NULL,NULL),(793,'Anjar',12,1,NULL,NULL),(794,'Anklav',12,1,NULL,NULL),(795,'Ankleshwar',12,1,NULL,NULL),(796,'Anklesvar INA',12,1,NULL,NULL),(797,'Antaliya',12,1,NULL,NULL),(798,'Arambhada',12,1,NULL,NULL),(799,'Asarma',12,1,NULL,NULL),(800,'Atul',12,1,NULL,NULL),(801,'Babra',12,1,NULL,NULL),(802,'Bag-e-Firdosh',12,1,NULL,NULL),(803,'Bagasara',12,1,NULL,NULL),(804,'Bahadarpar',12,1,NULL,NULL),(805,'Bajipura',12,1,NULL,NULL),(806,'Bajva',12,1,NULL,NULL),(807,'Balasinor',12,1,NULL,NULL),(808,'Banaskantha',12,1,NULL,NULL),(809,'Bansda',12,1,NULL,NULL),(810,'Bantva',12,1,NULL,NULL),(811,'Bardoli',12,1,NULL,NULL),(812,'Barwala',12,1,NULL,NULL),(813,'Bayad',12,1,NULL,NULL),(814,'Bechar',12,1,NULL,NULL),(815,'Bedi',12,1,NULL,NULL),(816,'Beyt',12,1,NULL,NULL),(817,'Bhachau',12,1,NULL,NULL),(818,'Bhanvad',12,1,NULL,NULL),(819,'Bharuch',12,1,NULL,NULL),(820,'Bharuch INA',12,1,NULL,NULL),(821,'Bhavnagar',12,1,NULL,NULL),(822,'Bhayavadar',12,1,NULL,NULL),(823,'Bhestan',12,1,NULL,NULL),(824,'Bhuj',12,1,NULL,NULL),(825,'Bilimora',12,1,NULL,NULL),(826,'Bilkha',12,1,NULL,NULL),(827,'Billimora',12,1,NULL,NULL),(828,'Bodakdev',12,1,NULL,NULL),(829,'Bodeli',12,1,NULL,NULL),(830,'Bopal',12,1,NULL,NULL),(831,'Boria',12,1,NULL,NULL),(832,'Boriavi',12,1,NULL,NULL),(833,'Borsad',12,1,NULL,NULL),(834,'Botad',12,1,NULL,NULL),(835,'Cambay',12,1,NULL,NULL),(836,'Chaklasi',12,1,NULL,NULL),(837,'Chala',12,1,NULL,NULL),(838,'Chalala',12,1,NULL,NULL),(839,'Chalthan',12,1,NULL,NULL),(840,'Chanasma',12,1,NULL,NULL),(841,'Chandisar',12,1,NULL,NULL),(842,'Chandkheda',12,1,NULL,NULL),(843,'Chanod',12,1,NULL,NULL),(844,'Chaya',12,1,NULL,NULL),(845,'Chenpur',12,1,NULL,NULL),(846,'Chhapi',12,1,NULL,NULL),(847,'Chhaprabhatha',12,1,NULL,NULL),(848,'Chhatral',12,1,NULL,NULL),(849,'Chhota Udepur',12,1,NULL,NULL),(850,'Chikhli',12,1,NULL,NULL),(851,'Chiloda',12,1,NULL,NULL),(852,'Chorvad',12,1,NULL,NULL),(853,'Chotila',12,1,NULL,NULL),(854,'Dabhoi',12,1,NULL,NULL),(855,'Dadara',12,1,NULL,NULL),(856,'Dahod',12,1,NULL,NULL),(857,'Dakor',12,1,NULL,NULL),(858,'Damnagar',12,1,NULL,NULL),(859,'Deesa',12,1,NULL,NULL),(860,'Delvada',12,1,NULL,NULL),(861,'Devgadh Baria',12,1,NULL,NULL),(862,'Devsar',12,1,NULL,NULL),(863,'Dhandhuka',12,1,NULL,NULL),(864,'Dhanera',12,1,NULL,NULL),(865,'Dhangdhra',12,1,NULL,NULL),(866,'Dhansura',12,1,NULL,NULL),(867,'Dharampur',12,1,NULL,NULL),(868,'Dhari',12,1,NULL,NULL),(869,'Dhola',12,1,NULL,NULL),(870,'Dholka',12,1,NULL,NULL),(871,'Dholka Rural',12,1,NULL,NULL),(872,'Dhoraji',12,1,NULL,NULL),(873,'Dhrangadhra',12,1,NULL,NULL),(874,'Dhrol',12,1,NULL,NULL),(875,'Dhuva',12,1,NULL,NULL),(876,'Dhuwaran',12,1,NULL,NULL),(877,'Digvijaygram',12,1,NULL,NULL),(878,'Disa',12,1,NULL,NULL),(879,'Dungar',12,1,NULL,NULL),(880,'Dungarpur',12,1,NULL,NULL),(881,'Dungra',12,1,NULL,NULL),(882,'Dwarka',12,1,NULL,NULL),(883,'Flelanganj',12,1,NULL,NULL),(884,'GSFC Complex',12,1,NULL,NULL),(885,'Gadhda',12,1,NULL,NULL),(886,'Gandevi',12,1,NULL,NULL),(887,'Gandhidham',12,1,NULL,NULL),(888,'Gandhinagar',12,1,NULL,NULL),(889,'Gariadhar',12,1,NULL,NULL),(890,'Ghogha',12,1,NULL,NULL),(891,'Godhra',12,1,NULL,NULL),(892,'Gondal',12,1,NULL,NULL),(893,'Hajira INA',12,1,NULL,NULL),(894,'Halol',12,1,NULL,NULL),(895,'Halvad',12,1,NULL,NULL),(896,'Hansot',12,1,NULL,NULL),(897,'Harij',12,1,NULL,NULL),(898,'Himatnagar',12,1,NULL,NULL),(899,'Ichchhapor',12,1,NULL,NULL),(900,'Idar',12,1,NULL,NULL),(901,'Jafrabad',12,1,NULL,NULL),(902,'Jalalpore',12,1,NULL,NULL),(903,'Jambusar',12,1,NULL,NULL),(904,'Jamjodhpur',12,1,NULL,NULL),(905,'Jamnagar',12,1,NULL,NULL),(906,'Jasdan',12,1,NULL,NULL),(907,'Jawaharnagar',12,1,NULL,NULL),(908,'Jetalsar',12,1,NULL,NULL),(909,'Jetpur',12,1,NULL,NULL),(910,'Jodiya',12,1,NULL,NULL),(911,'Joshipura',12,1,NULL,NULL),(912,'Junagadh',12,1,NULL,NULL),(913,'Kadi',12,1,NULL,NULL),(914,'Kadodara',12,1,NULL,NULL),(915,'Kalavad',12,1,NULL,NULL),(916,'Kali',12,1,NULL,NULL),(917,'Kaliawadi',12,1,NULL,NULL),(918,'Kalol',12,1,NULL,NULL),(919,'Kalol INA',12,1,NULL,NULL),(920,'Kandla',12,1,NULL,NULL),(921,'Kanjari',12,1,NULL,NULL),(922,'Kanodar',12,1,NULL,NULL),(923,'Kapadwanj',12,1,NULL,NULL),(924,'Karachiya',12,1,NULL,NULL),(925,'Karamsad',12,1,NULL,NULL),(926,'Karjan',12,1,NULL,NULL),(927,'Kathial',12,1,NULL,NULL),(928,'Kathor',12,1,NULL,NULL),(929,'Katpar',12,1,NULL,NULL),(930,'Kavant',12,1,NULL,NULL),(931,'Keshod',12,1,NULL,NULL),(932,'Kevadiya',12,1,NULL,NULL),(933,'Khambhaliya',12,1,NULL,NULL),(934,'Khambhat',12,1,NULL,NULL),(935,'Kharaghoda',12,1,NULL,NULL),(936,'Khed Brahma',12,1,NULL,NULL),(937,'Kheda',12,1,NULL,NULL),(938,'Kheralu',12,1,NULL,NULL),(939,'Kodinar',12,1,NULL,NULL),(940,'Kosamba',12,1,NULL,NULL),(941,'Kundla',12,1,NULL,NULL),(942,'Kutch',12,1,NULL,NULL),(943,'Kutiyana',12,1,NULL,NULL),(944,'Lakhtar',12,1,NULL,NULL),(945,'Lalpur',12,1,NULL,NULL),(946,'Lambha',12,1,NULL,NULL),(947,'Lathi',12,1,NULL,NULL),(948,'Limbdi',12,1,NULL,NULL),(949,'Limla',12,1,NULL,NULL),(950,'Lunavada',12,1,NULL,NULL),(951,'Madhapar',12,1,NULL,NULL),(952,'Maflipur',12,1,NULL,NULL),(953,'Mahemdavad',12,1,NULL,NULL),(954,'Mahudha',12,1,NULL,NULL),(955,'Mahuva',12,1,NULL,NULL),(956,'Mahuvar',12,1,NULL,NULL),(957,'Makarba',12,1,NULL,NULL),(958,'Makarpura',12,1,NULL,NULL),(959,'Makassar',12,1,NULL,NULL),(960,'Maktampur',12,1,NULL,NULL),(961,'Malia',12,1,NULL,NULL),(962,'Malpur',12,1,NULL,NULL),(963,'Manavadar',12,1,NULL,NULL),(964,'Mandal',12,1,NULL,NULL),(965,'Mandvi',12,1,NULL,NULL),(966,'Mangrol',12,1,NULL,NULL),(967,'Mansa',12,1,NULL,NULL),(968,'Meghraj',12,1,NULL,NULL),(969,'Mehsana',12,1,NULL,NULL),(970,'Mendarla',12,1,NULL,NULL),(971,'Mithapur',12,1,NULL,NULL),(972,'Modasa',12,1,NULL,NULL),(973,'Mogravadi',12,1,NULL,NULL),(974,'Morbi',12,1,NULL,NULL),(975,'Morvi',12,1,NULL,NULL),(976,'Mundra',12,1,NULL,NULL),(977,'Nadiad',12,1,NULL,NULL),(978,'Naliya',12,1,NULL,NULL),(979,'Nanakvada',12,1,NULL,NULL),(980,'Nandej',12,1,NULL,NULL),(981,'Nandesari',12,1,NULL,NULL),(982,'Nandesari INA',12,1,NULL,NULL),(983,'Naroda',12,1,NULL,NULL),(984,'Navagadh',12,1,NULL,NULL),(985,'Navagam Ghed',12,1,NULL,NULL),(986,'Navsari',12,1,NULL,NULL),(987,'Ode',12,1,NULL,NULL),(988,'Okaf',12,1,NULL,NULL),(989,'Okha',12,1,NULL,NULL),(990,'Olpad',12,1,NULL,NULL),(991,'Paddhari',12,1,NULL,NULL),(992,'Padra',12,1,NULL,NULL),(993,'Palanpur',12,1,NULL,NULL),(994,'Palej',12,1,NULL,NULL),(995,'Pali',12,1,NULL,NULL),(996,'Palitana',12,1,NULL,NULL),(997,'Paliyad',12,1,NULL,NULL),(998,'Pandesara',12,1,NULL,NULL),(999,'Panoli',12,1,NULL,NULL),(1000,'Pardi',12,1,NULL,NULL),(1001,'Parnera',12,1,NULL,NULL),(1002,'Parvat',12,1,NULL,NULL),(1003,'Patan',12,1,NULL,NULL),(1004,'Patdi',12,1,NULL,NULL),(1005,'Petlad',12,1,NULL,NULL),(1006,'Petrochemical Complex',12,1,NULL,NULL),(1007,'Porbandar',12,1,NULL,NULL),(1008,'Prantij',12,1,NULL,NULL),(1009,'Radhanpur',12,1,NULL,NULL),(1010,'Raiya',12,1,NULL,NULL),(1011,'Rajkot',12,1,NULL,NULL),(1012,'Rajpipla',12,1,NULL,NULL),(1013,'Rajula',12,1,NULL,NULL),(1014,'Ramod',12,1,NULL,NULL),(1015,'Ranavav',12,1,NULL,NULL),(1016,'Ranoli',12,1,NULL,NULL),(1017,'Rapar',12,1,NULL,NULL),(1018,'Sahij',12,1,NULL,NULL),(1019,'Salaya',12,1,NULL,NULL),(1020,'Sanand',12,1,NULL,NULL),(1021,'Sankheda',12,1,NULL,NULL),(1022,'Santrampur',12,1,NULL,NULL),(1023,'Saribujrang',12,1,NULL,NULL),(1024,'Sarigam INA',12,1,NULL,NULL),(1025,'Sayan',12,1,NULL,NULL),(1026,'Sayla',12,1,NULL,NULL),(1027,'Shahpur',12,1,NULL,NULL),(1028,'Shahwadi',12,1,NULL,NULL),(1029,'Shapar',12,1,NULL,NULL),(1030,'Shivrajpur',12,1,NULL,NULL),(1031,'Siddhapur',12,1,NULL,NULL),(1032,'Sidhpur',12,1,NULL,NULL),(1033,'Sihor',12,1,NULL,NULL),(1034,'Sika',12,1,NULL,NULL),(1035,'Singarva',12,1,NULL,NULL),(1036,'Sinor',12,1,NULL,NULL),(1037,'Sojitra',12,1,NULL,NULL),(1038,'Sola',12,1,NULL,NULL),(1039,'Songadh',12,1,NULL,NULL),(1040,'Suraj Karadi',12,1,NULL,NULL),(1041,'Surat',12,1,NULL,NULL),(1042,'Surendranagar',12,1,NULL,NULL),(1043,'Talaja',12,1,NULL,NULL),(1044,'Talala',12,1,NULL,NULL),(1045,'Talod',12,1,NULL,NULL),(1046,'Tankara',12,1,NULL,NULL),(1047,'Tarsali',12,1,NULL,NULL),(1048,'Thangadh',12,1,NULL,NULL),(1049,'Tharad',12,1,NULL,NULL),(1050,'Thasra',12,1,NULL,NULL),(1051,'Udyognagar',12,1,NULL,NULL),(1052,'Ukai',12,1,NULL,NULL),(1053,'Umbergaon',12,1,NULL,NULL),(1054,'Umbergaon INA',12,1,NULL,NULL),(1055,'Umrala',12,1,NULL,NULL),(1056,'Umreth',12,1,NULL,NULL),(1057,'Un',12,1,NULL,NULL),(1058,'Una',12,1,NULL,NULL),(1059,'Unjha',12,1,NULL,NULL),(1060,'Upleta',12,1,NULL,NULL),(1061,'Utran',12,1,NULL,NULL),(1062,'Uttarsanda',12,1,NULL,NULL),(1063,'V.U. Nagar',12,1,NULL,NULL),(1064,'V.V. Nagar',12,1,NULL,NULL),(1065,'Vadia',12,1,NULL,NULL),(1066,'Vadla',12,1,NULL,NULL),(1067,'Vadnagar',12,1,NULL,NULL),(1068,'Vadodara',12,1,NULL,NULL),(1069,'Vaghodia INA',12,1,NULL,NULL),(1070,'Valbhipur',12,1,NULL,NULL),(1071,'Vallabh Vidyanagar',12,1,NULL,NULL),(1072,'Valsad',12,1,NULL,NULL),(1073,'Valsad INA',12,1,NULL,NULL),(1074,'Vanthali',12,1,NULL,NULL),(1075,'Vapi',12,1,NULL,NULL),(1076,'Vapi INA',12,1,NULL,NULL),(1077,'Vartej',12,1,NULL,NULL),(1078,'Vasad',12,1,NULL,NULL),(1079,'Vasna Borsad INA',12,1,NULL,NULL),(1080,'Vaso',12,1,NULL,NULL),(1081,'Veraval',12,1,NULL,NULL),(1082,'Vidyanagar',12,1,NULL,NULL),(1083,'Vijalpor',12,1,NULL,NULL),(1084,'Vijapur',12,1,NULL,NULL),(1085,'Vinchhiya',12,1,NULL,NULL),(1086,'Vinzol',12,1,NULL,NULL),(1087,'Virpur',12,1,NULL,NULL),(1088,'Visavadar',12,1,NULL,NULL),(1089,'Visnagar',12,1,NULL,NULL),(1090,'Vyara',12,1,NULL,NULL),(1091,'Wadhwan',12,1,NULL,NULL),(1092,'Waghai',12,1,NULL,NULL),(1093,'Waghodia',12,1,NULL,NULL),(1094,'Wankaner',12,1,NULL,NULL),(1095,'Zalod',12,1,NULL,NULL),(1096,'Ambala',13,1,NULL,NULL),(1097,'Ambala Cantt',13,1,NULL,NULL),(1098,'Asan Khurd',13,1,NULL,NULL),(1099,'Asandh',13,1,NULL,NULL),(1100,'Ateli',13,1,NULL,NULL),(1101,'Babiyal',13,1,NULL,NULL),(1102,'Bahadurgarh',13,1,NULL,NULL),(1103,'Ballabgarh',13,1,NULL,NULL),(1104,'Barwala',13,1,NULL,NULL),(1105,'Bawal',13,1,NULL,NULL),(1106,'Bawani Khera',13,1,NULL,NULL),(1107,'Beri',13,1,NULL,NULL),(1108,'Bhiwani',13,1,NULL,NULL),(1109,'Bilaspur',13,1,NULL,NULL),(1110,'Buria',13,1,NULL,NULL),(1111,'Charkhi Dadri',13,1,NULL,NULL),(1112,'Chhachhrauli',13,1,NULL,NULL),(1113,'Chita',13,1,NULL,NULL),(1114,'Dabwali',13,1,NULL,NULL),(1115,'Dharuhera',13,1,NULL,NULL),(1116,'Dundahera',13,1,NULL,NULL),(1117,'Ellenabad',13,1,NULL,NULL),(1118,'Farakhpur',13,1,NULL,NULL),(1119,'Faridabad',13,1,NULL,NULL),(1120,'Farrukhnagar',13,1,NULL,NULL),(1121,'Fatehabad',13,1,NULL,NULL),(1122,'Firozpur Jhirka',13,1,NULL,NULL),(1123,'Gannaur',13,1,NULL,NULL),(1124,'Ghraunda',13,1,NULL,NULL),(1125,'Gohana',13,1,NULL,NULL),(1126,'Gurgaon',13,1,NULL,NULL),(1127,'Haileymandi',13,1,NULL,NULL),(1128,'Hansi',13,1,NULL,NULL),(1129,'Hasanpur',13,1,NULL,NULL),(1130,'Hathin',13,1,NULL,NULL),(1131,'Hisar',13,1,NULL,NULL),(1132,'Hissar',13,1,NULL,NULL),(1133,'Hodal',13,1,NULL,NULL),(1134,'Indri',13,1,NULL,NULL),(1135,'Jagadhri',13,1,NULL,NULL),(1136,'Jakhal Mandi',13,1,NULL,NULL),(1137,'Jhajjar',13,1,NULL,NULL),(1138,'Jind',13,1,NULL,NULL),(1139,'Julana',13,1,NULL,NULL),(1140,'Kaithal',13,1,NULL,NULL),(1141,'Kalanur',13,1,NULL,NULL),(1142,'Kalanwali',13,1,NULL,NULL),(1143,'Kalayat',13,1,NULL,NULL),(1144,'Kalka',13,1,NULL,NULL),(1145,'Kanina',13,1,NULL,NULL),(1146,'Kansepur',13,1,NULL,NULL),(1147,'Kardhan',13,1,NULL,NULL),(1148,'Karnal',13,1,NULL,NULL),(1149,'Kharkhoda',13,1,NULL,NULL),(1150,'Kheri Sampla',13,1,NULL,NULL),(1151,'Kundli',13,1,NULL,NULL),(1152,'Kurukshetra',13,1,NULL,NULL),(1153,'Ladrawan',13,1,NULL,NULL),(1154,'Ladwa',13,1,NULL,NULL),(1155,'Loharu',13,1,NULL,NULL),(1156,'Maham',13,1,NULL,NULL),(1157,'Mahendragarh',13,1,NULL,NULL),(1158,'Mustafabad',13,1,NULL,NULL),(1159,'Nagai Chaudhry',13,1,NULL,NULL),(1160,'Narayangarh',13,1,NULL,NULL),(1161,'Narnaul',13,1,NULL,NULL),(1162,'Narnaund',13,1,NULL,NULL),(1163,'Narwana',13,1,NULL,NULL),(1164,'Nilokheri',13,1,NULL,NULL),(1165,'Nuh',13,1,NULL,NULL),(1166,'Palwal',13,1,NULL,NULL),(1167,'Panchkula',13,1,NULL,NULL),(1168,'Panipat',13,1,NULL,NULL),(1169,'Panipat Taraf Ansar',13,1,NULL,NULL),(1170,'Panipat Taraf Makhdum Zadgan',13,1,NULL,NULL),(1171,'Panipat Taraf Rajputan',13,1,NULL,NULL),(1172,'Pehowa',13,1,NULL,NULL),(1173,'Pinjaur',13,1,NULL,NULL),(1174,'Punahana',13,1,NULL,NULL),(1175,'Pundri',13,1,NULL,NULL),(1176,'Radaur',13,1,NULL,NULL),(1177,'Raipur Rani',13,1,NULL,NULL),(1178,'Rania',13,1,NULL,NULL),(1179,'Ratiya',13,1,NULL,NULL),(1180,'Rewari',13,1,NULL,NULL),(1181,'Rohtak',13,1,NULL,NULL),(1182,'Ropar',13,1,NULL,NULL),(1183,'Sadauri',13,1,NULL,NULL),(1184,'Safidon',13,1,NULL,NULL),(1185,'Samalkha',13,1,NULL,NULL),(1186,'Sankhol',13,1,NULL,NULL),(1187,'Sasauli',13,1,NULL,NULL),(1188,'Shahabad',13,1,NULL,NULL),(1189,'Sirsa',13,1,NULL,NULL),(1190,'Siwani',13,1,NULL,NULL),(1191,'Sohna',13,1,NULL,NULL),(1192,'Sonipat',13,1,NULL,NULL),(1193,'Sukhrali',13,1,NULL,NULL),(1194,'Taoru',13,1,NULL,NULL),(1195,'Taraori',13,1,NULL,NULL),(1196,'Tauru',13,1,NULL,NULL),(1197,'Thanesar',13,1,NULL,NULL),(1198,'Tilpat',13,1,NULL,NULL),(1199,'Tohana',13,1,NULL,NULL),(1200,'Tosham',13,1,NULL,NULL),(1201,'Uchana',13,1,NULL,NULL),(1202,'Uklana Mandi',13,1,NULL,NULL),(1203,'Uncha Siwana',13,1,NULL,NULL),(1204,'Yamunanagar',13,1,NULL,NULL),(1205,'Arki',14,1,NULL,NULL),(1206,'Baddi',14,1,NULL,NULL),(1207,'Bakloh',14,1,NULL,NULL),(1208,'Banjar',14,1,NULL,NULL),(1209,'Bhota',14,1,NULL,NULL),(1210,'Bhuntar',14,1,NULL,NULL),(1211,'Bilaspur',14,1,NULL,NULL),(1212,'Chamba',14,1,NULL,NULL),(1213,'Chaupal',14,1,NULL,NULL),(1214,'Chuari Khas',14,1,NULL,NULL),(1215,'Dagshai',14,1,NULL,NULL),(1216,'Dalhousie',14,1,NULL,NULL),(1217,'Dalhousie Cantonment',14,1,NULL,NULL),(1218,'Damtal',14,1,NULL,NULL),(1219,'Daulatpur',14,1,NULL,NULL),(1220,'Dera Gopipur',14,1,NULL,NULL),(1221,'Dhalli',14,1,NULL,NULL),(1222,'Dharamshala',14,1,NULL,NULL),(1223,'Gagret',14,1,NULL,NULL),(1224,'Ghamarwin',14,1,NULL,NULL),(1225,'Hamirpur',14,1,NULL,NULL),(1226,'Jawala Mukhi',14,1,NULL,NULL),(1227,'Jogindarnagar',14,1,NULL,NULL),(1228,'Jubbal',14,1,NULL,NULL),(1229,'Jutogh',14,1,NULL,NULL),(1230,'Kala Amb',14,1,NULL,NULL),(1231,'Kalpa',14,1,NULL,NULL),(1232,'Kangra',14,1,NULL,NULL),(1233,'Kasauli',14,1,NULL,NULL),(1234,'Kot Khai',14,1,NULL,NULL),(1235,'Kullu',14,1,NULL,NULL),(1236,'Kulu',14,1,NULL,NULL),(1237,'Manali',14,1,NULL,NULL),(1238,'Mandi',14,1,NULL,NULL),(1239,'Mant Khas',14,1,NULL,NULL),(1240,'Mehatpur Basdehra',14,1,NULL,NULL),(1241,'Nadaun',14,1,NULL,NULL),(1242,'Nagrota',14,1,NULL,NULL),(1243,'Nahan',14,1,NULL,NULL),(1244,'Naina Devi',14,1,NULL,NULL),(1245,'Nalagarh',14,1,NULL,NULL),(1246,'Narkanda',14,1,NULL,NULL),(1247,'Nurpur',14,1,NULL,NULL),(1248,'Palampur',14,1,NULL,NULL),(1249,'Pandoh',14,1,NULL,NULL),(1250,'Paonta Sahib',14,1,NULL,NULL),(1251,'Parwanoo',14,1,NULL,NULL),(1252,'Parwanu',14,1,NULL,NULL),(1253,'Rajgarh',14,1,NULL,NULL),(1254,'Rampur',14,1,NULL,NULL),(1255,'Rawalsar',14,1,NULL,NULL),(1256,'Rohru',14,1,NULL,NULL),(1257,'Sabathu',14,1,NULL,NULL),(1258,'Santokhgarh',14,1,NULL,NULL),(1259,'Sarahan',14,1,NULL,NULL),(1260,'Sarka Ghat',14,1,NULL,NULL),(1261,'Seoni',14,1,NULL,NULL),(1262,'Shimla',14,1,NULL,NULL),(1263,'Sirmaur',14,1,NULL,NULL),(1264,'Solan',14,1,NULL,NULL),(1265,'Solon',14,1,NULL,NULL),(1266,'Sundarnagar',14,1,NULL,NULL),(1267,'Sundernagar',14,1,NULL,NULL),(1268,'Talai',14,1,NULL,NULL),(1269,'Theog',14,1,NULL,NULL),(1270,'Tira Sujanpur',14,1,NULL,NULL),(1271,'Una',14,1,NULL,NULL),(1272,'Yol',14,1,NULL,NULL),(1273,'Achabal',15,1,NULL,NULL),(1274,'Akhnur',15,1,NULL,NULL),(1275,'Anantnag',15,1,NULL,NULL),(1276,'Arnia',15,1,NULL,NULL),(1277,'Awantipora',15,1,NULL,NULL),(1278,'Badami Bagh',15,1,NULL,NULL),(1279,'Bandipur',15,1,NULL,NULL),(1280,'Banihal',15,1,NULL,NULL),(1281,'Baramula',15,1,NULL,NULL),(1282,'Baramulla',15,1,NULL,NULL),(1283,'Bari Brahmana',15,1,NULL,NULL),(1284,'Bashohli',15,1,NULL,NULL),(1285,'Batote',15,1,NULL,NULL),(1286,'Bhaderwah',15,1,NULL,NULL),(1287,'Bijbiara',15,1,NULL,NULL),(1288,'Billawar',15,1,NULL,NULL),(1289,'Birwah',15,1,NULL,NULL),(1290,'Bishna',15,1,NULL,NULL),(1291,'Budgam',15,1,NULL,NULL),(1292,'Charari Sharief',15,1,NULL,NULL),(1293,'Chenani',15,1,NULL,NULL),(1294,'Doda',15,1,NULL,NULL),(1295,'Duru-Verinag',15,1,NULL,NULL),(1296,'Gandarbat',15,1,NULL,NULL),(1297,'Gho Manhasan',15,1,NULL,NULL),(1298,'Gorah Salathian',15,1,NULL,NULL),(1299,'Gulmarg',15,1,NULL,NULL),(1300,'Hajan',15,1,NULL,NULL),(1301,'Handwara',15,1,NULL,NULL),(1302,'Hiranagar',15,1,NULL,NULL),(1303,'Jammu',15,1,NULL,NULL),(1304,'Jammu Cantonment',15,1,NULL,NULL),(1305,'Jammu Tawi',15,1,NULL,NULL),(1306,'Jourian',15,1,NULL,NULL),(1307,'Kargil',15,1,NULL,NULL),(1308,'Kathua',15,1,NULL,NULL),(1309,'Katra',15,1,NULL,NULL),(1310,'Khan Sahib',15,1,NULL,NULL),(1311,'Khour',15,1,NULL,NULL),(1312,'Khrew',15,1,NULL,NULL),(1313,'Kishtwar',15,1,NULL,NULL),(1314,'Kud',15,1,NULL,NULL),(1315,'Kukernag',15,1,NULL,NULL),(1316,'Kulgam',15,1,NULL,NULL),(1317,'Kunzer',15,1,NULL,NULL),(1318,'Kupwara',15,1,NULL,NULL),(1319,'Lakhenpur',15,1,NULL,NULL),(1320,'Leh',15,1,NULL,NULL),(1321,'Magam',15,1,NULL,NULL),(1322,'Mattan',15,1,NULL,NULL),(1323,'Naushehra',15,1,NULL,NULL),(1324,'Pahalgam',15,1,NULL,NULL),(1325,'Pampore',15,1,NULL,NULL),(1326,'Parole',15,1,NULL,NULL),(1327,'Pattan',15,1,NULL,NULL),(1328,'Pulwama',15,1,NULL,NULL),(1329,'Punch',15,1,NULL,NULL),(1330,'Qazigund',15,1,NULL,NULL),(1331,'Rajauri',15,1,NULL,NULL),(1332,'Ramban',15,1,NULL,NULL),(1333,'Ramgarh',15,1,NULL,NULL),(1334,'Ramnagar',15,1,NULL,NULL),(1335,'Ranbirsingh Pora',15,1,NULL,NULL),(1336,'Reasi',15,1,NULL,NULL),(1337,'Rehambal',15,1,NULL,NULL),(1338,'Samba',15,1,NULL,NULL),(1339,'Shupiyan',15,1,NULL,NULL),(1340,'Sopur',15,1,NULL,NULL),(1341,'Srinagar',15,1,NULL,NULL),(1342,'Sumbal',15,1,NULL,NULL),(1343,'Sunderbani',15,1,NULL,NULL),(1344,'Talwara',15,1,NULL,NULL),(1345,'Thanamandi',15,1,NULL,NULL),(1346,'Tral',15,1,NULL,NULL),(1347,'Udhampur',15,1,NULL,NULL),(1348,'Uri',15,1,NULL,NULL),(1349,'Vijaypur',15,1,NULL,NULL),(1350,'Adityapur',16,1,NULL,NULL),(1351,'Amlabad',16,1,NULL,NULL),(1352,'Angarpathar',16,1,NULL,NULL),(1353,'Ara',16,1,NULL,NULL),(1354,'Babua Kalan',16,1,NULL,NULL),(1355,'Bagbahra',16,1,NULL,NULL),(1356,'Baliapur',16,1,NULL,NULL),(1357,'Baliari',16,1,NULL,NULL),(1358,'Balkundra',16,1,NULL,NULL),(1359,'Bandhgora',16,1,NULL,NULL),(1360,'Barajamda',16,1,NULL,NULL),(1361,'Barhi',16,1,NULL,NULL),(1362,'Barka Kana',16,1,NULL,NULL),(1363,'Barki Saraiya',16,1,NULL,NULL),(1364,'Barughutu',16,1,NULL,NULL),(1365,'Barwadih',16,1,NULL,NULL),(1366,'Basaria',16,1,NULL,NULL),(1367,'Basukinath',16,1,NULL,NULL),(1368,'Bermo',16,1,NULL,NULL),(1369,'Bhagatdih',16,1,NULL,NULL),(1370,'Bhaurah',16,1,NULL,NULL),(1371,'Bhojudih',16,1,NULL,NULL),(1372,'Bhuli',16,1,NULL,NULL),(1373,'Bokaro',16,1,NULL,NULL),(1374,'Borio Bazar',16,1,NULL,NULL),(1375,'Bundu',16,1,NULL,NULL),(1376,'Chaibasa',16,1,NULL,NULL),(1377,'Chaitudih',16,1,NULL,NULL),(1378,'Chakradharpur',16,1,NULL,NULL),(1379,'Chakulia',16,1,NULL,NULL),(1380,'Chandaur',16,1,NULL,NULL),(1381,'Chandil',16,1,NULL,NULL),(1382,'Chandrapura',16,1,NULL,NULL),(1383,'Chas',16,1,NULL,NULL),(1384,'Chatra',16,1,NULL,NULL),(1385,'Chhatatanr',16,1,NULL,NULL),(1386,'Chhotaputki',16,1,NULL,NULL),(1387,'Chiria',16,1,NULL,NULL),(1388,'Chirkunda',16,1,NULL,NULL),(1389,'Churi',16,1,NULL,NULL),(1390,'Daltenganj',16,1,NULL,NULL),(1391,'Danguwapasi',16,1,NULL,NULL),(1392,'Dari',16,1,NULL,NULL),(1393,'Deoghar',16,1,NULL,NULL),(1394,'Deorikalan',16,1,NULL,NULL),(1395,'Devghar',16,1,NULL,NULL),(1396,'Dhanbad',16,1,NULL,NULL),(1397,'Dhanwar',16,1,NULL,NULL),(1398,'Dhaunsar',16,1,NULL,NULL),(1399,'Dugda',16,1,NULL,NULL),(1400,'Dumarkunda',16,1,NULL,NULL),(1401,'Dumka',16,1,NULL,NULL),(1402,'Egarkunr',16,1,NULL,NULL),(1403,'Gadhra',16,1,NULL,NULL),(1404,'Garwa',16,1,NULL,NULL),(1405,'Ghatsila',16,1,NULL,NULL),(1406,'Ghorabandha',16,1,NULL,NULL),(1407,'Gidi',16,1,NULL,NULL),(1408,'Giridih',16,1,NULL,NULL),(1409,'Gobindpur',16,1,NULL,NULL),(1410,'Godda',16,1,NULL,NULL),(1411,'Godhar',16,1,NULL,NULL),(1412,'Golphalbari',16,1,NULL,NULL),(1413,'Gomoh',16,1,NULL,NULL),(1414,'Gua',16,1,NULL,NULL),(1415,'Gumia',16,1,NULL,NULL),(1416,'Gumla',16,1,NULL,NULL),(1417,'Haludbani',16,1,NULL,NULL),(1418,'Hazaribag',16,1,NULL,NULL),(1419,'Hesla',16,1,NULL,NULL),(1420,'Husainabad',16,1,NULL,NULL),(1421,'Isri',16,1,NULL,NULL),(1422,'Jadugora',16,1,NULL,NULL),(1423,'Jagannathpur',16,1,NULL,NULL),(1424,'Jamadoba',16,1,NULL,NULL),(1425,'Jamshedpur',16,1,NULL,NULL),(1426,'Jamtara',16,1,NULL,NULL),(1427,'Jarangdih',16,1,NULL,NULL),(1428,'Jaridih',16,1,NULL,NULL),(1429,'Jasidih',16,1,NULL,NULL),(1430,'Jena',16,1,NULL,NULL),(1431,'Jharia',16,1,NULL,NULL),(1432,'Jharia Khas',16,1,NULL,NULL),(1433,'Jhinkpani',16,1,NULL,NULL),(1434,'Jhumri Tilaiya',16,1,NULL,NULL),(1435,'Jorapokhar',16,1,NULL,NULL),(1436,'Jugsalai',16,1,NULL,NULL),(1437,'Kailudih',16,1,NULL,NULL),(1438,'Kalikapur',16,1,NULL,NULL),(1439,'Kandra',16,1,NULL,NULL),(1440,'Kanke',16,1,NULL,NULL),(1441,'Katras',16,1,NULL,NULL),(1442,'Kedla',16,1,NULL,NULL),(1443,'Kenduadih',16,1,NULL,NULL),(1444,'Kharkhari',16,1,NULL,NULL),(1445,'Kharsawan',16,1,NULL,NULL),(1446,'Khelari',16,1,NULL,NULL),(1447,'Khunti',16,1,NULL,NULL),(1448,'Kiri Buru',16,1,NULL,NULL),(1449,'Kiriburu',16,1,NULL,NULL),(1450,'Kodarma',16,1,NULL,NULL),(1451,'Kuju',16,1,NULL,NULL),(1452,'Kurpania',16,1,NULL,NULL),(1453,'Kustai',16,1,NULL,NULL),(1454,'Lakarka',16,1,NULL,NULL),(1455,'Lapanga',16,1,NULL,NULL),(1456,'Latehar',16,1,NULL,NULL),(1457,'Lohardaga',16,1,NULL,NULL),(1458,'Loiya',16,1,NULL,NULL),(1459,'Loyabad',16,1,NULL,NULL),(1460,'Madhupur',16,1,NULL,NULL),(1461,'Mahesh Mundi',16,1,NULL,NULL),(1462,'Maithon',16,1,NULL,NULL),(1463,'Malkera',16,1,NULL,NULL),(1464,'Mango',16,1,NULL,NULL),(1465,'Manoharpur',16,1,NULL,NULL),(1466,'Marma',16,1,NULL,NULL),(1467,'Meghahatuburu Forest village',16,1,NULL,NULL),(1468,'Mera',16,1,NULL,NULL),(1469,'Meru',16,1,NULL,NULL),(1470,'Mihijam',16,1,NULL,NULL),(1471,'Mugma',16,1,NULL,NULL),(1472,'Muri',16,1,NULL,NULL),(1473,'Mushabani',16,1,NULL,NULL),(1474,'Nagri Kalan',16,1,NULL,NULL),(1475,'Netarhat',16,1,NULL,NULL),(1476,'Nirsa',16,1,NULL,NULL),(1477,'Noamundi',16,1,NULL,NULL),(1478,'Okni',16,1,NULL,NULL),(1479,'Orla',16,1,NULL,NULL),(1480,'Pakaur',16,1,NULL,NULL),(1481,'Palamau',16,1,NULL,NULL),(1482,'Palawa',16,1,NULL,NULL),(1483,'Panchet',16,1,NULL,NULL),(1484,'Panrra',16,1,NULL,NULL),(1485,'Paratdih',16,1,NULL,NULL),(1486,'Pathardih',16,1,NULL,NULL),(1487,'Patratu',16,1,NULL,NULL),(1488,'Phusro',16,1,NULL,NULL),(1489,'Pondar Kanali',16,1,NULL,NULL),(1490,'Rajmahal',16,1,NULL,NULL),(1491,'Ramgarh',16,1,NULL,NULL),(1492,'Ranchi',16,1,NULL,NULL),(1493,'Ray',16,1,NULL,NULL),(1494,'Rehla',16,1,NULL,NULL),(1495,'Religara',16,1,NULL,NULL),(1496,'Rohraband',16,1,NULL,NULL),(1497,'Sahibganj',16,1,NULL,NULL),(1498,'Sahnidih',16,1,NULL,NULL),(1499,'Saraidhela',16,1,NULL,NULL),(1500,'Saraikela',16,1,NULL,NULL),(1501,'Sarjamda',16,1,NULL,NULL),(1502,'Saunda',16,1,NULL,NULL),(1503,'Sewai',16,1,NULL,NULL),(1504,'Sijhua',16,1,NULL,NULL),(1505,'Sijua',16,1,NULL,NULL),(1506,'Simdega',16,1,NULL,NULL),(1507,'Sindari',16,1,NULL,NULL),(1508,'Sinduria',16,1,NULL,NULL),(1509,'Sini',16,1,NULL,NULL),(1510,'Sirka',16,1,NULL,NULL),(1511,'Siuliban',16,1,NULL,NULL),(1512,'Surubera',16,1,NULL,NULL),(1513,'Tati',16,1,NULL,NULL),(1514,'Tenudam',16,1,NULL,NULL),(1515,'Tisra',16,1,NULL,NULL),(1516,'Topa',16,1,NULL,NULL),(1517,'Topchanchi',16,1,NULL,NULL),(1518,'Adityanagar',17,1,NULL,NULL),(1519,'Adityapatna',17,1,NULL,NULL),(1520,'Afzalpur',17,1,NULL,NULL),(1521,'Ajjampur',17,1,NULL,NULL),(1522,'Aland',17,1,NULL,NULL),(1523,'Almatti Sitimani',17,1,NULL,NULL),(1524,'Alnavar',17,1,NULL,NULL),(1525,'Alur',17,1,NULL,NULL),(1526,'Ambikanagara',17,1,NULL,NULL),(1527,'Anekal',17,1,NULL,NULL),(1528,'Ankola',17,1,NULL,NULL),(1529,'Annigeri',17,1,NULL,NULL),(1530,'Arkalgud',17,1,NULL,NULL),(1531,'Arsikere',17,1,NULL,NULL),(1532,'Athni',17,1,NULL,NULL),(1533,'Aurad',17,1,NULL,NULL),(1534,'Badagavettu',17,1,NULL,NULL),(1535,'Badami',17,1,NULL,NULL),(1536,'Bagalkot',17,1,NULL,NULL),(1537,'Bagepalli',17,1,NULL,NULL),(1538,'Bailhongal',17,1,NULL,NULL),(1539,'Baindur',17,1,NULL,NULL),(1540,'Bajala',17,1,NULL,NULL),(1541,'Bajpe',17,1,NULL,NULL),(1542,'Banavar',17,1,NULL,NULL),(1543,'Bangarapet',17,1,NULL,NULL),(1544,'Bankapura',17,1,NULL,NULL),(1545,'Bannur',17,1,NULL,NULL),(1546,'Bantwal',17,1,NULL,NULL),(1547,'Basavakalyan',17,1,NULL,NULL),(1548,'Basavana Bagevadi',17,1,NULL,NULL),(1549,'Belagula',17,1,NULL,NULL),(1550,'Belakavadiq',17,1,NULL,NULL),(1551,'Belgaum',17,1,NULL,NULL),(1552,'Belgaum Cantonment',17,1,NULL,NULL),(1553,'Bellary',17,1,NULL,NULL),(1554,'Belluru',17,1,NULL,NULL),(1555,'Beltangadi',17,1,NULL,NULL),(1556,'Belur',17,1,NULL,NULL),(1557,'Belvata',17,1,NULL,NULL),(1558,'Bengaluru',17,1,NULL,NULL),(1559,'Bhadravati',17,1,NULL,NULL),(1560,'Bhalki',17,1,NULL,NULL),(1561,'Bhatkal',17,1,NULL,NULL),(1562,'Bhimarayanagudi',17,1,NULL,NULL),(1563,'Bhogadi',17,1,NULL,NULL),(1564,'Bidar',17,1,NULL,NULL),(1565,'Bijapur',17,1,NULL,NULL),(1566,'Bilgi',17,1,NULL,NULL),(1567,'Birur',17,1,NULL,NULL),(1568,'Bommanahalli',17,1,NULL,NULL),(1569,'Bommasandra',17,1,NULL,NULL),(1570,'Byadgi',17,1,NULL,NULL),(1571,'Byatarayanapura',17,1,NULL,NULL),(1572,'Chakranagar Colony',17,1,NULL,NULL),(1573,'Challakere',17,1,NULL,NULL),(1574,'Chamrajnagar',17,1,NULL,NULL),(1575,'Chamundi Betta',17,1,NULL,NULL),(1576,'Channagiri',17,1,NULL,NULL),(1577,'Channapatna',17,1,NULL,NULL),(1578,'Channarayapatna',17,1,NULL,NULL),(1579,'Chickballapur',17,1,NULL,NULL),(1580,'Chik Ballapur',17,1,NULL,NULL),(1581,'Chikkaballapur',17,1,NULL,NULL),(1582,'Chikmagalur',17,1,NULL,NULL),(1583,'Chiknayakanhalli',17,1,NULL,NULL),(1584,'Chikodi',17,1,NULL,NULL),(1585,'Chincholi',17,1,NULL,NULL),(1586,'Chintamani',17,1,NULL,NULL),(1587,'Chitaguppa',17,1,NULL,NULL),(1588,'Chitapur',17,1,NULL,NULL),(1589,'Chitradurga',17,1,NULL,NULL),(1590,'Coorg',17,1,NULL,NULL),(1591,'Dandeli',17,1,NULL,NULL),(1592,'Dargajogihalli',17,1,NULL,NULL),(1593,'Dasarahalli',17,1,NULL,NULL),(1594,'Davangere',17,1,NULL,NULL),(1595,'Devadurga',17,1,NULL,NULL),(1596,'Devagiri',17,1,NULL,NULL),(1597,'Devanhalli',17,1,NULL,NULL),(1598,'Dharwar',17,1,NULL,NULL),(1599,'Dhupdal',17,1,NULL,NULL),(1600,'Dod Ballapur',17,1,NULL,NULL),(1601,'Donimalai',17,1,NULL,NULL),(1602,'Gadag',17,1,NULL,NULL),(1603,'Gajendragarh',17,1,NULL,NULL),(1604,'Ganeshgudi',17,1,NULL,NULL),(1605,'Gangawati',17,1,NULL,NULL),(1606,'Gangoli',17,1,NULL,NULL),(1607,'Gauribidanur',17,1,NULL,NULL),(1608,'Gokak',17,1,NULL,NULL),(1609,'Gokak Falls',17,1,NULL,NULL),(1610,'Gonikoppal',17,1,NULL,NULL),(1611,'Gorur',17,1,NULL,NULL),(1612,'Gottikere',17,1,NULL,NULL),(1613,'Gubbi',17,1,NULL,NULL),(1614,'Gudibanda',17,1,NULL,NULL),(1615,'Gulbarga',17,1,NULL,NULL),(1616,'Guledgudda',17,1,NULL,NULL),(1617,'Gundlupet',17,1,NULL,NULL),(1618,'Gurmatkal',17,1,NULL,NULL),(1619,'Haliyal',17,1,NULL,NULL),(1620,'Hangal',17,1,NULL,NULL),(1621,'Harihar',17,1,NULL,NULL),(1622,'Harpanahalli',17,1,NULL,NULL),(1623,'Hassan',17,1,NULL,NULL),(1624,'Hatti',17,1,NULL,NULL),(1625,'Hatti Gold Mines',17,1,NULL,NULL),(1626,'Haveri',17,1,NULL,NULL),(1627,'Hebbagodi',17,1,NULL,NULL),(1628,'Hebbalu',17,1,NULL,NULL),(1629,'Hebri',17,1,NULL,NULL),(1630,'Heggadadevanakote',17,1,NULL,NULL),(1631,'Herohalli',17,1,NULL,NULL),(1632,'Hidkal',17,1,NULL,NULL),(1633,'Hindalgi',17,1,NULL,NULL),(1634,'Hirekerur',17,1,NULL,NULL),(1635,'Hiriyur',17,1,NULL,NULL),(1636,'Holalkere',17,1,NULL,NULL),(1637,'Hole Narsipur',17,1,NULL,NULL),(1638,'Homnabad',17,1,NULL,NULL),(1639,'Honavar',17,1,NULL,NULL),(1640,'Honnali',17,1,NULL,NULL),(1641,'Hosakote',17,1,NULL,NULL),(1642,'Hosanagara',17,1,NULL,NULL),(1643,'Hosangadi',17,1,NULL,NULL),(1644,'Hosdurga',17,1,NULL,NULL),(1645,'Hoskote',17,1,NULL,NULL),(1646,'Hospet',17,1,NULL,NULL),(1647,'Hubli',17,1,NULL,NULL),(1648,'Hukeri',17,1,NULL,NULL),(1649,'Hunasagi',17,1,NULL,NULL),(1650,'Hunasamaranahalli',17,1,NULL,NULL),(1651,'Hungund',17,1,NULL,NULL),(1652,'Hunsur',17,1,NULL,NULL),(1653,'Huvina Hadagalli',17,1,NULL,NULL),(1654,'Ilkal',17,1,NULL,NULL),(1655,'Indi',17,1,NULL,NULL),(1656,'Jagalur',17,1,NULL,NULL),(1657,'Jamkhandi',17,1,NULL,NULL),(1658,'Jevargi',17,1,NULL,NULL),(1659,'Jog Falls',17,1,NULL,NULL),(1660,'Kabini Colony',17,1,NULL,NULL),(1661,'Kadur',17,1,NULL,NULL),(1662,'Kalghatgi',17,1,NULL,NULL),(1663,'Kamalapuram',17,1,NULL,NULL),(1664,'Kampli',17,1,NULL,NULL),(1665,'Kanakapura',17,1,NULL,NULL),(1666,'Kangrali BK',17,1,NULL,NULL),(1667,'Kangrali KH',17,1,NULL,NULL),(1668,'Kannur',17,1,NULL,NULL),(1669,'Karkala',17,1,NULL,NULL),(1670,'Karwar',17,1,NULL,NULL),(1671,'Kemminja',17,1,NULL,NULL),(1672,'Kengeri',17,1,NULL,NULL),(1673,'Kerur',17,1,NULL,NULL),(1674,'Khanapur',17,1,NULL,NULL),(1675,'Kodigenahalli',17,1,NULL,NULL),(1676,'Kodiyal',17,1,NULL,NULL),(1677,'Kodlipet',17,1,NULL,NULL),(1678,'Kolar',17,1,NULL,NULL),(1679,'Kollegal',17,1,NULL,NULL),(1680,'Konanakunte',17,1,NULL,NULL),(1681,'Konanur',17,1,NULL,NULL),(1682,'Konnur',17,1,NULL,NULL),(1683,'Koppa',17,1,NULL,NULL),(1684,'Koppal',17,1,NULL,NULL),(1685,'Koratagere',17,1,NULL,NULL),(1686,'Kotekara',17,1,NULL,NULL),(1687,'Kothnur',17,1,NULL,NULL),(1688,'Kotturu',17,1,NULL,NULL),(1689,'Krishnapura',17,1,NULL,NULL),(1690,'Krishnarajanagar',17,1,NULL,NULL),(1691,'Krishnarajapura',17,1,NULL,NULL),(1692,'Krishnarajasagara',17,1,NULL,NULL),(1693,'Krishnarajpet',17,1,NULL,NULL),(1694,'Kudchi',17,1,NULL,NULL),(1695,'Kudligi',17,1,NULL,NULL),(1696,'Kudremukh',17,1,NULL,NULL),(1697,'Kumsi',17,1,NULL,NULL),(1698,'Kumta',17,1,NULL,NULL),(1699,'Kundapura',17,1,NULL,NULL),(1700,'Kundgol',17,1,NULL,NULL),(1701,'Kunigal',17,1,NULL,NULL),(1702,'Kurgunta',17,1,NULL,NULL),(1703,'Kushalnagar',17,1,NULL,NULL),(1704,'Kushtagi',17,1,NULL,NULL),(1705,'Kyathanahalli',17,1,NULL,NULL),(1706,'Lakshmeshwar',17,1,NULL,NULL),(1707,'Lingsugur',17,1,NULL,NULL),(1708,'Londa',17,1,NULL,NULL),(1709,'Maddur',17,1,NULL,NULL),(1710,'Madhugiri',17,1,NULL,NULL),(1711,'Madikeri',17,1,NULL,NULL),(1712,'Magadi',17,1,NULL,NULL),(1713,'Magod Falls',17,1,NULL,NULL),(1714,'Mahadeswara Hills',17,1,NULL,NULL),(1715,'Mahadevapura',17,1,NULL,NULL),(1716,'Mahalingpur',17,1,NULL,NULL),(1717,'Maisuru',17,1,NULL,NULL),(1718,'Maisuru Cantonment',17,1,NULL,NULL),(1719,'Malavalli',17,1,NULL,NULL),(1720,'Mallar',17,1,NULL,NULL),(1721,'Malpe',17,1,NULL,NULL),(1722,'Malur',17,1,NULL,NULL),(1723,'Manchenahalli',17,1,NULL,NULL),(1724,'Mandya',17,1,NULL,NULL),(1725,'Mangalore',17,1,NULL,NULL),(1726,'Mangaluru',17,1,NULL,NULL),(1727,'Manipal',17,1,NULL,NULL),(1728,'Manvi',17,1,NULL,NULL),(1729,'Maski',17,1,NULL,NULL),(1730,'Mastikatte Colony',17,1,NULL,NULL),(1731,'Mayakonda',17,1,NULL,NULL),(1732,'Melukote',17,1,NULL,NULL),(1733,'Molakalmuru',17,1,NULL,NULL),(1734,'Mudalgi',17,1,NULL,NULL),(1735,'Mudbidri',17,1,NULL,NULL),(1736,'Muddebihal',17,1,NULL,NULL),(1737,'Mudgal',17,1,NULL,NULL),(1738,'Mudhol',17,1,NULL,NULL),(1739,'Mudigere',17,1,NULL,NULL),(1740,'Mudushedde',17,1,NULL,NULL),(1741,'Mulbagal',17,1,NULL,NULL),(1742,'Mulgund',17,1,NULL,NULL),(1743,'Mulki',17,1,NULL,NULL),(1744,'Mulur',17,1,NULL,NULL),(1745,'Mundargi',17,1,NULL,NULL),(1746,'Mundgod',17,1,NULL,NULL),(1747,'Munirabad',17,1,NULL,NULL),(1748,'Munnur',17,1,NULL,NULL),(1749,'Murudeshwara',17,1,NULL,NULL),(1750,'Mysore',17,1,NULL,NULL),(1751,'Nagamangala',17,1,NULL,NULL),(1752,'Nanjangud',17,1,NULL,NULL),(1753,'Naragund',17,1,NULL,NULL),(1754,'Narasimharajapura',17,1,NULL,NULL),(1755,'Naravi',17,1,NULL,NULL),(1756,'Narayanpur',17,1,NULL,NULL),(1757,'Naregal',17,1,NULL,NULL),(1758,'Navalgund',17,1,NULL,NULL),(1759,'Nelmangala',17,1,NULL,NULL),(1760,'Nipani',17,1,NULL,NULL),(1761,'Nitte',17,1,NULL,NULL),(1762,'Nyamati',17,1,NULL,NULL),(1763,'Padu',17,1,NULL,NULL),(1764,'Pandavapura',17,1,NULL,NULL),(1765,'Pattanagere',17,1,NULL,NULL),(1766,'Pavagada',17,1,NULL,NULL),(1767,'Piriyapatna',17,1,NULL,NULL),(1768,'Ponnampet',17,1,NULL,NULL),(1769,'Puttur',17,1,NULL,NULL),(1770,'Rabkavi',17,1,NULL,NULL),(1771,'Raichur',17,1,NULL,NULL),(1772,'Ramanagaram',17,1,NULL,NULL),(1773,'Ramdurg',17,1,NULL,NULL),(1774,'Ranibennur',17,1,NULL,NULL),(1775,'Raybag',17,1,NULL,NULL),(1776,'Robertsonpet',17,1,NULL,NULL),(1777,'Ron',17,1,NULL,NULL),(1778,'Sadalgi',17,1,NULL,NULL),(1779,'Sagar',17,1,NULL,NULL),(1780,'Sakleshpur',17,1,NULL,NULL),(1781,'Saligram',17,1,NULL,NULL),(1782,'Sandur',17,1,NULL,NULL),(1783,'Sanivarsante',17,1,NULL,NULL),(1784,'Sankeshwar',17,1,NULL,NULL),(1785,'Sargur',17,1,NULL,NULL),(1786,'Sathyamangala',17,1,NULL,NULL),(1787,'Saundatti Yellamma',17,1,NULL,NULL),(1788,'Savanur',17,1,NULL,NULL),(1789,'Sedam',17,1,NULL,NULL),(1790,'Shahabad',17,1,NULL,NULL),(1791,'Shahabad A.C.C.',17,1,NULL,NULL),(1792,'Shahapur',17,1,NULL,NULL),(1793,'Shahpur',17,1,NULL,NULL),(1794,'Shaktinagar',17,1,NULL,NULL),(1795,'Shiggaon',17,1,NULL,NULL),(1796,'Shikarpur',17,1,NULL,NULL),(1797,'Shimoga',17,1,NULL,NULL),(1798,'Shirhatti',17,1,NULL,NULL),(1799,'Shorapur',17,1,NULL,NULL),(1800,'Shravanabelagola',17,1,NULL,NULL),(1801,'Shrirangapattana',17,1,NULL,NULL),(1802,'Siddapur',17,1,NULL,NULL),(1803,'Sidlaghatta',17,1,NULL,NULL),(1804,'Sindgi',17,1,NULL,NULL),(1805,'Sindhnur',17,1,NULL,NULL),(1806,'Sira',17,1,NULL,NULL),(1807,'Sirakoppa',17,1,NULL,NULL),(1808,'Sirsi',17,1,NULL,NULL),(1809,'Siruguppa',17,1,NULL,NULL),(1810,'Someshwar',17,1,NULL,NULL),(1811,'Somvarpet',17,1,NULL,NULL),(1812,'Sorab',17,1,NULL,NULL),(1813,'Sringeri',17,1,NULL,NULL),(1814,'Srinivaspur',17,1,NULL,NULL),(1815,'Sulya',17,1,NULL,NULL),(1816,'Suntikopa',17,1,NULL,NULL),(1817,'Talikota',17,1,NULL,NULL),(1818,'Tarikera',17,1,NULL,NULL),(1819,'Tekkalakota',17,1,NULL,NULL),(1820,'Terdal',17,1,NULL,NULL),(1821,'Thokur',17,1,NULL,NULL),(1822,'Thumbe',17,1,NULL,NULL),(1823,'Tiptur',17,1,NULL,NULL),(1824,'Tirthahalli',17,1,NULL,NULL),(1825,'Tirumakudal Narsipur',17,1,NULL,NULL),(1826,'Tonse',17,1,NULL,NULL),(1827,'Tumkur',17,1,NULL,NULL),(1828,'Turuvekere',17,1,NULL,NULL),(1829,'Udupi',17,1,NULL,NULL),(1830,'Ullal',17,1,NULL,NULL),(1831,'Uttarahalli',17,1,NULL,NULL),(1832,'Venkatapura',17,1,NULL,NULL),(1833,'Vijayapura',17,1,NULL,NULL),(1834,'Virarajendrapet',17,1,NULL,NULL),(1835,'Wadi',17,1,NULL,NULL),(1836,'Wadi A.C.C.',17,1,NULL,NULL),(1837,'Yadgir',17,1,NULL,NULL),(1838,'Yelahanka',17,1,NULL,NULL),(1839,'Yelandur',17,1,NULL,NULL),(1840,'Yelbarga',17,1,NULL,NULL),(1841,'Yellapur',17,1,NULL,NULL),(1842,'Yenagudde',17,1,NULL,NULL),(1843,'Adimaly',19,1,NULL,NULL),(1844,'Adoor',19,1,NULL,NULL),(1845,'Adur',19,1,NULL,NULL),(1846,'Akathiyur',19,1,NULL,NULL),(1847,'Alangad',19,1,NULL,NULL),(1848,'Alappuzha',19,1,NULL,NULL),(1849,'Aluva',19,1,NULL,NULL),(1850,'Ancharakandy',19,1,NULL,NULL),(1851,'Angamaly',19,1,NULL,NULL),(1852,'Aroor',19,1,NULL,NULL),(1853,'Arukutti',19,1,NULL,NULL),(1854,'Attingal',19,1,NULL,NULL),(1855,'Avinissery',19,1,NULL,NULL),(1856,'Azhikode North',19,1,NULL,NULL),(1857,'Azhikode South',19,1,NULL,NULL),(1858,'Azhiyur',19,1,NULL,NULL),(1859,'Balussery',19,1,NULL,NULL),(1860,'Bangramanjeshwar',19,1,NULL,NULL),(1861,'Beypur',19,1,NULL,NULL),(1862,'Brahmakulam',19,1,NULL,NULL),(1863,'Chala',19,1,NULL,NULL),(1864,'Chalakudi',19,1,NULL,NULL),(1865,'Changanacheri',19,1,NULL,NULL),(1866,'Chauwara',19,1,NULL,NULL),(1867,'Chavakkad',19,1,NULL,NULL),(1868,'Chelakkara',19,1,NULL,NULL),(1869,'Chelora',19,1,NULL,NULL),(1870,'Chendamangalam',19,1,NULL,NULL),(1871,'Chengamanad',19,1,NULL,NULL),(1872,'Chengannur',19,1,NULL,NULL),(1873,'Cheranallur',19,1,NULL,NULL),(1874,'Cheriyakadavu',19,1,NULL,NULL),(1875,'Cherthala',19,1,NULL,NULL),(1876,'Cherukunnu',19,1,NULL,NULL),(1877,'Cheruthazham',19,1,NULL,NULL),(1878,'Cheruvannur',19,1,NULL,NULL),(1879,'Cheruvattur',19,1,NULL,NULL),(1880,'Chevvur',19,1,NULL,NULL),(1881,'Chirakkal',19,1,NULL,NULL),(1882,'Chittur',19,1,NULL,NULL),(1883,'Chockli',19,1,NULL,NULL),(1884,'Churnikkara',19,1,NULL,NULL),(1885,'Dharmadam',19,1,NULL,NULL),(1886,'Edappal',19,1,NULL,NULL),(1887,'Edathala',19,1,NULL,NULL),(1888,'Elayavur',19,1,NULL,NULL),(1889,'Elur',19,1,NULL,NULL),(1890,'Eranholi',19,1,NULL,NULL),(1891,'Erattupetta',19,1,NULL,NULL),(1892,'Ernakulam',19,1,NULL,NULL),(1893,'Eruvatti',19,1,NULL,NULL),(1894,'Ettumanoor',19,1,NULL,NULL),(1895,'Feroke',19,1,NULL,NULL),(1896,'Guruvayur',19,1,NULL,NULL),(1897,'Haripad',19,1,NULL,NULL),(1898,'Hosabettu',19,1,NULL,NULL),(1899,'Idukki',19,1,NULL,NULL),(1900,'Iringaprom',19,1,NULL,NULL),(1901,'Irinjalakuda',19,1,NULL,NULL),(1902,'Iriveri',19,1,NULL,NULL),(1903,'Kadachira',19,1,NULL,NULL),(1904,'Kadalundi',19,1,NULL,NULL),(1905,'Kadamakkudy',19,1,NULL,NULL),(1906,'Kadirur',19,1,NULL,NULL),(1907,'Kadungallur',19,1,NULL,NULL),(1908,'Kakkodi',19,1,NULL,NULL),(1909,'Kalady',19,1,NULL,NULL),(1910,'Kalamassery',19,1,NULL,NULL),(1911,'Kalliasseri',19,1,NULL,NULL),(1912,'Kalpetta',19,1,NULL,NULL),(1913,'Kanhangad',19,1,NULL,NULL),(1914,'Kanhirode',19,1,NULL,NULL),(1915,'Kanjikkuzhi',19,1,NULL,NULL),(1916,'Kanjikode',19,1,NULL,NULL),(1917,'Kanjirappalli',19,1,NULL,NULL),(1918,'Kannadiparamba',19,1,NULL,NULL),(1919,'Kannangad',19,1,NULL,NULL),(1920,'Kannapuram',19,1,NULL,NULL),(1921,'Kannur',19,1,NULL,NULL),(1922,'Kannur Cantonment',19,1,NULL,NULL),(1923,'Karunagappally',19,1,NULL,NULL),(1924,'Karuvamyhuruthy',19,1,NULL,NULL),(1925,'Kasaragod',19,1,NULL,NULL),(1926,'Kasargod',19,1,NULL,NULL),(1927,'Kattappana',19,1,NULL,NULL),(1928,'Kayamkulam',19,1,NULL,NULL),(1929,'Kedamangalam',19,1,NULL,NULL),(1930,'Kochi',19,1,NULL,NULL),(1931,'Kodamthuruthu',19,1,NULL,NULL),(1932,'Kodungallur',19,1,NULL,NULL),(1933,'Koduvally',19,1,NULL,NULL),(1934,'Koduvayur',19,1,NULL,NULL),(1935,'Kokkothamangalam',19,1,NULL,NULL),(1936,'Kolazhy',19,1,NULL,NULL),(1937,'Kollam',19,1,NULL,NULL),(1938,'Komalapuram',19,1,NULL,NULL),(1939,'Koothattukulam',19,1,NULL,NULL),(1940,'Koratty',19,1,NULL,NULL),(1941,'Kothamangalam',19,1,NULL,NULL),(1942,'Kottarakkara',19,1,NULL,NULL),(1943,'Kottayam',19,1,NULL,NULL),(1944,'Kottayam Malabar',19,1,NULL,NULL),(1945,'Kottuvally',19,1,NULL,NULL),(1946,'Koyilandi',19,1,NULL,NULL),(1947,'Kozhikode',19,1,NULL,NULL),(1948,'Kudappanakunnu',19,1,NULL,NULL),(1949,'Kudlu',19,1,NULL,NULL),(1950,'Kumarakom',19,1,NULL,NULL),(1951,'Kumily',19,1,NULL,NULL),(1952,'Kunnamangalam',19,1,NULL,NULL),(1953,'Kunnamkulam',19,1,NULL,NULL),(1954,'Kurikkad',19,1,NULL,NULL),(1955,'Kurkkanchery',19,1,NULL,NULL),(1956,'Kuthuparamba',19,1,NULL,NULL),(1957,'Kuttakulam',19,1,NULL,NULL),(1958,'Kuttikkattur',19,1,NULL,NULL),(1959,'Kuttur',19,1,NULL,NULL),(1960,'Malappuram',19,1,NULL,NULL),(1961,'Mallappally',19,1,NULL,NULL),(1962,'Manjeri',19,1,NULL,NULL),(1963,'Manjeshwar',19,1,NULL,NULL),(1964,'Mannancherry',19,1,NULL,NULL),(1965,'Mannar',19,1,NULL,NULL),(1966,'Mannarakkat',19,1,NULL,NULL),(1967,'Maradu',19,1,NULL,NULL),(1968,'Marathakkara',19,1,NULL,NULL),(1969,'Marutharod',19,1,NULL,NULL),(1970,'Mattannur',19,1,NULL,NULL),(1971,'Mavelikara',19,1,NULL,NULL),(1972,'Mavilayi',19,1,NULL,NULL),(1973,'Mavur',19,1,NULL,NULL),(1974,'Methala',19,1,NULL,NULL),(1975,'Muhamma',19,1,NULL,NULL),(1976,'Mulavukad',19,1,NULL,NULL),(1977,'Mundakayam',19,1,NULL,NULL),(1978,'Munderi',19,1,NULL,NULL),(1979,'Munnar',19,1,NULL,NULL),(1980,'Muthakunnam',19,1,NULL,NULL),(1981,'Muvattupuzha',19,1,NULL,NULL),(1982,'Muzhappilangad',19,1,NULL,NULL),(1983,'Nadapuram',19,1,NULL,NULL),(1984,'Nadathara',19,1,NULL,NULL),(1985,'Narath',19,1,NULL,NULL),(1986,'Nattakam',19,1,NULL,NULL),(1987,'Nedumangad',19,1,NULL,NULL),(1988,'Nenmenikkara',19,1,NULL,NULL),(1989,'New Mahe',19,1,NULL,NULL),(1990,'Neyyattinkara',19,1,NULL,NULL),(1991,'Nileshwar',19,1,NULL,NULL),(1992,'Olavanna',19,1,NULL,NULL),(1993,'Ottapalam',19,1,NULL,NULL),(1994,'Ottappalam',19,1,NULL,NULL),(1995,'Paduvilayi',19,1,NULL,NULL),(1996,'Palai',19,1,NULL,NULL),(1997,'Palakkad',19,1,NULL,NULL),(1998,'Palayad',19,1,NULL,NULL),(1999,'Palissery',19,1,NULL,NULL),(2000,'Pallikkunnu',19,1,NULL,NULL),(2001,'Paluvai',19,1,NULL,NULL),(2002,'Panniyannur',19,1,NULL,NULL),(2003,'Pantalam',19,1,NULL,NULL),(2004,'Panthiramkavu',19,1,NULL,NULL),(2005,'Panur',19,1,NULL,NULL),(2006,'Pappinisseri',19,1,NULL,NULL),(2007,'Parassala',19,1,NULL,NULL),(2008,'Paravur',19,1,NULL,NULL),(2009,'Pathanamthitta',19,1,NULL,NULL),(2010,'Pathanapuram',19,1,NULL,NULL),(2011,'Pathiriyad',19,1,NULL,NULL),(2012,'Pattambi',19,1,NULL,NULL),(2013,'Pattiom',19,1,NULL,NULL),(2014,'Pavaratty',19,1,NULL,NULL),(2015,'Payyannur',19,1,NULL,NULL),(2016,'Peermade',19,1,NULL,NULL),(2017,'Perakam',19,1,NULL,NULL),(2018,'Peralasseri',19,1,NULL,NULL),(2019,'Peringathur',19,1,NULL,NULL),(2020,'Perinthalmanna',19,1,NULL,NULL),(2021,'Perole',19,1,NULL,NULL),(2022,'Perumanna',19,1,NULL,NULL),(2023,'Perumbaikadu',19,1,NULL,NULL),(2024,'Perumbavoor',19,1,NULL,NULL),(2025,'Pinarayi',19,1,NULL,NULL),(2026,'Piravam',19,1,NULL,NULL),(2027,'Ponnani',19,1,NULL,NULL),(2028,'Pottore',19,1,NULL,NULL),(2029,'Pudukad',19,1,NULL,NULL),(2030,'Punalur',19,1,NULL,NULL),(2031,'Puranattukara',19,1,NULL,NULL),(2032,'Puthunagaram',19,1,NULL,NULL),(2033,'Puthuppariyaram',19,1,NULL,NULL),(2034,'Puzhathi',19,1,NULL,NULL),(2035,'Ramanattukara',19,1,NULL,NULL),(2036,'Shoranur',19,1,NULL,NULL),(2037,'Sultans Battery',19,1,NULL,NULL),(2038,'Sulthan Bathery',19,1,NULL,NULL),(2039,'Talipparamba',19,1,NULL,NULL),(2040,'Thaikkad',19,1,NULL,NULL),(2041,'Thalassery',19,1,NULL,NULL),(2042,'Thannirmukkam',19,1,NULL,NULL),(2043,'Theyyalingal',19,1,NULL,NULL),(2044,'Thiruvalla',19,1,NULL,NULL),(2045,'Thiruvananthapuram',19,1,NULL,NULL),(2046,'Thiruvankulam',19,1,NULL,NULL),(2047,'Thodupuzha',19,1,NULL,NULL),(2048,'Thottada',19,1,NULL,NULL),(2049,'Thrippunithura',19,1,NULL,NULL),(2050,'Thrissur',19,1,NULL,NULL),(2051,'Tirur',19,1,NULL,NULL),(2052,'Udma',19,1,NULL,NULL),(2053,'Vadakara',19,1,NULL,NULL),(2054,'Vaikam',19,1,NULL,NULL),(2055,'Valapattam',19,1,NULL,NULL),(2056,'Vallachira',19,1,NULL,NULL),(2057,'Varam',19,1,NULL,NULL),(2058,'Varappuzha',19,1,NULL,NULL),(2059,'Varkala',19,1,NULL,NULL),(2060,'Vayalar',19,1,NULL,NULL),(2061,'Vazhakkala',19,1,NULL,NULL),(2062,'Venmanad',19,1,NULL,NULL),(2063,'Villiappally',19,1,NULL,NULL),(2064,'Wayanad',19,1,NULL,NULL),(2065,'Agethi',20,1,NULL,NULL),(2066,'Amini',20,1,NULL,NULL),(2067,'Androth Island',20,1,NULL,NULL),(2068,'Kavaratti',20,1,NULL,NULL),(2069,'Minicoy',20,1,NULL,NULL),(2070,'Agar',21,1,NULL,NULL),(2071,'Ajaigarh',21,1,NULL,NULL),(2072,'Akoda',21,1,NULL,NULL),(2073,'Akodia',21,1,NULL,NULL),(2074,'Alampur',21,1,NULL,NULL),(2075,'Alirajpur',21,1,NULL,NULL),(2076,'Alot',21,1,NULL,NULL),(2077,'Amanganj',21,1,NULL,NULL),(2078,'Amarkantak',21,1,NULL,NULL),(2079,'Amarpatan',21,1,NULL,NULL),(2080,'Amarwara',21,1,NULL,NULL),(2081,'Ambada',21,1,NULL,NULL),(2082,'Ambah',21,1,NULL,NULL),(2083,'Amla',21,1,NULL,NULL),(2084,'Amlai',21,1,NULL,NULL),(2085,'Anjad',21,1,NULL,NULL),(2086,'Antri',21,1,NULL,NULL),(2087,'Anuppur',21,1,NULL,NULL),(2088,'Aron',21,1,NULL,NULL),(2089,'Ashoknagar',21,1,NULL,NULL),(2090,'Ashta',21,1,NULL,NULL),(2091,'Babai',21,1,NULL,NULL),(2092,'Bada Malhera',21,1,NULL,NULL),(2093,'Badagaon',21,1,NULL,NULL),(2094,'Badagoan',21,1,NULL,NULL),(2095,'Badarwas',21,1,NULL,NULL),(2096,'Badawada',21,1,NULL,NULL),(2097,'Badi',21,1,NULL,NULL),(2098,'Badkuhi',21,1,NULL,NULL),(2099,'Badnagar',21,1,NULL,NULL),(2100,'Badnawar',21,1,NULL,NULL),(2101,'Badod',21,1,NULL,NULL),(2102,'Badoda',21,1,NULL,NULL),(2103,'Badra',21,1,NULL,NULL),(2104,'Bagh',21,1,NULL,NULL),(2105,'Bagli',21,1,NULL,NULL),(2106,'Baihar',21,1,NULL,NULL),(2107,'Baikunthpur',21,1,NULL,NULL),(2108,'Bakswaha',21,1,NULL,NULL),(2109,'Balaghat',21,1,NULL,NULL),(2110,'Baldeogarh',21,1,NULL,NULL),(2111,'Bamaniya',21,1,NULL,NULL),(2112,'Bamhani',21,1,NULL,NULL),(2113,'Bamor',21,1,NULL,NULL),(2114,'Bamora',21,1,NULL,NULL),(2115,'Banda',21,1,NULL,NULL),(2116,'Bangawan',21,1,NULL,NULL),(2117,'Bansatar Kheda',21,1,NULL,NULL),(2118,'Baraily',21,1,NULL,NULL),(2119,'Barela',21,1,NULL,NULL),(2120,'Barghat',21,1,NULL,NULL),(2121,'Bargi',21,1,NULL,NULL),(2122,'Barhi',21,1,NULL,NULL),(2123,'Barigarh',21,1,NULL,NULL),(2124,'Barwaha',21,1,NULL,NULL),(2125,'Barwani',21,1,NULL,NULL),(2126,'Basoda',21,1,NULL,NULL),(2127,'Begamganj',21,1,NULL,NULL),(2128,'Beohari',21,1,NULL,NULL),(2129,'Berasia',21,1,NULL,NULL),(2130,'Betma',21,1,NULL,NULL),(2131,'Betul',21,1,NULL,NULL),(2132,'Betul Bazar',21,1,NULL,NULL),(2133,'Bhainsdehi',21,1,NULL,NULL),(2134,'Bhamodi',21,1,NULL,NULL),(2135,'Bhander',21,1,NULL,NULL),(2136,'Bhanpura',21,1,NULL,NULL),(2137,'Bharveli',21,1,NULL,NULL),(2138,'Bhaurasa',21,1,NULL,NULL),(2139,'Bhavra',21,1,NULL,NULL),(2140,'Bhedaghat',21,1,NULL,NULL),(2141,'Bhikangaon',21,1,NULL,NULL),(2142,'Bhilakhedi',21,1,NULL,NULL),(2143,'Bhind',21,1,NULL,NULL),(2144,'Bhitarwar',21,1,NULL,NULL),(2145,'Bhopal',21,1,NULL,NULL),(2146,'Bhuibandh',21,1,NULL,NULL),(2147,'Biaora',21,1,NULL,NULL),(2148,'Bijawar',21,1,NULL,NULL),(2149,'Bijeypur',21,1,NULL,NULL),(2150,'Bijrauni',21,1,NULL,NULL),(2151,'Bijuri',21,1,NULL,NULL),(2152,'Bilaua',21,1,NULL,NULL),(2153,'Bilpura',21,1,NULL,NULL),(2154,'Bina Railway Colony',21,1,NULL,NULL),(2155,'Bina-Etawa',21,1,NULL,NULL),(2156,'Birsinghpur',21,1,NULL,NULL),(2157,'Boda',21,1,NULL,NULL),(2158,'Budhni',21,1,NULL,NULL),(2159,'Burhanpur',21,1,NULL,NULL),(2160,'Burhar',21,1,NULL,NULL),(2161,'Chachaura Binaganj',21,1,NULL,NULL),(2162,'Chakghat',21,1,NULL,NULL),(2163,'Chandameta Butar',21,1,NULL,NULL),(2164,'Chanderi',21,1,NULL,NULL),(2165,'Chandia',21,1,NULL,NULL),(2166,'Chandla',21,1,NULL,NULL),(2167,'Chaurai Khas',21,1,NULL,NULL),(2168,'Chhatarpur',21,1,NULL,NULL),(2169,'Chhindwara',21,1,NULL,NULL),(2170,'Chhota Chhindwara',21,1,NULL,NULL),(2171,'Chichli',21,1,NULL,NULL),(2172,'Chitrakut',21,1,NULL,NULL),(2173,'Churhat',21,1,NULL,NULL),(2174,'Daboh',21,1,NULL,NULL),(2175,'Dabra',21,1,NULL,NULL),(2176,'Damoh',21,1,NULL,NULL),(2177,'Damua',21,1,NULL,NULL),(2178,'Datia',21,1,NULL,NULL),(2179,'Deodara',21,1,NULL,NULL),(2180,'Deori',21,1,NULL,NULL),(2181,'Deori Khas',21,1,NULL,NULL),(2182,'Depalpur',21,1,NULL,NULL),(2183,'Devendranagar',21,1,NULL,NULL),(2184,'Devhara',21,1,NULL,NULL),(2185,'Dewas',21,1,NULL,NULL),(2186,'Dhamnod',21,1,NULL,NULL),(2187,'Dhana',21,1,NULL,NULL),(2188,'Dhanpuri',21,1,NULL,NULL),(2189,'Dhar',21,1,NULL,NULL),(2190,'Dharampuri',21,1,NULL,NULL),(2191,'Dighawani',21,1,NULL,NULL),(2192,'Diken',21,1,NULL,NULL),(2193,'Dindori',21,1,NULL,NULL),(2194,'Dola',21,1,NULL,NULL),(2195,'Dumar Kachhar',21,1,NULL,NULL),(2196,'Dungariya Chhapara',21,1,NULL,NULL),(2197,'Gadarwara',21,1,NULL,NULL),(2198,'Gairatganj',21,1,NULL,NULL),(2199,'Gandhi Sagar Hydel Colony',21,1,NULL,NULL),(2200,'Ganjbasoda',21,1,NULL,NULL),(2201,'Garhakota',21,1,NULL,NULL),(2202,'Garhi Malhara',21,1,NULL,NULL),(2203,'Garoth',21,1,NULL,NULL),(2204,'Gautapura',21,1,NULL,NULL),(2205,'Ghansor',21,1,NULL,NULL),(2206,'Ghuwara',21,1,NULL,NULL),(2207,'Gogaon',21,1,NULL,NULL),(2208,'Gogapur',21,1,NULL,NULL),(2209,'Gohad',21,1,NULL,NULL),(2210,'Gormi',21,1,NULL,NULL),(2211,'Govindgarh',21,1,NULL,NULL),(2212,'Guna',21,1,NULL,NULL),(2213,'Gurh',21,1,NULL,NULL),(2214,'Gwalior',21,1,NULL,NULL),(2215,'Hanumana',21,1,NULL,NULL),(2216,'Harda',21,1,NULL,NULL),(2217,'Harpalpur',21,1,NULL,NULL),(2218,'Harrai',21,1,NULL,NULL),(2219,'Harsud',21,1,NULL,NULL),(2220,'Hatod',21,1,NULL,NULL),(2221,'Hatpipalya',21,1,NULL,NULL),(2222,'Hatta',21,1,NULL,NULL),(2223,'Hindoria',21,1,NULL,NULL),(2224,'Hirapur',21,1,NULL,NULL),(2225,'Hoshangabad',21,1,NULL,NULL),(2226,'Ichhawar',21,1,NULL,NULL),(2227,'Iklehra',21,1,NULL,NULL),(2228,'Indergarh',21,1,NULL,NULL),(2229,'Indore',21,1,NULL,NULL),(2230,'Isagarh',21,1,NULL,NULL),(2231,'Itarsi',21,1,NULL,NULL),(2232,'Jabalpur',21,1,NULL,NULL),(2233,'Jabalpur Cantonment',21,1,NULL,NULL),(2234,'Jabalpur G.C.F',21,1,NULL,NULL),(2235,'Jaisinghnagar',21,1,NULL,NULL),(2236,'Jaithari',21,1,NULL,NULL),(2237,'Jaitwara',21,1,NULL,NULL),(2238,'Jamai',21,1,NULL,NULL),(2239,'Jaora',21,1,NULL,NULL),(2240,'Jatachhapar',21,1,NULL,NULL),(2241,'Jatara',21,1,NULL,NULL),(2242,'Jawad',21,1,NULL,NULL),(2243,'Jawar',21,1,NULL,NULL),(2244,'Jeronkhalsa',21,1,NULL,NULL),(2245,'Jhabua',21,1,NULL,NULL),(2246,'Jhundpura',21,1,NULL,NULL),(2247,'Jiran',21,1,NULL,NULL),(2248,'Jirapur',21,1,NULL,NULL),(2249,'Jobat',21,1,NULL,NULL),(2250,'Joura',21,1,NULL,NULL),(2251,'Kailaras',21,1,NULL,NULL),(2252,'Kaimur',21,1,NULL,NULL),(2253,'Kakarhati',21,1,NULL,NULL),(2254,'Kalichhapar',21,1,NULL,NULL),(2255,'Kanad',21,1,NULL,NULL),(2256,'Kannod',21,1,NULL,NULL),(2257,'Kantaphod',21,1,NULL,NULL),(2258,'Kareli',21,1,NULL,NULL),(2259,'Karera',21,1,NULL,NULL),(2260,'Kari',21,1,NULL,NULL),(2261,'Karnawad',21,1,NULL,NULL),(2262,'Karrapur',21,1,NULL,NULL),(2263,'Kasrawad',21,1,NULL,NULL),(2264,'Katangi',21,1,NULL,NULL),(2265,'Katni',21,1,NULL,NULL),(2266,'Kelhauri',21,1,NULL,NULL),(2267,'Khachrod',21,1,NULL,NULL),(2268,'Khajuraho',21,1,NULL,NULL),(2269,'Khamaria',21,1,NULL,NULL),(2270,'Khand',21,1,NULL,NULL),(2271,'Khandwa',21,1,NULL,NULL),(2272,'Khaniyadhana',21,1,NULL,NULL),(2273,'Khargapur',21,1,NULL,NULL),(2274,'Khargone',21,1,NULL,NULL),(2275,'Khategaon',21,1,NULL,NULL),(2276,'Khetia',21,1,NULL,NULL),(2277,'Khilchipur',21,1,NULL,NULL),(2278,'Khirkiya',21,1,NULL,NULL),(2279,'Khujner',21,1,NULL,NULL),(2280,'Khurai',21,1,NULL,NULL),(2281,'Kolaras',21,1,NULL,NULL),(2282,'Kotar',21,1,NULL,NULL),(2283,'Kothi',21,1,NULL,NULL),(2284,'Kotma',21,1,NULL,NULL),(2285,'Kukshi',21,1,NULL,NULL),(2286,'Kumbhraj',21,1,NULL,NULL),(2287,'Kurwai',21,1,NULL,NULL),(2288,'Lahar',21,1,NULL,NULL),(2289,'Lakhnadon',21,1,NULL,NULL),(2290,'Lateri',21,1,NULL,NULL),(2291,'Laundi',21,1,NULL,NULL),(2292,'Lidhora Khas',21,1,NULL,NULL),(2293,'Lodhikheda',21,1,NULL,NULL),(2294,'Loharda',21,1,NULL,NULL),(2295,'Machalpur',21,1,NULL,NULL),(2296,'Madhogarh',21,1,NULL,NULL),(2297,'Maharajpur',21,1,NULL,NULL),(2298,'Maheshwar',21,1,NULL,NULL),(2299,'Mahidpur',21,1,NULL,NULL),(2300,'Maihar',21,1,NULL,NULL),(2301,'Majholi',21,1,NULL,NULL),(2302,'Makronia',21,1,NULL,NULL),(2303,'Maksi',21,1,NULL,NULL),(2304,'Malaj Khand',21,1,NULL,NULL),(2305,'Malanpur',21,1,NULL,NULL),(2306,'Malhargarh',21,1,NULL,NULL),(2307,'Manasa',21,1,NULL,NULL),(2308,'Manawar',21,1,NULL,NULL),(2309,'Mandav',21,1,NULL,NULL),(2310,'Mandideep',21,1,NULL,NULL),(2311,'Mandla',21,1,NULL,NULL),(2312,'Mandleshwar',21,1,NULL,NULL),(2313,'Mandsaur',21,1,NULL,NULL),(2314,'Manegaon',21,1,NULL,NULL),(2315,'Mangawan',21,1,NULL,NULL),(2316,'Manglaya Sadak',21,1,NULL,NULL),(2317,'Manpur',21,1,NULL,NULL),(2318,'Mau',21,1,NULL,NULL),(2319,'Mauganj',21,1,NULL,NULL),(2320,'Meghnagar',21,1,NULL,NULL),(2321,'Mehara Gaon',21,1,NULL,NULL),(2322,'Mehgaon',21,1,NULL,NULL),(2323,'Mhaugaon',21,1,NULL,NULL),(2324,'Mhow',21,1,NULL,NULL),(2325,'Mihona',21,1,NULL,NULL),(2326,'Mohgaon',21,1,NULL,NULL),(2327,'Morar',21,1,NULL,NULL),(2328,'Morena',21,1,NULL,NULL),(2329,'Morwa',21,1,NULL,NULL),(2330,'Multai',21,1,NULL,NULL),(2331,'Mundi',21,1,NULL,NULL),(2332,'Mungaoli',21,1,NULL,NULL),(2333,'Murwara',21,1,NULL,NULL),(2334,'Nagda',21,1,NULL,NULL),(2335,'Nagod',21,1,NULL,NULL),(2336,'Nagri',21,1,NULL,NULL),(2337,'Naigarhi',21,1,NULL,NULL),(2338,'Nainpur',21,1,NULL,NULL),(2339,'Nalkheda',21,1,NULL,NULL),(2340,'Namli',21,1,NULL,NULL),(2341,'Narayangarh',21,1,NULL,NULL),(2342,'Narsimhapur',21,1,NULL,NULL),(2343,'Narsingarh',21,1,NULL,NULL),(2344,'Narsinghpur',21,1,NULL,NULL),(2345,'Narwar',21,1,NULL,NULL),(2346,'Nasrullaganj',21,1,NULL,NULL),(2347,'Naudhia',21,1,NULL,NULL),(2348,'Naugaon',21,1,NULL,NULL),(2349,'Naurozabad',21,1,NULL,NULL),(2350,'Neemuch',21,1,NULL,NULL),(2351,'Nepa Nagar',21,1,NULL,NULL),(2352,'Neuton Chikhli Kalan',21,1,NULL,NULL),(2353,'Nimach',21,1,NULL,NULL),(2354,'Niwari',21,1,NULL,NULL),(2355,'Obedullaganj',21,1,NULL,NULL),(2356,'Omkareshwar',21,1,NULL,NULL),(2357,'Orachha',21,1,NULL,NULL),(2358,'Ordinance Factory Itarsi',21,1,NULL,NULL),(2359,'Pachmarhi',21,1,NULL,NULL),(2360,'Pachmarhi Cantonment',21,1,NULL,NULL),(2361,'Pachore',21,1,NULL,NULL),(2362,'Palchorai',21,1,NULL,NULL),(2363,'Palda',21,1,NULL,NULL),(2364,'Palera',21,1,NULL,NULL),(2365,'Pali',21,1,NULL,NULL),(2366,'Panagar',21,1,NULL,NULL),(2367,'Panara',21,1,NULL,NULL),(2368,'Pandaria',21,1,NULL,NULL),(2369,'Pandhana',21,1,NULL,NULL),(2370,'Pandhurna',21,1,NULL,NULL),(2371,'Panna',21,1,NULL,NULL),(2372,'Pansemal',21,1,NULL,NULL),(2373,'Parasia',21,1,NULL,NULL),(2374,'Pasan',21,1,NULL,NULL),(2375,'Patan',21,1,NULL,NULL),(2376,'Patharia',21,1,NULL,NULL),(2377,'Pawai',21,1,NULL,NULL),(2378,'Petlawad',21,1,NULL,NULL),(2379,'Phuph Kalan',21,1,NULL,NULL),(2380,'Pichhore',21,1,NULL,NULL),(2381,'Pipariya',21,1,NULL,NULL),(2382,'Pipliya Mandi',21,1,NULL,NULL),(2383,'Piploda',21,1,NULL,NULL),(2384,'Pithampur',21,1,NULL,NULL),(2385,'Polay Kalan',21,1,NULL,NULL),(2386,'Porsa',21,1,NULL,NULL),(2387,'Prithvipur',21,1,NULL,NULL),(2388,'Raghogarh',21,1,NULL,NULL),(2389,'Rahatgarh',21,1,NULL,NULL),(2390,'Raisen',21,1,NULL,NULL),(2391,'Rajakhedi',21,1,NULL,NULL),(2392,'Rajgarh',21,1,NULL,NULL),(2393,'Rajnagar',21,1,NULL,NULL),(2394,'Rajpur',21,1,NULL,NULL),(2395,'Rampur Baghelan',21,1,NULL,NULL),(2396,'Rampur Naikin',21,1,NULL,NULL),(2397,'Rampura',21,1,NULL,NULL),(2398,'Ranapur',21,1,NULL,NULL),(2399,'Ranipura',21,1,NULL,NULL),(2400,'Ratangarh',21,1,NULL,NULL),(2401,'Ratlam',21,1,NULL,NULL),(2402,'Ratlam Kasba',21,1,NULL,NULL),(2403,'Rau',21,1,NULL,NULL),(2404,'Rehli',21,1,NULL,NULL),(2405,'Rehti',21,1,NULL,NULL),(2406,'Rewa',21,1,NULL,NULL),(2407,'Sabalgarh',21,1,NULL,NULL),(2408,'Sagar',21,1,NULL,NULL),(2409,'Sagar Cantonment',21,1,NULL,NULL),(2410,'Sailana',21,1,NULL,NULL),(2411,'Sanawad',21,1,NULL,NULL),(2412,'Sanchi',21,1,NULL,NULL),(2413,'Sanwer',21,1,NULL,NULL),(2414,'Sarangpur',21,1,NULL,NULL),(2415,'Sardarpur',21,1,NULL,NULL),(2416,'Sarni',21,1,NULL,NULL),(2417,'Satai',21,1,NULL,NULL),(2418,'Satna',21,1,NULL,NULL),(2419,'Satwas',21,1,NULL,NULL),(2420,'Sausar',21,1,NULL,NULL),(2421,'Sehore',21,1,NULL,NULL),(2422,'Semaria',21,1,NULL,NULL),(2423,'Sendhwa',21,1,NULL,NULL),(2424,'Seondha',21,1,NULL,NULL),(2425,'Seoni',21,1,NULL,NULL),(2426,'Seoni Malwa',21,1,NULL,NULL),(2427,'Sethia',21,1,NULL,NULL),(2428,'Shahdol',21,1,NULL,NULL),(2429,'Shahgarh',21,1,NULL,NULL),(2430,'Shahpur',21,1,NULL,NULL),(2431,'Shahpura',21,1,NULL,NULL),(2432,'Shajapur',21,1,NULL,NULL),(2433,'Shamgarh',21,1,NULL,NULL),(2434,'Sheopur',21,1,NULL,NULL),(2435,'Shivpuri',21,1,NULL,NULL),(2436,'Shujalpur',21,1,NULL,NULL),(2437,'Sidhi',21,1,NULL,NULL),(2438,'Sihora',21,1,NULL,NULL),(2439,'Singolo',21,1,NULL,NULL),(2440,'Singrauli',21,1,NULL,NULL),(2441,'Sinhasa',21,1,NULL,NULL),(2442,'Sirgora',21,1,NULL,NULL),(2443,'Sirmaur',21,1,NULL,NULL),(2444,'Sironj',21,1,NULL,NULL),(2445,'Sitamau',21,1,NULL,NULL),(2446,'Sohagpur',21,1,NULL,NULL),(2447,'Sonkatch',21,1,NULL,NULL),(2448,'Soyatkalan',21,1,NULL,NULL),(2449,'Suhagi',21,1,NULL,NULL),(2450,'Sultanpur',21,1,NULL,NULL),(2451,'Susner',21,1,NULL,NULL),(2452,'Suthaliya',21,1,NULL,NULL),(2453,'Tal',21,1,NULL,NULL),(2454,'Talen',21,1,NULL,NULL),(2455,'Tarana',21,1,NULL,NULL),(2456,'Taricharkalan',21,1,NULL,NULL),(2457,'Tekanpur',21,1,NULL,NULL),(2458,'Tendukheda',21,1,NULL,NULL),(2459,'Teonthar',21,1,NULL,NULL),(2460,'Thandia',21,1,NULL,NULL),(2461,'Tikamgarh',21,1,NULL,NULL),(2462,'Timarni',21,1,NULL,NULL),(2463,'Tirodi',21,1,NULL,NULL),(2464,'Udaipura',21,1,NULL,NULL),(2465,'Ujjain',21,1,NULL,NULL),(2466,'Ukwa',21,1,NULL,NULL),(2467,'Umaria',21,1,NULL,NULL),(2468,'Unchahara',21,1,NULL,NULL),(2469,'Unhel',21,1,NULL,NULL),(2470,'Vehicle Factory Jabalpur',21,1,NULL,NULL),(2471,'Vidisha',21,1,NULL,NULL),(2472,'Vijayraghavgarh',21,1,NULL,NULL),(2473,'Waraseoni',21,1,NULL,NULL),(2474,'Achalpur',22,1,NULL,NULL),(2475,'Aheri',22,1,NULL,NULL),(2476,'Ahmadnagar Cantonment',22,1,NULL,NULL),(2477,'Ahmadpur',22,1,NULL,NULL),(2478,'Ahmednagar',22,1,NULL,NULL),(2479,'Ajra',22,1,NULL,NULL),(2480,'Akalkot',22,1,NULL,NULL),(2481,'Akkalkuwa',22,1,NULL,NULL),(2482,'Akola',22,1,NULL,NULL),(2483,'Akot',22,1,NULL,NULL),(2484,'Alandi',22,1,NULL,NULL),(2485,'Alibag',22,1,NULL,NULL),(2486,'Allapalli',22,1,NULL,NULL),(2487,'Alore',22,1,NULL,NULL),(2488,'Amalner',22,1,NULL,NULL),(2489,'Ambad',22,1,NULL,NULL),(2490,'Ambajogai',22,1,NULL,NULL),(2491,'Ambernath',22,1,NULL,NULL),(2492,'Ambivali Tarf Wankhal',22,1,NULL,NULL),(2493,'Amgaon',22,1,NULL,NULL),(2494,'Amravati',22,1,NULL,NULL),(2495,'Anjangaon',22,1,NULL,NULL),(2496,'Arvi',22,1,NULL,NULL),(2497,'Ashta',22,1,NULL,NULL),(2498,'Ashti',22,1,NULL,NULL),(2499,'Aurangabad',22,1,NULL,NULL),(2500,'Aurangabad Cantonment',22,1,NULL,NULL),(2501,'Ausa',22,1,NULL,NULL),(2502,'Babhulgaon',22,1,NULL,NULL),(2503,'Badlapur',22,1,NULL,NULL),(2504,'Balapur',22,1,NULL,NULL),(2505,'Ballarpur',22,1,NULL,NULL),(2506,'Baramati',22,1,NULL,NULL),(2507,'Barshi',22,1,NULL,NULL),(2508,'Basmat',22,1,NULL,NULL),(2509,'Beed',22,1,NULL,NULL),(2510,'Bhadravati',22,1,NULL,NULL),(2511,'Bhagur',22,1,NULL,NULL),(2512,'Bhandara',22,1,NULL,NULL),(2513,'Bhigvan',22,1,NULL,NULL),(2514,'Bhingar',22,1,NULL,NULL),(2515,'Bhiwandi',22,1,NULL,NULL),(2516,'Bhokhardan',22,1,NULL,NULL),(2517,'Bhor',22,1,NULL,NULL),(2518,'Bhosari',22,1,NULL,NULL),(2519,'Bhum',22,1,NULL,NULL),(2520,'Bhusawal',22,1,NULL,NULL),(2521,'Bid',22,1,NULL,NULL),(2522,'Biloli',22,1,NULL,NULL),(2523,'Birwadi',22,1,NULL,NULL),(2524,'Boisar',22,1,NULL,NULL),(2525,'Bop Khel',22,1,NULL,NULL),(2526,'Brahmapuri',22,1,NULL,NULL),(2527,'Budhgaon',22,1,NULL,NULL),(2528,'Buldana',22,1,NULL,NULL),(2529,'Buldhana',22,1,NULL,NULL),(2530,'Butibori',22,1,NULL,NULL),(2531,'Chakan',22,1,NULL,NULL),(2532,'Chalisgaon',22,1,NULL,NULL),(2533,'Chandrapur',22,1,NULL,NULL),(2534,'Chandur',22,1,NULL,NULL),(2535,'Chandur Bazar',22,1,NULL,NULL),(2536,'Chandvad',22,1,NULL,NULL),(2537,'Chicholi',22,1,NULL,NULL),(2538,'Chikhala',22,1,NULL,NULL),(2539,'Chikhaldara',22,1,NULL,NULL),(2540,'Chikhli',22,1,NULL,NULL),(2541,'Chinchani',22,1,NULL,NULL),(2542,'Chinchwad',22,1,NULL,NULL),(2543,'Chiplun',22,1,NULL,NULL),(2544,'Chopda',22,1,NULL,NULL),(2545,'Dabhol',22,1,NULL,NULL),(2546,'Dahance',22,1,NULL,NULL),(2547,'Dahanu',22,1,NULL,NULL),(2548,'Daharu',22,1,NULL,NULL),(2549,'Dapoli Camp',22,1,NULL,NULL),(2550,'Darwa',22,1,NULL,NULL),(2551,'Daryapur',22,1,NULL,NULL),(2552,'Dattapur',22,1,NULL,NULL),(2553,'Daund',22,1,NULL,NULL),(2554,'Davlameti',22,1,NULL,NULL),(2555,'Deglur',22,1,NULL,NULL),(2556,'Dehu Road',22,1,NULL,NULL),(2557,'Deolali',22,1,NULL,NULL),(2558,'Deolali Pravara',22,1,NULL,NULL),(2559,'Deoli',22,1,NULL,NULL),(2560,'Desaiganj',22,1,NULL,NULL),(2561,'Deulgaon Raja',22,1,NULL,NULL),(2562,'Dewhadi',22,1,NULL,NULL),(2563,'Dharangaon',22,1,NULL,NULL),(2564,'Dharmabad',22,1,NULL,NULL),(2565,'Dharur',22,1,NULL,NULL),(2566,'Dhatau',22,1,NULL,NULL),(2567,'Dhule',22,1,NULL,NULL),(2568,'Digdoh',22,1,NULL,NULL),(2569,'Diglur',22,1,NULL,NULL),(2570,'Digras',22,1,NULL,NULL),(2571,'Dombivli',22,1,NULL,NULL),(2572,'Dondaicha',22,1,NULL,NULL),(2573,'Dudhani',22,1,NULL,NULL),(2574,'Durgapur',22,1,NULL,NULL),(2575,'Dyane',22,1,NULL,NULL),(2576,'Edandol',22,1,NULL,NULL),(2577,'Eklahare',22,1,NULL,NULL),(2578,'Faizpur',22,1,NULL,NULL),(2579,'Fekari',22,1,NULL,NULL),(2580,'Gadchiroli',22,1,NULL,NULL),(2581,'Gadhinghaj',22,1,NULL,NULL),(2582,'Gandhi Nagar',22,1,NULL,NULL),(2583,'Ganeshpur',22,1,NULL,NULL),(2584,'Gangakher',22,1,NULL,NULL),(2585,'Gangapur',22,1,NULL,NULL),(2586,'Gevrai',22,1,NULL,NULL),(2587,'Ghatanji',22,1,NULL,NULL),(2588,'Ghoti',22,1,NULL,NULL),(2589,'Ghugus',22,1,NULL,NULL),(2590,'Ghulewadi',22,1,NULL,NULL),(2591,'Godoli',22,1,NULL,NULL),(2592,'Gondia',22,1,NULL,NULL),(2593,'Guhagar',22,1,NULL,NULL),(2594,'Hadgaon',22,1,NULL,NULL),(2595,'Harnai Beach',22,1,NULL,NULL),(2596,'Hinganghat',22,1,NULL,NULL),(2597,'Hingoli',22,1,NULL,NULL),(2598,'Hupari',22,1,NULL,NULL),(2599,'Ichalkaranji',22,1,NULL,NULL),(2600,'Igatpuri',22,1,NULL,NULL),(2601,'Indapur',22,1,NULL,NULL),(2602,'Jaisinghpur',22,1,NULL,NULL),(2603,'Jalgaon',22,1,NULL,NULL),(2604,'Jalna',22,1,NULL,NULL),(2605,'Jamkhed',22,1,NULL,NULL),(2606,'Jawhar',22,1,NULL,NULL),(2607,'Jaysingpur',22,1,NULL,NULL),(2608,'Jejuri',22,1,NULL,NULL),(2609,'Jintur',22,1,NULL,NULL),(2610,'Junnar',22,1,NULL,NULL),(2611,'Kabnur',22,1,NULL,NULL),(2612,'Kagal',22,1,NULL,NULL),(2613,'Kalamb',22,1,NULL,NULL),(2614,'Kalamnuri',22,1,NULL,NULL),(2615,'Kalas',22,1,NULL,NULL),(2616,'Kalmeshwar',22,1,NULL,NULL),(2617,'Kalundre',22,1,NULL,NULL),(2618,'Kalyan',22,1,NULL,NULL),(2619,'Kamthi',22,1,NULL,NULL),(2620,'Kamthi Cantonment',22,1,NULL,NULL),(2621,'Kandari',22,1,NULL,NULL),(2622,'Kandhar',22,1,NULL,NULL),(2623,'Kandri',22,1,NULL,NULL),(2624,'Kandri II',22,1,NULL,NULL),(2625,'Kanhan',22,1,NULL,NULL),(2626,'Kankavli',22,1,NULL,NULL),(2627,'Kannad',22,1,NULL,NULL),(2628,'Karad',22,1,NULL,NULL),(2629,'Karanja',22,1,NULL,NULL),(2630,'Karanje Tarf',22,1,NULL,NULL),(2631,'Karivali',22,1,NULL,NULL),(2632,'Karjat',22,1,NULL,NULL),(2633,'Karmala',22,1,NULL,NULL),(2634,'Kasara Budruk',22,1,NULL,NULL),(2635,'Katai',22,1,NULL,NULL),(2636,'Katkar',22,1,NULL,NULL),(2637,'Katol',22,1,NULL,NULL),(2638,'Kegaon',22,1,NULL,NULL),(2639,'Khadkale',22,1,NULL,NULL),(2640,'Khadki',22,1,NULL,NULL),(2641,'Khamgaon',22,1,NULL,NULL),(2642,'Khapa',22,1,NULL,NULL),(2643,'Kharadi',22,1,NULL,NULL),(2644,'Kharakvasla',22,1,NULL,NULL),(2645,'Khed',22,1,NULL,NULL),(2646,'Kherdi',22,1,NULL,NULL),(2647,'Khoni',22,1,NULL,NULL),(2648,'Khopoli',22,1,NULL,NULL),(2649,'Khuldabad',22,1,NULL,NULL),(2650,'Kinwat',22,1,NULL,NULL),(2651,'Kodoli',22,1,NULL,NULL),(2652,'Kolhapur',22,1,NULL,NULL),(2653,'Kon',22,1,NULL,NULL),(2654,'Kondumal',22,1,NULL,NULL),(2655,'Kopargaon',22,1,NULL,NULL),(2656,'Kopharad',22,1,NULL,NULL),(2657,'Koradi',22,1,NULL,NULL),(2658,'Koregaon',22,1,NULL,NULL),(2659,'Korochi',22,1,NULL,NULL),(2660,'Kudal',22,1,NULL,NULL),(2661,'Kundaim',22,1,NULL,NULL),(2662,'Kundalwadi',22,1,NULL,NULL),(2663,'Kurandvad',22,1,NULL,NULL),(2664,'Kurduvadi',22,1,NULL,NULL),(2665,'Kusgaon Budruk',22,1,NULL,NULL),(2666,'Lanja',22,1,NULL,NULL),(2667,'Lasalgaon',22,1,NULL,NULL),(2668,'Latur',22,1,NULL,NULL),(2669,'Loha',22,1,NULL,NULL),(2670,'Lohegaon',22,1,NULL,NULL),(2671,'Lonar',22,1,NULL,NULL),(2672,'Lonavala',22,1,NULL,NULL),(2673,'Madhavnagar',22,1,NULL,NULL),(2674,'Mahabaleshwar',22,1,NULL,NULL),(2675,'Mahad',22,1,NULL,NULL),(2676,'Mahadula',22,1,NULL,NULL),(2677,'Maindargi',22,1,NULL,NULL),(2678,'Majalgaon',22,1,NULL,NULL),(2679,'Malegaon',22,1,NULL,NULL),(2680,'Malgaon',22,1,NULL,NULL),(2681,'Malkapur',22,1,NULL,NULL),(2682,'Malwan',22,1,NULL,NULL),(2683,'Manadur',22,1,NULL,NULL),(2684,'Manchar',22,1,NULL,NULL),(2685,'Mangalvedhe',22,1,NULL,NULL),(2686,'Mangrul Pir',22,1,NULL,NULL),(2687,'Manmad',22,1,NULL,NULL),(2688,'Manor',22,1,NULL,NULL),(2689,'Mansar',22,1,NULL,NULL),(2690,'Manwath',22,1,NULL,NULL),(2691,'Mapuca',22,1,NULL,NULL),(2692,'Matheran',22,1,NULL,NULL),(2693,'Mehkar',22,1,NULL,NULL),(2694,'Mhasla',22,1,NULL,NULL),(2695,'Mhaswad',22,1,NULL,NULL),(2696,'Mira Bhayandar',22,1,NULL,NULL),(2697,'Miraj',22,1,NULL,NULL),(2698,'Mohpa',22,1,NULL,NULL),(2699,'Mohpada',22,1,NULL,NULL),(2700,'Moram',22,1,NULL,NULL),(2701,'Morshi',22,1,NULL,NULL),(2702,'Mowad',22,1,NULL,NULL),(2703,'Mudkhed',22,1,NULL,NULL),(2704,'Mukhed',22,1,NULL,NULL),(2705,'Mul',22,1,NULL,NULL),(2706,'Mulshi',22,1,NULL,NULL),(2707,'Mumbai',22,1,NULL,NULL),(2708,'Murbad',22,1,NULL,NULL),(2709,'Murgud',22,1,NULL,NULL),(2710,'Murtijapur',22,1,NULL,NULL),(2711,'Murud',22,1,NULL,NULL),(2712,'Nachane',22,1,NULL,NULL),(2713,'Nagardeole',22,1,NULL,NULL),(2714,'Nagothane',22,1,NULL,NULL),(2715,'Nagpur',22,1,NULL,NULL),(2716,'Nakoda',22,1,NULL,NULL),(2717,'Nalasopara',22,1,NULL,NULL),(2718,'Naldurg',22,1,NULL,NULL),(2719,'Nanded',22,1,NULL,NULL),(2720,'Nandgaon',22,1,NULL,NULL),(2721,'Nandura',22,1,NULL,NULL),(2722,'Nandurbar',22,1,NULL,NULL),(2723,'Narkhed',22,1,NULL,NULL),(2724,'Nashik',22,1,NULL,NULL),(2725,'Navapur',22,1,NULL,NULL),(2726,'Navi Mumbai',22,1,NULL,NULL),(2727,'Navi Mumbai Panvel',22,1,NULL,NULL),(2728,'Neral',22,1,NULL,NULL),(2729,'Nigdi',22,1,NULL,NULL),(2730,'Nilanga',22,1,NULL,NULL),(2731,'Nildoh',22,1,NULL,NULL),(2732,'Nimbhore',22,1,NULL,NULL),(2733,'Ojhar',22,1,NULL,NULL),(2734,'Osmanabad',22,1,NULL,NULL),(2735,'Pachgaon',22,1,NULL,NULL),(2736,'Pachora',22,1,NULL,NULL),(2737,'Padagha',22,1,NULL,NULL),(2738,'Paithan',22,1,NULL,NULL),(2739,'Palghar',22,1,NULL,NULL),(2740,'Pali',22,1,NULL,NULL),(2741,'Panchgani',22,1,NULL,NULL),(2742,'Pandhakarwada',22,1,NULL,NULL),(2743,'Pandharpur',22,1,NULL,NULL),(2744,'Panhala',22,1,NULL,NULL),(2745,'Panvel',22,1,NULL,NULL),(2746,'Paranda',22,1,NULL,NULL),(2747,'Parbhani',22,1,NULL,NULL),(2748,'Parli',22,1,NULL,NULL),(2749,'Parola',22,1,NULL,NULL),(2750,'Partur',22,1,NULL,NULL),(2751,'Pasthal',22,1,NULL,NULL),(2752,'Patan',22,1,NULL,NULL),(2753,'Pathardi',22,1,NULL,NULL),(2754,'Pathri',22,1,NULL,NULL),(2755,'Patur',22,1,NULL,NULL),(2756,'Pawni',22,1,NULL,NULL),(2757,'Pen',22,1,NULL,NULL),(2758,'Pethumri',22,1,NULL,NULL),(2759,'Phaltan',22,1,NULL,NULL),(2760,'Pimpri',22,1,NULL,NULL),(2761,'Poladpur',22,1,NULL,NULL),(2762,'Pulgaon',22,1,NULL,NULL),(2763,'Pune',22,1,NULL,NULL),(2764,'Pune Cantonment',22,1,NULL,NULL),(2765,'Purna',22,1,NULL,NULL),(2766,'Purushottamnagar',22,1,NULL,NULL),(2767,'Pusad',22,1,NULL,NULL),(2768,'Rahimatpur',22,1,NULL,NULL),(2769,'Rahta Pimplas',22,1,NULL,NULL),(2770,'Rahuri',22,1,NULL,NULL),(2771,'Raigad',22,1,NULL,NULL),(2772,'Rajapur',22,1,NULL,NULL),(2773,'Rajgurunagar',22,1,NULL,NULL),(2774,'Rajur',22,1,NULL,NULL),(2775,'Rajura',22,1,NULL,NULL),(2776,'Ramtek',22,1,NULL,NULL),(2777,'Ratnagiri',22,1,NULL,NULL),(2778,'Ravalgaon',22,1,NULL,NULL),(2779,'Raver',22,1,NULL,NULL),(2780,'Revadanda',22,1,NULL,NULL),(2781,'Risod',22,1,NULL,NULL),(2782,'Roha Ashtami',22,1,NULL,NULL),(2783,'Sakri',22,1,NULL,NULL),(2784,'Sandor',22,1,NULL,NULL),(2785,'Sangamner',22,1,NULL,NULL),(2786,'Sangli',22,1,NULL,NULL),(2787,'Sangole',22,1,NULL,NULL),(2788,'Sasti',22,1,NULL,NULL),(2789,'Sasvad',22,1,NULL,NULL),(2790,'Satana',22,1,NULL,NULL),(2791,'Satara',22,1,NULL,NULL),(2792,'Savantvadi',22,1,NULL,NULL),(2793,'Savda',22,1,NULL,NULL),(2794,'Savner',22,1,NULL,NULL),(2795,'Sawari Jawharnagar',22,1,NULL,NULL),(2796,'Selu',22,1,NULL,NULL),(2797,'Shahada',22,1,NULL,NULL),(2798,'Shahapur',22,1,NULL,NULL),(2799,'Shegaon',22,1,NULL,NULL),(2800,'Shelar',22,1,NULL,NULL),(2801,'Shendurjana',22,1,NULL,NULL),(2802,'Shirdi',22,1,NULL,NULL),(2803,'Shirgaon',22,1,NULL,NULL),(2804,'Shirpur',22,1,NULL,NULL),(2805,'Shirur',22,1,NULL,NULL),(2806,'Shirwal',22,1,NULL,NULL),(2807,'Shivatkar',22,1,NULL,NULL),(2808,'Shrigonda',22,1,NULL,NULL),(2809,'Shrirampur',22,1,NULL,NULL),(2810,'Shrirampur Rural',22,1,NULL,NULL),(2811,'Sillewada',22,1,NULL,NULL),(2812,'Sillod',22,1,NULL,NULL),(2813,'Sindhudurg',22,1,NULL,NULL),(2814,'Sindi',22,1,NULL,NULL),(2815,'Sindi Turf Hindnagar',22,1,NULL,NULL),(2816,'Sindkhed Raja',22,1,NULL,NULL),(2817,'Singnapur',22,1,NULL,NULL),(2818,'Sinnar',22,1,NULL,NULL),(2819,'Sirur',22,1,NULL,NULL),(2820,'Sitasawangi',22,1,NULL,NULL),(2821,'Solapur',22,1,NULL,NULL),(2822,'Sonai',22,1,NULL,NULL),(2823,'Sonegaon',22,1,NULL,NULL),(2824,'Soyagaon',22,1,NULL,NULL),(2825,'Srivardhan',22,1,NULL,NULL),(2826,'Surgana',22,1,NULL,NULL),(2827,'Talegaon Dabhade',22,1,NULL,NULL),(2828,'Taloda',22,1,NULL,NULL),(2829,'Taloja',22,1,NULL,NULL),(2830,'Talwade',22,1,NULL,NULL),(2831,'Tarapur',22,1,NULL,NULL),(2832,'Tasgaon',22,1,NULL,NULL),(2833,'Tathavade',22,1,NULL,NULL),(2834,'Tekadi',22,1,NULL,NULL),(2835,'Telhara',22,1,NULL,NULL),(2836,'Thane',22,1,NULL,NULL),(2837,'Tirira',22,1,NULL,NULL),(2838,'Totaladoh',22,1,NULL,NULL),(2839,'Trimbak',22,1,NULL,NULL),(2840,'Tuljapur',22,1,NULL,NULL),(2841,'Tumsar',22,1,NULL,NULL),(2842,'Uchgaon',22,1,NULL,NULL),(2843,'Udgir',22,1,NULL,NULL),(2844,'Ulhasnagar',22,1,NULL,NULL),(2845,'Umarga',22,1,NULL,NULL),(2846,'Umarkhed',22,1,NULL,NULL),(2847,'Umarsara',22,1,NULL,NULL),(2848,'Umbar Pada Nandade',22,1,NULL,NULL),(2849,'Umred',22,1,NULL,NULL),(2850,'Umri Pragane Balapur',22,1,NULL,NULL),(2851,'Uran',22,1,NULL,NULL),(2852,'Uran Islampur',22,1,NULL,NULL),(2853,'Utekhol',22,1,NULL,NULL),(2854,'Vada',22,1,NULL,NULL),(2855,'Vadgaon',22,1,NULL,NULL),(2856,'Vadgaon Kasba',22,1,NULL,NULL),(2857,'Vaijapur',22,1,NULL,NULL),(2858,'Vanvadi',22,1,NULL,NULL),(2859,'Varangaon',22,1,NULL,NULL),(2860,'Vasai',22,1,NULL,NULL),(2861,'Vasantnagar',22,1,NULL,NULL),(2862,'Vashind',22,1,NULL,NULL),(2863,'Vengurla',22,1,NULL,NULL),(2864,'Virar',22,1,NULL,NULL),(2865,'Visapur',22,1,NULL,NULL),(2866,'Vite',22,1,NULL,NULL),(2867,'Vithalwadi',22,1,NULL,NULL),(2868,'Wadi',22,1,NULL,NULL),(2869,'Waghapur',22,1,NULL,NULL),(2870,'Wai',22,1,NULL,NULL),(2871,'Wajegaon',22,1,NULL,NULL),(2872,'Walani',22,1,NULL,NULL),(2873,'Wanadongri',22,1,NULL,NULL),(2874,'Wani',22,1,NULL,NULL),(2875,'Wardha',22,1,NULL,NULL),(2876,'Warora',22,1,NULL,NULL),(2877,'Warthi',22,1,NULL,NULL),(2878,'Warud',22,1,NULL,NULL),(2879,'Washim',22,1,NULL,NULL),(2880,'Yaval',22,1,NULL,NULL),(2881,'Yavatmal',22,1,NULL,NULL),(2882,'Yeola',22,1,NULL,NULL),(2883,'Yerkheda',22,1,NULL,NULL),(2884,'Andro',23,1,NULL,NULL),(2885,'Bijoy Govinda',23,1,NULL,NULL),(2886,'Bishnupur',23,1,NULL,NULL),(2887,'Churachandpur',23,1,NULL,NULL),(2888,'Heriok',23,1,NULL,NULL),(2889,'Imphal',23,1,NULL,NULL),(2890,'Jiribam',23,1,NULL,NULL),(2891,'Kakching',23,1,NULL,NULL),(2892,'Kakching Khunou',23,1,NULL,NULL),(2893,'Khongman',23,1,NULL,NULL),(2894,'Kumbi',23,1,NULL,NULL),(2895,'Kwakta',23,1,NULL,NULL),(2896,'Lamai',23,1,NULL,NULL),(2897,'Lamjaotongba',23,1,NULL,NULL),(2898,'Lamshang',23,1,NULL,NULL),(2899,'Lilong',23,1,NULL,NULL),(2900,'Mayang Imphal',23,1,NULL,NULL),(2901,'Moirang',23,1,NULL,NULL),(2902,'Moreh',23,1,NULL,NULL),(2903,'Nambol',23,1,NULL,NULL),(2904,'Naoriya Pakhanglakpa',23,1,NULL,NULL),(2905,'Ningthoukhong',23,1,NULL,NULL),(2906,'Oinam',23,1,NULL,NULL),(2907,'Porompat',23,1,NULL,NULL),(2908,'Samurou',23,1,NULL,NULL),(2909,'Sekmai Bazar',23,1,NULL,NULL),(2910,'Senapati',23,1,NULL,NULL),(2911,'Sikhong Sekmai',23,1,NULL,NULL),(2912,'Sugnu',23,1,NULL,NULL),(2913,'Thongkhong Laxmi Bazar',23,1,NULL,NULL),(2914,'Thoubal',23,1,NULL,NULL),(2915,'Torban',23,1,NULL,NULL),(2916,'Wangjing',23,1,NULL,NULL),(2917,'Wangoi',23,1,NULL,NULL),(2918,'Yairipok',23,1,NULL,NULL),(2919,'Baghmara',24,1,NULL,NULL),(2920,'Cherrapunji',24,1,NULL,NULL),(2921,'Jawai',24,1,NULL,NULL),(2922,'Madanrting',24,1,NULL,NULL),(2923,'Mairang',24,1,NULL,NULL),(2924,'Mawlai',24,1,NULL,NULL),(2925,'Nongmynsong',24,1,NULL,NULL),(2926,'Nongpoh',24,1,NULL,NULL),(2927,'Nongstoin',24,1,NULL,NULL),(2928,'Nongthymmai',24,1,NULL,NULL),(2929,'Pynthorumkhrah',24,1,NULL,NULL),(2930,'Resubelpara',24,1,NULL,NULL),(2931,'Shillong',24,1,NULL,NULL),(2932,'Shillong Cantonment',24,1,NULL,NULL),(2933,'Tura',24,1,NULL,NULL),(2934,'Williamnagar',24,1,NULL,NULL),(2935,'Aizawl',25,1,NULL,NULL),(2936,'Bairabi',25,1,NULL,NULL),(2937,'Biate',25,1,NULL,NULL),(2938,'Champhai',25,1,NULL,NULL),(2939,'Darlawn',25,1,NULL,NULL),(2940,'Hnahthial',25,1,NULL,NULL),(2941,'Kawnpui',25,1,NULL,NULL),(2942,'Khawhai',25,1,NULL,NULL),(2943,'Khawzawl',25,1,NULL,NULL),(2944,'Kolasib',25,1,NULL,NULL),(2945,'Lengpui',25,1,NULL,NULL),(2946,'Lunglei',25,1,NULL,NULL),(2947,'Mamit',25,1,NULL,NULL),(2948,'North Vanlaiphai',25,1,NULL,NULL),(2949,'Saiha',25,1,NULL,NULL),(2950,'Sairang',25,1,NULL,NULL),(2951,'Saitul',25,1,NULL,NULL),(2952,'Serchhip',25,1,NULL,NULL),(2953,'Thenzawl',25,1,NULL,NULL),(2954,'Tlabung',25,1,NULL,NULL),(2955,'Vairengte',25,1,NULL,NULL),(2956,'Zawlnuam',25,1,NULL,NULL),(2957,'Chumukedima',26,1,NULL,NULL),(2958,'Dimapur',26,1,NULL,NULL),(2959,'Kohima',26,1,NULL,NULL),(2960,'Mokokchung',26,1,NULL,NULL),(2961,'Mon',26,1,NULL,NULL),(2962,'Phek',26,1,NULL,NULL),(2963,'Tuensang',26,1,NULL,NULL),(2964,'Wokha',26,1,NULL,NULL),(2965,'Zunheboto',26,1,NULL,NULL),(2966,'Anandapur',29,1,NULL,NULL),(2967,'Angul',29,1,NULL,NULL),(2968,'Aska',29,1,NULL,NULL),(2969,'Athgarh',29,1,NULL,NULL),(2970,'Athmallik',29,1,NULL,NULL),(2971,'Balagoda',29,1,NULL,NULL),(2972,'Balangir',29,1,NULL,NULL),(2973,'Balasore',29,1,NULL,NULL),(2974,'Baleshwar',29,1,NULL,NULL),(2975,'Balimeta',29,1,NULL,NULL),(2976,'Balugaon',29,1,NULL,NULL),(2977,'Banapur',29,1,NULL,NULL),(2978,'Bangura',29,1,NULL,NULL),(2979,'Banki',29,1,NULL,NULL),(2980,'Banposh',29,1,NULL,NULL),(2981,'Barbil',29,1,NULL,NULL),(2982,'Bargarh',29,1,NULL,NULL),(2983,'Baripada',29,1,NULL,NULL),(2984,'Barpali',29,1,NULL,NULL),(2985,'Basudebpur',29,1,NULL,NULL),(2986,'Baudh',29,1,NULL,NULL),(2987,'Belagachhia',29,1,NULL,NULL),(2988,'Belaguntha',29,1,NULL,NULL),(2989,'Belpahar',29,1,NULL,NULL),(2990,'Berhampur',29,1,NULL,NULL),(2991,'Bhadrak',29,1,NULL,NULL),(2992,'Bhanjanagar',29,1,NULL,NULL),(2993,'Bhawanipatna',29,1,NULL,NULL),(2994,'Bhuban',29,1,NULL,NULL),(2995,'Bhubaneswar',29,1,NULL,NULL),(2996,'Binika',29,1,NULL,NULL),(2997,'Birmitrapur',29,1,NULL,NULL),(2998,'Bishama Katek',29,1,NULL,NULL),(2999,'Bolangir',29,1,NULL,NULL),(3000,'Brahmapur',29,1,NULL,NULL),(3001,'Brajrajnagar',29,1,NULL,NULL),(3002,'Buguda',29,1,NULL,NULL),(3003,'Burla',29,1,NULL,NULL),(3004,'Byasanagar',29,1,NULL,NULL),(3005,'Champua',29,1,NULL,NULL),(3006,'Chandapur',29,1,NULL,NULL),(3007,'Chandbali',29,1,NULL,NULL),(3008,'Chandili',29,1,NULL,NULL),(3009,'Charibatia',29,1,NULL,NULL),(3010,'Chatrapur',29,1,NULL,NULL),(3011,'Chikitigarh',29,1,NULL,NULL),(3012,'Chitrakonda',29,1,NULL,NULL),(3013,'Choudwar',29,1,NULL,NULL),(3014,'Cuttack',29,1,NULL,NULL),(3015,'Dadhapatna',29,1,NULL,NULL),(3016,'Daitari',29,1,NULL,NULL),(3017,'Damanjodi',29,1,NULL,NULL),(3018,'Deogarh',29,1,NULL,NULL),(3019,'Deracolliery',29,1,NULL,NULL),(3020,'Dhamanagar',29,1,NULL,NULL),(3021,'Dhenkanal',29,1,NULL,NULL),(3022,'Digapahandi',29,1,NULL,NULL),(3023,'Dungamal',29,1,NULL,NULL),(3024,'Fertilizer Corporation of Indi',29,1,NULL,NULL),(3025,'Ganjam',29,1,NULL,NULL),(3026,'Ghantapada',29,1,NULL,NULL),(3027,'Gopalpur',29,1,NULL,NULL),(3028,'Gudari',29,1,NULL,NULL),(3029,'Gunupur',29,1,NULL,NULL),(3030,'Hatibandha',29,1,NULL,NULL),(3031,'Hinjilikatu',29,1,NULL,NULL),(3032,'Hirakud',29,1,NULL,NULL),(3033,'Jagatsinghapur',29,1,NULL,NULL),(3034,'Jajpur',29,1,NULL,NULL),(3035,'Jalda',29,1,NULL,NULL),(3036,'Jaleswar',29,1,NULL,NULL),(3037,'Jatni',29,1,NULL,NULL),(3038,'Jaypur',29,1,NULL,NULL),(3039,'Jeypore',29,1,NULL,NULL),(3040,'Jharsuguda',29,1,NULL,NULL),(3041,'Jhumpura',29,1,NULL,NULL),(3042,'Joda',29,1,NULL,NULL),(3043,'Junagarh',29,1,NULL,NULL),(3044,'Kamakhyanagar',29,1,NULL,NULL),(3045,'Kantabanji',29,1,NULL,NULL),(3046,'Kantilo',29,1,NULL,NULL),(3047,'Karanja',29,1,NULL,NULL),(3048,'Kashinagara',29,1,NULL,NULL),(3049,'Kataka',29,1,NULL,NULL),(3050,'Kavisuryanagar',29,1,NULL,NULL),(3051,'Kendrapara',29,1,NULL,NULL),(3052,'Kendujhar',29,1,NULL,NULL),(3053,'Keonjhar',29,1,NULL,NULL),(3054,'Kesinga',29,1,NULL,NULL),(3055,'Khaliapali',29,1,NULL,NULL),(3056,'Khalikote',29,1,NULL,NULL),(3057,'Khandaparha',29,1,NULL,NULL),(3058,'Kharhial',29,1,NULL,NULL),(3059,'Kharhial Road',29,1,NULL,NULL),(3060,'Khatiguda',29,1,NULL,NULL),(3061,'Khurda',29,1,NULL,NULL),(3062,'Kochinda',29,1,NULL,NULL),(3063,'Kodala',29,1,NULL,NULL),(3064,'Konark',29,1,NULL,NULL),(3065,'Koraput',29,1,NULL,NULL),(3066,'Kotaparh',29,1,NULL,NULL),(3067,'Lanjigarh',29,1,NULL,NULL),(3068,'Lattikata',29,1,NULL,NULL),(3069,'Makundapur',29,1,NULL,NULL),(3070,'Malkangiri',29,1,NULL,NULL),(3071,'Mukhiguda',29,1,NULL,NULL),(3072,'Nabarangpur',29,1,NULL,NULL),(3073,'Nalco',29,1,NULL,NULL),(3074,'Naurangapur',29,1,NULL,NULL),(3075,'Nayagarh',29,1,NULL,NULL),(3076,'Nilagiri',29,1,NULL,NULL),(3077,'Nimaparha',29,1,NULL,NULL),(3078,'Nuapada',29,1,NULL,NULL),(3079,'Nuapatna',29,1,NULL,NULL),(3080,'OCL Industrialship',29,1,NULL,NULL),(3081,'Padampur',29,1,NULL,NULL),(3082,'Paradip',29,1,NULL,NULL),(3083,'Paradwip',29,1,NULL,NULL),(3084,'Parlakimidi',29,1,NULL,NULL),(3085,'Patamundai',29,1,NULL,NULL),(3086,'Patnagarh',29,1,NULL,NULL),(3087,'Phulabani',29,1,NULL,NULL),(3088,'Pipili',29,1,NULL,NULL),(3089,'Polasara',29,1,NULL,NULL),(3090,'Pratapsasan',29,1,NULL,NULL),(3091,'Puri',29,1,NULL,NULL),(3092,'Purushottampur',29,1,NULL,NULL),(3093,'Rairangpur',29,1,NULL,NULL),(3094,'Raj Gangpur',29,1,NULL,NULL),(3095,'Rambha',29,1,NULL,NULL),(3096,'Raurkela',29,1,NULL,NULL),(3097,'Raurkela Civil Township',29,1,NULL,NULL),(3098,'Rayagada',29,1,NULL,NULL),(3099,'Redhakhol',29,1,NULL,NULL),(3100,'Remuna',29,1,NULL,NULL),(3101,'Rengali',29,1,NULL,NULL),(3102,'Rourkela',29,1,NULL,NULL),(3103,'Sambalpur',29,1,NULL,NULL),(3104,'Sinapali',29,1,NULL,NULL),(3105,'Sonepur',29,1,NULL,NULL),(3106,'Sorada',29,1,NULL,NULL),(3107,'Soro',29,1,NULL,NULL),(3108,'Sunabeda',29,1,NULL,NULL),(3109,'Sundargarh',29,1,NULL,NULL),(3110,'Talcher',29,1,NULL,NULL),(3111,'Talcher Thermal Power Station ',29,1,NULL,NULL),(3112,'Tarabha',29,1,NULL,NULL),(3113,'Tensa',29,1,NULL,NULL),(3114,'Titlagarh',29,1,NULL,NULL),(3115,'Udala',29,1,NULL,NULL),(3116,'Udayagiri',29,1,NULL,NULL),(3117,'Umarkot',29,1,NULL,NULL),(3118,'Vikrampur',29,1,NULL,NULL),(3119,'Ariankuppam',31,1,NULL,NULL),(3120,'Karaikal',31,1,NULL,NULL),(3121,'Kurumbapet',31,1,NULL,NULL),(3122,'Mahe',31,1,NULL,NULL),(3123,'Ozhukarai',31,1,NULL,NULL),(3124,'Pondicherry',31,1,NULL,NULL),(3125,'Villianur',31,1,NULL,NULL),(3126,'Yanam',31,1,NULL,NULL),(3127,'Abohar',32,1,NULL,NULL),(3128,'Adampur',32,1,NULL,NULL),(3129,'Ahmedgarh',32,1,NULL,NULL),(3130,'Ajnala',32,1,NULL,NULL),(3131,'Akalgarh',32,1,NULL,NULL),(3132,'Alawalpur',32,1,NULL,NULL),(3133,'Amloh',32,1,NULL,NULL),(3134,'Amritsar',32,1,NULL,NULL),(3135,'Amritsar Cantonment',32,1,NULL,NULL),(3136,'Anandpur Sahib',32,1,NULL,NULL),(3137,'Badhni Kalan',32,1,NULL,NULL),(3138,'Bagh Purana',32,1,NULL,NULL),(3139,'Balachaur',32,1,NULL,NULL),(3140,'Banaur',32,1,NULL,NULL),(3141,'Banga',32,1,NULL,NULL),(3142,'Banur',32,1,NULL,NULL),(3143,'Baretta',32,1,NULL,NULL),(3144,'Bariwala',32,1,NULL,NULL),(3145,'Barnala',32,1,NULL,NULL),(3146,'Bassi Pathana',32,1,NULL,NULL),(3147,'Batala',32,1,NULL,NULL),(3148,'Bathinda',32,1,NULL,NULL),(3149,'Begowal',32,1,NULL,NULL),(3150,'Behrampur',32,1,NULL,NULL),(3151,'Bhabat',32,1,NULL,NULL),(3152,'Bhadur',32,1,NULL,NULL),(3153,'Bhankharpur',32,1,NULL,NULL),(3154,'Bharoli Kalan',32,1,NULL,NULL),(3155,'Bhawanigarh',32,1,NULL,NULL),(3156,'Bhikhi',32,1,NULL,NULL),(3157,'Bhikhiwind',32,1,NULL,NULL),(3158,'Bhisiana',32,1,NULL,NULL),(3159,'Bhogpur',32,1,NULL,NULL),(3160,'Bhuch',32,1,NULL,NULL),(3161,'Bhulath',32,1,NULL,NULL),(3162,'Budha Theh',32,1,NULL,NULL),(3163,'Budhlada',32,1,NULL,NULL),(3164,'Chima',32,1,NULL,NULL),(3165,'Chohal',32,1,NULL,NULL),(3166,'Dasuya',32,1,NULL,NULL),(3167,'Daulatpur',32,1,NULL,NULL),(3168,'Dera Baba Nanak',32,1,NULL,NULL),(3169,'Dera Bassi',32,1,NULL,NULL),(3170,'Dhanaula',32,1,NULL,NULL),(3171,'Dharam Kot',32,1,NULL,NULL),(3172,'Dhariwal',32,1,NULL,NULL),(3173,'Dhilwan',32,1,NULL,NULL),(3174,'Dhuri',32,1,NULL,NULL),(3175,'Dinanagar',32,1,NULL,NULL),(3176,'Dirba',32,1,NULL,NULL),(3177,'Doraha',32,1,NULL,NULL),(3178,'Faridkot',32,1,NULL,NULL),(3179,'Fateh Nangal',32,1,NULL,NULL),(3180,'Fatehgarh Churian',32,1,NULL,NULL),(3181,'Fatehgarh Sahib',32,1,NULL,NULL),(3182,'Fazilka',32,1,NULL,NULL),(3183,'Firozpur',32,1,NULL,NULL),(3184,'Firozpur Cantonment',32,1,NULL,NULL),(3185,'Gardhiwala',32,1,NULL,NULL),(3186,'Garhshankar',32,1,NULL,NULL),(3187,'Ghagga',32,1,NULL,NULL),(3188,'Ghanaur',32,1,NULL,NULL),(3189,'Giddarbaha',32,1,NULL,NULL),(3190,'Gobindgarh',32,1,NULL,NULL),(3191,'Goniana',32,1,NULL,NULL),(3192,'Goraya',32,1,NULL,NULL),(3193,'Gurdaspur',32,1,NULL,NULL),(3194,'Guru Har Sahai',32,1,NULL,NULL),(3195,'Hajipur',32,1,NULL,NULL),(3196,'Handiaya',32,1,NULL,NULL),(3197,'Hariana',32,1,NULL,NULL),(3198,'Hoshiarpur',32,1,NULL,NULL),(3199,'Hussainpur',32,1,NULL,NULL),(3200,'Jagraon',32,1,NULL,NULL),(3201,'Jaitu',32,1,NULL,NULL),(3202,'Jalalabad',32,1,NULL,NULL),(3203,'Jalandhar',32,1,NULL,NULL),(3204,'Jalandhar Cantonment',32,1,NULL,NULL),(3205,'Jandiala',32,1,NULL,NULL),(3206,'Jugial',32,1,NULL,NULL),(3207,'Kalanaur',32,1,NULL,NULL),(3208,'Kapurthala',32,1,NULL,NULL),(3209,'Karoran',32,1,NULL,NULL),(3210,'Kartarpur',32,1,NULL,NULL),(3211,'Khamanon',32,1,NULL,NULL),(3212,'Khanauri',32,1,NULL,NULL),(3213,'Khanna',32,1,NULL,NULL),(3214,'Kharar',32,1,NULL,NULL),(3215,'Khem Karan',32,1,NULL,NULL),(3216,'Kot Fatta',32,1,NULL,NULL),(3217,'Kot Isa Khan',32,1,NULL,NULL),(3218,'Kot Kapura',32,1,NULL,NULL),(3219,'Kotkapura',32,1,NULL,NULL),(3220,'Kurali',32,1,NULL,NULL),(3221,'Lalru',32,1,NULL,NULL),(3222,'Lehra Gaga',32,1,NULL,NULL),(3223,'Lodhian Khas',32,1,NULL,NULL),(3224,'Longowal',32,1,NULL,NULL),(3225,'Ludhiana',32,1,NULL,NULL),(3226,'Machhiwara',32,1,NULL,NULL),(3227,'Mahilpur',32,1,NULL,NULL),(3228,'Majitha',32,1,NULL,NULL),(3229,'Makhu',32,1,NULL,NULL),(3230,'Malaut',32,1,NULL,NULL),(3231,'Malerkotla',32,1,NULL,NULL),(3232,'Maloud',32,1,NULL,NULL),(3233,'Mandi Gobindgarh',32,1,NULL,NULL),(3234,'Mansa',32,1,NULL,NULL),(3235,'Maur',32,1,NULL,NULL),(3236,'Moga',32,1,NULL,NULL),(3237,'Mohali',32,1,NULL,NULL),(3238,'Moonak',32,1,NULL,NULL),(3239,'Morinda',32,1,NULL,NULL),(3240,'Mukerian',32,1,NULL,NULL),(3241,'Muktsar',32,1,NULL,NULL),(3242,'Mullanpur Dakha',32,1,NULL,NULL),(3243,'Mullanpur Garibdas',32,1,NULL,NULL),(3244,'Munak',32,1,NULL,NULL),(3245,'Muradpura',32,1,NULL,NULL),(3246,'Nabha',32,1,NULL,NULL),(3247,'Nakodar',32,1,NULL,NULL),(3248,'Nangal',32,1,NULL,NULL),(3249,'Nawashahr',32,1,NULL,NULL),(3250,'Naya Nangal',32,1,NULL,NULL),(3251,'Nehon',32,1,NULL,NULL),(3252,'Nurmahal',32,1,NULL,NULL),(3253,'Pathankot',32,1,NULL,NULL),(3254,'Patiala',32,1,NULL,NULL),(3255,'Patti',32,1,NULL,NULL),(3256,'Pattran',32,1,NULL,NULL),(3257,'Payal',32,1,NULL,NULL),(3258,'Phagwara',32,1,NULL,NULL),(3259,'Phillaur',32,1,NULL,NULL),(3260,'Qadian',32,1,NULL,NULL),(3261,'Rahon',32,1,NULL,NULL),(3262,'Raikot',32,1,NULL,NULL),(3263,'Raja Sansi',32,1,NULL,NULL),(3264,'Rajpura',32,1,NULL,NULL),(3265,'Ram Das',32,1,NULL,NULL),(3266,'Raman',32,1,NULL,NULL),(3267,'Rampura',32,1,NULL,NULL),(3268,'Rayya',32,1,NULL,NULL),(3269,'Rupnagar',32,1,NULL,NULL),(3270,'Rurki Kasba',32,1,NULL,NULL),(3271,'Sahnewal',32,1,NULL,NULL),(3272,'Samana',32,1,NULL,NULL),(3273,'Samrala',32,1,NULL,NULL),(3274,'Sanaur',32,1,NULL,NULL),(3275,'Sangat',32,1,NULL,NULL),(3276,'Sangrur',32,1,NULL,NULL),(3277,'Sansarpur',32,1,NULL,NULL),(3278,'Sardulgarh',32,1,NULL,NULL),(3279,'Shahkot',32,1,NULL,NULL),(3280,'Sham Churasi',32,1,NULL,NULL),(3281,'Shekhpura',32,1,NULL,NULL),(3282,'Sirhind',32,1,NULL,NULL),(3283,'Sri Hargobindpur',32,1,NULL,NULL),(3284,'Sujanpur',32,1,NULL,NULL),(3285,'Sultanpur Lodhi',32,1,NULL,NULL),(3286,'Sunam',32,1,NULL,NULL),(3287,'Talwandi Bhai',32,1,NULL,NULL),(3288,'Talwara',32,1,NULL,NULL),(3289,'Tappa',32,1,NULL,NULL),(3290,'Tarn Taran',32,1,NULL,NULL),(3291,'Urmar Tanda',32,1,NULL,NULL),(3292,'Zira',32,1,NULL,NULL),(3293,'Zirakpur',32,1,NULL,NULL),(3294,'Abu Road',33,1,NULL,NULL),(3295,'Ajmer',33,1,NULL,NULL),(3296,'Aklera',33,1,NULL,NULL),(3297,'Alwar',33,1,NULL,NULL),(3298,'Amet',33,1,NULL,NULL),(3299,'Antah',33,1,NULL,NULL),(3300,'Anupgarh',33,1,NULL,NULL),(3301,'Asind',33,1,NULL,NULL),(3302,'Bagar',33,1,NULL,NULL),(3303,'Bagru',33,1,NULL,NULL),(3304,'Bahror',33,1,NULL,NULL),(3305,'Bakani',33,1,NULL,NULL),(3306,'Bali',33,1,NULL,NULL),(3307,'Balotra',33,1,NULL,NULL),(3308,'Bandikui',33,1,NULL,NULL),(3309,'Banswara',33,1,NULL,NULL),(3310,'Baran',33,1,NULL,NULL),(3311,'Bari',33,1,NULL,NULL),(3312,'Bari Sadri',33,1,NULL,NULL),(3313,'Barmer',33,1,NULL,NULL),(3314,'Basi',33,1,NULL,NULL),(3315,'Basni Belima',33,1,NULL,NULL),(3316,'Baswa',33,1,NULL,NULL),(3317,'Bayana',33,1,NULL,NULL),(3318,'Beawar',33,1,NULL,NULL),(3319,'Begun',33,1,NULL,NULL),(3320,'Bhadasar',33,1,NULL,NULL),(3321,'Bhadra',33,1,NULL,NULL),(3322,'Bhalariya',33,1,NULL,NULL),(3323,'Bharatpur',33,1,NULL,NULL),(3324,'Bhasawar',33,1,NULL,NULL),(3325,'Bhawani Mandi',33,1,NULL,NULL),(3326,'Bhawri',33,1,NULL,NULL),(3327,'Bhilwara',33,1,NULL,NULL),(3328,'Bhindar',33,1,NULL,NULL),(3329,'Bhinmal',33,1,NULL,NULL),(3330,'Bhiwadi',33,1,NULL,NULL),(3331,'Bijoliya Kalan',33,1,NULL,NULL),(3332,'Bikaner',33,1,NULL,NULL),(3333,'Bilara',33,1,NULL,NULL),(3334,'Bissau',33,1,NULL,NULL),(3335,'Borkhera',33,1,NULL,NULL),(3336,'Budhpura',33,1,NULL,NULL),(3337,'Bundi',33,1,NULL,NULL),(3338,'Chatsu',33,1,NULL,NULL),(3339,'Chechat',33,1,NULL,NULL),(3340,'Chhabra',33,1,NULL,NULL),(3341,'Chhapar',33,1,NULL,NULL),(3342,'Chhipa Barod',33,1,NULL,NULL),(3343,'Chhoti Sadri',33,1,NULL,NULL),(3344,'Chirawa',33,1,NULL,NULL),(3345,'Chittaurgarh',33,1,NULL,NULL),(3346,'Chittorgarh',33,1,NULL,NULL),(3347,'Chomun',33,1,NULL,NULL),(3348,'Churu',33,1,NULL,NULL),(3349,'Daosa',33,1,NULL,NULL),(3350,'Dariba',33,1,NULL,NULL),(3351,'Dausa',33,1,NULL,NULL),(3352,'Deoli',33,1,NULL,NULL),(3353,'Deshnok',33,1,NULL,NULL),(3354,'Devgarh',33,1,NULL,NULL),(3355,'Devli',33,1,NULL,NULL),(3356,'Dhariawad',33,1,NULL,NULL),(3357,'Dhaulpur',33,1,NULL,NULL),(3358,'Dholpur',33,1,NULL,NULL),(3359,'Didwana',33,1,NULL,NULL),(3360,'Dig',33,1,NULL,NULL),(3361,'Dungargarh',33,1,NULL,NULL),(3362,'Dungarpur',33,1,NULL,NULL),(3363,'Falna',33,1,NULL,NULL),(3364,'Fatehnagar',33,1,NULL,NULL),(3365,'Fatehpur',33,1,NULL,NULL),(3366,'Gajsinghpur',33,1,NULL,NULL),(3367,'Galiakot',33,1,NULL,NULL),(3368,'Ganganagar',33,1,NULL,NULL),(3369,'Gangapur',33,1,NULL,NULL),(3370,'Goredi Chancha',33,1,NULL,NULL),(3371,'Gothra',33,1,NULL,NULL),(3372,'Govindgarh',33,1,NULL,NULL),(3373,'Gulabpura',33,1,NULL,NULL),(3374,'Hanumangarh',33,1,NULL,NULL),(3375,'Hindaun',33,1,NULL,NULL),(3376,'Indragarh',33,1,NULL,NULL),(3377,'Jahazpur',33,1,NULL,NULL),(3378,'Jaipur',33,1,NULL,NULL),(3379,'Jaisalmer',33,1,NULL,NULL),(3380,'Jaiselmer',33,1,NULL,NULL),(3381,'Jaitaran',33,1,NULL,NULL),(3382,'Jalore',33,1,NULL,NULL),(3383,'Jhalawar',33,1,NULL,NULL),(3384,'Jhalrapatan',33,1,NULL,NULL),(3385,'Jhunjhunun',33,1,NULL,NULL),(3386,'Jobner',33,1,NULL,NULL),(3387,'Jodhpur',33,1,NULL,NULL),(3388,'Kaithun',33,1,NULL,NULL),(3389,'Kaman',33,1,NULL,NULL),(3390,'Kankroli',33,1,NULL,NULL),(3391,'Kanor',33,1,NULL,NULL),(3392,'Kapasan',33,1,NULL,NULL),(3393,'Kaprain',33,1,NULL,NULL),(3394,'Karanpura',33,1,NULL,NULL),(3395,'Karauli',33,1,NULL,NULL),(3396,'Kekri',33,1,NULL,NULL),(3397,'Keshorai Patan',33,1,NULL,NULL),(3398,'Kesrisinghpur',33,1,NULL,NULL),(3399,'Khairthal',33,1,NULL,NULL),(3400,'Khandela',33,1,NULL,NULL),(3401,'Khanpur',33,1,NULL,NULL),(3402,'Kherli',33,1,NULL,NULL),(3403,'Kherliganj',33,1,NULL,NULL),(3404,'Kherwara Chhaoni',33,1,NULL,NULL),(3405,'Khetri',33,1,NULL,NULL),(3406,'Kiranipura',33,1,NULL,NULL),(3407,'Kishangarh',33,1,NULL,NULL),(3408,'Kishangarh Ranwal',33,1,NULL,NULL),(3409,'Kolvi Rajendrapura',33,1,NULL,NULL),(3410,'Kot Putli',33,1,NULL,NULL),(3411,'Kota',33,1,NULL,NULL),(3412,'Kuchaman',33,1,NULL,NULL),(3413,'Kuchera',33,1,NULL,NULL),(3414,'Kumbhalgarh',33,1,NULL,NULL),(3415,'Kumbhkot',33,1,NULL,NULL),(3416,'Kumher',33,1,NULL,NULL),(3417,'Kushalgarh',33,1,NULL,NULL),(3418,'Lachhmangarh',33,1,NULL,NULL),(3419,'Ladnun',33,1,NULL,NULL),(3420,'Lakheri',33,1,NULL,NULL),(3421,'Lalsot',33,1,NULL,NULL),(3422,'Losal',33,1,NULL,NULL),(3423,'Madanganj',33,1,NULL,NULL),(3424,'Mahu Kalan',33,1,NULL,NULL),(3425,'Mahwa',33,1,NULL,NULL),(3426,'Makrana',33,1,NULL,NULL),(3427,'Malpura',33,1,NULL,NULL),(3428,'Mandal',33,1,NULL,NULL),(3429,'Mandalgarh',33,1,NULL,NULL),(3430,'Mandawar',33,1,NULL,NULL),(3431,'Mandwa',33,1,NULL,NULL),(3432,'Mangrol',33,1,NULL,NULL),(3433,'Manohar Thana',33,1,NULL,NULL),(3434,'Manoharpur',33,1,NULL,NULL),(3435,'Marwar',33,1,NULL,NULL),(3436,'Merta',33,1,NULL,NULL),(3437,'Modak',33,1,NULL,NULL),(3438,'Mount Abu',33,1,NULL,NULL),(3439,'Mukandgarh',33,1,NULL,NULL),(3440,'Mundwa',33,1,NULL,NULL),(3441,'Nadbai',33,1,NULL,NULL),(3442,'Naenwa',33,1,NULL,NULL),(3443,'Nagar',33,1,NULL,NULL),(3444,'Nagaur',33,1,NULL,NULL),(3445,'Napasar',33,1,NULL,NULL),(3446,'Naraina',33,1,NULL,NULL),(3447,'Nasirabad',33,1,NULL,NULL),(3448,'Nathdwara',33,1,NULL,NULL),(3449,'Nawa',33,1,NULL,NULL),(3450,'Nawalgarh',33,1,NULL,NULL),(3451,'Neem Ka Thana',33,1,NULL,NULL),(3452,'Neemrana',33,1,NULL,NULL),(3453,'Newa Talai',33,1,NULL,NULL),(3454,'Nimaj',33,1,NULL,NULL),(3455,'Nimbahera',33,1,NULL,NULL),(3456,'Niwai',33,1,NULL,NULL),(3457,'Nohar',33,1,NULL,NULL),(3458,'Nokha',33,1,NULL,NULL),(3459,'One SGM',33,1,NULL,NULL),(3460,'Padampur',33,1,NULL,NULL),(3461,'Pali',33,1,NULL,NULL),(3462,'Partapur',33,1,NULL,NULL),(3463,'Parvatsar',33,1,NULL,NULL),(3464,'Pasoond',33,1,NULL,NULL),(3465,'Phalna',33,1,NULL,NULL),(3466,'Phalodi',33,1,NULL,NULL),(3467,'Phulera',33,1,NULL,NULL),(3468,'Pilani',33,1,NULL,NULL),(3469,'Pilibanga',33,1,NULL,NULL),(3470,'Pindwara',33,1,NULL,NULL),(3471,'Pipalia Kalan',33,1,NULL,NULL),(3472,'Pipar',33,1,NULL,NULL),(3473,'Pirawa',33,1,NULL,NULL),(3474,'Pokaran',33,1,NULL,NULL),(3475,'Pratapgarh',33,1,NULL,NULL),(3476,'Pushkar',33,1,NULL,NULL),(3477,'Raipur',33,1,NULL,NULL),(3478,'Raisinghnagar',33,1,NULL,NULL),(3479,'Rajakhera',33,1,NULL,NULL),(3480,'Rajaldesar',33,1,NULL,NULL),(3481,'Rajgarh',33,1,NULL,NULL),(3482,'Rajsamand',33,1,NULL,NULL),(3483,'Ramganj Mandi',33,1,NULL,NULL),(3484,'Ramgarh',33,1,NULL,NULL),(3485,'Rani',33,1,NULL,NULL),(3486,'Raniwara',33,1,NULL,NULL),(3487,'Ratan Nagar',33,1,NULL,NULL),(3488,'Ratangarh',33,1,NULL,NULL),(3489,'Rawatbhata',33,1,NULL,NULL),(3490,'Rawatsar',33,1,NULL,NULL),(3491,'Rikhabdev',33,1,NULL,NULL),(3492,'Ringas',33,1,NULL,NULL),(3493,'Sadri',33,1,NULL,NULL),(3494,'Sadulshahar',33,1,NULL,NULL),(3495,'Sagwara',33,1,NULL,NULL),(3496,'Salumbar',33,1,NULL,NULL),(3497,'Sambhar',33,1,NULL,NULL),(3498,'Samdari',33,1,NULL,NULL),(3499,'Sanchor',33,1,NULL,NULL),(3500,'Sangariya',33,1,NULL,NULL),(3501,'Sangod',33,1,NULL,NULL),(3502,'Sardarshahr',33,1,NULL,NULL),(3503,'Sarwar',33,1,NULL,NULL),(3504,'Satal Kheri',33,1,NULL,NULL),(3505,'Sawai Madhopur',33,1,NULL,NULL),(3506,'Sewan Kalan',33,1,NULL,NULL),(3507,'Shahpura',33,1,NULL,NULL),(3508,'Sheoganj',33,1,NULL,NULL),(3509,'Sikar',33,1,NULL,NULL),(3510,'Sirohi',33,1,NULL,NULL),(3511,'Siwana',33,1,NULL,NULL),(3512,'Sogariya',33,1,NULL,NULL),(3513,'Sojat',33,1,NULL,NULL),(3514,'Sojat Road',33,1,NULL,NULL),(3515,'Sri Madhopur',33,1,NULL,NULL),(3516,'Sriganganagar',33,1,NULL,NULL),(3517,'Sujangarh',33,1,NULL,NULL),(3518,'Suket',33,1,NULL,NULL),(3519,'Sumerpur',33,1,NULL,NULL),(3520,'Sunel',33,1,NULL,NULL),(3521,'Surajgarh',33,1,NULL,NULL),(3522,'Suratgarh',33,1,NULL,NULL),(3523,'Swaroopganj',33,1,NULL,NULL),(3524,'Takhatgarh',33,1,NULL,NULL),(3525,'Taranagar',33,1,NULL,NULL),(3526,'Three STR',33,1,NULL,NULL),(3527,'Tijara',33,1,NULL,NULL),(3528,'Toda Bhim',33,1,NULL,NULL),(3529,'Toda Raisingh',33,1,NULL,NULL),(3530,'Todra',33,1,NULL,NULL),(3531,'Tonk',33,1,NULL,NULL),(3532,'Udaipur',33,1,NULL,NULL),(3533,'Udpura',33,1,NULL,NULL),(3534,'Uniara',33,1,NULL,NULL),(3535,'Vanasthali',33,1,NULL,NULL),(3536,'Vidyavihar',33,1,NULL,NULL),(3537,'Vijainagar',33,1,NULL,NULL),(3538,'Viratnagar',33,1,NULL,NULL),(3539,'Wer',33,1,NULL,NULL),(3540,'Gangtok',34,1,NULL,NULL),(3541,'Gezing',34,1,NULL,NULL),(3542,'Jorethang',34,1,NULL,NULL),(3543,'Mangan',34,1,NULL,NULL),(3544,'Namchi',34,1,NULL,NULL),(3545,'Naya Bazar',34,1,NULL,NULL),(3546,'No City',34,1,NULL,NULL),(3547,'Rangpo',34,1,NULL,NULL),(3548,'Sikkim',34,1,NULL,NULL),(3549,'Singtam',34,1,NULL,NULL),(3550,'Upper Tadong',34,1,NULL,NULL),(3551,'Abiramam',35,1,NULL,NULL),(3552,'Achampudur',35,1,NULL,NULL),(3553,'Acharapakkam',35,1,NULL,NULL),(3554,'Acharipallam',35,1,NULL,NULL),(3555,'Achipatti',35,1,NULL,NULL),(3556,'Adikaratti',35,1,NULL,NULL),(3557,'Adiramapattinam',35,1,NULL,NULL),(3558,'Aduturai',35,1,NULL,NULL),(3559,'Adyar',35,1,NULL,NULL),(3560,'Agaram',35,1,NULL,NULL),(3561,'Agasthiswaram',35,1,NULL,NULL),(3562,'Akkaraipettai',35,1,NULL,NULL),(3563,'Alagappapuram',35,1,NULL,NULL),(3564,'Alagapuri',35,1,NULL,NULL),(3565,'Alampalayam',35,1,NULL,NULL),(3566,'Alandur',35,1,NULL,NULL),(3567,'Alanganallur',35,1,NULL,NULL),(3568,'Alangayam',35,1,NULL,NULL),(3569,'Alangudi',35,1,NULL,NULL),(3570,'Alangulam',35,1,NULL,NULL),(3571,'Alanthurai',35,1,NULL,NULL),(3572,'Alapakkam',35,1,NULL,NULL),(3573,'Allapuram',35,1,NULL,NULL),(3574,'Alur',35,1,NULL,NULL),(3575,'Alwar Tirunagari',35,1,NULL,NULL),(3576,'Alwarkurichi',35,1,NULL,NULL),(3577,'Ambasamudram',35,1,NULL,NULL),(3578,'Ambur',35,1,NULL,NULL),(3579,'Ammainaickanur',35,1,NULL,NULL),(3580,'Ammaparikuppam',35,1,NULL,NULL),(3581,'Ammapettai',35,1,NULL,NULL),(3582,'Ammavarikuppam',35,1,NULL,NULL),(3583,'Ammur',35,1,NULL,NULL),(3584,'Anaimalai',35,1,NULL,NULL),(3585,'Anaiyur',35,1,NULL,NULL),(3586,'Anakaputhur',35,1,NULL,NULL),(3587,'Ananthapuram',35,1,NULL,NULL),(3588,'Andanappettai',35,1,NULL,NULL),(3589,'Andipalayam',35,1,NULL,NULL),(3590,'Andippatti',35,1,NULL,NULL),(3591,'Anjugramam',35,1,NULL,NULL),(3592,'Annamalainagar',35,1,NULL,NULL),(3593,'Annavasal',35,1,NULL,NULL),(3594,'Annur',35,1,NULL,NULL),(3595,'Anthiyur',35,1,NULL,NULL),(3596,'Appakudal',35,1,NULL,NULL),(3597,'Arachalur',35,1,NULL,NULL),(3598,'Arakandanallur',35,1,NULL,NULL),(3599,'Arakonam',35,1,NULL,NULL),(3600,'Aralvaimozhi',35,1,NULL,NULL),(3601,'Arani',35,1,NULL,NULL),(3602,'Arani Road',35,1,NULL,NULL),(3603,'Arantangi',35,1,NULL,NULL),(3604,'Arasiramani',35,1,NULL,NULL),(3605,'Aravakurichi',35,1,NULL,NULL),(3606,'Aravankadu',35,1,NULL,NULL),(3607,'Arcot',35,1,NULL,NULL),(3608,'Arimalam',35,1,NULL,NULL),(3609,'Ariyalur',35,1,NULL,NULL),(3610,'Ariyappampalayam',35,1,NULL,NULL),(3611,'Ariyur',35,1,NULL,NULL),(3612,'Arni',35,1,NULL,NULL),(3613,'Arulmigu Thirumuruganpundi',35,1,NULL,NULL),(3614,'Arumanai',35,1,NULL,NULL),(3615,'Arumbavur',35,1,NULL,NULL),(3616,'Arumuganeri',35,1,NULL,NULL),(3617,'Aruppukkottai',35,1,NULL,NULL),(3618,'Ashokapuram',35,1,NULL,NULL),(3619,'Athani',35,1,NULL,NULL),(3620,'Athanur',35,1,NULL,NULL),(3621,'Athimarapatti',35,1,NULL,NULL),(3622,'Athipattu',35,1,NULL,NULL),(3623,'Athur',35,1,NULL,NULL),(3624,'Attayyampatti',35,1,NULL,NULL),(3625,'Attur',35,1,NULL,NULL),(3626,'Auroville',35,1,NULL,NULL),(3627,'Avadattur',35,1,NULL,NULL),(3628,'Avadi',35,1,NULL,NULL),(3629,'Avalpundurai',35,1,NULL,NULL),(3630,'Avaniapuram',35,1,NULL,NULL),(3631,'Avinashi',35,1,NULL,NULL),(3632,'Ayakudi',35,1,NULL,NULL),(3633,'Ayanadaippu',35,1,NULL,NULL),(3634,'Aygudi',35,1,NULL,NULL),(3635,'Ayothiapattinam',35,1,NULL,NULL),(3636,'Ayyalur',35,1,NULL,NULL),(3637,'Ayyampalayam',35,1,NULL,NULL),(3638,'Ayyampettai',35,1,NULL,NULL),(3639,'Azhagiapandiapuram',35,1,NULL,NULL),(3640,'Balakrishnampatti',35,1,NULL,NULL),(3641,'Balakrishnapuram',35,1,NULL,NULL),(3642,'Balapallam',35,1,NULL,NULL),(3643,'Balasamudram',35,1,NULL,NULL),(3644,'Bargur',35,1,NULL,NULL),(3645,'Belur',35,1,NULL,NULL),(3646,'Berhatty',35,1,NULL,NULL),(3647,'Bhavani',35,1,NULL,NULL),(3648,'Bhawanisagar',35,1,NULL,NULL),(3649,'Bhuvanagiri',35,1,NULL,NULL),(3650,'Bikketti',35,1,NULL,NULL),(3651,'Bodinayakkanur',35,1,NULL,NULL),(3652,'Brahmana Periya Agraharam',35,1,NULL,NULL),(3653,'Buthapandi',35,1,NULL,NULL),(3654,'Buthipuram',35,1,NULL,NULL),(3655,'Chatrapatti',35,1,NULL,NULL),(3656,'Chembarambakkam',35,1,NULL,NULL),(3657,'Chengalpattu',35,1,NULL,NULL),(3658,'Chengam',35,1,NULL,NULL),(3659,'Chennai',35,1,NULL,NULL),(3660,'Chennasamudram',35,1,NULL,NULL),(3661,'Chennimalai',35,1,NULL,NULL),(3662,'Cheranmadevi',35,1,NULL,NULL),(3663,'Cheruvanki',35,1,NULL,NULL),(3664,'Chetpet',35,1,NULL,NULL),(3665,'Chettiarpatti',35,1,NULL,NULL),(3666,'Chettipalaiyam',35,1,NULL,NULL),(3667,'Chettipalayam Cantonment',35,1,NULL,NULL),(3668,'Chettithangal',35,1,NULL,NULL),(3669,'Cheyur',35,1,NULL,NULL),(3670,'Cheyyar',35,1,NULL,NULL),(3671,'Chidambaram',35,1,NULL,NULL),(3672,'Chinalapatti',35,1,NULL,NULL),(3673,'Chinna Anuppanadi',35,1,NULL,NULL),(3674,'Chinna Salem',35,1,NULL,NULL),(3675,'Chinnakkampalayam',35,1,NULL,NULL),(3676,'Chinnammanur',35,1,NULL,NULL),(3677,'Chinnampalaiyam',35,1,NULL,NULL),(3678,'Chinnasekkadu',35,1,NULL,NULL),(3679,'Chinnavedampatti',35,1,NULL,NULL),(3680,'Chitlapakkam',35,1,NULL,NULL),(3681,'Chittodu',35,1,NULL,NULL),(3682,'Cholapuram',35,1,NULL,NULL),(3683,'Coimbatore',35,1,NULL,NULL),(3684,'Coonoor',35,1,NULL,NULL),(3685,'Courtalam',35,1,NULL,NULL),(3686,'Cuddalore',35,1,NULL,NULL),(3687,'Dalavaipatti',35,1,NULL,NULL),(3688,'Darasuram',35,1,NULL,NULL),(3689,'Denkanikottai',35,1,NULL,NULL),(3690,'Desur',35,1,NULL,NULL),(3691,'Devadanapatti',35,1,NULL,NULL),(3692,'Devakkottai',35,1,NULL,NULL),(3693,'Devakottai',35,1,NULL,NULL),(3694,'Devanangurichi',35,1,NULL,NULL),(3695,'Devarshola',35,1,NULL,NULL),(3696,'Devasthanam',35,1,NULL,NULL),(3697,'Dhalavoipuram',35,1,NULL,NULL),(3698,'Dhali',35,1,NULL,NULL),(3699,'Dhaliyur',35,1,NULL,NULL),(3700,'Dharapadavedu',35,1,NULL,NULL),(3701,'Dharapuram',35,1,NULL,NULL),(3702,'Dharmapuri',35,1,NULL,NULL),(3703,'Dindigul',35,1,NULL,NULL),(3704,'Dusi',35,1,NULL,NULL),(3705,'Edaganasalai',35,1,NULL,NULL),(3706,'Edaikodu',35,1,NULL,NULL),(3707,'Edakalinadu',35,1,NULL,NULL),(3708,'Elathur',35,1,NULL,NULL),(3709,'Elayirampannai',35,1,NULL,NULL),(3710,'Elumalai',35,1,NULL,NULL),(3711,'Eral',35,1,NULL,NULL),(3712,'Eraniel',35,1,NULL,NULL),(3713,'Eriodu',35,1,NULL,NULL),(3714,'Erode',35,1,NULL,NULL),(3715,'Erumaipatti',35,1,NULL,NULL),(3716,'Eruvadi',35,1,NULL,NULL),(3717,'Ethapur',35,1,NULL,NULL),(3718,'Ettaiyapuram',35,1,NULL,NULL),(3719,'Ettimadai',35,1,NULL,NULL),(3720,'Ezhudesam',35,1,NULL,NULL),(3721,'Ganapathipuram',35,1,NULL,NULL),(3722,'Gandhi Nagar',35,1,NULL,NULL),(3723,'Gangaikondan',35,1,NULL,NULL),(3724,'Gangavalli',35,1,NULL,NULL),(3725,'Ganguvarpatti',35,1,NULL,NULL),(3726,'Gingi',35,1,NULL,NULL),(3727,'Gopalasamudram',35,1,NULL,NULL),(3728,'Gopichettipalaiyam',35,1,NULL,NULL),(3729,'Gudalur',35,1,NULL,NULL),(3730,'Gudiyattam',35,1,NULL,NULL),(3731,'Guduvanchery',35,1,NULL,NULL),(3732,'Gummidipoondi',35,1,NULL,NULL),(3733,'Hanumanthampatti',35,1,NULL,NULL),(3734,'Harur',35,1,NULL,NULL),(3735,'Harveypatti',35,1,NULL,NULL),(3736,'Highways',35,1,NULL,NULL),(3737,'Hosur',35,1,NULL,NULL),(3738,'Hubbathala',35,1,NULL,NULL),(3739,'Huligal',35,1,NULL,NULL),(3740,'Idappadi',35,1,NULL,NULL),(3741,'Idikarai',35,1,NULL,NULL),(3742,'Ilampillai',35,1,NULL,NULL),(3743,'Ilanji',35,1,NULL,NULL),(3744,'Iluppaiyurani',35,1,NULL,NULL),(3745,'Iluppur',35,1,NULL,NULL),(3746,'Inam Karur',35,1,NULL,NULL),(3747,'Injambakkam',35,1,NULL,NULL),(3748,'Irugur',35,1,NULL,NULL),(3749,'Jaffrabad',35,1,NULL,NULL),(3750,'Jagathala',35,1,NULL,NULL),(3751,'Jalakandapuram',35,1,NULL,NULL),(3752,'Jalladiampet',35,1,NULL,NULL),(3753,'Jambai',35,1,NULL,NULL),(3754,'Jayankondam',35,1,NULL,NULL),(3755,'Jolarpet',35,1,NULL,NULL),(3756,'Kadambur',35,1,NULL,NULL),(3757,'Kadathur',35,1,NULL,NULL),(3758,'Kadayal',35,1,NULL,NULL),(3759,'Kadayampatti',35,1,NULL,NULL),(3760,'Kadayanallur',35,1,NULL,NULL),(3761,'Kadiapatti',35,1,NULL,NULL),(3762,'Kalakkad',35,1,NULL,NULL),(3763,'Kalambur',35,1,NULL,NULL),(3764,'Kalapatti',35,1,NULL,NULL),(3765,'Kalappanaickenpatti',35,1,NULL,NULL),(3766,'Kalavai',35,1,NULL,NULL),(3767,'Kalinjur',35,1,NULL,NULL),(3768,'Kaliyakkavilai',35,1,NULL,NULL),(3769,'Kallakkurichi',35,1,NULL,NULL),(3770,'Kallakudi',35,1,NULL,NULL),(3771,'Kallidaikurichchi',35,1,NULL,NULL),(3772,'Kallukuttam',35,1,NULL,NULL),(3773,'Kallupatti',35,1,NULL,NULL),(3774,'Kalpakkam',35,1,NULL,NULL),(3775,'Kalugumalai',35,1,NULL,NULL),(3776,'Kamayagoundanpatti',35,1,NULL,NULL),(3777,'Kambainallur',35,1,NULL,NULL),(3778,'Kambam',35,1,NULL,NULL),(3779,'Kamuthi',35,1,NULL,NULL),(3780,'Kanadukathan',35,1,NULL,NULL),(3781,'Kanakkampalayam',35,1,NULL,NULL),(3782,'Kanam',35,1,NULL,NULL),(3783,'Kanchipuram',35,1,NULL,NULL),(3784,'Kandanur',35,1,NULL,NULL),(3785,'Kangayam',35,1,NULL,NULL),(3786,'Kangayampalayam',35,1,NULL,NULL),(3787,'Kangeyanallur',35,1,NULL,NULL),(3788,'Kaniyur',35,1,NULL,NULL),(3789,'Kanjikoil',35,1,NULL,NULL),(3790,'Kannadendal',35,1,NULL,NULL),(3791,'Kannamangalam',35,1,NULL,NULL),(3792,'Kannampalayam',35,1,NULL,NULL),(3793,'Kannankurichi',35,1,NULL,NULL),(3794,'Kannapalaiyam',35,1,NULL,NULL),(3795,'Kannivadi',35,1,NULL,NULL),(3796,'Kanyakumari',35,1,NULL,NULL),(3797,'Kappiyarai',35,1,NULL,NULL),(3798,'Karaikkudi',35,1,NULL,NULL),(3799,'Karamadai',35,1,NULL,NULL),(3800,'Karambakkam',35,1,NULL,NULL),(3801,'Karambakkudi',35,1,NULL,NULL),(3802,'Kariamangalam',35,1,NULL,NULL),(3803,'Kariapatti',35,1,NULL,NULL),(3804,'Karugampattur',35,1,NULL,NULL),(3805,'Karumandi Chellipalayam',35,1,NULL,NULL),(3806,'Karumathampatti',35,1,NULL,NULL),(3807,'Karumbakkam',35,1,NULL,NULL),(3808,'Karungal',35,1,NULL,NULL),(3809,'Karunguzhi',35,1,NULL,NULL),(3810,'Karuppur',35,1,NULL,NULL),(3811,'Karur',35,1,NULL,NULL),(3812,'Kasipalaiyam',35,1,NULL,NULL),(3813,'Kasipalayam G',35,1,NULL,NULL),(3814,'Kathirvedu',35,1,NULL,NULL),(3815,'Kathujuganapalli',35,1,NULL,NULL),(3816,'Katpadi',35,1,NULL,NULL),(3817,'Kattivakkam',35,1,NULL,NULL),(3818,'Kattumannarkoil',35,1,NULL,NULL),(3819,'Kattupakkam',35,1,NULL,NULL),(3820,'Kattuputhur',35,1,NULL,NULL),(3821,'Kaveripakkam',35,1,NULL,NULL),(3822,'Kaveripattinam',35,1,NULL,NULL),(3823,'Kavundampalaiyam',35,1,NULL,NULL),(3824,'Kavundampalayam',35,1,NULL,NULL),(3825,'Kayalpattinam',35,1,NULL,NULL),(3826,'Kayattar',35,1,NULL,NULL),(3827,'Kelamangalam',35,1,NULL,NULL),(3828,'Kelambakkam',35,1,NULL,NULL),(3829,'Kembainaickenpalayam',35,1,NULL,NULL),(3830,'Kethi',35,1,NULL,NULL),(3831,'Kilakarai',35,1,NULL,NULL),(3832,'Kilampadi',35,1,NULL,NULL),(3833,'Kilkulam',35,1,NULL,NULL),(3834,'Kilkunda',35,1,NULL,NULL),(3835,'Killiyur',35,1,NULL,NULL),(3836,'Killlai',35,1,NULL,NULL),(3837,'Kilpennathur',35,1,NULL,NULL),(3838,'Kilvelur',35,1,NULL,NULL),(3839,'Kinathukadavu',35,1,NULL,NULL),(3840,'Kiramangalam',35,1,NULL,NULL),(3841,'Kiranur',35,1,NULL,NULL),(3842,'Kiripatti',35,1,NULL,NULL),(3843,'Kizhapavur',35,1,NULL,NULL),(3844,'Kmarasamipatti',35,1,NULL,NULL),(3845,'Kochadai',35,1,NULL,NULL),(3846,'Kodaikanal',35,1,NULL,NULL),(3847,'Kodambakkam',35,1,NULL,NULL),(3848,'Kodavasal',35,1,NULL,NULL),(3849,'Kodumudi',35,1,NULL,NULL),(3850,'Kolachal',35,1,NULL,NULL),(3851,'Kolappalur',35,1,NULL,NULL),(3852,'Kolathupalayam',35,1,NULL,NULL),(3853,'Kolathur',35,1,NULL,NULL),(3854,'Kollankodu',35,1,NULL,NULL),(3855,'Kollankoil',35,1,NULL,NULL),(3856,'Komaralingam',35,1,NULL,NULL),(3857,'Komarapalayam',35,1,NULL,NULL),(3858,'Kombai',35,1,NULL,NULL),(3859,'Konakkarai',35,1,NULL,NULL),(3860,'Konavattam',35,1,NULL,NULL),(3861,'Kondalampatti',35,1,NULL,NULL),(3862,'Konganapuram',35,1,NULL,NULL),(3863,'Koradacheri',35,1,NULL,NULL),(3864,'Korampallam',35,1,NULL,NULL),(3865,'Kotagiri',35,1,NULL,NULL),(3866,'Kothinallur',35,1,NULL,NULL),(3867,'Kottaiyur',35,1,NULL,NULL),(3868,'Kottakuppam',35,1,NULL,NULL),(3869,'Kottaram',35,1,NULL,NULL),(3870,'Kottivakkam',35,1,NULL,NULL),(3871,'Kottur',35,1,NULL,NULL),(3872,'Kovilpatti',35,1,NULL,NULL),(3873,'Koyampattur',35,1,NULL,NULL),(3874,'Krishnagiri',35,1,NULL,NULL),(3875,'Krishnarayapuram',35,1,NULL,NULL),(3876,'Krishnasamudram',35,1,NULL,NULL),(3877,'Kuchanur',35,1,NULL,NULL),(3878,'Kuhalur',35,1,NULL,NULL),(3879,'Kulasekarappattinam',35,1,NULL,NULL),(3880,'Kulasekarapuram',35,1,NULL,NULL),(3881,'Kulithalai',35,1,NULL,NULL),(3882,'Kumarapalaiyam',35,1,NULL,NULL),(3883,'Kumarapalayam',35,1,NULL,NULL),(3884,'Kumarapuram',35,1,NULL,NULL),(3885,'Kumbakonam',35,1,NULL,NULL),(3886,'Kundrathur',35,1,NULL,NULL),(3887,'Kuniyamuthur',35,1,NULL,NULL),(3888,'Kunnathur',35,1,NULL,NULL),(3889,'Kunur',35,1,NULL,NULL),(3890,'Kuraikundu',35,1,NULL,NULL),(3891,'Kurichi',35,1,NULL,NULL),(3892,'Kurinjippadi',35,1,NULL,NULL),(3893,'Kurudampalaiyam',35,1,NULL,NULL),(3894,'Kurumbalur',35,1,NULL,NULL),(3895,'Kuthalam',35,1,NULL,NULL),(3896,'Kuthappar',35,1,NULL,NULL),(3897,'Kuttalam',35,1,NULL,NULL),(3898,'Kuttanallur',35,1,NULL,NULL),(3899,'Kuzhithurai',35,1,NULL,NULL),(3900,'Labbaikudikadu',35,1,NULL,NULL),(3901,'Lakkampatti',35,1,NULL,NULL),(3902,'Lalgudi',35,1,NULL,NULL),(3903,'Lalpet',35,1,NULL,NULL),(3904,'Llayangudi',35,1,NULL,NULL),(3905,'Madambakkam',35,1,NULL,NULL),(3906,'Madanur',35,1,NULL,NULL),(3907,'Madathukulam',35,1,NULL,NULL),(3908,'Madhavaram',35,1,NULL,NULL),(3909,'Madippakkam',35,1,NULL,NULL),(3910,'Madukkarai',35,1,NULL,NULL),(3911,'Madukkur',35,1,NULL,NULL),(3912,'Madurai',35,1,NULL,NULL),(3913,'Maduranthakam',35,1,NULL,NULL),(3914,'Maduravoyal',35,1,NULL,NULL),(3915,'Mahabalipuram',35,1,NULL,NULL),(3916,'Makkinanpatti',35,1,NULL,NULL),(3917,'Mallamuppampatti',35,1,NULL,NULL),(3918,'Mallankinaru',35,1,NULL,NULL),(3919,'Mallapuram',35,1,NULL,NULL),(3920,'Mallasamudram',35,1,NULL,NULL),(3921,'Mallur',35,1,NULL,NULL),(3922,'Mamallapuram',35,1,NULL,NULL),(3923,'Mamsapuram',35,1,NULL,NULL),(3924,'Manachanallur',35,1,NULL,NULL),(3925,'Manali',35,1,NULL,NULL),(3926,'Manalmedu',35,1,NULL,NULL),(3927,'Manalurpet',35,1,NULL,NULL),(3928,'Manamadurai',35,1,NULL,NULL),(3929,'Manapakkam',35,1,NULL,NULL),(3930,'Manapparai',35,1,NULL,NULL),(3931,'Manavalakurichi',35,1,NULL,NULL),(3932,'Mandaikadu',35,1,NULL,NULL),(3933,'Mandapam',35,1,NULL,NULL),(3934,'Mangadu',35,1,NULL,NULL),(3935,'Mangalam',35,1,NULL,NULL),(3936,'Mangalampet',35,1,NULL,NULL),(3937,'Manimutharu',35,1,NULL,NULL),(3938,'Mannargudi',35,1,NULL,NULL),(3939,'Mappilaiurani',35,1,NULL,NULL),(3940,'Maraimalai Nagar',35,1,NULL,NULL),(3941,'Marakkanam',35,1,NULL,NULL),(3942,'Maramangalathupatti',35,1,NULL,NULL),(3943,'Marandahalli',35,1,NULL,NULL),(3944,'Markayankottai',35,1,NULL,NULL),(3945,'Marudur',35,1,NULL,NULL),(3946,'Marungur',35,1,NULL,NULL),(3947,'Masinigudi',35,1,NULL,NULL),(3948,'Mathigiri',35,1,NULL,NULL),(3949,'Mattur',35,1,NULL,NULL),(3950,'Mayiladuthurai',35,1,NULL,NULL),(3951,'Mecheri',35,1,NULL,NULL),(3952,'Melacheval',35,1,NULL,NULL),(3953,'Melachokkanathapuram',35,1,NULL,NULL),(3954,'Melagaram',35,1,NULL,NULL),(3955,'Melamadai',35,1,NULL,NULL),(3956,'Melamaiyur',35,1,NULL,NULL),(3957,'Melanattam',35,1,NULL,NULL),(3958,'Melathiruppanthuruthi',35,1,NULL,NULL),(3959,'Melattur',35,1,NULL,NULL),(3960,'Melmananbedu',35,1,NULL,NULL),(3961,'Melpattampakkam',35,1,NULL,NULL),(3962,'Melur',35,1,NULL,NULL),(3963,'Melvisharam',35,1,NULL,NULL),(3964,'Mettupalayam',35,1,NULL,NULL),(3965,'Mettur',35,1,NULL,NULL),(3966,'Meyyanur',35,1,NULL,NULL),(3967,'Milavittan',35,1,NULL,NULL),(3968,'Minakshipuram',35,1,NULL,NULL),(3969,'Minambakkam',35,1,NULL,NULL),(3970,'Minjur',35,1,NULL,NULL),(3971,'Modakurichi',35,1,NULL,NULL),(3972,'Mohanur',35,1,NULL,NULL),(3973,'Mopperipalayam',35,1,NULL,NULL),(3974,'Mudalur',35,1,NULL,NULL),(3975,'Mudichur',35,1,NULL,NULL),(3976,'Mudukulathur',35,1,NULL,NULL),(3977,'Mukasipidariyur',35,1,NULL,NULL),(3978,'Mukkudal',35,1,NULL,NULL),(3979,'Mulagumudu',35,1,NULL,NULL),(3980,'Mulakaraipatti',35,1,NULL,NULL),(3981,'Mulanur',35,1,NULL,NULL),(3982,'Mullakkadu',35,1,NULL,NULL),(3983,'Muruganpalayam',35,1,NULL,NULL),(3984,'Musiri',35,1,NULL,NULL),(3985,'Muthupet',35,1,NULL,NULL),(3986,'Muthur',35,1,NULL,NULL),(3987,'Muttayyapuram',35,1,NULL,NULL),(3988,'Muttupet',35,1,NULL,NULL),(3989,'Muvarasampettai',35,1,NULL,NULL),(3990,'Myladi',35,1,NULL,NULL),(3991,'Mylapore',35,1,NULL,NULL),(3992,'Nadukkuthagai',35,1,NULL,NULL),(3993,'Naduvattam',35,1,NULL,NULL),(3994,'Nagapattinam',35,1,NULL,NULL),(3995,'Nagavakulam',35,1,NULL,NULL),(3996,'Nagercoil',35,1,NULL,NULL),(3997,'Nagojanahalli',35,1,NULL,NULL),(3998,'Nallampatti',35,1,NULL,NULL),(3999,'Nallur',35,1,NULL,NULL),(4000,'Namagiripettai',35,1,NULL,NULL),(4001,'Namakkal',35,1,NULL,NULL),(4002,'Nambiyur',35,1,NULL,NULL),(4003,'Nambutalai',35,1,NULL,NULL),(4004,'Nandambakkam',35,1,NULL,NULL),(4005,'Nandivaram',35,1,NULL,NULL),(4006,'Nangavalli',35,1,NULL,NULL),(4007,'Nangavaram',35,1,NULL,NULL),(4008,'Nanguneri',35,1,NULL,NULL),(4009,'Nanjikottai',35,1,NULL,NULL),(4010,'Nannilam',35,1,NULL,NULL),(4011,'Naranammalpuram',35,1,NULL,NULL),(4012,'Naranapuram',35,1,NULL,NULL),(4013,'Narasimhanaickenpalayam',35,1,NULL,NULL),(4014,'Narasingapuram',35,1,NULL,NULL),(4015,'Narasojipatti',35,1,NULL,NULL),(4016,'Naravarikuppam',35,1,NULL,NULL),(4017,'Nasiyanur',35,1,NULL,NULL),(4018,'Natham',35,1,NULL,NULL),(4019,'Nathampannai',35,1,NULL,NULL),(4020,'Natrampalli',35,1,NULL,NULL),(4021,'Nattam',35,1,NULL,NULL),(4022,'Nattapettai',35,1,NULL,NULL),(4023,'Nattarasankottai',35,1,NULL,NULL),(4024,'Navalpattu',35,1,NULL,NULL),(4025,'Nazarethpettai',35,1,NULL,NULL),(4026,'Nazerath',35,1,NULL,NULL),(4027,'Neikkarapatti',35,1,NULL,NULL),(4028,'Neiyyur',35,1,NULL,NULL),(4029,'Nellikkuppam',35,1,NULL,NULL),(4030,'Nelliyalam',35,1,NULL,NULL),(4031,'Nemili',35,1,NULL,NULL),(4032,'Nemilicheri',35,1,NULL,NULL),(4033,'Neripperichal',35,1,NULL,NULL),(4034,'Nerkunram',35,1,NULL,NULL),(4035,'Nerkuppai',35,1,NULL,NULL),(4036,'Nerunjipettai',35,1,NULL,NULL),(4037,'Neykkarappatti',35,1,NULL,NULL),(4038,'Neyveli',35,1,NULL,NULL),(4039,'Nidamangalam',35,1,NULL,NULL),(4040,'Nilagiri',35,1,NULL,NULL),(4041,'Nilakkottai',35,1,NULL,NULL),(4042,'Nilankarai',35,1,NULL,NULL),(4043,'Odaipatti',35,1,NULL,NULL),(4044,'Odaiyakulam',35,1,NULL,NULL),(4045,'Oddanchatram',35,1,NULL,NULL),(4046,'Odugathur',35,1,NULL,NULL),(4047,'Oggiyamduraipakkam',35,1,NULL,NULL),(4048,'Olagadam',35,1,NULL,NULL),(4049,'Omalur',35,1,NULL,NULL),(4050,'Ooty',35,1,NULL,NULL),(4051,'Orathanadu',35,1,NULL,NULL),(4052,'Othakadai',35,1,NULL,NULL),(4053,'Othakalmandapam',35,1,NULL,NULL),(4054,'Ottapparai',35,1,NULL,NULL),(4055,'Pacode',35,1,NULL,NULL),(4056,'Padaividu',35,1,NULL,NULL),(4057,'Padianallur',35,1,NULL,NULL),(4058,'Padirikuppam',35,1,NULL,NULL),(4059,'Padmanabhapuram',35,1,NULL,NULL),(4060,'Padririvedu',35,1,NULL,NULL),(4061,'Palaganangudy',35,1,NULL,NULL),(4062,'Palaimpatti',35,1,NULL,NULL),(4063,'Palakkodu',35,1,NULL,NULL),(4064,'Palamedu',35,1,NULL,NULL),(4065,'Palani',35,1,NULL,NULL),(4066,'Palani Chettipatti',35,1,NULL,NULL),(4067,'Palavakkam',35,1,NULL,NULL),(4068,'Palavansathu',35,1,NULL,NULL),(4069,'Palayakayal',35,1,NULL,NULL),(4070,'Palayam',35,1,NULL,NULL),(4071,'Palayamkottai',35,1,NULL,NULL),(4072,'Palladam',35,1,NULL,NULL),(4073,'Pallapalayam',35,1,NULL,NULL),(4074,'Pallapatti',35,1,NULL,NULL),(4075,'Pallattur',35,1,NULL,NULL),(4076,'Pallavaram',35,1,NULL,NULL),(4077,'Pallikaranai',35,1,NULL,NULL),(4078,'Pallikonda',35,1,NULL,NULL),(4079,'Pallipalaiyam',35,1,NULL,NULL),(4080,'Pallipalaiyam Agraharam',35,1,NULL,NULL),(4081,'Pallipattu',35,1,NULL,NULL),(4082,'Pammal',35,1,NULL,NULL),(4083,'Panagudi',35,1,NULL,NULL),(4084,'Panaimarathupatti',35,1,NULL,NULL),(4085,'Panapakkam',35,1,NULL,NULL),(4086,'Panboli',35,1,NULL,NULL),(4087,'Pandamangalam',35,1,NULL,NULL),(4088,'Pannaikadu',35,1,NULL,NULL),(4089,'Pannaipuram',35,1,NULL,NULL),(4090,'Pannuratti',35,1,NULL,NULL),(4091,'Panruti',35,1,NULL,NULL),(4092,'Papanasam',35,1,NULL,NULL),(4093,'Pappankurichi',35,1,NULL,NULL),(4094,'Papparapatti',35,1,NULL,NULL),(4095,'Pappireddipatti',35,1,NULL,NULL),(4096,'Paramakkudi',35,1,NULL,NULL),(4097,'Paramankurichi',35,1,NULL,NULL),(4098,'Paramathi',35,1,NULL,NULL),(4099,'Parangippettai',35,1,NULL,NULL),(4100,'Paravai',35,1,NULL,NULL),(4101,'Pasur',35,1,NULL,NULL),(4102,'Pathamadai',35,1,NULL,NULL),(4103,'Pattinam',35,1,NULL,NULL),(4104,'Pattiviranpatti',35,1,NULL,NULL),(4105,'Pattukkottai',35,1,NULL,NULL),(4106,'Pazhugal',35,1,NULL,NULL),(4107,'Pennadam',35,1,NULL,NULL),(4108,'Pennagaram',35,1,NULL,NULL),(4109,'Pennathur',35,1,NULL,NULL),(4110,'Peraiyur',35,1,NULL,NULL),(4111,'Peralam',35,1,NULL,NULL),(4112,'Perambalur',35,1,NULL,NULL),(4113,'Peranamallur',35,1,NULL,NULL),(4114,'Peravurani',35,1,NULL,NULL),(4115,'Periyakodiveri',35,1,NULL,NULL),(4116,'Periyakulam',35,1,NULL,NULL),(4117,'Periyanayakkanpalaiyam',35,1,NULL,NULL),(4118,'Periyanegamam',35,1,NULL,NULL),(4119,'Periyapatti',35,1,NULL,NULL),(4120,'Periyasemur',35,1,NULL,NULL),(4121,'Pernambut',35,1,NULL,NULL),(4122,'Perumagalur',35,1,NULL,NULL),(4123,'Perumandi',35,1,NULL,NULL),(4124,'Perumuchi',35,1,NULL,NULL),(4125,'Perundurai',35,1,NULL,NULL),(4126,'Perungalathur',35,1,NULL,NULL),(4127,'Perungudi',35,1,NULL,NULL),(4128,'Perungulam',35,1,NULL,NULL),(4129,'Perur',35,1,NULL,NULL),(4130,'Perur Chettipalaiyam',35,1,NULL,NULL),(4131,'Pethampalayam',35,1,NULL,NULL),(4132,'Pethanaickenpalayam',35,1,NULL,NULL),(4133,'Pillanallur',35,1,NULL,NULL),(4134,'Pirkankaranai',35,1,NULL,NULL),(4135,'Polichalur',35,1,NULL,NULL),(4136,'Pollachi',35,1,NULL,NULL),(4137,'Polur',35,1,NULL,NULL),(4138,'Ponmani',35,1,NULL,NULL),(4139,'Ponnamaravathi',35,1,NULL,NULL),(4140,'Ponnampatti',35,1,NULL,NULL),(4141,'Ponneri',35,1,NULL,NULL),(4142,'Porur',35,1,NULL,NULL),(4143,'Pothanur',35,1,NULL,NULL),(4144,'Pothatturpettai',35,1,NULL,NULL),(4145,'Pudukadai',35,1,NULL,NULL),(4146,'Pudukkottai Cantonment',35,1,NULL,NULL),(4147,'Pudukottai',35,1,NULL,NULL),(4148,'Pudupalaiyam Aghraharam',35,1,NULL,NULL),(4149,'Pudupalayam',35,1,NULL,NULL),(4150,'Pudupatti',35,1,NULL,NULL),(4151,'Pudupattinam',35,1,NULL,NULL),(4152,'Pudur',35,1,NULL,NULL),(4153,'Puduvayal',35,1,NULL,NULL),(4154,'Pulambadi',35,1,NULL,NULL),(4155,'Pulampatti',35,1,NULL,NULL),(4156,'Puliyampatti',35,1,NULL,NULL),(4157,'Puliyankudi',35,1,NULL,NULL),(4158,'Puliyur',35,1,NULL,NULL),(4159,'Pullampadi',35,1,NULL,NULL),(4160,'Puluvapatti',35,1,NULL,NULL),(4161,'Punamalli',35,1,NULL,NULL),(4162,'Punjai Puliyampatti',35,1,NULL,NULL),(4163,'Punjai Thottakurichi',35,1,NULL,NULL),(4164,'Punjaipugalur',35,1,NULL,NULL),(4165,'Puthalam',35,1,NULL,NULL),(4166,'Putteri',35,1,NULL,NULL),(4167,'Puvalur',35,1,NULL,NULL),(4168,'Puzhal',35,1,NULL,NULL),(4169,'Puzhithivakkam',35,1,NULL,NULL),(4170,'Rajapalayam',35,1,NULL,NULL),(4171,'Ramanathapuram',35,1,NULL,NULL),(4172,'Ramapuram',35,1,NULL,NULL),(4173,'Rameswaram',35,1,NULL,NULL),(4174,'Ranipet',35,1,NULL,NULL),(4175,'Rasipuram',35,1,NULL,NULL),(4176,'Rayagiri',35,1,NULL,NULL),(4177,'Rithapuram',35,1,NULL,NULL),(4178,'Rosalpatti',35,1,NULL,NULL),(4179,'Rudravathi',35,1,NULL,NULL),(4180,'Sadayankuppam',35,1,NULL,NULL),(4181,'Saint Thomas Mount',35,1,NULL,NULL),(4182,'Salangapalayam',35,1,NULL,NULL),(4183,'Salem',35,1,NULL,NULL),(4184,'Samalapuram',35,1,NULL,NULL),(4185,'Samathur',35,1,NULL,NULL),(4186,'Sambavar Vadagarai',35,1,NULL,NULL),(4187,'Sankaramanallur',35,1,NULL,NULL),(4188,'Sankarankoil',35,1,NULL,NULL),(4189,'Sankarapuram',35,1,NULL,NULL),(4190,'Sankari',35,1,NULL,NULL),(4191,'Sankarnagar',35,1,NULL,NULL),(4192,'Saravanampatti',35,1,NULL,NULL),(4193,'Sarcarsamakulam',35,1,NULL,NULL),(4194,'Sathiyavijayanagaram',35,1,NULL,NULL),(4195,'Sathuvachari',35,1,NULL,NULL),(4196,'Sathyamangalam',35,1,NULL,NULL),(4197,'Sattankulam',35,1,NULL,NULL),(4198,'Sattur',35,1,NULL,NULL),(4199,'Sayalgudi',35,1,NULL,NULL),(4200,'Sayapuram',35,1,NULL,NULL),(4201,'Seithur',35,1,NULL,NULL),(4202,'Sembakkam',35,1,NULL,NULL),(4203,'Semmipalayam',35,1,NULL,NULL),(4204,'Sennirkuppam',35,1,NULL,NULL),(4205,'Senthamangalam',35,1,NULL,NULL),(4206,'Sentharapatti',35,1,NULL,NULL),(4207,'Senur',35,1,NULL,NULL),(4208,'Sethiathoppu',35,1,NULL,NULL),(4209,'Sevilimedu',35,1,NULL,NULL),(4210,'Sevugampatti',35,1,NULL,NULL),(4211,'Shenbakkam',35,1,NULL,NULL),(4212,'Shencottai',35,1,NULL,NULL),(4213,'Shenkottai',35,1,NULL,NULL),(4214,'Sholavandan',35,1,NULL,NULL),(4215,'Sholinganallur',35,1,NULL,NULL),(4216,'Sholingur',35,1,NULL,NULL),(4217,'Sholur',35,1,NULL,NULL),(4218,'Sikkarayapuram',35,1,NULL,NULL),(4219,'Singampuneri',35,1,NULL,NULL),(4220,'Singanallur',35,1,NULL,NULL),(4221,'Singaperumalkoil',35,1,NULL,NULL),(4222,'Sirapalli',35,1,NULL,NULL),(4223,'Sirkali',35,1,NULL,NULL),(4224,'Sirugamani',35,1,NULL,NULL),(4225,'Sirumugai',35,1,NULL,NULL),(4226,'Sithayankottai',35,1,NULL,NULL),(4227,'Sithurajapuram',35,1,NULL,NULL),(4228,'Sivaganga',35,1,NULL,NULL),(4229,'Sivagiri',35,1,NULL,NULL),(4230,'Sivakasi',35,1,NULL,NULL),(4231,'Sivanthipuram',35,1,NULL,NULL),(4232,'Sivur',35,1,NULL,NULL),(4233,'Soranjeri',35,1,NULL,NULL),(4234,'South Kannanur',35,1,NULL,NULL),(4235,'South Kodikulam',35,1,NULL,NULL),(4236,'Srimushnam',35,1,NULL,NULL),(4237,'Sriperumpudur',35,1,NULL,NULL),(4238,'Sriramapuram',35,1,NULL,NULL),(4239,'Srirangam',35,1,NULL,NULL),(4240,'Srivaikuntam',35,1,NULL,NULL),(4241,'Srivilliputtur',35,1,NULL,NULL),(4242,'Suchindram',35,1,NULL,NULL),(4243,'Suliswaranpatti',35,1,NULL,NULL),(4244,'Sulur',35,1,NULL,NULL),(4245,'Sundarapandiam',35,1,NULL,NULL),(4246,'Sundarapandiapuram',35,1,NULL,NULL),(4247,'Surampatti',35,1,NULL,NULL),(4248,'Surandai',35,1,NULL,NULL),(4249,'Suriyampalayam',35,1,NULL,NULL),(4250,'Swamimalai',35,1,NULL,NULL),(4251,'TNPL Pugalur',35,1,NULL,NULL),(4252,'Tambaram',35,1,NULL,NULL),(4253,'Taramangalam',35,1,NULL,NULL),(4254,'Tattayyangarpettai',35,1,NULL,NULL),(4255,'Tayilupatti',35,1,NULL,NULL),(4256,'Tenkasi',35,1,NULL,NULL),(4257,'Thadikombu',35,1,NULL,NULL),(4258,'Thakkolam',35,1,NULL,NULL),(4259,'Thalainayar',35,1,NULL,NULL),(4260,'Thalakudi',35,1,NULL,NULL),(4261,'Thamaraikulam',35,1,NULL,NULL),(4262,'Thammampatti',35,1,NULL,NULL),(4263,'Thanjavur',35,1,NULL,NULL),(4264,'Thanthoni',35,1,NULL,NULL),(4265,'Tharangambadi',35,1,NULL,NULL),(4266,'Thedavur',35,1,NULL,NULL),(4267,'Thenambakkam',35,1,NULL,NULL),(4268,'Thengampudur',35,1,NULL,NULL),(4269,'Theni',35,1,NULL,NULL),(4270,'Theni Allinagaram',35,1,NULL,NULL),(4271,'Thenkarai',35,1,NULL,NULL),(4272,'Thenthamaraikulam',35,1,NULL,NULL),(4273,'Thenthiruperai',35,1,NULL,NULL),(4274,'Thesur',35,1,NULL,NULL),(4275,'Thevaram',35,1,NULL,NULL),(4276,'Thevur',35,1,NULL,NULL),(4277,'Thiagadurgam',35,1,NULL,NULL),(4278,'Thiagarajar Colony',35,1,NULL,NULL),(4279,'Thingalnagar',35,1,NULL,NULL),(4280,'Thiruchirapalli',35,1,NULL,NULL),(4281,'Thirukarungudi',35,1,NULL,NULL),(4282,'Thirukazhukundram',35,1,NULL,NULL),(4283,'Thirumalayampalayam',35,1,NULL,NULL),(4284,'Thirumazhisai',35,1,NULL,NULL),(4285,'Thirunagar',35,1,NULL,NULL),(4286,'Thirunageswaram',35,1,NULL,NULL),(4287,'Thirunindravur',35,1,NULL,NULL),(4288,'Thirunirmalai',35,1,NULL,NULL),(4289,'Thiruparankundram',35,1,NULL,NULL),(4290,'Thiruparappu',35,1,NULL,NULL),(4291,'Thiruporur',35,1,NULL,NULL),(4292,'Thiruppanandal',35,1,NULL,NULL),(4293,'Thirupuvanam',35,1,NULL,NULL),(4294,'Thiruthangal',35,1,NULL,NULL),(4295,'Thiruthuraipundi',35,1,NULL,NULL),(4296,'Thiruvaivaru',35,1,NULL,NULL),(4297,'Thiruvalam',35,1,NULL,NULL),(4298,'Thiruvarur',35,1,NULL,NULL),(4299,'Thiruvattaru',35,1,NULL,NULL),(4300,'Thiruvenkatam',35,1,NULL,NULL),(4301,'Thiruvennainallur',35,1,NULL,NULL),(4302,'Thiruvithankodu',35,1,NULL,NULL),(4303,'Thisayanvilai',35,1,NULL,NULL),(4304,'Thittacheri',35,1,NULL,NULL),(4305,'Thondamuthur',35,1,NULL,NULL),(4306,'Thorapadi',35,1,NULL,NULL),(4307,'Thottipalayam',35,1,NULL,NULL),(4308,'Thottiyam',35,1,NULL,NULL),(4309,'Thudiyalur',35,1,NULL,NULL),(4310,'Thuthipattu',35,1,NULL,NULL),(4311,'Thuvakudi',35,1,NULL,NULL),(4312,'Timiri',35,1,NULL,NULL),(4313,'Tindivanam',35,1,NULL,NULL),(4314,'Tinnanur',35,1,NULL,NULL),(4315,'Tiruchchendur',35,1,NULL,NULL),(4316,'Tiruchengode',35,1,NULL,NULL),(4317,'Tirukkalukkundram',35,1,NULL,NULL),(4318,'Tirukkattuppalli',35,1,NULL,NULL),(4319,'Tirukkoyilur',35,1,NULL,NULL),(4320,'Tirumangalam',35,1,NULL,NULL),(4321,'Tirumullaivasal',35,1,NULL,NULL),(4322,'Tirumuruganpundi',35,1,NULL,NULL),(4323,'Tirunageswaram',35,1,NULL,NULL),(4324,'Tirunelveli',35,1,NULL,NULL),(4325,'Tirupathur',35,1,NULL,NULL),(4326,'Tirupattur',35,1,NULL,NULL),(4327,'Tiruppuvanam',35,1,NULL,NULL),(4328,'Tirupur',35,1,NULL,NULL),(4329,'Tirusulam',35,1,NULL,NULL),(4330,'Tiruttani',35,1,NULL,NULL),(4331,'Tiruvallur',35,1,NULL,NULL),(4332,'Tiruvannamalai',35,1,NULL,NULL),(4333,'Tiruverambur',35,1,NULL,NULL),(4334,'Tiruverkadu',35,1,NULL,NULL),(4335,'Tiruvethipuram',35,1,NULL,NULL),(4336,'Tiruvidaimarudur',35,1,NULL,NULL),(4337,'Tiruvottiyur',35,1,NULL,NULL),(4338,'Tittakudi',35,1,NULL,NULL),(4339,'Tondi',35,1,NULL,NULL),(4340,'Turaiyur',35,1,NULL,NULL),(4341,'Tuticorin',35,1,NULL,NULL),(4342,'Udagamandalam',35,1,NULL,NULL),(4343,'Udagamandalam Valley',35,1,NULL,NULL),(4344,'Udankudi',35,1,NULL,NULL),(4345,'Udayarpalayam',35,1,NULL,NULL),(4346,'Udumalaipettai',35,1,NULL,NULL),(4347,'Udumalpet',35,1,NULL,NULL),(4348,'Ullur',35,1,NULL,NULL),(4349,'Ulundurpettai',35,1,NULL,NULL),(4350,'Unjalaur',35,1,NULL,NULL),(4351,'Unnamalaikadai',35,1,NULL,NULL),(4352,'Uppidamangalam',35,1,NULL,NULL),(4353,'Uppiliapuram',35,1,NULL,NULL),(4354,'Urachikkottai',35,1,NULL,NULL),(4355,'Urapakkam',35,1,NULL,NULL),(4356,'Usilampatti',35,1,NULL,NULL),(4357,'Uthangarai',35,1,NULL,NULL),(4358,'Uthayendram',35,1,NULL,NULL),(4359,'Uthiramerur',35,1,NULL,NULL),(4360,'Uthukkottai',35,1,NULL,NULL),(4361,'Uttamapalaiyam',35,1,NULL,NULL),(4362,'Uttukkuli',35,1,NULL,NULL),(4363,'Vadakarai Kizhpadugai',35,1,NULL,NULL),(4364,'Vadakkanandal',35,1,NULL,NULL),(4365,'Vadakku Valliyur',35,1,NULL,NULL),(4366,'Vadalur',35,1,NULL,NULL),(4367,'Vadamadurai',35,1,NULL,NULL),(4368,'Vadavalli',35,1,NULL,NULL),(4369,'Vadipatti',35,1,NULL,NULL),(4370,'Vadugapatti',35,1,NULL,NULL),(4371,'Vaithiswarankoil',35,1,NULL,NULL),(4372,'Valangaiman',35,1,NULL,NULL),(4373,'Valasaravakkam',35,1,NULL,NULL),(4374,'Valavanur',35,1,NULL,NULL),(4375,'Vallam',35,1,NULL,NULL),(4376,'Valparai',35,1,NULL,NULL),(4377,'Valvaithankoshtam',35,1,NULL,NULL),(4378,'Vanavasi',35,1,NULL,NULL),(4379,'Vandalur',35,1,NULL,NULL),(4380,'Vandavasi',35,1,NULL,NULL),(4381,'Vandiyur',35,1,NULL,NULL),(4382,'Vaniputhur',35,1,NULL,NULL),(4383,'Vaniyambadi',35,1,NULL,NULL),(4384,'Varadarajanpettai',35,1,NULL,NULL),(4385,'Varadharajapuram',35,1,NULL,NULL),(4386,'Vasudevanallur',35,1,NULL,NULL),(4387,'Vathirairuppu',35,1,NULL,NULL),(4388,'Vattalkundu',35,1,NULL,NULL),(4389,'Vazhapadi',35,1,NULL,NULL),(4390,'Vedapatti',35,1,NULL,NULL),(4391,'Vedaranniyam',35,1,NULL,NULL),(4392,'Vedasandur',35,1,NULL,NULL),(4393,'Velampalaiyam',35,1,NULL,NULL),(4394,'Velankanni',35,1,NULL,NULL),(4395,'Vellakinar',35,1,NULL,NULL),(4396,'Vellakoil',35,1,NULL,NULL),(4397,'Vellalapatti',35,1,NULL,NULL),(4398,'Vellalur',35,1,NULL,NULL),(4399,'Vellanur',35,1,NULL,NULL),(4400,'Vellimalai',35,1,NULL,NULL),(4401,'Vellore',35,1,NULL,NULL),(4402,'Vellottamparappu',35,1,NULL,NULL),(4403,'Velluru',35,1,NULL,NULL),(4404,'Vengampudur',35,1,NULL,NULL),(4405,'Vengathur',35,1,NULL,NULL),(4406,'Vengavasal',35,1,NULL,NULL),(4407,'Venghatur',35,1,NULL,NULL),(4408,'Venkarai',35,1,NULL,NULL),(4409,'Vennanthur',35,1,NULL,NULL),(4410,'Veppathur',35,1,NULL,NULL),(4411,'Verkilambi',35,1,NULL,NULL),(4412,'Vettaikaranpudur',35,1,NULL,NULL),(4413,'Vettavalam',35,1,NULL,NULL),(4414,'Vijayapuri',35,1,NULL,NULL),(4415,'Vikramasingapuram',35,1,NULL,NULL),(4416,'Vikravandi',35,1,NULL,NULL),(4417,'Vilangudi',35,1,NULL,NULL),(4418,'Vilankurichi',35,1,NULL,NULL),(4419,'Vilapakkam',35,1,NULL,NULL),(4420,'Vilathikulam',35,1,NULL,NULL),(4421,'Vilavur',35,1,NULL,NULL),(4422,'Villukuri',35,1,NULL,NULL),(4423,'Villupuram',35,1,NULL,NULL),(4424,'Viraganur',35,1,NULL,NULL),(4425,'Virakeralam',35,1,NULL,NULL),(4426,'Virakkalpudur',35,1,NULL,NULL),(4427,'Virapandi',35,1,NULL,NULL),(4428,'Virapandi Cantonment',35,1,NULL,NULL),(4429,'Virappanchatram',35,1,NULL,NULL),(4430,'Viravanallur',35,1,NULL,NULL),(4431,'Virudambattu',35,1,NULL,NULL),(4432,'Virudhachalam',35,1,NULL,NULL),(4433,'Virudhunagar',35,1,NULL,NULL),(4434,'Virupakshipuram',35,1,NULL,NULL),(4435,'Viswanatham',35,1,NULL,NULL),(4436,'Vriddhachalam',35,1,NULL,NULL),(4437,'Walajabad',35,1,NULL,NULL),(4438,'Walajapet',35,1,NULL,NULL),(4439,'Wellington',35,1,NULL,NULL),(4440,'Yercaud',35,1,NULL,NULL),(4441,'Zamin Uthukuli',35,1,NULL,NULL),(4442,'Achampet',36,1,NULL,NULL),(4443,'Adilabad',36,1,NULL,NULL),(4444,'Armoor',36,1,NULL,NULL),(4445,'Asifabad',36,1,NULL,NULL),(4446,'Badepally',36,1,NULL,NULL),(4447,'Banswada',36,1,NULL,NULL),(4448,'Bellampalli',36,1,NULL,NULL),(4449,'Bhadrachalam',36,1,NULL,NULL),(4450,'Bhainsa',36,1,NULL,NULL),(4451,'Bhongir',36,1,NULL,NULL),(4452,'Bhupalpally',36,1,NULL,NULL),(4453,'Bodhan',36,1,NULL,NULL),(4454,'Bollaram',36,1,NULL,NULL),(4455,'Devarkonda',36,1,NULL,NULL),(4456,'Farooqnagar',36,1,NULL,NULL),(4457,'Gadwal',36,1,NULL,NULL),(4458,'Gajwel',36,1,NULL,NULL),(4459,'Ghatkesar',36,1,NULL,NULL),(4460,'Hyderabad',36,1,NULL,NULL),(4461,'Jagtial',36,1,NULL,NULL),(4462,'Jangaon',36,1,NULL,NULL),(4463,'Kagaznagar',36,1,NULL,NULL),(4464,'Kalwakurthy',36,1,NULL,NULL),(4465,'Kamareddy',36,1,NULL,NULL),(4466,'Karimnagar',36,1,NULL,NULL),(4467,'Khammam',36,1,NULL,NULL),(4468,'Kodada',36,1,NULL,NULL),(4469,'Koratla',36,1,NULL,NULL),(4470,'Kottagudem',36,1,NULL,NULL),(4471,'Kyathampalle',36,1,NULL,NULL),(4472,'Madhira',36,1,NULL,NULL),(4473,'Mahabubabad',36,1,NULL,NULL),(4474,'Mahbubnagar',36,1,NULL,NULL),(4475,'Mancherial',36,1,NULL,NULL),(4476,'Mandamarri',36,1,NULL,NULL),(4477,'Manuguru',36,1,NULL,NULL),(4478,'Medak',36,1,NULL,NULL),(4479,'Medchal',36,1,NULL,NULL),(4480,'Miryalaguda',36,1,NULL,NULL),(4481,'Nagar Karnul',36,1,NULL,NULL),(4482,'Nakrekal',36,1,NULL,NULL),(4483,'Nalgonda',36,1,NULL,NULL),(4484,'Narayanpet',36,1,NULL,NULL),(4485,'Narsampet',36,1,NULL,NULL),(4486,'Nirmal',36,1,NULL,NULL),(4487,'Nizamabad',36,1,NULL,NULL),(4488,'Palwancha',36,1,NULL,NULL),(4489,'Peddapalli',36,1,NULL,NULL),(4490,'Ramagundam',36,1,NULL,NULL),(4491,'Ranga Reddy district',36,1,NULL,NULL),(4492,'Sadasivpet',36,1,NULL,NULL),(4493,'Sangareddy',36,1,NULL,NULL),(4494,'Sarapaka',36,1,NULL,NULL),(4495,'Sathupalle',36,1,NULL,NULL),(4496,'Secunderabad',36,1,NULL,NULL),(4497,'Siddipet',36,1,NULL,NULL),(4498,'Singapur',36,1,NULL,NULL),(4499,'Sircilla',36,1,NULL,NULL),(4500,'Suryapet',36,1,NULL,NULL),(4501,'Tandur',36,1,NULL,NULL),(4502,'Vemulawada',36,1,NULL,NULL),(4503,'Vikarabad',36,1,NULL,NULL),(4504,'Wanaparthy',36,1,NULL,NULL),(4505,'Warangal',36,1,NULL,NULL),(4506,'Yellandu',36,1,NULL,NULL),(4507,'Zahirabad',36,1,NULL,NULL),(4508,'Agartala',37,1,NULL,NULL),(4509,'Amarpur',37,1,NULL,NULL),(4510,'Ambassa',37,1,NULL,NULL),(4511,'Badharghat',37,1,NULL,NULL),(4512,'Belonia',37,1,NULL,NULL),(4513,'Dharmanagar',37,1,NULL,NULL),(4514,'Gakulnagar',37,1,NULL,NULL),(4515,'Gandhigram',37,1,NULL,NULL),(4516,'Indranagar',37,1,NULL,NULL),(4517,'Jogendranagar',37,1,NULL,NULL),(4518,'Kailasahar',37,1,NULL,NULL),(4519,'Kamalpur',37,1,NULL,NULL),(4520,'Kanchanpur',37,1,NULL,NULL),(4521,'Khowai',37,1,NULL,NULL),(4522,'Kumarghat',37,1,NULL,NULL),(4523,'Kunjaban',37,1,NULL,NULL),(4524,'Narsingarh',37,1,NULL,NULL),(4525,'Pratapgarh',37,1,NULL,NULL),(4526,'Ranir Bazar',37,1,NULL,NULL),(4527,'Sabrum',37,1,NULL,NULL),(4528,'Sonamura',37,1,NULL,NULL),(4529,'Teliamura',37,1,NULL,NULL),(4530,'Udaipur',37,1,NULL,NULL),(4531,'Achhalda',38,1,NULL,NULL),(4532,'Achhnera',38,1,NULL,NULL),(4533,'Adari',38,1,NULL,NULL),(4534,'Afzalgarh',38,1,NULL,NULL),(4535,'Agarwal Mandi',38,1,NULL,NULL),(4536,'Agra',38,1,NULL,NULL),(4537,'Agra Cantonment',38,1,NULL,NULL),(4538,'Ahraura',38,1,NULL,NULL),(4539,'Ailum',38,1,NULL,NULL),(4540,'Air Force Area',38,1,NULL,NULL),(4541,'Ajhuwa',38,1,NULL,NULL),(4542,'Akbarpur',38,1,NULL,NULL),(4543,'Alapur',38,1,NULL,NULL),(4544,'Aliganj',38,1,NULL,NULL),(4545,'Aligarh',38,1,NULL,NULL),(4546,'Allahabad',38,1,NULL,NULL),(4547,'Allahabad Cantonment',38,1,NULL,NULL),(4548,'Allahganj',38,1,NULL,NULL),(4549,'Amanpur',38,1,NULL,NULL),(4550,'Ambahta',38,1,NULL,NULL),(4551,'Amethi',38,1,NULL,NULL),(4552,'Amila',38,1,NULL,NULL),(4553,'Amilo',38,1,NULL,NULL),(4554,'Aminagar Sarai',38,1,NULL,NULL),(4555,'Aminagar Urf Bhurbaral',38,1,NULL,NULL),(4556,'Amraudha',38,1,NULL,NULL),(4557,'Amroha',38,1,NULL,NULL),(4558,'Anandnagar',38,1,NULL,NULL),(4559,'Anpara',38,1,NULL,NULL),(4560,'Antu',38,1,NULL,NULL),(4561,'Anupshahr',38,1,NULL,NULL),(4562,'Aonla',38,1,NULL,NULL),(4563,'Armapur Estate',38,1,NULL,NULL),(4564,'Ashokpuram',38,1,NULL,NULL),(4565,'Ashrafpur Kichhauchha',38,1,NULL,NULL),(4566,'Atarra',38,1,NULL,NULL),(4567,'Atasu',38,1,NULL,NULL),(4568,'Atrauli',38,1,NULL,NULL),(4569,'Atraulia',38,1,NULL,NULL),(4570,'Auraiya',38,1,NULL,NULL),(4571,'Aurangabad',38,1,NULL,NULL),(4572,'Aurangabad Bangar',38,1,NULL,NULL),(4573,'Auras',38,1,NULL,NULL),(4574,'Awagarh',38,1,NULL,NULL),(4575,'Ayodhya',38,1,NULL,NULL),(4576,'Azamgarh',38,1,NULL,NULL),(4577,'Azizpur',38,1,NULL,NULL),(4578,'Azmatgarh',38,1,NULL,NULL),(4579,'Babarpur Ajitmal',38,1,NULL,NULL),(4580,'Baberu',38,1,NULL,NULL),(4581,'Babina',38,1,NULL,NULL),(4582,'Babrala',38,1,NULL,NULL),(4583,'Babugarh',38,1,NULL,NULL),(4584,'Bachhiowan',38,1,NULL,NULL),(4585,'Bachhraon',38,1,NULL,NULL),(4586,'Bad',38,1,NULL,NULL),(4587,'Badaun',38,1,NULL,NULL),(4588,'Baghpat',38,1,NULL,NULL),(4589,'Bah',38,1,NULL,NULL),(4590,'Bahadurganj',38,1,NULL,NULL),(4591,'Baheri',38,1,NULL,NULL),(4592,'Bahjoi',38,1,NULL,NULL),(4593,'Bahraich',38,1,NULL,NULL),(4594,'Bahsuma',38,1,NULL,NULL),(4595,'Bahua',38,1,NULL,NULL),(4596,'Bajna',38,1,NULL,NULL),(4597,'Bakewar',38,1,NULL,NULL),(4598,'Bakiabad',38,1,NULL,NULL),(4599,'Baldeo',38,1,NULL,NULL),(4600,'Ballia',38,1,NULL,NULL),(4601,'Balrampur',38,1,NULL,NULL),(4602,'Banat',38,1,NULL,NULL),(4603,'Banda',38,1,NULL,NULL),(4604,'Bangarmau',38,1,NULL,NULL),(4605,'Banki',38,1,NULL,NULL),(4606,'Bansdih',38,1,NULL,NULL),(4607,'Bansgaon',38,1,NULL,NULL),(4608,'Bansi',38,1,NULL,NULL),(4609,'Barabanki',38,1,NULL,NULL),(4610,'Baragaon',38,1,NULL,NULL),(4611,'Baraut',38,1,NULL,NULL),(4612,'Bareilly',38,1,NULL,NULL),(4613,'Bareilly Cantonment',38,1,NULL,NULL),(4614,'Barhalganj',38,1,NULL,NULL),(4615,'Barhani',38,1,NULL,NULL),(4616,'Barhapur',38,1,NULL,NULL),(4617,'Barkhera',38,1,NULL,NULL),(4618,'Barsana',38,1,NULL,NULL),(4619,'Barva Sagar',38,1,NULL,NULL),(4620,'Barwar',38,1,NULL,NULL),(4621,'Basti',38,1,NULL,NULL),(4622,'Begumabad Budhana',38,1,NULL,NULL),(4623,'Behat',38,1,NULL,NULL),(4624,'Behta Hajipur',38,1,NULL,NULL),(4625,'Bela',38,1,NULL,NULL),(4626,'Belthara',38,1,NULL,NULL),(4627,'Beniganj',38,1,NULL,NULL),(4628,'Beswan',38,1,NULL,NULL),(4629,'Bewar',38,1,NULL,NULL),(4630,'Bhadarsa',38,1,NULL,NULL),(4631,'Bhadohi',38,1,NULL,NULL),(4632,'Bhagwantnagar',38,1,NULL,NULL),(4633,'Bharatganj',38,1,NULL,NULL),(4634,'Bhargain',38,1,NULL,NULL),(4635,'Bharthana',38,1,NULL,NULL),(4636,'Bharuhana',38,1,NULL,NULL),(4637,'Bharwari',38,1,NULL,NULL),(4638,'Bhatni Bazar',38,1,NULL,NULL),(4639,'Bhatpar Rani',38,1,NULL,NULL),(4640,'Bhawan Bahadurnagar',38,1,NULL,NULL),(4641,'Bhinga',38,1,NULL,NULL),(4642,'Bhojpur Dharampur',38,1,NULL,NULL),(4643,'Bhokarhedi',38,1,NULL,NULL),(4644,'Bhongaon',38,1,NULL,NULL),(4645,'Bhulepur',38,1,NULL,NULL),(4646,'Bidhuna',38,1,NULL,NULL),(4647,'Bighapur',38,1,NULL,NULL),(4648,'Bijnor',38,1,NULL,NULL),(4649,'Bijpur',38,1,NULL,NULL),(4650,'Bikapur',38,1,NULL,NULL),(4651,'Bilari',38,1,NULL,NULL),(4652,'Bilaspur',38,1,NULL,NULL),(4653,'Bilgram',38,1,NULL,NULL),(4654,'Bilhaur',38,1,NULL,NULL),(4655,'Bilram',38,1,NULL,NULL),(4656,'Bilrayaganj',38,1,NULL,NULL),(4657,'Bilsanda',38,1,NULL,NULL),(4658,'Bilsi',38,1,NULL,NULL),(4659,'Bindki',38,1,NULL,NULL),(4660,'Bisalpur',38,1,NULL,NULL),(4661,'Bisanda Buzurg',38,1,NULL,NULL),(4662,'Bisauli',38,1,NULL,NULL),(4663,'Bisharatganj',38,1,NULL,NULL),(4664,'Bisokhar',38,1,NULL,NULL),(4665,'Biswan',38,1,NULL,NULL),(4666,'Bithur',38,1,NULL,NULL),(4667,'Budaun',38,1,NULL,NULL),(4668,'Bugrasi',38,1,NULL,NULL),(4669,'Bulandshahar',38,1,NULL,NULL),(4670,'Burhana',38,1,NULL,NULL),(4671,'Chail',38,1,NULL,NULL),(4672,'Chak Imam Ali',38,1,NULL,NULL),(4673,'Chakeri',38,1,NULL,NULL),(4674,'Chakia',38,1,NULL,NULL),(4675,'Chandauli',38,1,NULL,NULL),(4676,'Chandausi',38,1,NULL,NULL),(4677,'Chandpur',38,1,NULL,NULL),(4678,'Charkhari',38,1,NULL,NULL),(4679,'Charthawal',38,1,NULL,NULL),(4680,'Chaumuhan',38,1,NULL,NULL),(4681,'Chhaprauli',38,1,NULL,NULL),(4682,'Chhara Rafatpur',38,1,NULL,NULL),(4683,'Chharprauli',38,1,NULL,NULL),(4684,'Chhata',38,1,NULL,NULL),(4685,'Chhatari',38,1,NULL,NULL),(4686,'Chhibramau',38,1,NULL,NULL),(4687,'Chhutmalpur',38,1,NULL,NULL),(4688,'Chilkana Sultanpur',38,1,NULL,NULL),(4689,'Chirgaon',38,1,NULL,NULL),(4690,'Chit Baragaon',38,1,NULL,NULL),(4691,'Chitrakut Dham',38,1,NULL,NULL),(4692,'Chopan',38,1,NULL,NULL),(4693,'Choubepur Kalan',38,1,NULL,NULL),(4694,'Chunar',38,1,NULL,NULL),(4695,'Churk Ghurma',38,1,NULL,NULL),(4696,'Colonelganj',38,1,NULL,NULL),(4697,'Dadri',38,1,NULL,NULL),(4698,'Dalmau',38,1,NULL,NULL),(4699,'Dankaur',38,1,NULL,NULL),(4700,'Dariyabad',38,1,NULL,NULL),(4701,'Dasna',38,1,NULL,NULL),(4702,'Dataganj',38,1,NULL,NULL),(4703,'Daurala',38,1,NULL,NULL),(4704,'Dayal Bagh',38,1,NULL,NULL),(4705,'Deoband',38,1,NULL,NULL),(4706,'Deoranian',38,1,NULL,NULL),(4707,'Deoria',38,1,NULL,NULL),(4708,'Dewa',38,1,NULL,NULL),(4709,'Dhampur',38,1,NULL,NULL),(4710,'Dhanauha',38,1,NULL,NULL),(4711,'Dhanauli',38,1,NULL,NULL),(4712,'Dhanaura',38,1,NULL,NULL),(4713,'Dharoti Khurd',38,1,NULL,NULL),(4714,'Dhauratanda',38,1,NULL,NULL),(4715,'Dhaurhra',38,1,NULL,NULL),(4716,'Dibai',38,1,NULL,NULL),(4717,'Dibiyapur',38,1,NULL,NULL),(4718,'Dildarnagar Fatehpur',38,1,NULL,NULL),(4719,'Do Ghat',38,1,NULL,NULL),(4720,'Dohrighat',38,1,NULL,NULL),(4721,'Dostpur',38,1,NULL,NULL),(4722,'Dudhinagar',38,1,NULL,NULL),(4723,'Dulhipur',38,1,NULL,NULL),(4724,'Dundwaraganj',38,1,NULL,NULL),(4725,'Ekdil',38,1,NULL,NULL),(4726,'Erich',38,1,NULL,NULL),(4727,'Etah',38,1,NULL,NULL),(4728,'Etawah',38,1,NULL,NULL),(4729,'Faizabad',38,1,NULL,NULL),(4730,'Faizabad Cantonment',38,1,NULL,NULL),(4731,'Faizganj',38,1,NULL,NULL),(4732,'Farah',38,1,NULL,NULL),(4733,'Faridnagar',38,1,NULL,NULL),(4734,'Faridpur',38,1,NULL,NULL),(4735,'Faridpur Cantonment',38,1,NULL,NULL),(4736,'Fariha',38,1,NULL,NULL),(4737,'Farrukhabad',38,1,NULL,NULL),(4738,'Fatehabad',38,1,NULL,NULL),(4739,'Fatehganj Pashchimi',38,1,NULL,NULL),(4740,'Fatehganj Purvi',38,1,NULL,NULL),(4741,'Fatehgarh',38,1,NULL,NULL),(4742,'Fatehpur',38,1,NULL,NULL),(4743,'Fatehpur Chaurasi',38,1,NULL,NULL),(4744,'Fatehpur Sikri',38,1,NULL,NULL),(4745,'Firozabad',38,1,NULL,NULL),(4746,'Gajraula',38,1,NULL,NULL),(4747,'Ganga Ghat',38,1,NULL,NULL),(4748,'Gangapur',38,1,NULL,NULL),(4749,'Gangoh',38,1,NULL,NULL),(4750,'Ganj Muradabad',38,1,NULL,NULL),(4751,'Garautha',38,1,NULL,NULL),(4752,'Garhi Pukhta',38,1,NULL,NULL),(4753,'Garhmukteshwar',38,1,NULL,NULL),(4754,'Gaura Barahaj',38,1,NULL,NULL),(4755,'Gauri Bazar',38,1,NULL,NULL),(4756,'Gausganj',38,1,NULL,NULL),(4757,'Gawan',38,1,NULL,NULL),(4758,'Ghatampur',38,1,NULL,NULL),(4759,'Ghaziabad',38,1,NULL,NULL),(4760,'Ghazipur',38,1,NULL,NULL),(4761,'Ghiror',38,1,NULL,NULL),(4762,'Ghorawal',38,1,NULL,NULL),(4763,'Ghosi',38,1,NULL,NULL),(4764,'Ghosia Bazar',38,1,NULL,NULL),(4765,'Ghughuli',38,1,NULL,NULL),(4766,'Gohand',38,1,NULL,NULL),(4767,'Gokul',38,1,NULL,NULL),(4768,'Gola Bazar',38,1,NULL,NULL),(4769,'Gola Gokarannath',38,1,NULL,NULL),(4770,'Gonda',38,1,NULL,NULL),(4771,'Gopamau',38,1,NULL,NULL),(4772,'Gopiganj',38,1,NULL,NULL),(4773,'Gorakhpur',38,1,NULL,NULL),(4774,'Gosainganj',38,1,NULL,NULL),(4775,'Govardhan',38,1,NULL,NULL),(4776,'Greater Noida',38,1,NULL,NULL),(4777,'Gulaothi',38,1,NULL,NULL),(4778,'Gulariya',38,1,NULL,NULL),(4779,'Gulariya Bhindara',38,1,NULL,NULL),(4780,'Gunnaur',38,1,NULL,NULL),(4781,'Gursahaiganj',38,1,NULL,NULL),(4782,'Gursarai',38,1,NULL,NULL),(4783,'Gyanpur',38,1,NULL,NULL),(4784,'Hafizpur',38,1,NULL,NULL),(4785,'Haidergarh',38,1,NULL,NULL),(4786,'Haldaur',38,1,NULL,NULL),(4787,'Hamirpur',38,1,NULL,NULL),(4788,'Handia',38,1,NULL,NULL),(4789,'Hapur',38,1,NULL,NULL),(4790,'Hardoi',38,1,NULL,NULL),(4791,'Harduaganj',38,1,NULL,NULL),(4792,'Hargaon',38,1,NULL,NULL),(4793,'Hariharpur',38,1,NULL,NULL),(4794,'Harraiya',38,1,NULL,NULL),(4795,'Hasanpur',38,1,NULL,NULL),(4796,'Hasayan',38,1,NULL,NULL),(4797,'Hastinapur',38,1,NULL,NULL),(4798,'Hata',38,1,NULL,NULL),(4799,'Hathras',38,1,NULL,NULL),(4800,'Hyderabad',38,1,NULL,NULL),(4801,'Ibrahimpur',38,1,NULL,NULL),(4802,'Iglas',38,1,NULL,NULL),(4803,'Ikauna',38,1,NULL,NULL),(4804,'Iltifatganj Bazar',38,1,NULL,NULL),(4805,'Indian Telephone Industry Mank',38,1,NULL,NULL),(4806,'Islamnagar',38,1,NULL,NULL),(4807,'Itaunja',38,1,NULL,NULL),(4808,'Itimadpur',38,1,NULL,NULL),(4809,'Jagner',38,1,NULL,NULL),(4810,'Jahanabad',38,1,NULL,NULL),(4811,'Jahangirabad',38,1,NULL,NULL),(4812,'Jahangirpur',38,1,NULL,NULL),(4813,'Jais',38,1,NULL,NULL),(4814,'Jaithara',38,1,NULL,NULL),(4815,'Jalalabad',38,1,NULL,NULL),(4816,'Jalali',38,1,NULL,NULL),(4817,'Jalalpur',38,1,NULL,NULL),(4818,'Jalaun',38,1,NULL,NULL),(4819,'Jalesar',38,1,NULL,NULL),(4820,'Jamshila',38,1,NULL,NULL),(4821,'Jangipur',38,1,NULL,NULL),(4822,'Jansath',38,1,NULL,NULL),(4823,'Jarwal',38,1,NULL,NULL),(4824,'Jasrana',38,1,NULL,NULL),(4825,'Jaswantnagar',38,1,NULL,NULL),(4826,'Jatari',38,1,NULL,NULL),(4827,'Jaunpur',38,1,NULL,NULL),(4828,'Jewar',38,1,NULL,NULL),(4829,'Jhalu',38,1,NULL,NULL),(4830,'Jhansi',38,1,NULL,NULL),(4831,'Jhansi Cantonment',38,1,NULL,NULL),(4832,'Jhansi Railway Settlement',38,1,NULL,NULL),(4833,'Jhinjhak',38,1,NULL,NULL),(4834,'Jhinjhana',38,1,NULL,NULL),(4835,'Jhusi',38,1,NULL,NULL),(4836,'Jhusi Kohna',38,1,NULL,NULL),(4837,'Jiyanpur',38,1,NULL,NULL),(4838,'Joya',38,1,NULL,NULL),(4839,'Jyoti Khuria',38,1,NULL,NULL),(4840,'Jyotiba Phule Nagar',38,1,NULL,NULL),(4841,'Kabrai',38,1,NULL,NULL),(4842,'Kachhauna Patseni',38,1,NULL,NULL),(4843,'Kachhla',38,1,NULL,NULL),(4844,'Kachhwa',38,1,NULL,NULL),(4845,'Kadaura',38,1,NULL,NULL),(4846,'Kadipur',38,1,NULL,NULL),(4847,'Kailashpur',38,1,NULL,NULL),(4848,'Kaimganj',38,1,NULL,NULL),(4849,'Kairana',38,1,NULL,NULL),(4850,'Kakgaina',38,1,NULL,NULL),(4851,'Kakod',38,1,NULL,NULL),(4852,'Kakori',38,1,NULL,NULL),(4853,'Kakrala',38,1,NULL,NULL),(4854,'Kalinagar',38,1,NULL,NULL),(4855,'Kalpi',38,1,NULL,NULL),(4856,'Kamalganj',38,1,NULL,NULL),(4857,'Kampil',38,1,NULL,NULL),(4858,'Kandhla',38,1,NULL,NULL),(4859,'Kandwa',38,1,NULL,NULL),(4860,'Kannauj',38,1,NULL,NULL),(4861,'Kanpur',38,1,NULL,NULL),(4862,'Kant',38,1,NULL,NULL),(4863,'Kanth',38,1,NULL,NULL),(4864,'Kaptanganj',38,1,NULL,NULL),(4865,'Karaon',38,1,NULL,NULL),(4866,'Karari',38,1,NULL,NULL),(4867,'Karhal',38,1,NULL,NULL),(4868,'Karnawal',38,1,NULL,NULL),(4869,'Kasganj',38,1,NULL,NULL),(4870,'Katariya',38,1,NULL,NULL),(4871,'Katghar Lalganj',38,1,NULL,NULL),(4872,'Kathera',38,1,NULL,NULL),(4873,'Katra',38,1,NULL,NULL),(4874,'Katra Medniganj',38,1,NULL,NULL),(4875,'Kauriaganj',38,1,NULL,NULL),(4876,'Kemri',38,1,NULL,NULL),(4877,'Kerakat',38,1,NULL,NULL),(4878,'Khadda',38,1,NULL,NULL),(4879,'Khaga',38,1,NULL,NULL),(4880,'Khailar',38,1,NULL,NULL),(4881,'Khair',38,1,NULL,NULL),(4882,'Khairabad',38,1,NULL,NULL),(4883,'Khairagarh',38,1,NULL,NULL),(4884,'Khalilabad',38,1,NULL,NULL),(4885,'Khamaria',38,1,NULL,NULL),(4886,'Khanpur',38,1,NULL,NULL),(4887,'Kharela',38,1,NULL,NULL),(4888,'Khargupur',38,1,NULL,NULL),(4889,'Khariya',38,1,NULL,NULL),(4890,'Kharkhoda',38,1,NULL,NULL),(4891,'Khatauli',38,1,NULL,NULL),(4892,'Khatauli Rural',38,1,NULL,NULL),(4893,'Khekra',38,1,NULL,NULL),(4894,'Kheri',38,1,NULL,NULL),(4895,'Kheta Sarai',38,1,NULL,NULL),(4896,'Khudaganj',38,1,NULL,NULL),(4897,'Khurja',38,1,NULL,NULL),(4898,'Khutar',38,1,NULL,NULL),(4899,'Kiraoli',38,1,NULL,NULL),(4900,'Kiratpur',38,1,NULL,NULL),(4901,'Kishanpur',38,1,NULL,NULL),(4902,'Kishni',38,1,NULL,NULL),(4903,'Kithaur',38,1,NULL,NULL),(4904,'Koiripur',38,1,NULL,NULL),(4905,'Konch',38,1,NULL,NULL),(4906,'Kopaganj',38,1,NULL,NULL),(4907,'Kora Jahanabad',38,1,NULL,NULL),(4908,'Korwa',38,1,NULL,NULL),(4909,'Kosi Kalan',38,1,NULL,NULL),(4910,'Kota',38,1,NULL,NULL),(4911,'Kotra',38,1,NULL,NULL),(4912,'Kotwa',38,1,NULL,NULL),(4913,'Kulpahar',38,1,NULL,NULL),(4914,'Kunda',38,1,NULL,NULL),(4915,'Kundarki',38,1,NULL,NULL),(4916,'Kunwargaon',38,1,NULL,NULL),(4917,'Kurara',38,1,NULL,NULL),(4918,'Kurawali',38,1,NULL,NULL),(4919,'Kursath',38,1,NULL,NULL),(4920,'Kurthi Jafarpur',38,1,NULL,NULL),(4921,'Kushinagar',38,1,NULL,NULL),(4922,'Kusmara',38,1,NULL,NULL),(4923,'Laharpur',38,1,NULL,NULL),(4924,'Lakhimpur',38,1,NULL,NULL),(4925,'Lakhna',38,1,NULL,NULL),(4926,'Lalganj',38,1,NULL,NULL),(4927,'Lalitpur',38,1,NULL,NULL),(4928,'Lar',38,1,NULL,NULL),(4929,'Lawar',38,1,NULL,NULL),(4930,'Ledwa Mahuwa',38,1,NULL,NULL),(4931,'Lohta',38,1,NULL,NULL),(4932,'Loni',38,1,NULL,NULL),(4933,'Lucknow',38,1,NULL,NULL),(4934,'Machhlishahr',38,1,NULL,NULL),(4935,'Madhoganj',38,1,NULL,NULL),(4936,'Madhogarh',38,1,NULL,NULL),(4937,'Maghar',38,1,NULL,NULL),(4938,'Mahaban',38,1,NULL,NULL),(4939,'Maharajganj',38,1,NULL,NULL),(4940,'Mahmudabad',38,1,NULL,NULL),(4941,'Mahoba',38,1,NULL,NULL),(4942,'Maholi',38,1,NULL,NULL),(4943,'Mahona',38,1,NULL,NULL),(4944,'Mahroni',38,1,NULL,NULL),(4945,'Mailani',38,1,NULL,NULL),(4946,'Mainpuri',38,1,NULL,NULL),(4947,'Majhara Pipar Ehatmali',38,1,NULL,NULL),(4948,'Majhauli Raj',38,1,NULL,NULL),(4949,'Malihabad',38,1,NULL,NULL),(4950,'Mallanwam',38,1,NULL,NULL),(4951,'Mandawar',38,1,NULL,NULL),(4952,'Manikpur',38,1,NULL,NULL),(4953,'Maniyar',38,1,NULL,NULL),(4954,'Manjhanpur',38,1,NULL,NULL),(4955,'Mankapur',38,1,NULL,NULL),(4956,'Marehra',38,1,NULL,NULL),(4957,'Mariahu',38,1,NULL,NULL),(4958,'Maruadih',38,1,NULL,NULL),(4959,'Maswasi',38,1,NULL,NULL),(4960,'Mataundh',38,1,NULL,NULL),(4961,'Mathu',38,1,NULL,NULL),(4962,'Mathura',38,1,NULL,NULL),(4963,'Mathura Cantonment',38,1,NULL,NULL),(4964,'Mau',38,1,NULL,NULL),(4965,'Mau Aima',38,1,NULL,NULL),(4966,'Maudaha',38,1,NULL,NULL),(4967,'Mauranipur',38,1,NULL,NULL),(4968,'Maurawan',38,1,NULL,NULL),(4969,'Mawana',38,1,NULL,NULL),(4970,'Meerut',38,1,NULL,NULL),(4971,'Mehnagar',38,1,NULL,NULL),(4972,'Mehndawal',38,1,NULL,NULL),(4973,'Mendu',38,1,NULL,NULL),(4974,'Milak',38,1,NULL,NULL),(4975,'Miranpur',38,1,NULL,NULL),(4976,'Mirat',38,1,NULL,NULL),(4977,'Mirat Cantonment',38,1,NULL,NULL),(4978,'Mirganj',38,1,NULL,NULL),(4979,'Mirzapur',38,1,NULL,NULL),(4980,'Misrikh',38,1,NULL,NULL),(4981,'Modinagar',38,1,NULL,NULL),(4982,'Mogra Badshahpur',38,1,NULL,NULL),(4983,'Mohan',38,1,NULL,NULL),(4984,'Mohanpur',38,1,NULL,NULL),(4985,'Mohiuddinpur',38,1,NULL,NULL),(4986,'Moradabad',38,1,NULL,NULL),(4987,'Moth',38,1,NULL,NULL),(4988,'Mubarakpur',38,1,NULL,NULL),(4989,'Mughal Sarai',38,1,NULL,NULL),(4990,'Mughal Sarai Railway Settlemen',38,1,NULL,NULL),(4991,'Muhammadabad',38,1,NULL,NULL),(4992,'Muhammadi',38,1,NULL,NULL),(4993,'Mukrampur Khema',38,1,NULL,NULL),(4994,'Mundia',38,1,NULL,NULL),(4995,'Mundora',38,1,NULL,NULL),(4996,'Muradnagar',38,1,NULL,NULL),(4997,'Mursan',38,1,NULL,NULL),(4998,'Musafirkhana',38,1,NULL,NULL),(4999,'Muzaffarnagar',38,1,NULL,NULL),(5000,'Nadigaon',38,1,NULL,NULL),(5001,'Nagina',38,1,NULL,NULL),(5002,'Nagram',38,1,NULL,NULL),(5003,'Nai Bazar',38,1,NULL,NULL),(5004,'Nainana Jat',38,1,NULL,NULL),(5005,'Najibabad',38,1,NULL,NULL),(5006,'Nakur',38,1,NULL,NULL),(5007,'Nanaunta',38,1,NULL,NULL),(5008,'Nandgaon',38,1,NULL,NULL),(5009,'Nanpara',38,1,NULL,NULL),(5010,'Naraini',38,1,NULL,NULL),(5011,'Narauli',38,1,NULL,NULL),(5012,'Naraura',38,1,NULL,NULL),(5013,'Naugawan Sadat',38,1,NULL,NULL),(5014,'Nautanwa',38,1,NULL,NULL),(5015,'Nawabganj',38,1,NULL,NULL),(5016,'Nichlaul',38,1,NULL,NULL),(5017,'Nidhauli Kalan',38,1,NULL,NULL),(5018,'Nihtaur',38,1,NULL,NULL),(5019,'Nindaura',38,1,NULL,NULL),(5020,'Niwari',38,1,NULL,NULL),(5021,'Nizamabad',38,1,NULL,NULL),(5022,'Noida',38,1,NULL,NULL),(5023,'Northern Railway Colony',38,1,NULL,NULL),(5024,'Nurpur',38,1,NULL,NULL),(5025,'Nyoria Husenpur',38,1,NULL,NULL),(5026,'Nyotini',38,1,NULL,NULL),(5027,'Obra',38,1,NULL,NULL),(5028,'Oel Dhakwa',38,1,NULL,NULL),(5029,'Orai',38,1,NULL,NULL),(5030,'Oran',38,1,NULL,NULL),(5031,'Ordinance Factory Muradnagar',38,1,NULL,NULL),(5032,'Pachperwa',38,1,NULL,NULL),(5033,'Padrauna',38,1,NULL,NULL),(5034,'Pahasu',38,1,NULL,NULL),(5035,'Paintepur',38,1,NULL,NULL),(5036,'Pali',38,1,NULL,NULL),(5037,'Palia Kalan',38,1,NULL,NULL),(5038,'Parasi',38,1,NULL,NULL),(5039,'Parichha',38,1,NULL,NULL),(5040,'Parichhatgarh',38,1,NULL,NULL),(5041,'Parsadepur',38,1,NULL,NULL),(5042,'Patala',38,1,NULL,NULL),(5043,'Patiyali',38,1,NULL,NULL),(5044,'Patti',38,1,NULL,NULL),(5045,'Pawayan',38,1,NULL,NULL),(5046,'Phalauda',38,1,NULL,NULL),(5047,'Phaphund',38,1,NULL,NULL),(5048,'Phulpur',38,1,NULL,NULL),(5049,'Phulwaria',38,1,NULL,NULL),(5050,'Pihani',38,1,NULL,NULL),(5051,'Pilibhit',38,1,NULL,NULL),(5052,'Pilkana',38,1,NULL,NULL),(5053,'Pilkhuwa',38,1,NULL,NULL),(5054,'Pinahat',38,1,NULL,NULL),(5055,'Pipalsana Chaudhari',38,1,NULL,NULL),(5056,'Pipiganj',38,1,NULL,NULL),(5057,'Pipraich',38,1,NULL,NULL),(5058,'Pipri',38,1,NULL,NULL),(5059,'Pratapgarh',38,1,NULL,NULL),(5060,'Pukhrayan',38,1,NULL,NULL),(5061,'Puranpur',38,1,NULL,NULL),(5062,'Purdil Nagar',38,1,NULL,NULL),(5063,'Purqazi',38,1,NULL,NULL),(5064,'Purwa',38,1,NULL,NULL),(5065,'Qasimpur',38,1,NULL,NULL),(5066,'Rabupura',38,1,NULL,NULL),(5067,'Radha Kund',38,1,NULL,NULL),(5068,'Rae Bareilly',38,1,NULL,NULL),(5069,'Raja Ka Rampur',38,1,NULL,NULL),(5070,'Rajapur',38,1,NULL,NULL),(5071,'Ramkola',38,1,NULL,NULL),(5072,'Ramnagar',38,1,NULL,NULL),(5073,'Rampur',38,1,NULL,NULL),(5074,'Rampur Bhawanipur',38,1,NULL,NULL),(5075,'Rampur Karkhana',38,1,NULL,NULL),(5076,'Rampur Maniharan',38,1,NULL,NULL),(5077,'Rampura',38,1,NULL,NULL),(5078,'Ranipur',38,1,NULL,NULL),(5079,'Rashidpur Garhi',38,1,NULL,NULL),(5080,'Rasra',38,1,NULL,NULL),(5081,'Rasulabad',38,1,NULL,NULL),(5082,'Rath',38,1,NULL,NULL),(5083,'Raya',38,1,NULL,NULL),(5084,'Renukut',38,1,NULL,NULL),(5085,'Reoti',38,1,NULL,NULL),(5086,'Richha',38,1,NULL,NULL),(5087,'Risia Bazar',38,1,NULL,NULL),(5088,'Rithora',38,1,NULL,NULL),(5089,'Robertsganj',38,1,NULL,NULL),(5090,'Roza',38,1,NULL,NULL),(5091,'Rudarpur',38,1,NULL,NULL),(5092,'Rudauli',38,1,NULL,NULL),(5093,'Rudayan',38,1,NULL,NULL),(5094,'Rura',38,1,NULL,NULL),(5095,'Rustamnagar Sahaspur',38,1,NULL,NULL),(5096,'Sabatwar',38,1,NULL,NULL),(5097,'Sadabad',38,1,NULL,NULL),(5098,'Sadat',38,1,NULL,NULL),(5099,'Safipur',38,1,NULL,NULL),(5100,'Sahanpur',38,1,NULL,NULL),(5101,'Saharanpur',38,1,NULL,NULL),(5102,'Sahaspur',38,1,NULL,NULL),(5103,'Sahaswan',38,1,NULL,NULL),(5104,'Sahawar',38,1,NULL,NULL),(5105,'Sahibabad',38,1,NULL,NULL),(5106,'Sahjanwa',38,1,NULL,NULL),(5107,'Sahpau',38,1,NULL,NULL),(5108,'Saidpur',38,1,NULL,NULL),(5109,'Sainthal',38,1,NULL,NULL),(5110,'Saiyadraja',38,1,NULL,NULL),(5111,'Sakhanu',38,1,NULL,NULL),(5112,'Sakit',38,1,NULL,NULL),(5113,'Salarpur Khadar',38,1,NULL,NULL),(5114,'Salimpur',38,1,NULL,NULL),(5115,'Salon',38,1,NULL,NULL),(5116,'Sambhal',38,1,NULL,NULL),(5117,'Sambhawali',38,1,NULL,NULL),(5118,'Samdhan',38,1,NULL,NULL),(5119,'Samthar',38,1,NULL,NULL),(5120,'Sandi',38,1,NULL,NULL),(5121,'Sandila',38,1,NULL,NULL),(5122,'Sarai Mir',38,1,NULL,NULL),(5123,'Sarai akil',38,1,NULL,NULL),(5124,'Sarauli',38,1,NULL,NULL),(5125,'Sardhana',38,1,NULL,NULL),(5126,'Sarila',38,1,NULL,NULL),(5127,'Sarsawan',38,1,NULL,NULL),(5128,'Sasni',38,1,NULL,NULL),(5129,'Satrikh',38,1,NULL,NULL),(5130,'Saunkh',38,1,NULL,NULL),(5131,'Saurikh',38,1,NULL,NULL),(5132,'Seohara',38,1,NULL,NULL),(5133,'Sewal Khas',38,1,NULL,NULL),(5134,'Sewarhi',38,1,NULL,NULL),(5135,'Shahabad',38,1,NULL,NULL),(5136,'Shahganj',38,1,NULL,NULL),(5137,'Shahi',38,1,NULL,NULL),(5138,'Shahjahanpur',38,1,NULL,NULL),(5139,'Shahjahanpur Cantonment',38,1,NULL,NULL),(5140,'Shahpur',38,1,NULL,NULL),(5141,'Shamli',38,1,NULL,NULL),(5142,'Shamsabad',38,1,NULL,NULL),(5143,'Shankargarh',38,1,NULL,NULL),(5144,'Shergarh',38,1,NULL,NULL),(5145,'Sherkot',38,1,NULL,NULL),(5146,'Shikarpur',38,1,NULL,NULL),(5147,'Shikohabad',38,1,NULL,NULL),(5148,'Shisgarh',38,1,NULL,NULL),(5149,'Shivdaspur',38,1,NULL,NULL),(5150,'Shivli',38,1,NULL,NULL),(5151,'Shivrajpur',38,1,NULL,NULL),(5152,'Shohratgarh',38,1,NULL,NULL),(5153,'Siddhanur',38,1,NULL,NULL),(5154,'Siddharthnagar',38,1,NULL,NULL),(5155,'Sidhauli',38,1,NULL,NULL),(5156,'Sidhpura',38,1,NULL,NULL),(5157,'Sikandarabad',38,1,NULL,NULL),(5158,'Sikandarpur',38,1,NULL,NULL),(5159,'Sikandra',38,1,NULL,NULL),(5160,'Sikandra Rao',38,1,NULL,NULL),(5161,'Singahi Bhiraura',38,1,NULL,NULL),(5162,'Sirathu',38,1,NULL,NULL),(5163,'Sirsa',38,1,NULL,NULL),(5164,'Sirsaganj',38,1,NULL,NULL),(5165,'Sirsi',38,1,NULL,NULL),(5166,'Sisauli',38,1,NULL,NULL),(5167,'Siswa Bazar',38,1,NULL,NULL),(5168,'Sitapur',38,1,NULL,NULL),(5169,'Siyana',38,1,NULL,NULL),(5170,'Som',38,1,NULL,NULL),(5171,'Sonbhadra',38,1,NULL,NULL),(5172,'Soron',38,1,NULL,NULL),(5173,'Suar',38,1,NULL,NULL),(5174,'Sukhmalpur Nizamabad',38,1,NULL,NULL),(5175,'Sultanpur',38,1,NULL,NULL),(5176,'Sumerpur',38,1,NULL,NULL),(5177,'Suriyawan',38,1,NULL,NULL),(5178,'Swamibagh',38,1,NULL,NULL),(5179,'Tajpur',38,1,NULL,NULL),(5180,'Talbahat',38,1,NULL,NULL),(5181,'Talgram',38,1,NULL,NULL),(5182,'Tambaur',38,1,NULL,NULL),(5183,'Tanda',38,1,NULL,NULL),(5184,'Tatarpur Lallu',38,1,NULL,NULL),(5185,'Tetribazar',38,1,NULL,NULL),(5186,'Thakurdwara',38,1,NULL,NULL),(5187,'Thana Bhawan',38,1,NULL,NULL),(5188,'Thiriya Nizamat Khan',38,1,NULL,NULL),(5189,'Tikaitnagar',38,1,NULL,NULL),(5190,'Tikri',38,1,NULL,NULL),(5191,'Tilhar',38,1,NULL,NULL),(5192,'Tindwari',38,1,NULL,NULL),(5193,'Tirwaganj',38,1,NULL,NULL),(5194,'Titron',38,1,NULL,NULL),(5195,'Tori Fatehpur',38,1,NULL,NULL),(5196,'Tulsipur',38,1,NULL,NULL),(5197,'Tundla',38,1,NULL,NULL),(5198,'Tundla Kham',38,1,NULL,NULL),(5199,'Tundla Railway Colony',38,1,NULL,NULL),(5200,'Ugu',38,1,NULL,NULL),(5201,'Ujhani',38,1,NULL,NULL),(5202,'Ujhari',38,1,NULL,NULL),(5203,'Umri',38,1,NULL,NULL),(5204,'Umri Kalan',38,1,NULL,NULL),(5205,'Un',38,1,NULL,NULL),(5206,'Unchahar',38,1,NULL,NULL),(5207,'Unnao',38,1,NULL,NULL),(5208,'Usaihat',38,1,NULL,NULL),(5209,'Usawan',38,1,NULL,NULL),(5210,'Utraula',38,1,NULL,NULL),(5211,'Varanasi',38,1,NULL,NULL),(5212,'Varanasi Cantonment',38,1,NULL,NULL),(5213,'Vijaigarh',38,1,NULL,NULL),(5214,'Vrindavan',38,1,NULL,NULL),(5215,'Wazirganj',38,1,NULL,NULL),(5216,'Zafarabad',38,1,NULL,NULL),(5217,'Zaidpur',38,1,NULL,NULL),(5218,'Zamania',38,1,NULL,NULL),(5219,'Almora',39,1,NULL,NULL),(5220,'Almora Cantonment',39,1,NULL,NULL),(5221,'Badrinathpuri',39,1,NULL,NULL),(5222,'Bageshwar',39,1,NULL,NULL),(5223,'Bah Bazar',39,1,NULL,NULL),(5224,'Banbasa',39,1,NULL,NULL),(5225,'Bandia',39,1,NULL,NULL),(5226,'Barkot',39,1,NULL,NULL),(5227,'Bazpur',39,1,NULL,NULL),(5228,'Bhim Tal',39,1,NULL,NULL),(5229,'Bhowali',39,1,NULL,NULL),(5230,'Chakrata',39,1,NULL,NULL),(5231,'Chamba',39,1,NULL,NULL),(5232,'Chamoli and Gopeshwar',39,1,NULL,NULL),(5233,'Champawat',39,1,NULL,NULL),(5234,'Clement Town',39,1,NULL,NULL),(5235,'Dehra Dun Cantonment',39,1,NULL,NULL),(5236,'Dehradun',39,1,NULL,NULL),(5237,'Dehrakhas',39,1,NULL,NULL),(5238,'Devaprayag',39,1,NULL,NULL),(5239,'Dhaluwala',39,1,NULL,NULL),(5240,'Dhandera',39,1,NULL,NULL),(5241,'Dharchula',39,1,NULL,NULL),(5242,'Dharchula Dehat',39,1,NULL,NULL),(5243,'Didihat',39,1,NULL,NULL),(5244,'Dineshpur',39,1,NULL,NULL),(5245,'Doiwala',39,1,NULL,NULL),(5246,'Dugadda',39,1,NULL,NULL),(5247,'Dwarahat',39,1,NULL,NULL),(5248,'Gadarpur',39,1,NULL,NULL),(5249,'Gangotri',39,1,NULL,NULL),(5250,'Gauchar',39,1,NULL,NULL),(5251,'Haldwani',39,1,NULL,NULL),(5252,'Haridwar',39,1,NULL,NULL),(5253,'Herbertpur',39,1,NULL,NULL),(5254,'Jaspur',39,1,NULL,NULL),(5255,'Jhabrera',39,1,NULL,NULL),(5256,'Joshimath',39,1,NULL,NULL),(5257,'Kachnal Gosain',39,1,NULL,NULL),(5258,'Kaladungi',39,1,NULL,NULL),(5259,'Kalagarh',39,1,NULL,NULL),(5260,'Karnaprayang',39,1,NULL,NULL),(5261,'Kashipur',39,1,NULL,NULL),(5262,'Kashirampur',39,1,NULL,NULL),(5263,'Kausani',39,1,NULL,NULL),(5264,'Kedarnath',39,1,NULL,NULL),(5265,'Kelakhera',39,1,NULL,NULL),(5266,'Khatima',39,1,NULL,NULL),(5267,'Kichha',39,1,NULL,NULL),(5268,'Kirtinagar',39,1,NULL,NULL),(5269,'Kotdwara',39,1,NULL,NULL),(5270,'Laksar',39,1,NULL,NULL),(5271,'Lalkuan',39,1,NULL,NULL),(5272,'Landaura',39,1,NULL,NULL),(5273,'Landhaura Cantonment',39,1,NULL,NULL),(5274,'Lensdaun',39,1,NULL,NULL),(5275,'Logahat',39,1,NULL,NULL),(5276,'Mahua Dabra Haripura',39,1,NULL,NULL),(5277,'Mahua Kheraganj',39,1,NULL,NULL),(5278,'Manglaur',39,1,NULL,NULL),(5279,'Masuri',39,1,NULL,NULL),(5280,'Mohanpur Mohammadpur',39,1,NULL,NULL),(5281,'Muni Ki Reti',39,1,NULL,NULL),(5282,'Nagla',39,1,NULL,NULL),(5283,'Nainital',39,1,NULL,NULL),(5284,'Nainital Cantonment',39,1,NULL,NULL),(5285,'Nandaprayang',39,1,NULL,NULL),(5286,'Narendranagar',39,1,NULL,NULL),(5287,'Pauri',39,1,NULL,NULL),(5288,'Pithoragarh',39,1,NULL,NULL),(5289,'Pratitnagar',39,1,NULL,NULL),(5290,'Raipur',39,1,NULL,NULL),(5291,'Raiwala',39,1,NULL,NULL),(5292,'Ramnagar',39,1,NULL,NULL),(5293,'Ranikhet',39,1,NULL,NULL),(5294,'Ranipur',39,1,NULL,NULL),(5295,'Rishikesh',39,1,NULL,NULL),(5296,'Rishikesh Cantonment',39,1,NULL,NULL),(5297,'Roorkee',39,1,NULL,NULL),(5298,'Rudraprayag',39,1,NULL,NULL),(5299,'Rudrapur',39,1,NULL,NULL),(5300,'Rurki',39,1,NULL,NULL),(5301,'Rurki Cantonment',39,1,NULL,NULL),(5302,'Shaktigarh',39,1,NULL,NULL),(5303,'Sitarganj',39,1,NULL,NULL),(5304,'Srinagar',39,1,NULL,NULL),(5305,'Sultanpur',39,1,NULL,NULL),(5306,'Tanakpur',39,1,NULL,NULL),(5307,'Tehri',39,1,NULL,NULL),(5308,'Udham Singh Nagar',39,1,NULL,NULL),(5309,'Uttarkashi',39,1,NULL,NULL),(5310,'Vikasnagar',39,1,NULL,NULL),(5311,'Virbhadra',39,1,NULL,NULL),(5312,'24 Parganas (n)',41,1,NULL,NULL),(5313,'24 Parganas (s)',41,1,NULL,NULL),(5314,'Adra',41,1,NULL,NULL),(5315,'Ahmadpur',41,1,NULL,NULL),(5316,'Aiho',41,1,NULL,NULL),(5317,'Aistala',41,1,NULL,NULL),(5318,'Alipur Duar',41,1,NULL,NULL),(5319,'Alipur Duar Railway Junction',41,1,NULL,NULL),(5320,'Alpur',41,1,NULL,NULL),(5321,'Amalhara',41,1,NULL,NULL),(5322,'Amkula',41,1,NULL,NULL),(5323,'Amlagora',41,1,NULL,NULL),(5324,'Amodghata',41,1,NULL,NULL),(5325,'Amtala',41,1,NULL,NULL),(5326,'Andul',41,1,NULL,NULL),(5327,'Anksa',41,1,NULL,NULL),(5328,'Ankurhati',41,1,NULL,NULL),(5329,'Anup Nagar',41,1,NULL,NULL),(5330,'Arambagh',41,1,NULL,NULL),(5331,'Argari',41,1,NULL,NULL),(5332,'Arsha',41,1,NULL,NULL),(5333,'Asansol',41,1,NULL,NULL),(5334,'Ashoknagar Kalyangarh',41,1,NULL,NULL),(5335,'Aurangabad',41,1,NULL,NULL),(5336,'Bablari Dewanganj',41,1,NULL,NULL),(5337,'Badhagachhi',41,1,NULL,NULL),(5338,'Baduria',41,1,NULL,NULL),(5339,'Baghdogra',41,1,NULL,NULL),(5340,'Bagnan',41,1,NULL,NULL),(5341,'Bagra',41,1,NULL,NULL),(5342,'Bagula',41,1,NULL,NULL),(5343,'Baharampur',41,1,NULL,NULL),(5344,'Bahirgram',41,1,NULL,NULL),(5345,'Bahula',41,1,NULL,NULL),(5346,'Baidyabati',41,1,NULL,NULL),(5347,'Bairatisal',41,1,NULL,NULL),(5348,'Baj Baj',41,1,NULL,NULL),(5349,'Bakreswar',41,1,NULL,NULL),(5350,'Balaram Pota',41,1,NULL,NULL),(5351,'Balarampur',41,1,NULL,NULL),(5352,'Bali Chak',41,1,NULL,NULL),(5353,'Ballavpur',41,1,NULL,NULL),(5354,'Bally',41,1,NULL,NULL),(5355,'Balurghat',41,1,NULL,NULL),(5356,'Bamunari',41,1,NULL,NULL),(5357,'Banarhat Tea Garden',41,1,NULL,NULL),(5358,'Bandel',41,1,NULL,NULL),(5359,'Bangaon',41,1,NULL,NULL),(5360,'Bankra',41,1,NULL,NULL),(5361,'Bankura',41,1,NULL,NULL),(5362,'Bansbaria',41,1,NULL,NULL),(5363,'Banshra',41,1,NULL,NULL),(5364,'Banupur',41,1,NULL,NULL),(5365,'Bara Bamonia',41,1,NULL,NULL),(5366,'Barakpur',41,1,NULL,NULL),(5367,'Barakpur Cantonment',41,1,NULL,NULL),(5368,'Baranagar',41,1,NULL,NULL),(5369,'Barasat',41,1,NULL,NULL),(5370,'Barddhaman',41,1,NULL,NULL),(5371,'Barijhati',41,1,NULL,NULL),(5372,'Barjora',41,1,NULL,NULL),(5373,'Barrackpore',41,1,NULL,NULL),(5374,'Baruihuda',41,1,NULL,NULL),(5375,'Baruipur',41,1,NULL,NULL),(5376,'Barunda',41,1,NULL,NULL),(5377,'Basirhat',41,1,NULL,NULL),(5378,'Baska',41,1,NULL,NULL),(5379,'Begampur',41,1,NULL,NULL),(5380,'Beldanga',41,1,NULL,NULL),(5381,'Beldubi',41,1,NULL,NULL),(5382,'Belebathan',41,1,NULL,NULL),(5383,'Beliator',41,1,NULL,NULL),(5384,'Bhadreswar',41,1,NULL,NULL),(5385,'Bhandardaha',41,1,NULL,NULL),(5386,'Bhangar Raghunathpur',41,1,NULL,NULL),(5387,'Bhangri Pratham Khanda',41,1,NULL,NULL),(5388,'Bhanowara',41,1,NULL,NULL),(5389,'Bhatpara',41,1,NULL,NULL),(5390,'Bholar Dabri',41,1,NULL,NULL),(5391,'Bidhannagar',41,1,NULL,NULL),(5392,'Bidyadharpur',41,1,NULL,NULL),(5393,'Biki Hakola',41,1,NULL,NULL),(5394,'Bilandapur',41,1,NULL,NULL),(5395,'Bilpahari',41,1,NULL,NULL),(5396,'Bipra Noapara',41,1,NULL,NULL),(5397,'Birlapur',41,1,NULL,NULL),(5398,'Birnagar',41,1,NULL,NULL),(5399,'Bisarpara',41,1,NULL,NULL),(5400,'Bishnupur',41,1,NULL,NULL),(5401,'Bolpur',41,1,NULL,NULL),(5402,'Bongaon',41,1,NULL,NULL),(5403,'Bowali',41,1,NULL,NULL),(5404,'Burdwan',41,1,NULL,NULL),(5405,'Canning',41,1,NULL,NULL),(5406,'Cart Road',41,1,NULL,NULL),(5407,'Chachanda',41,1,NULL,NULL),(5408,'Chak Bankola',41,1,NULL,NULL),(5409,'Chak Enayetnagar',41,1,NULL,NULL),(5410,'Chak Kashipur',41,1,NULL,NULL),(5411,'Chakalampur',41,1,NULL,NULL),(5412,'Chakbansberia',41,1,NULL,NULL),(5413,'Chakdaha',41,1,NULL,NULL),(5414,'Chakpara',41,1,NULL,NULL),(5415,'Champahati',41,1,NULL,NULL),(5416,'Champdani',41,1,NULL,NULL),(5417,'Chamrail',41,1,NULL,NULL),(5418,'Chandannagar',41,1,NULL,NULL),(5419,'Chandpur',41,1,NULL,NULL),(5420,'Chandrakona',41,1,NULL,NULL),(5421,'Chapari',41,1,NULL,NULL),(5422,'Chapui',41,1,NULL,NULL),(5423,'Char Brahmanagar',41,1,NULL,NULL),(5424,'Char Maijdia',41,1,NULL,NULL),(5425,'Charka',41,1,NULL,NULL),(5426,'Chata Kalikapur',41,1,NULL,NULL),(5427,'Chauhati',41,1,NULL,NULL),(5428,'Checha Khata',41,1,NULL,NULL),(5429,'Chelad',41,1,NULL,NULL),(5430,'Chhora',41,1,NULL,NULL),(5431,'Chikrand',41,1,NULL,NULL),(5432,'Chittaranjan',41,1,NULL,NULL),(5433,'Contai',41,1,NULL,NULL),(5434,'Cooch Behar',41,1,NULL,NULL),(5435,'Dainhat',41,1,NULL,NULL),(5436,'Dakshin Baguan',41,1,NULL,NULL),(5437,'Dakshin Jhapardaha',41,1,NULL,NULL),(5438,'Dakshin Rajyadharpur',41,1,NULL,NULL),(5439,'Dakshin Raypur',41,1,NULL,NULL),(5440,'Dalkola',41,1,NULL,NULL),(5441,'Dalurband',41,1,NULL,NULL),(5442,'Darap Pur',41,1,NULL,NULL),(5443,'Darjiling',41,1,NULL,NULL),(5444,'Daulatpur',41,1,NULL,NULL),(5445,'Debipur',41,1,NULL,NULL),(5446,'Defahat',41,1,NULL,NULL),(5447,'Deora',41,1,NULL,NULL),(5448,'Deulia',41,1,NULL,NULL),(5449,'Dhakuria',41,1,NULL,NULL),(5450,'Dhandadihi',41,1,NULL,NULL),(5451,'Dhanyakuria',41,1,NULL,NULL),(5452,'Dharmapur',41,1,NULL,NULL),(5453,'Dhatri Gram',41,1,NULL,NULL),(5454,'Dhuilya',41,1,NULL,NULL),(5455,'Dhulagari',41,1,NULL,NULL),(5456,'Dhulian',41,1,NULL,NULL),(5457,'Dhupgari',41,1,NULL,NULL),(5458,'Dhusaripara',41,1,NULL,NULL),(5459,'Diamond Harbour',41,1,NULL,NULL),(5460,'Digha',41,1,NULL,NULL),(5461,'Dignala',41,1,NULL,NULL),(5462,'Dinhata',41,1,NULL,NULL),(5463,'Dubrajpur',41,1,NULL,NULL),(5464,'Dumjor',41,1,NULL,NULL),(5465,'Durgapur',41,1,NULL,NULL),(5466,'Durllabhganj',41,1,NULL,NULL),(5467,'Egra',41,1,NULL,NULL),(5468,'Eksara',41,1,NULL,NULL),(5469,'Falakata',41,1,NULL,NULL),(5470,'Farakka',41,1,NULL,NULL),(5471,'Fatellapur',41,1,NULL,NULL),(5472,'Fort Gloster',41,1,NULL,NULL),(5473,'Gabberia',41,1,NULL,NULL),(5474,'Gadigachha',41,1,NULL,NULL),(5475,'Gairkata',41,1,NULL,NULL),(5476,'Gangarampur',41,1,NULL,NULL),(5477,'Garalgachha',41,1,NULL,NULL),(5478,'Garbeta Amlagora',41,1,NULL,NULL),(5479,'Garhbeta',41,1,NULL,NULL),(5480,'Garshyamnagar',41,1,NULL,NULL),(5481,'Garui',41,1,NULL,NULL),(5482,'Garulia',41,1,NULL,NULL),(5483,'Gayespur',41,1,NULL,NULL),(5484,'Ghatal',41,1,NULL,NULL),(5485,'Ghorsala',41,1,NULL,NULL),(5486,'Goaljan',41,1,NULL,NULL),(5487,'Goasafat',41,1,NULL,NULL),(5488,'Gobardanga',41,1,NULL,NULL),(5489,'Gobindapur',41,1,NULL,NULL),(5490,'Gopalpur',41,1,NULL,NULL),(5491,'Gopinathpur',41,1,NULL,NULL),(5492,'Gora Bazar',41,1,NULL,NULL),(5493,'Guma',41,1,NULL,NULL),(5494,'Gurdaha',41,1,NULL,NULL),(5495,'Guriahati',41,1,NULL,NULL),(5496,'Guskhara',41,1,NULL,NULL),(5497,'Habra',41,1,NULL,NULL),(5498,'Haldia',41,1,NULL,NULL),(5499,'Haldibari',41,1,NULL,NULL),(5500,'Halisahar',41,1,NULL,NULL),(5501,'Haora',41,1,NULL,NULL),(5502,'Harharia Chak',41,1,NULL,NULL),(5503,'Harindanga',41,1,NULL,NULL),(5504,'Haringhata',41,1,NULL,NULL),(5505,'Haripur',41,1,NULL,NULL),(5506,'Harishpur',41,1,NULL,NULL),(5507,'Hatgachha',41,1,NULL,NULL),(5508,'Hatsimla',41,1,NULL,NULL),(5509,'Hijuli',41,1,NULL,NULL),(5510,'Hindustan Cables Town',41,1,NULL,NULL),(5511,'Hooghly',41,1,NULL,NULL),(5512,'Howrah',41,1,NULL,NULL),(5513,'Hugli-Chunchura',41,1,NULL,NULL),(5514,'Humaipur',41,1,NULL,NULL),(5515,'Ichha Pur Defence Estate',41,1,NULL,NULL),(5516,'Ingraj Bazar',41,1,NULL,NULL),(5517,'Islampur',41,1,NULL,NULL),(5518,'Jafarpur',41,1,NULL,NULL),(5519,'Jagadanandapur',41,1,NULL,NULL),(5520,'Jagdishpur',41,1,NULL,NULL),(5521,'Jagtaj',41,1,NULL,NULL),(5522,'Jala Kendua',41,1,NULL,NULL),(5523,'Jaldhaka',41,1,NULL,NULL),(5524,'Jalkhura',41,1,NULL,NULL),(5525,'Jalpaiguri',41,1,NULL,NULL),(5526,'Jamuria',41,1,NULL,NULL),(5527,'Jangipur',41,1,NULL,NULL),(5528,'Jaygaon',41,1,NULL,NULL),(5529,'Jaynagar-Majilpur',41,1,NULL,NULL),(5530,'Jemari',41,1,NULL,NULL),(5531,'Jemari Township',41,1,NULL,NULL),(5532,'Jetia',41,1,NULL,NULL),(5533,'Jhalida',41,1,NULL,NULL),(5534,'Jhargram',41,1,NULL,NULL),(5535,'Jhorhat',41,1,NULL,NULL),(5536,'Jiaganj-Azimganj',41,1,NULL,NULL),(5537,'Joka',41,1,NULL,NULL),(5538,'Jot Kamal',41,1,NULL,NULL),(5539,'Kachu Pukur',41,1,NULL,NULL),(5540,'Kajora',41,1,NULL,NULL),(5541,'Kakdihi',41,1,NULL,NULL),(5542,'Kakdwip',41,1,NULL,NULL),(5543,'Kalaikunda',41,1,NULL,NULL),(5544,'Kalara',41,1,NULL,NULL),(5545,'Kalimpong',41,1,NULL,NULL),(5546,'Kaliyaganj',41,1,NULL,NULL),(5547,'Kalna',41,1,NULL,NULL),(5548,'Kalyani',41,1,NULL,NULL),(5549,'Kamarhati',41,1,NULL,NULL),(5550,'Kanaipur',41,1,NULL,NULL),(5551,'Kanchrapara',41,1,NULL,NULL),(5552,'Kandi',41,1,NULL,NULL),(5553,'Kanki',41,1,NULL,NULL),(5554,'Kankuria',41,1,NULL,NULL),(5555,'Kantlia',41,1,NULL,NULL),(5556,'Kanyanagar',41,1,NULL,NULL),(5557,'Karimpur',41,1,NULL,NULL),(5558,'Karsiyang',41,1,NULL,NULL),(5559,'Kasba',41,1,NULL,NULL),(5560,'Kasimbazar',41,1,NULL,NULL),(5561,'Katwa',41,1,NULL,NULL),(5562,'Kaugachhi',41,1,NULL,NULL),(5563,'Kenda',41,1,NULL,NULL),(5564,'Kendra Khottamdi',41,1,NULL,NULL),(5565,'Kendua',41,1,NULL,NULL),(5566,'Kesabpur',41,1,NULL,NULL),(5567,'Khagrabari',41,1,NULL,NULL),(5568,'Khalia',41,1,NULL,NULL),(5569,'Khalor',41,1,NULL,NULL),(5570,'Khandra',41,1,NULL,NULL),(5571,'Khantora',41,1,NULL,NULL),(5572,'Kharagpur',41,1,NULL,NULL),(5573,'Kharagpur Railway Settlement',41,1,NULL,NULL),(5574,'Kharar',41,1,NULL,NULL),(5575,'Khardaha',41,1,NULL,NULL),(5576,'Khari Mala Khagrabari',41,1,NULL,NULL),(5577,'Kharsarai',41,1,NULL,NULL),(5578,'Khatra',41,1,NULL,NULL),(5579,'Khodarampur',41,1,NULL,NULL),(5580,'Kodalia',41,1,NULL,NULL),(5581,'Kolaghat',41,1,NULL,NULL),(5582,'Kolaghat Thermal Power Project',41,1,NULL,NULL),(5583,'Kolkata',41,1,NULL,NULL),(5584,'Konardihi',41,1,NULL,NULL),(5585,'Konnogar',41,1,NULL,NULL),(5586,'Krishnanagar',41,1,NULL,NULL),(5587,'Krishnapur',41,1,NULL,NULL),(5588,'Kshidirpur',41,1,NULL,NULL),(5589,'Kshirpai',41,1,NULL,NULL),(5590,'Kulihanda',41,1,NULL,NULL),(5591,'Kulti',41,1,NULL,NULL),(5592,'Kunustara',41,1,NULL,NULL),(5593,'Kuperskem',41,1,NULL,NULL),(5594,'Madanpur',41,1,NULL,NULL),(5595,'Madhusudanpur',41,1,NULL,NULL),(5596,'Madhyamgram',41,1,NULL,NULL),(5597,'Maheshtala',41,1,NULL,NULL),(5598,'Mahiari',41,1,NULL,NULL),(5599,'Mahikpur',41,1,NULL,NULL),(5600,'Mahira',41,1,NULL,NULL),(5601,'Mahishadal',41,1,NULL,NULL),(5602,'Mainaguri',41,1,NULL,NULL),(5603,'Makardaha',41,1,NULL,NULL),(5604,'Mal',41,1,NULL,NULL),(5605,'Malda',41,1,NULL,NULL),(5606,'Mandarbani',41,1,NULL,NULL),(5607,'Mansinhapur',41,1,NULL,NULL),(5608,'Masila',41,1,NULL,NULL),(5609,'Maslandapur',41,1,NULL,NULL),(5610,'Mathabhanga',41,1,NULL,NULL),(5611,'Mekliganj',41,1,NULL,NULL),(5612,'Memari',41,1,NULL,NULL),(5613,'Midnapur',41,1,NULL,NULL),(5614,'Mirik',41,1,NULL,NULL),(5615,'Monoharpur',41,1,NULL,NULL),(5616,'Mrigala',41,1,NULL,NULL),(5617,'Muragachha',41,1,NULL,NULL),(5618,'Murgathaul',41,1,NULL,NULL),(5619,'Murshidabad',41,1,NULL,NULL),(5620,'Nabadhai Dutta Pukur',41,1,NULL,NULL),(5621,'Nabagram',41,1,NULL,NULL),(5622,'Nabgram',41,1,NULL,NULL),(5623,'Nachhratpur Katabari',41,1,NULL,NULL),(5624,'Nadia',41,1,NULL,NULL),(5625,'Naihati',41,1,NULL,NULL),(5626,'Nalhati',41,1,NULL,NULL),(5627,'Nasra',41,1,NULL,NULL),(5628,'Natibpur',41,1,NULL,NULL),(5629,'Naupala',41,1,NULL,NULL),(5630,'Navadwip',41,1,NULL,NULL),(5631,'Nebadhai Duttapukur',41,1,NULL,NULL),(5632,'New Barrackpore',41,1,NULL,NULL),(5633,'Ni Barakpur',41,1,NULL,NULL),(5634,'Nibra',41,1,NULL,NULL),(5635,'Noapara',41,1,NULL,NULL),(5636,'Nokpul',41,1,NULL,NULL),(5637,'North Barakpur',41,1,NULL,NULL),(5638,'Odlabari',41,1,NULL,NULL),(5639,'Old Maldah',41,1,NULL,NULL),(5640,'Ondal',41,1,NULL,NULL),(5641,'Pairagachha',41,1,NULL,NULL),(5642,'Palashban',41,1,NULL,NULL),(5643,'Panchla',41,1,NULL,NULL),(5644,'Panchpara',41,1,NULL,NULL),(5645,'Pandua',41,1,NULL,NULL),(5646,'Pangachhiya',41,1,NULL,NULL),(5647,'Paniara',41,1,NULL,NULL),(5648,'Panihati',41,1,NULL,NULL),(5649,'Panuhat',41,1,NULL,NULL),(5650,'Par Beliya',41,1,NULL,NULL),(5651,'Parashkol',41,1,NULL,NULL),(5652,'Parasia',41,1,NULL,NULL),(5653,'Parbbatipur',41,1,NULL,NULL),(5654,'Parui',41,1,NULL,NULL),(5655,'Paschim Jitpur',41,1,NULL,NULL),(5656,'Paschim Punro Para',41,1,NULL,NULL),(5657,'Patrasaer',41,1,NULL,NULL),(5658,'Pattabong Tea Garden',41,1,NULL,NULL),(5659,'Patuli',41,1,NULL,NULL),(5660,'Patulia',41,1,NULL,NULL),(5661,'Phulia',41,1,NULL,NULL),(5662,'Podara',41,1,NULL,NULL),(5663,'Port Blair',41,1,NULL,NULL),(5664,'Prayagpur',41,1,NULL,NULL),(5665,'Pujali',41,1,NULL,NULL),(5666,'Purba Medinipur',41,1,NULL,NULL),(5667,'Purba Tajpur',41,1,NULL,NULL),(5668,'Purulia',41,1,NULL,NULL),(5669,'Raghudebbati',41,1,NULL,NULL),(5670,'Raghudebpur',41,1,NULL,NULL),(5671,'Raghunathchak',41,1,NULL,NULL),(5672,'Raghunathpur',41,1,NULL,NULL),(5673,'Raghunathpur-Dankuni',41,1,NULL,NULL),(5674,'Raghunathpur-Magra',41,1,NULL,NULL),(5675,'Raigachhi',41,1,NULL,NULL),(5676,'Raiganj',41,1,NULL,NULL),(5677,'Raipur',41,1,NULL,NULL),(5678,'Rajarhat Gopalpur',41,1,NULL,NULL),(5679,'Rajpur',41,1,NULL,NULL),(5680,'Ramchandrapur',41,1,NULL,NULL),(5681,'Ramjibanpur',41,1,NULL,NULL),(5682,'Ramnagar',41,1,NULL,NULL),(5683,'Rampur Hat',41,1,NULL,NULL),(5684,'Ranaghat',41,1,NULL,NULL),(5685,'Raniganj',41,1,NULL,NULL),(5686,'Ratibati',41,1,NULL,NULL),(5687,'Raypur',41,1,NULL,NULL),(5688,'Rishra',41,1,NULL,NULL),(5689,'Rishra Cantonment',41,1,NULL,NULL),(5690,'Ruiya',41,1,NULL,NULL),(5691,'Sahajadpur',41,1,NULL,NULL),(5692,'Sahapur',41,1,NULL,NULL),(5693,'Sainthia',41,1,NULL,NULL),(5694,'Salap',41,1,NULL,NULL),(5695,'Sankarpur',41,1,NULL,NULL),(5696,'Sankrail',41,1,NULL,NULL),(5697,'Santoshpur',41,1,NULL,NULL),(5698,'Saontaidih',41,1,NULL,NULL),(5699,'Sarenga',41,1,NULL,NULL),(5700,'Sarpi',41,1,NULL,NULL),(5701,'Satigachha',41,1,NULL,NULL),(5702,'Serpur',41,1,NULL,NULL),(5703,'Shankhanagar',41,1,NULL,NULL),(5704,'Shantipur',41,1,NULL,NULL),(5705,'Shrirampur',41,1,NULL,NULL),(5706,'Siduli',41,1,NULL,NULL),(5707,'Siliguri',41,1,NULL,NULL),(5708,'Simla',41,1,NULL,NULL),(5709,'Singur',41,1,NULL,NULL),(5710,'Sirsha',41,1,NULL,NULL),(5711,'Siuri',41,1,NULL,NULL),(5712,'Sobhaganj',41,1,NULL,NULL),(5713,'Sodpur',41,1,NULL,NULL),(5714,'Sonamukhi',41,1,NULL,NULL),(5715,'Sonatikiri',41,1,NULL,NULL),(5716,'Srikantabati',41,1,NULL,NULL),(5717,'Srirampur',41,1,NULL,NULL),(5718,'Sukdal',41,1,NULL,NULL),(5719,'Taherpur',41,1,NULL,NULL),(5720,'Taki',41,1,NULL,NULL),(5721,'Talbandha',41,1,NULL,NULL),(5722,'Tamluk',41,1,NULL,NULL),(5723,'Tarakeswar',41,1,NULL,NULL),(5724,'Tentulberia',41,1,NULL,NULL),(5725,'Tentulkuli',41,1,NULL,NULL),(5726,'Thermal Power Project',41,1,NULL,NULL),(5727,'Tinsukia',41,1,NULL,NULL),(5728,'Titagarh',41,1,NULL,NULL),(5729,'Tufanganj',41,1,NULL,NULL),(5730,'Ukhra',41,1,NULL,NULL),(5731,'Ula',41,1,NULL,NULL),(5732,'Ulubaria',41,1,NULL,NULL),(5733,'Uttar Durgapur',41,1,NULL,NULL),(5734,'Uttar Goara',41,1,NULL,NULL),(5735,'Uttar Kalas',41,1,NULL,NULL),(5736,'Uttar Kamakhyaguri',41,1,NULL,NULL),(5737,'Uttar Latabari',41,1,NULL,NULL),(5738,'Uttar Mahammadpur',41,1,NULL,NULL),(5739,'Uttar Pirpur',41,1,NULL,NULL),(5740,'Uttar Raypur',41,1,NULL,NULL),(5741,'Uttarpara-Kotrung',41,1,NULL,NULL),(5742,'Abohar',2728,1,NULL,NULL),(5743,'Adampur',2728,1,NULL,NULL),(5744,'Ahmedgarh',2728,1,NULL,NULL),(5745,'Ajnala',2728,1,NULL,NULL),(5746,'Akalgarh',2728,1,NULL,NULL),(5747,'Alawalpur',2728,1,NULL,NULL),(5748,'Amloh',2728,1,NULL,NULL),(5749,'Amritsar',2728,1,NULL,NULL),(5750,'Amritsar Cantonment',2728,1,NULL,NULL),(5751,'Anandpur Sahib',2728,1,NULL,NULL),(5752,'Badhni Kalan',2728,1,NULL,NULL),(5753,'Bagh Purana',2728,1,NULL,NULL),(5754,'Balachaur',2728,1,NULL,NULL),(5755,'Banaur',2728,1,NULL,NULL),(5756,'Banga',2728,1,NULL,NULL),(5757,'Banur',2728,1,NULL,NULL),(5758,'Baretta',2728,1,NULL,NULL),(5759,'Bariwala',2728,1,NULL,NULL),(5760,'Barnala',2728,1,NULL,NULL),(5761,'Bassi Pathana',2728,1,NULL,NULL),(5762,'Batala',2728,1,NULL,NULL),(5763,'Bathinda',2728,1,NULL,NULL),(5764,'Begowal',2728,1,NULL,NULL),(5765,'Behrampur',2728,1,NULL,NULL),(5766,'Bhabat',2728,1,NULL,NULL),(5767,'Bhadur',2728,1,NULL,NULL),(5768,'Bhankharpur',2728,1,NULL,NULL),(5769,'Bharoli Kalan',2728,1,NULL,NULL),(5770,'Bhawanigarh',2728,1,NULL,NULL),(5771,'Bhikhi',2728,1,NULL,NULL),(5772,'Bhikhiwind',2728,1,NULL,NULL),(5773,'Bhisiana',2728,1,NULL,NULL),(5774,'Bhogpur',2728,1,NULL,NULL),(5775,'Bhuch',2728,1,NULL,NULL),(5776,'Bhulath',2728,1,NULL,NULL),(5777,'Budha Theh',2728,1,NULL,NULL),(5778,'Budhlada',2728,1,NULL,NULL),(5779,'Chima',2728,1,NULL,NULL),(5780,'Chohal',2728,1,NULL,NULL),(5781,'Dasuya',2728,1,NULL,NULL),(5782,'Daulatpur',2728,1,NULL,NULL),(5783,'Dera Baba Nanak',2728,1,NULL,NULL),(5784,'Dera Bassi',2728,1,NULL,NULL),(5785,'Dhanaula',2728,1,NULL,NULL),(5786,'Dharam Kot',2728,1,NULL,NULL),(5787,'Dhariwal',2728,1,NULL,NULL),(5788,'Dhilwan',2728,1,NULL,NULL),(5789,'Dhuri',2728,1,NULL,NULL),(5790,'Dinanagar',2728,1,NULL,NULL),(5791,'Dirba',2728,1,NULL,NULL),(5792,'Doraha',2728,1,NULL,NULL),(5793,'Faridkot',2728,1,NULL,NULL),(5794,'Fateh Nangal',2728,1,NULL,NULL),(5795,'Fatehgarh Churian',2728,1,NULL,NULL),(5796,'Fatehgarh Sahib',2728,1,NULL,NULL),(5797,'Fazilka',2728,1,NULL,NULL),(5798,'Firozpur',2728,1,NULL,NULL),(5799,'Firozpur Cantonment',2728,1,NULL,NULL),(5800,'Gardhiwala',2728,1,NULL,NULL),(5801,'Garhshankar',2728,1,NULL,NULL),(5802,'Ghagga',2728,1,NULL,NULL),(5803,'Ghanaur',2728,1,NULL,NULL),(5804,'Giddarbaha',2728,1,NULL,NULL),(5805,'Gobindgarh',2728,1,NULL,NULL),(5806,'Goniana',2728,1,NULL,NULL),(5807,'Goraya',2728,1,NULL,NULL),(5808,'Gurdaspur',2728,1,NULL,NULL),(5809,'Guru Har Sahai',2728,1,NULL,NULL),(5810,'Hajipur',2728,1,NULL,NULL),(5811,'Handiaya',2728,1,NULL,NULL),(5812,'Hariana',2728,1,NULL,NULL),(5813,'Hoshiarpur',2728,1,NULL,NULL),(5814,'Hussainpur',2728,1,NULL,NULL),(5815,'Jagraon',2728,1,NULL,NULL),(5816,'Jaitu',2728,1,NULL,NULL),(5817,'Jalalabad',2728,1,NULL,NULL),(5818,'Jalandhar',2728,1,NULL,NULL),(5819,'Jalandhar Cantonment',2728,1,NULL,NULL),(5820,'Jandiala',2728,1,NULL,NULL),(5821,'Jugial',2728,1,NULL,NULL),(5822,'Kalanaur',2728,1,NULL,NULL),(5823,'Kapurthala',2728,1,NULL,NULL),(5824,'Karoran',2728,1,NULL,NULL),(5825,'Kartarpur',2728,1,NULL,NULL),(5826,'Khamanon',2728,1,NULL,NULL),(5827,'Khanauri',2728,1,NULL,NULL),(5828,'Khanna',2728,1,NULL,NULL),(5829,'Kharar',2728,1,NULL,NULL),(5830,'Khem Karan',2728,1,NULL,NULL),(5831,'Kot Fatta',2728,1,NULL,NULL),(5832,'Kot Isa Khan',2728,1,NULL,NULL),(5833,'Kot Kapura',2728,1,NULL,NULL),(5834,'Kotkapura',2728,1,NULL,NULL),(5835,'Kurali',2728,1,NULL,NULL),(5836,'Lalru',2728,1,NULL,NULL),(5837,'Lehra Gaga',2728,1,NULL,NULL),(5838,'Lodhian Khas',2728,1,NULL,NULL),(5839,'Longowal',2728,1,NULL,NULL),(5840,'Ludhiana',2728,1,NULL,NULL),(5841,'Machhiwara',2728,1,NULL,NULL),(5842,'Mahilpur',2728,1,NULL,NULL),(5843,'Majitha',2728,1,NULL,NULL),(5844,'Makhu',2728,1,NULL,NULL),(5845,'Malaut',2728,1,NULL,NULL),(5846,'Malerkotla',2728,1,NULL,NULL),(5847,'Maloud',2728,1,NULL,NULL),(5848,'Mandi Gobindgarh',2728,1,NULL,NULL),(5849,'Mansa',2728,1,NULL,NULL),(5850,'Maur',2728,1,NULL,NULL),(5851,'Moga',2728,1,NULL,NULL),(5852,'Mohali',2728,1,NULL,NULL),(5853,'Moonak',2728,1,NULL,NULL),(5854,'Morinda',2728,1,NULL,NULL),(5855,'Mukerian',2728,1,NULL,NULL),(5856,'Muktsar',2728,1,NULL,NULL),(5857,'Mullanpur Dakha',2728,1,NULL,NULL),(5858,'Mullanpur Garibdas',2728,1,NULL,NULL),(5859,'Munak',2728,1,NULL,NULL),(5860,'Muradpura',2728,1,NULL,NULL),(5861,'Nabha',2728,1,NULL,NULL),(5862,'Nakodar',2728,1,NULL,NULL),(5863,'Nangal',2728,1,NULL,NULL),(5864,'Nawashahr',2728,1,NULL,NULL),(5865,'Naya Nangal',2728,1,NULL,NULL),(5866,'Nehon',2728,1,NULL,NULL),(5867,'Nurmahal',2728,1,NULL,NULL),(5868,'Pathankot',2728,1,NULL,NULL),(5869,'Patiala',2728,1,NULL,NULL),(5870,'Patti',2728,1,NULL,NULL),(5871,'Pattran',2728,1,NULL,NULL),(5872,'Payal',2728,1,NULL,NULL),(5873,'Phagwara',2728,1,NULL,NULL),(5874,'Phillaur',2728,1,NULL,NULL),(5875,'Qadian',2728,1,NULL,NULL),(5876,'Rahon',2728,1,NULL,NULL),(5877,'Raikot',2728,1,NULL,NULL),(5878,'Raja Sansi',2728,1,NULL,NULL),(5879,'Rajpura',2728,1,NULL,NULL),(5880,'Ram Das',2728,1,NULL,NULL),(5881,'Raman',2728,1,NULL,NULL),(5882,'Rampura',2728,1,NULL,NULL),(5883,'Rayya',2728,1,NULL,NULL),(5884,'Rupnagar',2728,1,NULL,NULL),(5885,'Rurki Kasba',2728,1,NULL,NULL),(5886,'Sahnewal',2728,1,NULL,NULL),(5887,'Samana',2728,1,NULL,NULL),(5888,'Samrala',2728,1,NULL,NULL),(5889,'Sanaur',2728,1,NULL,NULL),(5890,'Sangat',2728,1,NULL,NULL),(5891,'Sangrur',2728,1,NULL,NULL),(5892,'Sansarpur',2728,1,NULL,NULL),(5893,'Sardulgarh',2728,1,NULL,NULL),(5894,'Shahkot',2728,1,NULL,NULL),(5895,'Sham Churasi',2728,1,NULL,NULL),(5896,'Shekhpura',2728,1,NULL,NULL),(5897,'Sirhind',2728,1,NULL,NULL),(5898,'Sri Hargobindpur',2728,1,NULL,NULL),(5899,'Sujanpur',2728,1,NULL,NULL),(5900,'Sultanpur Lodhi',2728,1,NULL,NULL),(5901,'Sunam',2728,1,NULL,NULL),(5902,'Talwandi Bhai',2728,1,NULL,NULL),(5903,'Talwara',2728,1,NULL,NULL),(5904,'Tappa',2728,1,NULL,NULL),(5905,'Tarn Taran',2728,1,NULL,NULL),(5906,'Urmar Tanda',2728,1,NULL,NULL),(5907,'Zira',2728,1,NULL,NULL),(5908,'Zirakpur',2728,1,NULL,NULL),(5909,'Eshkashem',42,1,NULL,NULL),(5910,'Fayzabad',42,1,NULL,NULL),(5911,'Jurm',42,1,NULL,NULL),(5912,'Khandud',42,1,NULL,NULL),(5913,'Qal\'eh-ye Panjeh',42,1,NULL,NULL),(5914,'Bala Morghab',43,1,NULL,NULL),(5915,'Qal\'eh-ye Naw',43,1,NULL,NULL),(5916,'Andarab',44,1,NULL,NULL),(5917,'Baghlan',44,1,NULL,NULL),(5918,'Dahaneh-ye Ghawri',44,1,NULL,NULL),(5919,'Nahrin',44,1,NULL,NULL),(5920,'Pol-e Khumri',44,1,NULL,NULL),(5921,'Balkh',45,1,NULL,NULL),(5922,'Dawlatabad',45,1,NULL,NULL),(5923,'Mazar-e Sharif',45,1,NULL,NULL),(5924,'Qarchi Gak',45,1,NULL,NULL),(5925,'Shulgara',45,1,NULL,NULL),(5926,'Tash Gozar',45,1,NULL,NULL),(5927,'Bamiyan',46,1,NULL,NULL),(5928,'Panjab',46,1,NULL,NULL),(5929,'Qil Qal\'eh',46,1,NULL,NULL),(5930,'Anar Darreh',47,1,NULL,NULL),(5931,'Farah',47,1,NULL,NULL),(5932,'Shindand',47,1,NULL,NULL),(5933,'Andkhvoy',48,1,NULL,NULL),(5934,'Darzi Ab',48,1,NULL,NULL),(5935,'Dawlatabad',48,1,NULL,NULL),(5936,'Maymanah',48,1,NULL,NULL),(5937,'Chaghcharan',49,1,NULL,NULL),(5938,'Shahrak',49,1,NULL,NULL),(5939,'Taywarah',49,1,NULL,NULL),(5940,'Ghazni',50,1,NULL,NULL),(5941,'Awbeh',51,1,NULL,NULL),(5942,'Eslam Qal\'eh',51,1,NULL,NULL),(5943,'Ghurian',51,1,NULL,NULL),(5944,'Herat',51,1,NULL,NULL),(5945,'Karukh',51,1,NULL,NULL),(5946,'Kuhestan',51,1,NULL,NULL),(5947,'Kushk',51,1,NULL,NULL),(5948,'Qarabagh',51,1,NULL,NULL),(5949,'Tawraghudi',51,1,NULL,NULL),(5950,'Tir Pol',51,1,NULL,NULL),(5951,'Zendejan',51,1,NULL,NULL),(5952,'Baghran',52,1,NULL,NULL),(5953,'Darwishan',52,1,NULL,NULL),(5954,'Deh Shu',52,1,NULL,NULL),(5955,'Gereshk',52,1,NULL,NULL),(5956,'Lashkar Gah',52,1,NULL,NULL),(5957,'Sangin',52,1,NULL,NULL),(5958,'Aqchah',53,1,NULL,NULL),(5959,'Qarqin',53,1,NULL,NULL),(5960,'Sang-e Charak',53,1,NULL,NULL),(5961,'Shibarghan',53,1,NULL,NULL),(5962,'Baghrami',54,1,NULL,NULL),(5963,'Kabul',54,1,NULL,NULL),(5964,'Mir Bachchekut',54,1,NULL,NULL),(5965,'Paghman',54,1,NULL,NULL),(5966,'Qarabagh',54,1,NULL,NULL),(5967,'Sarawbi',54,1,NULL,NULL),(5968,'Mahmud-e Raqi',55,1,NULL,NULL),(5969,'Taghab',55,1,NULL,NULL),(5970,'Khawst',56,1,NULL,NULL),(5971,'Asadabad',57,1,NULL,NULL),(5972,'Asmar',57,1,NULL,NULL),(5973,'Mehtar Lam',58,1,NULL,NULL),(5974,'Azraw',59,1,NULL,NULL),(5975,'Baraki Barak',59,1,NULL,NULL),(5976,'Pol-e Alam',59,1,NULL,NULL),(5977,'Achin',60,1,NULL,NULL),(5978,'Batsawul',60,1,NULL,NULL),(5979,'Hugyani',60,1,NULL,NULL),(5980,'Jalalabad',60,1,NULL,NULL),(5981,'Nader Shah Kawt',60,1,NULL,NULL),(5982,'Chahar Burjak',61,1,NULL,NULL),(5983,'Chakhansur',61,1,NULL,NULL),(5984,'Khash',61,1,NULL,NULL),(5985,'Mirabad',61,1,NULL,NULL),(5986,'Rudbar',61,1,NULL,NULL),(5987,'Zaranj',61,1,NULL,NULL),(5988,'Nuristan',62,1,NULL,NULL),(5989,'Orgun',63,1,NULL,NULL),(5990,'Zareh Sharan',63,1,NULL,NULL),(5991,'Zarghun Shahr',63,1,NULL,NULL),(5992,'\'Ali Khayl',64,1,NULL,NULL),(5993,'Ghardez',64,1,NULL,NULL),(5994,'Charikar',65,1,NULL,NULL),(5995,'Jabal-os-Saraj',65,1,NULL,NULL),(5996,'Qandahar',66,1,NULL,NULL),(5997,'Dasht-e Archa',67,1,NULL,NULL),(5998,'Emam Saheb',67,1,NULL,NULL),(5999,'Hazart Imam',67,1,NULL,NULL),(6000,'Khanabad',67,1,NULL,NULL),(6001,'Qal\'eh-ye Zal',67,1,NULL,NULL),(6002,'Qunduz',67,1,NULL,NULL),(6003,'Aybak',68,1,NULL,NULL),(6004,'Kholm',68,1,NULL,NULL),(6005,'Chah Ab',70,1,NULL,NULL),(6006,'Eshkamesh',70,1,NULL,NULL),(6007,'Farkhar',70,1,NULL,NULL),(6008,'Khwajeh Ghar',70,1,NULL,NULL),(6009,'Rostaq',70,1,NULL,NULL),(6010,'Taloqan',70,1,NULL,NULL),(6011,'Yangi Qal\'eh',70,1,NULL,NULL),(6012,'Deh Rawud',71,1,NULL,NULL),(6013,'Gaz Ab',71,1,NULL,NULL),(6014,'Tarin Kawt',71,1,NULL,NULL),(6015,'Uruzgan',71,1,NULL,NULL),(6016,'Gardan Diwal',72,1,NULL,NULL),(6017,'Maydanshahr',72,1,NULL,NULL),(6018,'Qalat-e Ghilzay',73,1,NULL,NULL),(6019,'Berat',74,1,NULL,NULL),(6020,'Polican',74,1,NULL,NULL),(6021,'Ure Vajgurore',74,1,NULL,NULL),(6022,'Bulqize',75,1,NULL,NULL),(6023,'Delvine',76,1,NULL,NULL),(6024,'Bilisht',77,1,NULL,NULL),(6025,'Maqellare',78,1,NULL,NULL),(6026,'Peshkopi',78,1,NULL,NULL),(6027,'Durres',79,1,NULL,NULL),(6028,'Shijak',79,1,NULL,NULL),(6029,'Cerrik',80,1,NULL,NULL),(6030,'Elbasan',80,1,NULL,NULL),(6031,'Kerrabe',80,1,NULL,NULL),(6032,'Fier',81,1,NULL,NULL),(6033,'Patos',81,1,NULL,NULL),(6034,'Roskovec',81,1,NULL,NULL),(6035,'Gjirokaster',82,1,NULL,NULL),(6036,'Libohove',82,1,NULL,NULL),(6037,'Gramsh',83,1,NULL,NULL),(6038,'Krume',84,1,NULL,NULL),(6039,'Kavaje',85,1,NULL,NULL),(6040,'Erseke',86,1,NULL,NULL),(6041,'Leskovik',86,1,NULL,NULL),(6042,'Korce',87,1,NULL,NULL),(6043,'Maliq',87,1,NULL,NULL),(6044,'Fushe-Kruje',88,1,NULL,NULL),(6045,'Kruje',88,1,NULL,NULL),(6046,'Mamurras',88,1,NULL,NULL),(6047,'Milot',88,1,NULL,NULL),(6048,'Kucove',89,1,NULL,NULL),(6049,'Kukes',90,1,NULL,NULL),(6050,'Lac',91,1,NULL,NULL),(6051,'Lezhe',92,1,NULL,NULL),(6052,'Shengjin',92,1,NULL,NULL),(6053,'Librazhd',93,1,NULL,NULL),(6054,'Perrenjas',93,1,NULL,NULL),(6055,'Lushnje',94,1,NULL,NULL),(6056,'Rrogozhine',94,1,NULL,NULL),(6057,'Ballsh',95,1,NULL,NULL),(6058,'Burrel',97,1,NULL,NULL),(6059,'Klos',97,1,NULL,NULL),(6060,'Kraste',97,1,NULL,NULL),(6061,'Ulze',97,1,NULL,NULL),(6062,'Kurbnesh',98,1,NULL,NULL),(6063,'Rreshen',98,1,NULL,NULL),(6064,'Rubik',98,1,NULL,NULL),(6065,'Peqin',99,1,NULL,NULL),(6066,'Kelcyre',100,1,NULL,NULL),(6067,'Permet',100,1,NULL,NULL),(6068,'Pogradec',101,1,NULL,NULL),(6069,'Fierze',102,1,NULL,NULL),(6070,'Fushe-Arrez',102,1,NULL,NULL),(6071,'Puke',102,1,NULL,NULL),(6072,'Konispol',103,1,NULL,NULL),(6073,'Sarande',103,1,NULL,NULL),(6074,'Shkoder',104,1,NULL,NULL),(6075,'Corovode',105,1,NULL,NULL),(6076,'Memaliaj',106,1,NULL,NULL),(6077,'Tepelene',106,1,NULL,NULL),(6078,'Kamze',107,1,NULL,NULL),(6079,'Paskuqan',107,1,NULL,NULL),(6080,'Tirane',107,1,NULL,NULL),(6081,'Vore',107,1,NULL,NULL),(6082,'Bajram Curri',108,1,NULL,NULL),(6083,'Himare',109,1,NULL,NULL),(6084,'Orikum',109,1,NULL,NULL),(6085,'Selenice',109,1,NULL,NULL),(6086,'Vlore',109,1,NULL,NULL),(6087,'Adrar',112,1,NULL,NULL),(6088,'Awlaf',112,1,NULL,NULL),(6089,'Rijan',112,1,NULL,NULL),(6090,'Timimun',112,1,NULL,NULL),(6091,'Hydra',113,1,NULL,NULL),(6092,'Kouba',113,1,NULL,NULL),(6093,'Annabah',114,1,NULL,NULL),(6094,'Birrahhal',114,1,NULL,NULL),(6095,'Saraydih',114,1,NULL,NULL),(6096,'Sidi Amar',114,1,NULL,NULL),(6097,'al-Buni',114,1,NULL,NULL),(6098,'al-Hajar',114,1,NULL,NULL),(6099,'\'Abadlah',115,1,NULL,NULL),(6100,'Bani Wanif',115,1,NULL,NULL),(6101,'Bashshar',115,1,NULL,NULL),(6102,'Qanadsan',115,1,NULL,NULL),(6103,'Taghit',115,1,NULL,NULL),(6104,'\'Aris',116,1,NULL,NULL),(6105,'\'Ayn Tutah',116,1,NULL,NULL),(6106,'Barikah',116,1,NULL,NULL),(6107,'Batnah',116,1,NULL,NULL),(6108,'Marwanah',116,1,NULL,NULL),(6109,'Naghaus',116,1,NULL,NULL),(6110,'Ra\'s-al-\'Ayun',116,1,NULL,NULL),(6111,'Tazult',116,1,NULL,NULL),(6112,'\'Ayt Rizin',117,1,NULL,NULL),(6113,'Akbu',117,1,NULL,NULL),(6114,'Amizur',117,1,NULL,NULL),(6115,'Barbasha',117,1,NULL,NULL),(6116,'Bijayah',117,1,NULL,NULL),(6117,'Farrawn',117,1,NULL,NULL),(6118,'Ighram',117,1,NULL,NULL),(6119,'Sadduk',117,1,NULL,NULL),(6120,'Shamini',117,1,NULL,NULL),(6121,'Sidi \'Aysh',117,1,NULL,NULL),(6122,'Taskaryut',117,1,NULL,NULL),(6123,'Tazmalt',117,1,NULL,NULL),(6124,'Timazrit',117,1,NULL,NULL),(6125,'Uz-al-Laqin',117,1,NULL,NULL),(6126,'al-Qasr',117,1,NULL,NULL),(6127,'Awlad Jallal',118,1,NULL,NULL),(6128,'Biskrah',118,1,NULL,NULL),(6129,'Sidi Khalid',118,1,NULL,NULL),(6130,'Sidi Ukbah',118,1,NULL,NULL),(6131,'Tulja',118,1,NULL,NULL),(6132,'Um\'ash',118,1,NULL,NULL),(6133,'Zaribat-al-Wad',118,1,NULL,NULL),(6134,'Awlad Salam',119,1,NULL,NULL),(6135,'Awlad Yaysh',119,1,NULL,NULL),(6136,'Bani Khalil',119,1,NULL,NULL),(6137,'Bani Marad',119,1,NULL,NULL),(6138,'Bani Tamu',119,1,NULL,NULL),(6139,'Blidah',119,1,NULL,NULL),(6140,'Bu Arfa',119,1,NULL,NULL),(6141,'Bufarik',119,1,NULL,NULL),(6142,'Buinan',119,1,NULL,NULL),(6143,'Buqara',119,1,NULL,NULL),(6144,'Maftah',119,1,NULL,NULL),(6145,'Muzayah',119,1,NULL,NULL),(6146,'Shabli',119,1,NULL,NULL),(6147,'Shari\'ah',119,1,NULL,NULL),(6148,'Shiffa',119,1,NULL,NULL),(6149,'Sidi Mussa',119,1,NULL,NULL),(6150,'Suma',119,1,NULL,NULL),(6151,'Wadi al-Allagh',119,1,NULL,NULL),(6152,'al-\'Afrun',119,1,NULL,NULL),(6153,'al-Arba\'a',119,1,NULL,NULL),(6154,'\'Ayn Bissim',120,1,NULL,NULL),(6155,'Aghbalu',120,1,NULL,NULL),(6156,'Bi\'r Ghabalu',120,1,NULL,NULL),(6157,'Buirah',120,1,NULL,NULL),(6158,'Lakhdariyah',120,1,NULL,NULL),(6159,'Shurfa',120,1,NULL,NULL),(6160,'Sur-al-Ghuzlan',120,1,NULL,NULL),(6161,'\'Ayn Tayah',121,1,NULL,NULL),(6162,'Awlad Haddaj',121,1,NULL,NULL),(6163,'Awlad Mussa',121,1,NULL,NULL),(6164,'Bani Amran',121,1,NULL,NULL),(6165,'Budwawu',121,1,NULL,NULL),(6166,'Budwawu al-Bahri',121,1,NULL,NULL),(6167,'Bumardas',121,1,NULL,NULL),(6168,'Burj Minayal',121,1,NULL,NULL),(6169,'Dalis',121,1,NULL,NULL),(6170,'Hammadi',121,1,NULL,NULL),(6171,'Issar',121,1,NULL,NULL),(6172,'Khamis-al-Khashnah',121,1,NULL,NULL),(6173,'Nasiriyah',121,1,NULL,NULL),(6174,'Raghayah',121,1,NULL,NULL),(6175,'Sa\'abat',121,1,NULL,NULL),(6176,'Tinyah',121,1,NULL,NULL),(6177,'al-Arba\'a Tash',121,1,NULL,NULL),(6178,'ar-Ruwibah',121,1,NULL,NULL),(6179,'Ammi Mussa',123,1,NULL,NULL),(6180,'Ghalizan',123,1,NULL,NULL),(6181,'Jidiwiyah',123,1,NULL,NULL),(6182,'Mazunah',123,1,NULL,NULL),(6183,'Sidi Muhammad Ban \'Ali',123,1,NULL,NULL),(6184,'Wadi Rahiyu',123,1,NULL,NULL),(6185,'Zammurah',123,1,NULL,NULL),(6186,'Biryan',124,1,NULL,NULL),(6187,'Bu Nura',124,1,NULL,NULL),(6188,'Ghardaia',124,1,NULL,NULL),(6189,'Ghardayah',124,1,NULL,NULL),(6190,'Matlili',124,1,NULL,NULL),(6191,'al-Ghuli\'ah',124,1,NULL,NULL),(6192,'al-Qararah',124,1,NULL,NULL),(6193,'Ilizi',125,1,NULL,NULL),(6194,'Amir \'Abd-al-Qadar',126,1,NULL,NULL),(6195,'Jijili',126,1,NULL,NULL),(6196,'Shifka',126,1,NULL,NULL),(6197,'Tahar',126,1,NULL,NULL),(6198,'al-Miliyah',126,1,NULL,NULL),(6199,'\'Ayn Wissarah',127,1,NULL,NULL),(6200,'\'Ayn-al-Ibil',127,1,NULL,NULL),(6201,'Birin',127,1,NULL,NULL),(6202,'Dar Shiyukh',127,1,NULL,NULL),(6203,'Hassi Bahbah',127,1,NULL,NULL),(6204,'Jilfah',127,1,NULL,NULL),(6205,'Mis\'ad',127,1,NULL,NULL),(6206,'Sharif',127,1,NULL,NULL),(6207,'al-Idrisiyah',127,1,NULL,NULL),(6208,'Khanshalah',128,1,NULL,NULL),(6209,'Sharshar',128,1,NULL,NULL),(6210,'Tawziyanat',128,1,NULL,NULL),(6211,'al-Mahmal',128,1,NULL,NULL),(6212,'\'Ayn-al-Hajal',129,1,NULL,NULL),(6213,'\'Ayn-al-Milh',129,1,NULL,NULL),(6214,'Bu Sa\'adah',129,1,NULL,NULL),(6215,'Hammam Dhala\'a',129,1,NULL,NULL),(6216,'Ma\'adid',129,1,NULL,NULL),(6217,'Maghra',129,1,NULL,NULL),(6218,'Masilah',129,1,NULL,NULL),(6219,'Sidi \'Aysa',129,1,NULL,NULL),(6220,'Wanugha',129,1,NULL,NULL),(6221,'\'Ayn Bu Sif',130,1,NULL,NULL),(6222,'Birwaghiyah',130,1,NULL,NULL),(6223,'Midyah',130,1,NULL,NULL),(6224,'Qasr-al-Bukhari',130,1,NULL,NULL),(6225,'Shillalah',130,1,NULL,NULL),(6226,'Tablat',130,1,NULL,NULL),(6227,'Farjiwah',131,1,NULL,NULL),(6228,'Milah',131,1,NULL,NULL),(6229,'Qararam Quqa',131,1,NULL,NULL),(6230,'Ruwashad',131,1,NULL,NULL),(6231,'Salghum-al-\'Ayd',131,1,NULL,NULL),(6232,'Sidi Maruf',131,1,NULL,NULL),(6233,'Sidi Marwan',131,1,NULL,NULL),(6234,'Tajananah',131,1,NULL,NULL),(6235,'Talighmah',131,1,NULL,NULL),(6236,'Wadi Athmaniyah',131,1,NULL,NULL),(6237,'Bu Khanifiyah',132,1,NULL,NULL),(6238,'Muaskar',132,1,NULL,NULL),(6239,'Muhammadiyah',132,1,NULL,NULL),(6240,'Siq',132,1,NULL,NULL),(6241,'Tighinnif',132,1,NULL,NULL),(6242,'Wadi al-Abtal',132,1,NULL,NULL),(6243,'Zahana',132,1,NULL,NULL),(6244,'\'Ayn Tadalas',133,1,NULL,NULL),(6245,'Hassi Mamash',133,1,NULL,NULL),(6246,'Mazaghran',133,1,NULL,NULL),(6247,'Mustaghanam',133,1,NULL,NULL),(6248,'Sidi Ali',133,1,NULL,NULL),(6249,'\'Ayn Safra',134,1,NULL,NULL),(6250,'Mishriyah',134,1,NULL,NULL),(6251,'Naama',134,1,NULL,NULL),(6252,'Oran',135,1,NULL,NULL),(6253,'Ouargla',136,1,NULL,NULL),(6254,'\'Ayn Bardah',137,1,NULL,NULL),(6255,'Bumahra Ahmad',137,1,NULL,NULL),(6256,'Hamman Awlad \'Ali',137,1,NULL,NULL),(6257,'Qalmah',137,1,NULL,NULL),(6258,'Wadi Zinati',137,1,NULL,NULL),(6259,'\'Ayn Abid',138,1,NULL,NULL),(6260,'\'Ayn Samara',138,1,NULL,NULL),(6261,'Didush Murad',138,1,NULL,NULL),(6262,'Hamma Bu Ziyan',138,1,NULL,NULL),(6263,'Qustantinah',138,1,NULL,NULL),(6264,'Zighut Yusuf',138,1,NULL,NULL),(6265,'al-Khurub',138,1,NULL,NULL),(6266,'\'Azzabah',139,1,NULL,NULL),(6267,'Amjaz Adshish',139,1,NULL,NULL),(6268,'Fil Fila',139,1,NULL,NULL),(6269,'Karkira',139,1,NULL,NULL),(6270,'Ramadan Jamal',139,1,NULL,NULL),(6271,'Sakikdah',139,1,NULL,NULL),(6272,'Shataybih',139,1,NULL,NULL),(6273,'Tamalus',139,1,NULL,NULL),(6274,'al-Harush',139,1,NULL,NULL),(6275,'al-Qull',139,1,NULL,NULL),(6276,'\'Ayn \'Azl',140,1,NULL,NULL),(6277,'\'Ayn Arnat',140,1,NULL,NULL),(6278,'\'Ayn Taqrut',140,1,NULL,NULL),(6279,'\'Ayn Wilman',140,1,NULL,NULL),(6280,'\'Ayn-al-Khabira',140,1,NULL,NULL),(6281,'Bouira',140,1,NULL,NULL),(6282,'Buq\'ah',140,1,NULL,NULL),(6283,'Salah Bay',140,1,NULL,NULL),(6284,'Satif',140,1,NULL,NULL),(6285,'Setif',140,1,NULL,NULL),(6286,'Ziyama Mansuriyah',140,1,NULL,NULL),(6287,'al-\'Ulmah',140,1,NULL,NULL),(6288,'\'Ayn-al-Hajar',141,1,NULL,NULL),(6289,'Sayda\'',141,1,NULL,NULL),(6290,'\'Ayn Qazzan',144,1,NULL,NULL),(6291,'\'Ayn Salah',144,1,NULL,NULL),(6292,'Tamanghasat',144,1,NULL,NULL),(6293,'\'Ayn Binyan',145,1,NULL,NULL),(6294,'Bu Isma\'il',145,1,NULL,NULL),(6295,'Bu Midfar\'ah',145,1,NULL,NULL),(6296,'Damus',145,1,NULL,NULL),(6297,'Duwirah',145,1,NULL,NULL),(6298,'Hajut',145,1,NULL,NULL),(6299,'Hammam Righa',145,1,NULL,NULL),(6300,'Sawlah',145,1,NULL,NULL),(6301,'Shiragha',145,1,NULL,NULL),(6302,'Shirshall',145,1,NULL,NULL),(6303,'Sidi Farj',145,1,NULL,NULL),(6304,'Stawali',145,1,NULL,NULL),(6305,'Tibazah',145,1,NULL,NULL),(6306,'Ziralda',145,1,NULL,NULL),(6307,'al-Qull\'ah',145,1,NULL,NULL),(6308,'Bi\'r-al-\'Itir',146,1,NULL,NULL),(6309,'Hammamat',146,1,NULL,NULL),(6310,'Mursut',146,1,NULL,NULL),(6311,'Shariyah',146,1,NULL,NULL),(6312,'Tibissah',146,1,NULL,NULL),(6313,'Winzah',146,1,NULL,NULL),(6314,'al-\'Awaynat',146,1,NULL,NULL),(6315,'Awlad Mimun',147,1,NULL,NULL),(6316,'Bani Mastar',147,1,NULL,NULL),(6317,'Bani Sikran',147,1,NULL,NULL),(6318,'Ghazawat',147,1,NULL,NULL),(6319,'Hannayah',147,1,NULL,NULL),(6320,'Maghniyah',147,1,NULL,NULL),(6321,'Nidruma',147,1,NULL,NULL),(6322,'Ramsh',147,1,NULL,NULL),(6323,'Sabra',147,1,NULL,NULL),(6324,'Shatwan',147,1,NULL,NULL),(6325,'Sibdu',147,1,NULL,NULL),(6326,'Sidi \'Abdallah',147,1,NULL,NULL),(6327,'Tilimsan',147,1,NULL,NULL),(6328,'al-Mansurah',147,1,NULL,NULL),(6329,'Tinduf',148,1,NULL,NULL),(6330,'Thaniyat-al-Had',149,1,NULL,NULL),(6331,'Tisamsilt',149,1,NULL,NULL),(6332,'\'Ayn Dhahab',150,1,NULL,NULL),(6333,'Firindah',150,1,NULL,NULL),(6334,'Mahdiyah',150,1,NULL,NULL),(6335,'Mashra\'a Asfa',150,1,NULL,NULL),(6336,'Qasr Shillalah',150,1,NULL,NULL),(6337,'Rahuyah',150,1,NULL,NULL),(6338,'Sughar',150,1,NULL,NULL),(6339,'Takhamarat',150,1,NULL,NULL),(6340,'Tiyarat',150,1,NULL,NULL),(6341,'\'Ayn Bayda',152,1,NULL,NULL),(6342,'\'Ayn Fakrun',152,1,NULL,NULL),(6343,'\'Ayn Kirshah',152,1,NULL,NULL),(6344,'\'Ayn Malilah',152,1,NULL,NULL),(6345,'Bi\'r Shuhada',152,1,NULL,NULL),(6346,'Miskyanah',152,1,NULL,NULL),(6347,'Shamurah',152,1,NULL,NULL),(6348,'Umm-al-Bawaghi',152,1,NULL,NULL),(6349,'\'Ayn Biya',153,1,NULL,NULL),(6350,'\'Ayn-at-Turk',153,1,NULL,NULL),(6351,'Arzu',153,1,NULL,NULL),(6352,'Bi\'r-al-Jir',153,1,NULL,NULL),(6353,'Butlilis',153,1,NULL,NULL),(6354,'Hassi Bu Nif',153,1,NULL,NULL),(6355,'Mars-al-Kabir',153,1,NULL,NULL),(6356,'Qadayal',153,1,NULL,NULL),(6357,'Sidi ash-Shami',153,1,NULL,NULL),(6358,'Wadi Thalatha',153,1,NULL,NULL),(6359,'Wahran',153,1,NULL,NULL),(6360,'al-Ansur',153,1,NULL,NULL),(6361,'as-Saniyah',153,1,NULL,NULL),(6362,'Hassi Mas\'ud',154,1,NULL,NULL),(6363,'Nazla',154,1,NULL,NULL),(6364,'Ruwisiyat',154,1,NULL,NULL),(6365,'Tabisbast',154,1,NULL,NULL),(6366,'Tamalhat',154,1,NULL,NULL),(6367,'Tamasin',154,1,NULL,NULL),(6368,'Tayabat-al-Janubiyah',154,1,NULL,NULL),(6369,'Tughghurt',154,1,NULL,NULL),(6370,'Warqla',154,1,NULL,NULL),(6371,'al-Hajirah',154,1,NULL,NULL),(6372,'Aflu',158,1,NULL,NULL),(6373,'Hassi al-Raml',158,1,NULL,NULL),(6374,'al-Aghwat',158,1,NULL,NULL),(6375,'Brizyanah',159,1,NULL,NULL),(6376,'al-Abyad Sidi Shaykh',159,1,NULL,NULL),(6377,'al-Bayadh',159,1,NULL,NULL),(6378,'Bab Azwar',160,1,NULL,NULL),(6379,'Baraki',160,1,NULL,NULL),(6380,'Bir Murad Rais',160,1,NULL,NULL),(6381,'Birkhadam',160,1,NULL,NULL),(6382,'Burj-al-Kiffan',160,1,NULL,NULL),(6383,'Dar-al-Bayda',160,1,NULL,NULL),(6384,'al-Jaza\'ir',160,1,NULL,NULL),(6385,'Bayadha',161,1,NULL,NULL),(6386,'Dabilah',161,1,NULL,NULL),(6387,'Hassan \'Abd-al-Karim',161,1,NULL,NULL),(6388,'Hassi Halifa',161,1,NULL,NULL),(6389,'Jama\'a',161,1,NULL,NULL),(6390,'Maqran',161,1,NULL,NULL),(6391,'Qamar',161,1,NULL,NULL),(6392,'Raqiba',161,1,NULL,NULL),(6393,'Rubbah',161,1,NULL,NULL),(6394,'Sidi Amran',161,1,NULL,NULL),(6395,'al-Mighair',161,1,NULL,NULL),(6396,'al-Wad',161,1,NULL,NULL),(6397,'\'Ayn Maran',162,1,NULL,NULL),(6398,'Abu al-Hassan',162,1,NULL,NULL),(6399,'Bani Hawa',162,1,NULL,NULL),(6400,'Bu Qadir',162,1,NULL,NULL),(6401,'Sidi Ukaskah',162,1,NULL,NULL),(6402,'Tanas',162,1,NULL,NULL),(6403,'Wadi Sali',162,1,NULL,NULL),(6404,'Wadi al-Fiddah',162,1,NULL,NULL),(6405,'ash-Shalif',162,1,NULL,NULL),(6406,'ash-Shattiyah',162,1,NULL,NULL),(6407,'Ban Mahdi',163,1,NULL,NULL),(6408,'Bani Amar',163,1,NULL,NULL),(6409,'Basbas',163,1,NULL,NULL),(6410,'Dariyan',163,1,NULL,NULL),(6411,'Saba\'ita Muk',163,1,NULL,NULL),(6412,'al-Qal\'ah',163,1,NULL,NULL),(6413,'at-Tarif',163,1,NULL,NULL),(6414,'Afono',164,1,NULL,NULL),(6415,'Alao',164,1,NULL,NULL),(6416,'Alofau',164,1,NULL,NULL),(6417,'Amouli',164,1,NULL,NULL),(6418,'Aoa',164,1,NULL,NULL),(6419,'Atu\'u',164,1,NULL,NULL),(6420,'Aua',164,1,NULL,NULL),(6421,'Aunu\'u',164,1,NULL,NULL),(6422,'Faga\'alu',164,1,NULL,NULL),(6423,'Faga\'itua',164,1,NULL,NULL),(6424,'Fagasa',164,1,NULL,NULL),(6425,'Fagatogo',164,1,NULL,NULL),(6426,'Lauli\'i',164,1,NULL,NULL),(6427,'Leloaloa',164,1,NULL,NULL),(6428,'Nu\'uuli',164,1,NULL,NULL),(6429,'Pago Pago',164,1,NULL,NULL),(6430,'Tula',164,1,NULL,NULL),(6431,'Utulei',164,1,NULL,NULL),(6432,'Vatia',164,1,NULL,NULL),(6433,'Ofu',165,1,NULL,NULL),(6434,'Aoloau',167,1,NULL,NULL),(6435,'Faleniu',167,1,NULL,NULL),(6436,'Futiga',167,1,NULL,NULL),(6437,'Ili\'ili',167,1,NULL,NULL),(6438,'Leone',167,1,NULL,NULL),(6439,'Malaeimi',167,1,NULL,NULL),(6440,'Malaeloa-Aitulagi',167,1,NULL,NULL),(6441,'Malaeloa-Ituau',167,1,NULL,NULL),(6442,'Mapusagafou',167,1,NULL,NULL),(6443,'Mesepa',167,1,NULL,NULL),(6444,'Pava\'ia\'i',167,1,NULL,NULL),(6445,'Tafuna',167,1,NULL,NULL),(6446,'Taputimu',167,1,NULL,NULL),(6447,'Vailoatai',167,1,NULL,NULL),(6448,'Vaitogi',167,1,NULL,NULL),(6449,'Canillo',169,1,NULL,NULL),(6450,'Encamp',170,1,NULL,NULL),(6451,'Ordino',173,1,NULL,NULL),(6452,'Caxito',175,1,NULL,NULL),(6453,'Benguela',176,1,NULL,NULL),(6454,'Lobito',176,1,NULL,NULL),(6455,'Camacupa',177,1,NULL,NULL),(6456,'Catabola',177,1,NULL,NULL),(6457,'Catumbela',177,1,NULL,NULL),(6458,'Chissamba',177,1,NULL,NULL),(6459,'Kuito',177,1,NULL,NULL),(6460,'Cabinda',178,1,NULL,NULL),(6461,'Ondjiva',179,1,NULL,NULL),(6462,'Caala',180,1,NULL,NULL),(6463,'Catchiungo',180,1,NULL,NULL),(6464,'Huambo',180,1,NULL,NULL),(6465,'Longonjo',180,1,NULL,NULL),(6466,'Caconda',181,1,NULL,NULL),(6467,'Caluquembe',181,1,NULL,NULL),(6468,'Lubango',181,1,NULL,NULL),(6469,'Menongue',182,1,NULL,NULL),(6470,'Luanda',185,1,NULL,NULL),(6471,'Malanje',188,1,NULL,NULL),(6472,'Cazaje',189,1,NULL,NULL),(6473,'Leua',189,1,NULL,NULL),(6474,'Luau',189,1,NULL,NULL),(6475,'Luena',189,1,NULL,NULL),(6476,'Lumeje',189,1,NULL,NULL),(6477,'Namibe',190,1,NULL,NULL),(6478,'Camabatela',191,1,NULL,NULL),(6479,'Uige',191,1,NULL,NULL),(6480,'M\'banza-Kongo',192,1,NULL,NULL),(6481,'N\'zeto',192,1,NULL,NULL),(6482,'Soyo',192,1,NULL,NULL),(6483,'Codrington',201,1,NULL,NULL),(6484,'Catamarca',209,1,NULL,NULL),(6485,'Presidencia Roque Saenz Pena',210,1,NULL,NULL),(6486,'Resistencia',210,1,NULL,NULL),(6487,'Comodoro Rivadavia',211,1,NULL,NULL),(6488,'Puerto Madryn',211,1,NULL,NULL),(6489,'Rawson',211,1,NULL,NULL),(6490,'Trelew',211,1,NULL,NULL),(6491,'Alta Gracia',212,1,NULL,NULL),(6492,'Bell Ville',212,1,NULL,NULL),(6493,'Cordoba',212,1,NULL,NULL),(6494,'Rio Cuarto',212,1,NULL,NULL),(6495,'Rio Tercero',212,1,NULL,NULL),(6496,'San Francisco',212,1,NULL,NULL),(6497,'Villa Carlos Paz',212,1,NULL,NULL),(6498,'Villa Maria',212,1,NULL,NULL),(6499,'Corrientes',213,1,NULL,NULL),(6500,'Goya',213,1,NULL,NULL),(6501,'Mercedes',213,1,NULL,NULL),(6502,'San Lorenzo',213,1,NULL,NULL),(6503,'Formosa',216,1,NULL,NULL),(6504,'Jujuy',217,1,NULL,NULL),(6505,'Libertador General San Martin',217,1,NULL,NULL),(6506,'San Pedro',217,1,NULL,NULL),(6507,'Godoy Cruz',220,1,NULL,NULL),(6508,'Lujan',220,1,NULL,NULL),(6509,'Mendoza',220,1,NULL,NULL),(6510,'Rivadavia',220,1,NULL,NULL),(6511,'San Martin',220,1,NULL,NULL),(6512,'San Rafael',220,1,NULL,NULL),(6513,'Eldorado',221,1,NULL,NULL),(6514,'Obera',221,1,NULL,NULL),(6515,'Posadas',221,1,NULL,NULL),(6516,'Cutral Co',222,1,NULL,NULL),(6517,'Neuquen',222,1,NULL,NULL),(6518,'Salta',224,1,NULL,NULL),(6519,'San Ramon de la Nueva Oran',224,1,NULL,NULL),(6520,'Tartagal',224,1,NULL,NULL),(6521,'Tucuman',231,1,NULL,NULL),(6522,'Ashtarak',232,1,NULL,NULL),(6523,'Talin',232,1,NULL,NULL),(6524,'Ararat',233,1,NULL,NULL),(6525,'Artashat',233,1,NULL,NULL),(6526,'Armavir',234,1,NULL,NULL),(6527,'Vagharshapat',234,1,NULL,NULL),(6528,'Gavar',235,1,NULL,NULL),(6529,'Martuni',235,1,NULL,NULL),(6530,'Sevan',235,1,NULL,NULL),(6531,'Vardenis',235,1,NULL,NULL),(6532,'Abovyan',236,1,NULL,NULL),(6533,'Arzni',236,1,NULL,NULL),(6534,'Charentsavan',236,1,NULL,NULL),(6535,'Hrazdan',236,1,NULL,NULL),(6536,'Akhtala',237,1,NULL,NULL),(6537,'Alaverdi',237,1,NULL,NULL),(6538,'Spitak',237,1,NULL,NULL),(6539,'Stepanavan',237,1,NULL,NULL),(6540,'Tashir',237,1,NULL,NULL),(6541,'Vanadzor',237,1,NULL,NULL),(6542,'Artik',238,1,NULL,NULL),(6543,'Gyumri',238,1,NULL,NULL),(6544,'Stepanakert',239,1,NULL,NULL),(6545,'Angeghakot',240,1,NULL,NULL),(6546,'Goris',240,1,NULL,NULL),(6547,'Kajaran',240,1,NULL,NULL),(6548,'Kapan',240,1,NULL,NULL),(6549,'Meghri',240,1,NULL,NULL),(6550,'Sisian',240,1,NULL,NULL),(6551,'Dilijan',241,1,NULL,NULL),(6552,'Ijevan',241,1,NULL,NULL),(6553,'Yerevan',243,1,NULL,NULL),(6554,'Aruba',244,1,NULL,NULL),(6555,'Glenfield',245,1,NULL,NULL),(6556,'Henderson',245,1,NULL,NULL),(6557,'Milford',245,1,NULL,NULL),(6558,'Balgowlah',247,1,NULL,NULL),(6559,'Balmain',248,1,NULL,NULL),(6560,'Bankstown',249,1,NULL,NULL),(6561,'Camberwell',252,1,NULL,NULL),(6562,'Caulfield',255,1,NULL,NULL),(6563,'Chatswood',256,1,NULL,NULL),(6564,'Cheltenham',257,1,NULL,NULL),(6565,'Cherrybrook',258,1,NULL,NULL),(6566,'Clayton',259,1,NULL,NULL),(6567,'Collingwood',260,1,NULL,NULL),(6568,'Hawthorn',262,1,NULL,NULL),(6569,'Jannnali',263,1,NULL,NULL),(6570,'Knoxfield',264,1,NULL,NULL),(6571,'Melbourne',265,1,NULL,NULL),(6572,'South Oakleigh',265,1,NULL,NULL),(6573,'Cottesole',268,1,NULL,NULL),(6574,'Darch',268,1,NULL,NULL),(6575,'Mullaloo',268,1,NULL,NULL),(6576,'Noranda',268,1,NULL,NULL),(6577,'Osborne Park',268,1,NULL,NULL),(6578,'Willetton',268,1,NULL,NULL),(6579,'Acacia Ridge',269,1,NULL,NULL),(6580,'Aitkenvale',269,1,NULL,NULL),(6581,'Alderley',269,1,NULL,NULL),(6582,'Alexander Hills',269,1,NULL,NULL),(6583,'Archerfield',269,1,NULL,NULL),(6584,'Ashmore',269,1,NULL,NULL),(6585,'Atherton',269,1,NULL,NULL),(6586,'Ayr',269,1,NULL,NULL),(6587,'Beachmere',269,1,NULL,NULL),(6588,'Beenleigh',269,1,NULL,NULL),(6589,'Beerwah',269,1,NULL,NULL),(6590,'Bell',269,1,NULL,NULL),(6591,'Belmont',269,1,NULL,NULL),(6592,'Biloela',269,1,NULL,NULL),(6593,'Birkdale',269,1,NULL,NULL),(6594,'Blackwater',269,1,NULL,NULL),(6595,'Bongaree',269,1,NULL,NULL),(6596,'Bonogin',269,1,NULL,NULL),(6597,'Boonah',269,1,NULL,NULL),(6598,'Bowen',269,1,NULL,NULL),(6599,'Brendale',269,1,NULL,NULL),(6600,'Brisbane',269,1,NULL,NULL),(6601,'Buddina',269,1,NULL,NULL),(6602,'Buderim',269,1,NULL,NULL),(6603,'Bundaberg',269,1,NULL,NULL),(6604,'Bundall',269,1,NULL,NULL),(6605,'Burleigh Heads',269,1,NULL,NULL),(6606,'Burpengary',269,1,NULL,NULL),(6607,'Cabaland',269,1,NULL,NULL),(6608,'Caboolture',269,1,NULL,NULL),(6609,'Cairns',269,1,NULL,NULL),(6610,'Cairns Northern Beaches',269,1,NULL,NULL),(6611,'Caloundra',269,1,NULL,NULL),(6612,'Capalaba',269,1,NULL,NULL),(6613,'Charters Towers',269,1,NULL,NULL),(6614,'Childers',269,1,NULL,NULL),(6615,'Cleveland',269,1,NULL,NULL),(6616,'Coolum Beach',269,1,NULL,NULL),(6617,'Coopers Plain',269,1,NULL,NULL),(6618,'Dalby',269,1,NULL,NULL),(6619,'Deception Bay',269,1,NULL,NULL),(6620,'Eagle Farm',269,1,NULL,NULL),(6621,'Eagleby',269,1,NULL,NULL),(6622,'Emerald',269,1,NULL,NULL),(6623,'Emundi',269,1,NULL,NULL),(6624,'Forest Lake',269,1,NULL,NULL),(6625,'Gatton',269,1,NULL,NULL),(6626,'Gladstone',269,1,NULL,NULL),(6627,'Gold Coast',269,1,NULL,NULL),(6628,'Gowrie Junction',269,1,NULL,NULL),(6629,'Gympie',269,1,NULL,NULL),(6630,'Helensvale',269,1,NULL,NULL),(6631,'Hervey Bay',269,1,NULL,NULL),(6632,'Ingham',269,1,NULL,NULL),(6633,'Innisfail',269,1,NULL,NULL),(6634,'Ipswich',269,1,NULL,NULL),(6635,'Jindalee',269,1,NULL,NULL),(6636,'Julatten',269,1,NULL,NULL),(6637,'Kawana Waters',269,1,NULL,NULL),(6638,'Kingaroy',269,1,NULL,NULL),(6639,'Lawnton',269,1,NULL,NULL),(6640,'Loganholme',269,1,NULL,NULL),(6641,'Mackay',269,1,NULL,NULL),(6642,'Mareeba',269,1,NULL,NULL),(6643,'Maroochydore',269,1,NULL,NULL),(6644,'Maroochydore-Mooloolaba',269,1,NULL,NULL),(6645,'Maryborough',269,1,NULL,NULL),(6646,'Miami',269,1,NULL,NULL),(6647,'Milton',269,1,NULL,NULL),(6648,'Molendinar',269,1,NULL,NULL),(6649,'Moranbah',269,1,NULL,NULL),(6650,'Morayfield',269,1,NULL,NULL),(6651,'Mossman',269,1,NULL,NULL),(6652,'Mount Glorious',269,1,NULL,NULL),(6653,'Mount Isa',269,1,NULL,NULL),(6654,'Murarrie',269,1,NULL,NULL),(6655,'Nairand Kay',269,1,NULL,NULL),(6656,'Nambour',269,1,NULL,NULL),(6657,'Nerang',269,1,NULL,NULL),(6658,'Nobby Beach',269,1,NULL,NULL),(6659,'Noosa Heads',269,1,NULL,NULL),(6660,'Noosaville',269,1,NULL,NULL),(6661,'Paddington',269,1,NULL,NULL),(6662,'Port Douglas',269,1,NULL,NULL),(6663,'Robina',269,1,NULL,NULL),(6664,'Rockhampton',269,1,NULL,NULL),(6665,'Rocklea',269,1,NULL,NULL),(6666,'Roma',269,1,NULL,NULL),(6667,'Rubyvale',269,1,NULL,NULL),(6668,'Sanctuary Cove',269,1,NULL,NULL),(6669,'Slade Point',269,1,NULL,NULL),(6670,'Southport',269,1,NULL,NULL),(6671,'Suburb',269,1,NULL,NULL),(6672,'Sunshine Coast',269,1,NULL,NULL),(6673,'Tewantin-Noosa',269,1,NULL,NULL),(6674,'The Summit',269,1,NULL,NULL),(6675,'Toowong',269,1,NULL,NULL),(6676,'Toowoomba',269,1,NULL,NULL),(6677,'Townsville',269,1,NULL,NULL),(6678,'Victoria Point',269,1,NULL,NULL),(6679,'Warwick',269,1,NULL,NULL),(6680,'Willawong',269,1,NULL,NULL),(6681,'Yatala',269,1,NULL,NULL),(6682,'Yeppoon',269,1,NULL,NULL),(6683,'Zillmere',269,1,NULL,NULL),(6684,'Bridgewater-Gagebrook',271,1,NULL,NULL),(6685,'Burnie',271,1,NULL,NULL),(6686,'Burnie-Devonport',271,1,NULL,NULL),(6687,'Glenorchy',271,1,NULL,NULL),(6688,'Hobart',271,1,NULL,NULL),(6689,'Kingston-Blackmans Bay',271,1,NULL,NULL),(6690,'Launceston',271,1,NULL,NULL),(6691,'New Norfolk',271,1,NULL,NULL),(6692,'Rowella',271,1,NULL,NULL),(6693,'Sheffield',271,1,NULL,NULL),(6694,'Ulverstone',271,1,NULL,NULL),(6695,'Templestowe',272,1,NULL,NULL),(6696,'Albion',273,1,NULL,NULL),(6697,'Ararat',273,1,NULL,NULL),(6698,'Avenel',273,1,NULL,NULL),(6699,'Avondale Heights',273,1,NULL,NULL),(6700,'Baccus Marsh',273,1,NULL,NULL),(6701,'Bairnsdale',273,1,NULL,NULL),(6702,'Ballarat',273,1,NULL,NULL),(6703,'Balwyn',273,1,NULL,NULL),(6704,'Batman',273,1,NULL,NULL),(6705,'Bayswater',273,1,NULL,NULL),(6706,'Belmont',273,1,NULL,NULL),(6707,'Benalla',273,1,NULL,NULL),(6708,'Bendigo',273,1,NULL,NULL),(6709,'Bentleigh East',273,1,NULL,NULL),(6710,'Berwick',273,1,NULL,NULL),(6711,'Blackburn',273,1,NULL,NULL),(6712,'Blue Mountains',273,1,NULL,NULL),(6713,'Boonah',273,1,NULL,NULL),(6714,'Boronia',273,1,NULL,NULL),(6715,'Box Hill',273,1,NULL,NULL),(6716,'Brighton East',273,1,NULL,NULL),(6717,'Bundoora',273,1,NULL,NULL),(6718,'Campbellfield',273,1,NULL,NULL),(6719,'Carlton South',273,1,NULL,NULL),(6720,'Caroline Springs',273,1,NULL,NULL),(6721,'Castle Hill',273,1,NULL,NULL),(6722,'Castlemaine',273,1,NULL,NULL),(6723,'Caulfield',273,1,NULL,NULL),(6724,'Cheltenham',273,1,NULL,NULL),(6725,'Chester',273,1,NULL,NULL),(6726,'Clayton South',273,1,NULL,NULL),(6727,'Clifton Springs',273,1,NULL,NULL),(6728,'Coburg',273,1,NULL,NULL),(6729,'Colac',273,1,NULL,NULL),(6730,'Collingwood',273,1,NULL,NULL),(6731,'Craigieburn',273,1,NULL,NULL),(6732,'Cranbourne',273,1,NULL,NULL),(6733,'Crib Point',273,1,NULL,NULL),(6734,'Dandenong',273,1,NULL,NULL),(6735,'Devon Meadows',273,1,NULL,NULL),(6736,'Diamond Creek',273,1,NULL,NULL),(6737,'Doncaster East',273,1,NULL,NULL),(6738,'Doncester',273,1,NULL,NULL),(6739,'Donvale',273,1,NULL,NULL),(6740,'Echuca-Moama',273,1,NULL,NULL),(6741,'Elsternwick',273,1,NULL,NULL),(6742,'Eltham',273,1,NULL,NULL),(6743,'Fairfield',273,1,NULL,NULL),(6744,'Fitzroy',273,1,NULL,NULL),(6745,'Frnakston',273,1,NULL,NULL),(6746,'Geelong',273,1,NULL,NULL),(6747,'Glen Waverley',273,1,NULL,NULL),(6748,'Glenorchy',273,1,NULL,NULL),(6749,'Hallam',273,1,NULL,NULL),(6750,'Hamilton',273,1,NULL,NULL),(6751,'Hastings',273,1,NULL,NULL),(6752,'Healesville',273,1,NULL,NULL),(6753,'Horsham',273,1,NULL,NULL),(6754,'Hughesdale',273,1,NULL,NULL),(6755,'Ivanhoe',273,1,NULL,NULL),(6756,'Keilor',273,1,NULL,NULL),(6757,'Kensington',273,1,NULL,NULL),(6758,'Kerang',273,1,NULL,NULL),(6759,'Kilmore',273,1,NULL,NULL),(6760,'Kilsyth',273,1,NULL,NULL),(6761,'Kyabram',273,1,NULL,NULL),(6762,'Lakes Entrance',273,1,NULL,NULL),(6763,'Lalor',273,1,NULL,NULL),(6764,'Lara',273,1,NULL,NULL),(6765,'Laverton North',273,1,NULL,NULL),(6766,'Leopold',273,1,NULL,NULL),(6767,'Lower Templestowe',273,1,NULL,NULL),(6768,'Maidstone',273,1,NULL,NULL),(6769,'Malvern',273,1,NULL,NULL),(6770,'Maryborough',273,1,NULL,NULL),(6771,'Melbourne',273,1,NULL,NULL),(6772,'Melton',273,1,NULL,NULL),(6773,'Middle Park',273,1,NULL,NULL),(6774,'Mildura',273,1,NULL,NULL),(6775,'Mitcham',273,1,NULL,NULL),(6776,'Moe-Yallourn',273,1,NULL,NULL),(6777,'Moorabbin',273,1,NULL,NULL),(6778,'Mordialloc',273,1,NULL,NULL),(6779,'Morwell',273,1,NULL,NULL),(6780,'Mulgrave',273,1,NULL,NULL),(6781,'Murrumbeena',273,1,NULL,NULL),(6782,'Neerim South',273,1,NULL,NULL),(6783,'Noble Park North',273,1,NULL,NULL),(6784,'Notting Hill',273,1,NULL,NULL),(6785,'Oak Park',273,1,NULL,NULL),(6786,'Ocean Grove-Barwon Heads',273,1,NULL,NULL),(6787,'Olinda',273,1,NULL,NULL),(6788,'Pakenham',273,1,NULL,NULL),(6789,'Park Orchards',273,1,NULL,NULL),(6790,'Port Melbourne',273,1,NULL,NULL),(6791,'Portland',273,1,NULL,NULL),(6792,'Prahran',273,1,NULL,NULL),(6793,'Preston',273,1,NULL,NULL),(6794,'Pritbourne',273,1,NULL,NULL),(6795,'Queenscliff',273,1,NULL,NULL),(6796,'Reservoir',273,1,NULL,NULL),(6797,'Ringwood',273,1,NULL,NULL),(6798,'Rowville',273,1,NULL,NULL),(6799,'Sale',273,1,NULL,NULL),(6800,'Sandringham',273,1,NULL,NULL),(6801,'Scoresby',273,1,NULL,NULL),(6802,'Sebastopol',273,1,NULL,NULL),(6803,'Seymour',273,1,NULL,NULL),(6804,'Shepparton-Mooroopna',273,1,NULL,NULL),(6805,'Somerville',273,1,NULL,NULL),(6806,'South Yarra',273,1,NULL,NULL),(6807,'Southbank',273,1,NULL,NULL),(6808,'St. Albans',273,1,NULL,NULL),(6809,'St. Kilda East',273,1,NULL,NULL),(6810,'Stawell',273,1,NULL,NULL),(6811,'Sunbury',273,1,NULL,NULL),(6812,'Sunshine West',273,1,NULL,NULL),(6813,'Swan Hill',273,1,NULL,NULL),(6814,'Tatura',273,1,NULL,NULL),(6815,'Thomastown',273,1,NULL,NULL),(6816,'Thornbury',273,1,NULL,NULL),(6817,'Tongala',273,1,NULL,NULL),(6818,'Torquay',273,1,NULL,NULL),(6819,'Traralgon',273,1,NULL,NULL),(6820,'Tullamarine',273,1,NULL,NULL),(6821,'Vermont',273,1,NULL,NULL),(6822,'Wangaratta',273,1,NULL,NULL),(6823,'Wantirna',273,1,NULL,NULL),(6824,'Warragul',273,1,NULL,NULL),(6825,'Warrnambool',273,1,NULL,NULL),(6826,'Welshpool',273,1,NULL,NULL),(6827,'Wendouree',273,1,NULL,NULL),(6828,'Wonthaggi',273,1,NULL,NULL),(6829,'Woodend',273,1,NULL,NULL),(6830,'Yarrawonga-Mulwala',273,1,NULL,NULL),(6831,'Yea',273,1,NULL,NULL),(6832,'Wheeler',276,1,NULL,NULL),(6833,'Eisenstadt',280,1,NULL,NULL),(6834,'GroBpetersdorf',280,1,NULL,NULL),(6835,'Jennersdorf',280,1,NULL,NULL),(6836,'Kemeten',280,1,NULL,NULL),(6837,'Mattersburg',280,1,NULL,NULL),(6838,'Neudorfl',280,1,NULL,NULL),(6839,'Neusiedl am See',280,1,NULL,NULL),(6840,'Oberwart',280,1,NULL,NULL),(6841,'Pinkafeld',280,1,NULL,NULL),(6842,'Rust',280,1,NULL,NULL),(6843,'Maria Rain',281,1,NULL,NULL),(6844,'Poggersdorf',281,1,NULL,NULL),(6845,'Althofen',282,1,NULL,NULL),(6846,'Arnoldstein',282,1,NULL,NULL),(6847,'Bad Sankt Leonhard',282,1,NULL,NULL),(6848,'Bleiburg',282,1,NULL,NULL),(6849,'Ebenthal',282,1,NULL,NULL),(6850,'Eberndorf',282,1,NULL,NULL),(6851,'Feldkirchen',282,1,NULL,NULL),(6852,'Ferlach',282,1,NULL,NULL),(6853,'Finkenstein',282,1,NULL,NULL),(6854,'Friesach',282,1,NULL,NULL),(6855,'Hermagor',282,1,NULL,NULL),(6856,'Klagenfurt',282,1,NULL,NULL),(6857,'Klagenfurt ',282,1,NULL,NULL),(6858,'Lohnsburg',282,1,NULL,NULL),(6859,'Moosburg',282,1,NULL,NULL),(6860,'Paternion',282,1,NULL,NULL),(6861,'Radentheim',282,1,NULL,NULL),(6862,'Sankt Andra',282,1,NULL,NULL),(6863,'Sankt Jakob',282,1,NULL,NULL),(6864,'Sankt Veit',282,1,NULL,NULL),(6865,'Seeboden',282,1,NULL,NULL),(6866,'Spittal',282,1,NULL,NULL),(6867,'Velden am Worthersee',282,1,NULL,NULL),(6868,'Villach',282,1,NULL,NULL),(6869,'Volkermarkt',282,1,NULL,NULL),(6870,'Wernberg',282,1,NULL,NULL),(6871,'Wolfsberg',282,1,NULL,NULL),(6872,'Amstetten',285,1,NULL,NULL),(6873,'Bad Voslau',285,1,NULL,NULL),(6874,'Baden',285,1,NULL,NULL),(6875,'Berndorf',285,1,NULL,NULL),(6876,'Boheimkirchen',285,1,NULL,NULL),(6877,'Bruck an der Leitha',285,1,NULL,NULL),(6878,'Brunn',285,1,NULL,NULL),(6879,'Deutsch-Wagram',285,1,NULL,NULL),(6880,'Ebreichsdorf',285,1,NULL,NULL),(6881,'Eggendorf',285,1,NULL,NULL),(6882,'Fischamend',285,1,NULL,NULL),(6883,'Gablitz',285,1,NULL,NULL),(6884,'Ganserndorf',285,1,NULL,NULL),(6885,'Gerasdorf',285,1,NULL,NULL),(6886,'Gloggnitz',285,1,NULL,NULL),(6887,'Gmund',285,1,NULL,NULL),(6888,'Greifenstein',285,1,NULL,NULL),(6889,'GroB-Enzersdorf',285,1,NULL,NULL),(6890,'GroB-Gerungs',285,1,NULL,NULL),(6891,'Guntramsdorf',285,1,NULL,NULL),(6892,'Haag',285,1,NULL,NULL),(6893,'Hainburg',285,1,NULL,NULL),(6894,'Heidenreichstein',285,1,NULL,NULL),(6895,'Herzogenburg',285,1,NULL,NULL),(6896,'Himberg',285,1,NULL,NULL),(6897,'Hollabrunn',285,1,NULL,NULL),(6898,'Horn',285,1,NULL,NULL),(6899,'Klosterneuburg',285,1,NULL,NULL),(6900,'Korneuburg',285,1,NULL,NULL),(6901,'Kottingbrunn',285,1,NULL,NULL),(6902,'Krems',285,1,NULL,NULL),(6903,'Laa',285,1,NULL,NULL),(6904,'Langenlois',285,1,NULL,NULL),(6905,'Langenzersdorf',285,1,NULL,NULL),(6906,'Leobendorf',285,1,NULL,NULL),(6907,'Leopoldsdorf',285,1,NULL,NULL),(6908,'Lilienfeld',285,1,NULL,NULL),(6909,'Loipersdorf',285,1,NULL,NULL),(6910,'Maria Enzersdorf',285,1,NULL,NULL),(6911,'Melk',285,1,NULL,NULL),(6912,'Mistelbach',285,1,NULL,NULL),(6913,'Modling',285,1,NULL,NULL),(6914,'Neulengbach',285,1,NULL,NULL),(6915,'Neunkirchen',285,1,NULL,NULL),(6916,'Niederleis',285,1,NULL,NULL),(6917,'Ober-Grabendorf',285,1,NULL,NULL),(6918,'Perchtoldsdorf',285,1,NULL,NULL),(6919,'Pernitz',285,1,NULL,NULL),(6920,'Pottendorf',285,1,NULL,NULL),(6921,'Poysdorf',285,1,NULL,NULL),(6922,'Pressbaum',285,1,NULL,NULL),(6923,'Purgstall',285,1,NULL,NULL),(6924,'Purkersdorf',285,1,NULL,NULL),(6925,'Reichenau',285,1,NULL,NULL),(6926,'Retz',285,1,NULL,NULL),(6927,'Sankt Andra-Wordern',285,1,NULL,NULL),(6928,'Sankt Peter in der Au',285,1,NULL,NULL),(6929,'Sankt Polten',285,1,NULL,NULL),(6930,'Sankt Valentin',285,1,NULL,NULL),(6931,'Scheibbs',285,1,NULL,NULL),(6932,'Schrems',285,1,NULL,NULL),(6933,'Schwechat',285,1,NULL,NULL),(6934,'Seitenstetten',285,1,NULL,NULL),(6935,'Sollenau',285,1,NULL,NULL),(6936,'Stockerau',285,1,NULL,NULL),(6937,'Strasshof',285,1,NULL,NULL),(6938,'Ternitz',285,1,NULL,NULL),(6939,'Traiskirchen',285,1,NULL,NULL),(6940,'Traismauer',285,1,NULL,NULL),(6941,'Tulln',285,1,NULL,NULL),(6942,'Vosendorf',285,1,NULL,NULL),(6943,'Waidhofen',285,1,NULL,NULL),(6944,'Wiener Neudorf',285,1,NULL,NULL),(6945,'Wiener Neustadt',285,1,NULL,NULL),(6946,'Wieselburg',285,1,NULL,NULL),(6947,'Wilhelmsburg',285,1,NULL,NULL),(6948,'Wolkersdorf',285,1,NULL,NULL),(6949,'Ybbs',285,1,NULL,NULL),(6950,'Ybbsitz',285,1,NULL,NULL),(6951,'Zistersdorf',285,1,NULL,NULL),(6952,'Zwettl',285,1,NULL,NULL),(6953,'Alkoven',286,1,NULL,NULL),(6954,'Altheim',286,1,NULL,NULL),(6955,'Altmunster',286,1,NULL,NULL),(6956,'Andorf',286,1,NULL,NULL),(6957,'Ansfelden',286,1,NULL,NULL),(6958,'Asten',286,1,NULL,NULL),(6959,'Attnang-Puchheim',286,1,NULL,NULL),(6960,'Aurolzmunster',286,1,NULL,NULL),(6961,'Bad Goisern',286,1,NULL,NULL),(6962,'Bad Hall',286,1,NULL,NULL),(6963,'Bad Ischl',286,1,NULL,NULL),(6964,'Braunau',286,1,NULL,NULL),(6965,'Breitenfurt',286,1,NULL,NULL),(6966,'Ebensee',286,1,NULL,NULL),(6967,'Eferding',286,1,NULL,NULL),(6968,'Engerwitzdorf',286,1,NULL,NULL),(6969,'Enns',286,1,NULL,NULL),(6970,'Feldkirchen an der Donau',286,1,NULL,NULL),(6971,'Frankenburg',286,1,NULL,NULL),(6972,'Freistadt',286,1,NULL,NULL),(6973,'Gallneukirchen',286,1,NULL,NULL),(6974,'Garsten',286,1,NULL,NULL),(6975,'Gmunden',286,1,NULL,NULL),(6976,'Gramastetten',286,1,NULL,NULL),(6977,'Grieskirchen',286,1,NULL,NULL),(6978,'Gunskirchen',286,1,NULL,NULL),(6979,'Horsching',286,1,NULL,NULL),(6980,'Kirchdorf an der Krems',286,1,NULL,NULL),(6981,'Kremsmunster',286,1,NULL,NULL),(6982,'Krenglbach',286,1,NULL,NULL),(6983,'Laakirchen',286,1,NULL,NULL),(6984,'Lenzing',286,1,NULL,NULL),(6985,'Leonding',286,1,NULL,NULL),(6986,'Linz',286,1,NULL,NULL),(6987,'Loibichl',286,1,NULL,NULL),(6988,'Marchtrenk',286,1,NULL,NULL),(6989,'Mattighofen',286,1,NULL,NULL),(6990,'Mauthausen',286,1,NULL,NULL),(6991,'Micheldorf',286,1,NULL,NULL),(6992,'Neuhofen an der Krems',286,1,NULL,NULL),(6993,'Ohlsdorf',286,1,NULL,NULL),(6994,'Ottensheim',286,1,NULL,NULL),(6995,'Pasching',286,1,NULL,NULL),(6996,'Perg',286,1,NULL,NULL),(6997,'Pettenbach',286,1,NULL,NULL),(6998,'Pram',286,1,NULL,NULL),(6999,'Pregarten',286,1,NULL,NULL),(7000,'Puchenau',286,1,NULL,NULL),(7001,'Regau',286,1,NULL,NULL),(7002,'Ried',286,1,NULL,NULL),(7003,'Rohrbach in Oberosterreich',286,1,NULL,NULL),(7004,'Rutzenmoos',286,1,NULL,NULL),(7005,'Sankt Florian',286,1,NULL,NULL),(7006,'Sankt Georgen',286,1,NULL,NULL),(7007,'Sankt Marien',286,1,NULL,NULL),(7008,'Scharding',286,1,NULL,NULL),(7009,'Scharnstein',286,1,NULL,NULL),(7010,'Schwertberg',286,1,NULL,NULL),(7011,'Seewalchen',286,1,NULL,NULL),(7012,'Sierning',286,1,NULL,NULL),(7013,'Stadl-Paura',286,1,NULL,NULL),(7014,'Steyr',286,1,NULL,NULL),(7015,'Steyregg',286,1,NULL,NULL),(7016,'Steyrermuhl',286,1,NULL,NULL),(7017,'Thalheim',286,1,NULL,NULL),(7018,'Timelkam',286,1,NULL,NULL),(7019,'Traun',286,1,NULL,NULL),(7020,'Vocklabruck',286,1,NULL,NULL),(7021,'Vocklamarkt',286,1,NULL,NULL),(7022,'Vorchdorf',286,1,NULL,NULL),(7023,'Wels',286,1,NULL,NULL),(7024,'Wilhering',286,1,NULL,NULL),(7025,'Abtenau',287,1,NULL,NULL),(7026,'Anif',287,1,NULL,NULL),(7027,'Bad Gastein',287,1,NULL,NULL),(7028,'Bad Hofgastein',287,1,NULL,NULL),(7029,'Bergheim',287,1,NULL,NULL),(7030,'Bischofshofen',287,1,NULL,NULL),(7031,'Bruck an der GroBglocknerstraB',287,1,NULL,NULL),(7032,'Burmoos',287,1,NULL,NULL),(7033,'Elsbethen',287,1,NULL,NULL),(7034,'Eugendorf',287,1,NULL,NULL),(7035,'Forstau',287,1,NULL,NULL),(7036,'Grodig',287,1,NULL,NULL),(7037,'Hallein',287,1,NULL,NULL),(7038,'Hallwang',287,1,NULL,NULL),(7039,'Henndorf',287,1,NULL,NULL),(7040,'Kuchl',287,1,NULL,NULL),(7041,'Mayrhofen',287,1,NULL,NULL),(7042,'Mittersill',287,1,NULL,NULL),(7043,'Neumarkt',287,1,NULL,NULL),(7044,'Oberndorf',287,1,NULL,NULL),(7045,'Obertrum am See',287,1,NULL,NULL),(7046,'Piesendorf',287,1,NULL,NULL),(7047,'Puch',287,1,NULL,NULL),(7048,'Radstadt',287,1,NULL,NULL),(7049,'Saalfelden',287,1,NULL,NULL),(7050,'Salzburg',287,1,NULL,NULL),(7051,'Sankt Johann im Pongau',287,1,NULL,NULL),(7052,'Seekirchen',287,1,NULL,NULL),(7053,'Sieghartskirchen',287,1,NULL,NULL),(7054,'StraBwalchen',287,1,NULL,NULL),(7055,'Strobl',287,1,NULL,NULL),(7056,'Tamsweg',287,1,NULL,NULL),(7057,'Thalgau',287,1,NULL,NULL),(7058,'Wals-Siezenheim',287,1,NULL,NULL),(7059,'Wolfgangsee',287,1,NULL,NULL),(7060,'Zell am See',287,1,NULL,NULL),(7061,'Albersdorf',288,1,NULL,NULL),(7062,'Bad Aussee',289,1,NULL,NULL),(7063,'Barnbach',289,1,NULL,NULL),(7064,'Bruck an der Mur',289,1,NULL,NULL),(7065,'Deutschlandsberg',289,1,NULL,NULL),(7066,'Eisenerz',289,1,NULL,NULL),(7067,'Feldbach',289,1,NULL,NULL),(7068,'Feldkirchen bei Graz',289,1,NULL,NULL),(7069,'Fohnsdorf',289,1,NULL,NULL),(7070,'Frohnleiten',289,1,NULL,NULL),(7071,'Furstenfeld',289,1,NULL,NULL),(7072,'Gleisdorf',289,1,NULL,NULL),(7073,'Gratkorn',289,1,NULL,NULL),(7074,'Graz',289,1,NULL,NULL),(7075,'Hartberg',289,1,NULL,NULL),(7076,'Judenburg',289,1,NULL,NULL),(7077,'Judendorf-StraBengel',289,1,NULL,NULL),(7078,'Kapfenberg',289,1,NULL,NULL),(7079,'Karlsdorf',289,1,NULL,NULL),(7080,'Kindberg',289,1,NULL,NULL),(7081,'Knittelfeld',289,1,NULL,NULL),(7082,'Koflach',289,1,NULL,NULL),(7083,'Krieglach',289,1,NULL,NULL),(7084,'Lannach',289,1,NULL,NULL),(7085,'Leibnitz',289,1,NULL,NULL),(7086,'Leoben',289,1,NULL,NULL),(7087,'Liezen',289,1,NULL,NULL),(7088,'Murzzuschlag',289,1,NULL,NULL),(7089,'Rottenmann',289,1,NULL,NULL),(7090,'Schladming',289,1,NULL,NULL),(7091,'Seiersberg',289,1,NULL,NULL),(7092,'Spielberg',289,1,NULL,NULL),(7093,'Trofaiach',289,1,NULL,NULL),(7094,'Voitsberg',289,1,NULL,NULL),(7095,'Wagna',289,1,NULL,NULL),(7096,'Weiz',289,1,NULL,NULL),(7097,'Zeltweg',289,1,NULL,NULL),(7098,'Deutschfeistritz',290,1,NULL,NULL),(7099,'Liezen',290,1,NULL,NULL),(7100,'Sankt Bartholoma',290,1,NULL,NULL),(7101,'Absam',291,1,NULL,NULL),(7102,'Axams',291,1,NULL,NULL),(7103,'Ebbs',291,1,NULL,NULL),(7104,'Fugen',291,1,NULL,NULL),(7105,'Hall',291,1,NULL,NULL),(7106,'Haselgehr',291,1,NULL,NULL),(7107,'Hopfgarten',291,1,NULL,NULL),(7108,'Imst',291,1,NULL,NULL),(7109,'Innsbruck',291,1,NULL,NULL),(7110,'Jenbach',291,1,NULL,NULL),(7111,'Kirchberg',291,1,NULL,NULL),(7112,'Kirchbichl',291,1,NULL,NULL),(7113,'Kitzbuhel',291,1,NULL,NULL),(7114,'Kramsach',291,1,NULL,NULL),(7115,'Kufstein',291,1,NULL,NULL),(7116,'Landeck',291,1,NULL,NULL),(7117,'Lienz',291,1,NULL,NULL),(7118,'Matrei',291,1,NULL,NULL),(7119,'Neustift im Stubaital',291,1,NULL,NULL),(7120,'Reutte',291,1,NULL,NULL),(7121,'Rum',291,1,NULL,NULL),(7122,'Sankt Johann in Tirol',291,1,NULL,NULL),(7123,'Scheffau',291,1,NULL,NULL),(7124,'Schwaz',291,1,NULL,NULL),(7125,'St. Johann Am Walde',291,1,NULL,NULL),(7126,'Telfs',291,1,NULL,NULL),(7127,'Vols',291,1,NULL,NULL),(7128,'Vomp',291,1,NULL,NULL),(7129,'Wattens',291,1,NULL,NULL),(7130,'Worgl',291,1,NULL,NULL),(7131,'Zirl',291,1,NULL,NULL),(7132,'Altach',293,1,NULL,NULL),(7133,'Bludenz',293,1,NULL,NULL),(7134,'Bregenz',293,1,NULL,NULL),(7135,'Chassieu',293,1,NULL,NULL),(7136,'Dietmannsried',293,1,NULL,NULL),(7137,'Dornbirn',293,1,NULL,NULL),(7138,'Feldkirch',293,1,NULL,NULL),(7139,'Frastanz',293,1,NULL,NULL),(7140,'Gotzis',293,1,NULL,NULL),(7141,'Hard',293,1,NULL,NULL),(7142,'Hochst',293,1,NULL,NULL),(7143,'Hohenems',293,1,NULL,NULL),(7144,'Horbranz',293,1,NULL,NULL),(7145,'Hufingen',293,1,NULL,NULL),(7146,'Lauterach',293,1,NULL,NULL),(7147,'Lochau',293,1,NULL,NULL),(7148,'Lustenau',293,1,NULL,NULL),(7149,'Mittelberg',293,1,NULL,NULL),(7150,'Nenzing',293,1,NULL,NULL),(7151,'Nuziders',293,1,NULL,NULL),(7152,'Rankweil',293,1,NULL,NULL),(7153,'Schruns',293,1,NULL,NULL),(7154,'Thuringen',293,1,NULL,NULL),(7155,'Wolfurt',293,1,NULL,NULL),(7156,'Vienna',294,1,NULL,NULL),(7157,'Wien',294,1,NULL,NULL),(7158,'Alat',295,1,NULL,NULL),(7159,'Artyom',295,1,NULL,NULL),(7160,'Baki',295,1,NULL,NULL),(7161,'Bakixanov',295,1,NULL,NULL),(7162,'Balaxani',295,1,NULL,NULL),(7163,'Bilacari',295,1,NULL,NULL),(7164,'Bilqax',295,1,NULL,NULL),(7165,'Bina',295,1,NULL,NULL),(7166,'Buzovna',295,1,NULL,NULL),(7167,'Haci Zeynalabdin',295,1,NULL,NULL),(7168,'Hovsan',295,1,NULL,NULL),(7169,'Lokbatan',295,1,NULL,NULL),(7170,'Mastaga',295,1,NULL,NULL),(7171,'Puta',295,1,NULL,NULL),(7172,'Qarasuxur',295,1,NULL,NULL),(7173,'Qobustan',295,1,NULL,NULL),(7174,'Rasulzada',295,1,NULL,NULL),(7175,'Sabuncu',295,1,NULL,NULL),(7176,'Sanqacal',295,1,NULL,NULL),(7177,'Sumqayit',295,1,NULL,NULL),(7178,'Suraxani',295,1,NULL,NULL),(7179,'Xirdalan',295,1,NULL,NULL),(7180,'Zirya',295,1,NULL,NULL),(7181,'Daskasan',297,1,NULL,NULL),(7182,'Ganca',297,1,NULL,NULL),(7183,'Xanlar',297,1,NULL,NULL),(7184,'Ganja',298,1,NULL,NULL),(7185,'Cabrayil',299,1,NULL,NULL),(7186,'Kalbacar',299,1,NULL,NULL),(7187,'Lacin',299,1,NULL,NULL),(7188,'Astara',300,1,NULL,NULL),(7189,'Goytapa',300,1,NULL,NULL),(7190,'Lankaran',300,1,NULL,NULL),(7191,'Masalli',300,1,NULL,NULL),(7192,'Neftcala',300,1,NULL,NULL),(7193,'Agcabadi',301,1,NULL,NULL),(7194,'Agdam',301,1,NULL,NULL),(7195,'Barda',301,1,NULL,NULL),(7196,'Mingacevir',301,1,NULL,NULL),(7197,'Tartar',301,1,NULL,NULL),(7198,'Yevlax',301,1,NULL,NULL),(7199,'Ali Bayramli',302,1,NULL,NULL),(7200,'Bilasuvar',302,1,NULL,NULL),(7201,'Calilabad',302,1,NULL,NULL),(7202,'Qarasu',302,1,NULL,NULL),(7203,'Qazimammad',302,1,NULL,NULL),(7204,'Saatli',302,1,NULL,NULL),(7205,'Sabirabad',302,1,NULL,NULL),(7206,'Salyan',302,1,NULL,NULL),(7207,'Susa',303,1,NULL,NULL),(7208,'Xankandi',303,1,NULL,NULL),(7209,'Xocavand',303,1,NULL,NULL),(7210,'Culfa',304,1,NULL,NULL),(7211,'Naxcivan',304,1,NULL,NULL),(7212,'Ordubad',304,1,NULL,NULL),(7213,'Sadarak',304,1,NULL,NULL),(7214,'Sarur',304,1,NULL,NULL),(7215,'Beylaqan',305,1,NULL,NULL),(7216,'Fuzuli',305,1,NULL,NULL),(7217,'Imisli',305,1,NULL,NULL),(7218,'Agstafa',306,1,NULL,NULL),(7219,'Gadabay',306,1,NULL,NULL),(7220,'Kovlar',306,1,NULL,NULL),(7221,'Qaracamirli',306,1,NULL,NULL),(7222,'Qazax',306,1,NULL,NULL),(7223,'Samkir',306,1,NULL,NULL),(7224,'Tovuz',306,1,NULL,NULL),(7225,'Amircan',307,1,NULL,NULL),(7226,'Balakan',307,1,NULL,NULL),(7227,'Katex',307,1,NULL,NULL),(7228,'Oguz',307,1,NULL,NULL),(7229,'Qabala',307,1,NULL,NULL),(7230,'Qax',307,1,NULL,NULL),(7231,'Saki',307,1,NULL,NULL),(7232,'Zaqatala',307,1,NULL,NULL),(7233,'Agdas',308,1,NULL,NULL),(7234,'Agsu',308,1,NULL,NULL),(7235,'Goycay',308,1,NULL,NULL),(7236,'Ismayilli',308,1,NULL,NULL),(7237,'Kurdamir',308,1,NULL,NULL),(7238,'Samaxi',308,1,NULL,NULL),(7239,'Ucar',308,1,NULL,NULL),(7240,'Zardab',308,1,NULL,NULL),(7241,'Davaci',309,1,NULL,NULL),(7242,'Quba',309,1,NULL,NULL),(7243,'Qusar',309,1,NULL,NULL),(7244,'Siyazan',309,1,NULL,NULL),(7245,'Xacmaz',309,1,NULL,NULL),(7246,'Xudat',309,1,NULL,NULL),(7247,'Coopers Town',310,1,NULL,NULL),(7248,'Marsh Harbour',310,1,NULL,NULL),(7249,'Andros Town',312,1,NULL,NULL),(7250,'Nicholls Town',312,1,NULL,NULL),(7251,'Alice Town',314,1,NULL,NULL),(7252,'Freetown',317,1,NULL,NULL),(7253,'Rock Sound',317,1,NULL,NULL),(7254,'Pirates Well',322,1,NULL,NULL),(7255,'\'Isa',327,1,NULL,NULL),(7256,'Badiyah',328,1,NULL,NULL),(7257,'Hidd',329,1,NULL,NULL),(7258,'Mahama',331,1,NULL,NULL),(7259,'Manama',332,1,NULL,NULL),(7260,'Sitrah',333,1,NULL,NULL),(7261,'al-Manamah',334,1,NULL,NULL),(7262,'al-Muharraq',335,1,NULL,NULL),(7263,'ar-Rifa\'a',336,1,NULL,NULL),(7264,'Bandarban',338,1,NULL,NULL),(7265,'Barguna',339,1,NULL,NULL),(7266,'Barisal',340,1,NULL,NULL),(7267,'Gaurnadi',340,1,NULL,NULL),(7268,'Mehendiganj',340,1,NULL,NULL),(7269,'Nalchiti',340,1,NULL,NULL),(7270,'Bhola',341,1,NULL,NULL),(7271,'Burhanuddin',341,1,NULL,NULL),(7272,'Char Fasson',341,1,NULL,NULL),(7273,'Lalmohan',341,1,NULL,NULL),(7274,'Adamighi',342,1,NULL,NULL),(7275,'Bogora',342,1,NULL,NULL),(7276,'Sherpur',342,1,NULL,NULL),(7277,'Chandpur',344,1,NULL,NULL),(7278,'Hajiganj',344,1,NULL,NULL),(7279,'Boalkhali',345,1,NULL,NULL),(7280,'Chattagam',345,1,NULL,NULL),(7281,'Fatikchhari',345,1,NULL,NULL),(7282,'Lohagara',345,1,NULL,NULL),(7283,'Patiya',345,1,NULL,NULL),(7284,'Rangunia',345,1,NULL,NULL),(7285,'Raozan',345,1,NULL,NULL),(7286,'Sandip',345,1,NULL,NULL),(7287,'Satkaniya',345,1,NULL,NULL),(7288,'Alamdanga',347,1,NULL,NULL),(7289,'Chuadanga',347,1,NULL,NULL),(7290,'Damurhuda',347,1,NULL,NULL),(7291,'Dhaka',348,1,NULL,NULL),(7292,'Dhamrai',348,1,NULL,NULL),(7293,'Dohar',348,1,NULL,NULL),(7294,'Bochanganj',349,1,NULL,NULL),(7295,'Dinajpur',349,1,NULL,NULL),(7296,'Fulbari',349,1,NULL,NULL),(7297,'Parbatipur',349,1,NULL,NULL),(7298,'Bhanga',350,1,NULL,NULL),(7299,'Char Bhadrasan',350,1,NULL,NULL),(7300,'Faridpur',350,1,NULL,NULL),(7301,'Chhagalnaiya',351,1,NULL,NULL),(7302,'Feni',351,1,NULL,NULL),(7303,'Gaybanda',352,1,NULL,NULL),(7304,'Gazipur',353,1,NULL,NULL),(7305,'Tungi',353,1,NULL,NULL),(7306,'Gopalganj',354,1,NULL,NULL),(7307,'Tungi Para',354,1,NULL,NULL),(7308,'Baniachang',355,1,NULL,NULL),(7309,'Habiganj',355,1,NULL,NULL),(7310,'Jamalpur',357,1,NULL,NULL),(7311,'Sarishabari',357,1,NULL,NULL),(7312,'Abhaynagar',358,1,NULL,NULL),(7313,'Jessor',358,1,NULL,NULL),(7314,'Jhikargachha',358,1,NULL,NULL),(7315,'Keshabpur',358,1,NULL,NULL),(7316,'Jhalakati',359,1,NULL,NULL),(7317,'Jhanaydah',360,1,NULL,NULL),(7318,'Kaliganj',360,1,NULL,NULL),(7319,'Kotchandpur',360,1,NULL,NULL),(7320,'Shailkupa',360,1,NULL,NULL),(7321,'Khagrachari',361,1,NULL,NULL),(7322,'Manikchhari',361,1,NULL,NULL),(7323,'Ramgarh',361,1,NULL,NULL),(7324,'Khulna',362,1,NULL,NULL),(7325,'Phultala',362,1,NULL,NULL),(7326,'Bajitpur',363,1,NULL,NULL),(7327,'Bhairab Bazar',363,1,NULL,NULL),(7328,'Itna',363,1,NULL,NULL),(7329,'Kishorganj',363,1,NULL,NULL),(7330,'Komilla',365,1,NULL,NULL),(7331,'Laksham',365,1,NULL,NULL),(7332,'Chilmari',366,1,NULL,NULL),(7333,'Kurigram',366,1,NULL,NULL),(7334,'Nageshwari',366,1,NULL,NULL),(7335,'Ulipur',366,1,NULL,NULL),(7336,'Bheramara',367,1,NULL,NULL),(7337,'Kushtiya',367,1,NULL,NULL),(7338,'Lakshmipur',368,1,NULL,NULL),(7339,'Ramganj',368,1,NULL,NULL),(7340,'Ramgati',368,1,NULL,NULL),(7341,'Raypur',368,1,NULL,NULL),(7342,'Madaripur',370,1,NULL,NULL),(7343,'Magura',371,1,NULL,NULL),(7344,'Bhaluka',372,1,NULL,NULL),(7345,'Fulbaria',372,1,NULL,NULL),(7346,'Gafargaon',372,1,NULL,NULL),(7347,'Ishwarganj',372,1,NULL,NULL),(7348,'Maimansingh',372,1,NULL,NULL),(7349,'Muktagachha',372,1,NULL,NULL),(7350,'Trishal',372,1,NULL,NULL),(7351,'Manikganj',373,1,NULL,NULL),(7352,'Meherpur',375,1,NULL,NULL),(7353,'Munshiganj',376,1,NULL,NULL),(7354,'Kalia',377,1,NULL,NULL),(7355,'Naral',377,1,NULL,NULL),(7356,'Narayanganj',378,1,NULL,NULL),(7357,'Rupganj',378,1,NULL,NULL),(7358,'Narsingdi',379,1,NULL,NULL),(7359,'Roypura',379,1,NULL,NULL),(7360,'Gurudaspur',380,1,NULL,NULL),(7361,'Nator',380,1,NULL,NULL),(7362,'Naugaon',381,1,NULL,NULL),(7363,'Gomastapur',382,1,NULL,NULL),(7364,'Nawabganj',382,1,NULL,NULL),(7365,'Shibganj',382,1,NULL,NULL),(7366,'Netrakona',383,1,NULL,NULL),(7367,'Domar',384,1,NULL,NULL),(7368,'Nilphamari',384,1,NULL,NULL),(7369,'Sa\'idpur',384,1,NULL,NULL),(7370,'Begamganj',385,1,NULL,NULL),(7371,'Noakhali',385,1,NULL,NULL),(7372,'Senbagh',385,1,NULL,NULL),(7373,'Bera',386,1,NULL,NULL),(7374,'Bhangura',386,1,NULL,NULL),(7375,'Ishurdi',386,1,NULL,NULL),(7376,'Pabna',386,1,NULL,NULL),(7377,'Panchagarh',387,1,NULL,NULL),(7378,'Patuakhali',388,1,NULL,NULL),(7379,'Bhandaria',389,1,NULL,NULL),(7380,'Mathbaria',389,1,NULL,NULL),(7381,'Nesarabad',389,1,NULL,NULL),(7382,'Pirojpur',389,1,NULL,NULL),(7383,'Pangsha',390,1,NULL,NULL),(7384,'Rajbari',390,1,NULL,NULL),(7385,'Rajshahi',391,1,NULL,NULL),(7386,'Kaptai',392,1,NULL,NULL),(7387,'Rangamati',392,1,NULL,NULL),(7388,'Badarganj',393,1,NULL,NULL),(7389,'Kaunia',393,1,NULL,NULL),(7390,'Rangpur',393,1,NULL,NULL),(7391,'Satkhira',394,1,NULL,NULL),(7392,'Palang',395,1,NULL,NULL),(7393,'Nalitabari',396,1,NULL,NULL),(7394,'Sherpur',396,1,NULL,NULL),(7395,'Silhat',397,1,NULL,NULL),(7396,'Shahjadpur',398,1,NULL,NULL),(7397,'Sirajganj',398,1,NULL,NULL),(7398,'Chhatak',399,1,NULL,NULL),(7399,'Sunamganj',399,1,NULL,NULL),(7400,'Gopalpur',400,1,NULL,NULL),(7401,'Mirzapur',400,1,NULL,NULL),(7402,'Sakhipur',400,1,NULL,NULL),(7403,'Tangail',400,1,NULL,NULL),(7404,'Pirganj',401,1,NULL,NULL),(7405,'Thakurgaon',401,1,NULL,NULL),(7406,'Baranavichy',413,1,NULL,NULL),(7407,'Bjaroza',413,1,NULL,NULL),(7408,'Bjeloozersk',413,1,NULL,NULL),(7409,'Brest',413,1,NULL,NULL),(7410,'David-Haradok',413,1,NULL,NULL),(7411,'Drahichyn',413,1,NULL,NULL),(7412,'Hancavichy',413,1,NULL,NULL),(7413,'Ivacevichy',413,1,NULL,NULL),(7414,'Ivanava',413,1,NULL,NULL),(7415,'Kamjenec',413,1,NULL,NULL),(7416,'Kobryn',413,1,NULL,NULL),(7417,'Kosava',413,1,NULL,NULL),(7418,'Ljahavichy',413,1,NULL,NULL),(7419,'Luninjec',413,1,NULL,NULL),(7420,'Malaryta',413,1,NULL,NULL),(7421,'Mikashevichy',413,1,NULL,NULL),(7422,'Pinsk',413,1,NULL,NULL),(7423,'Pruzhany',413,1,NULL,NULL),(7424,'Stolin',413,1,NULL,NULL),(7425,'Vysokoje',413,1,NULL,NULL),(7426,'Zhabinka',413,1,NULL,NULL),(7427,'Buda Kosheljovo',414,1,NULL,NULL),(7428,'Chechersk',414,1,NULL,NULL),(7429,'Dobrush',414,1,NULL,NULL),(7430,'Hojniki',414,1,NULL,NULL),(7431,'Homjel\'',414,1,NULL,NULL),(7432,'Jel\'sk',414,1,NULL,NULL),(7433,'Kalinkavichy',414,1,NULL,NULL),(7434,'Kascjukovka',414,1,NULL,NULL),(7435,'Mazyr',414,1,NULL,NULL),(7436,'Narovlja',414,1,NULL,NULL),(7437,'Pjetrykav',414,1,NULL,NULL),(7438,'Rahachow',414,1,NULL,NULL),(7439,'Rechyca',414,1,NULL,NULL),(7440,'Svetlahorsk',414,1,NULL,NULL),(7441,'Vasilevichy',414,1,NULL,NULL),(7442,'Vjetka',414,1,NULL,NULL),(7443,'Zhlobin',414,1,NULL,NULL),(7444,'Zhytkavichy',414,1,NULL,NULL),(7445,'Ashmjany',415,1,NULL,NULL),(7446,'Berjozovka',415,1,NULL,NULL),(7447,'Hrodna',415,1,NULL,NULL),(7448,'Lida',415,1,NULL,NULL),(7449,'Masty',415,1,NULL,NULL),(7450,'Navahrudak',415,1,NULL,NULL),(7451,'Shchuchyn',415,1,NULL,NULL),(7452,'Skidel\'',415,1,NULL,NULL),(7453,'Slonim',415,1,NULL,NULL),(7454,'Smarhon\'',415,1,NULL,NULL),(7455,'Vawkavysk',415,1,NULL,NULL),(7456,'Asipovichy',416,1,NULL,NULL),(7457,'Babrujsk',416,1,NULL,NULL),(7458,'Byhau',416,1,NULL,NULL),(7459,'Chausy',416,1,NULL,NULL),(7460,'Cherikov',416,1,NULL,NULL),(7461,'Horki',416,1,NULL,NULL),(7462,'Kascjukovichy',416,1,NULL,NULL),(7463,'Klimavichy',416,1,NULL,NULL),(7464,'Krychaw',416,1,NULL,NULL),(7465,'Mahiljow',416,1,NULL,NULL),(7466,'Mstislav',416,1,NULL,NULL),(7467,'Shklov',416,1,NULL,NULL),(7468,'Slaeuharad',416,1,NULL,NULL),(7469,'Minsk',418,1,NULL,NULL),(7470,'Petrikov',420,1,NULL,NULL),(7471,'Baran\'',421,1,NULL,NULL),(7472,'Braslav',421,1,NULL,NULL),(7473,'Chashniki',421,1,NULL,NULL),(7474,'Disna',421,1,NULL,NULL),(7475,'Dokshicy',421,1,NULL,NULL),(7476,'Dubrovna',421,1,NULL,NULL),(7477,'Haradok',421,1,NULL,NULL),(7478,'Hlybokaje',421,1,NULL,NULL),(7479,'Ljepjel\'',421,1,NULL,NULL),(7480,'Mjory',421,1,NULL,NULL),(7481,'Navapolack',421,1,NULL,NULL),(7482,'Novalukoml\'',421,1,NULL,NULL),(7483,'Orsha',421,1,NULL,NULL),(7484,'Pastavy',421,1,NULL,NULL),(7485,'Polack',421,1,NULL,NULL),(7486,'Polotsk',421,1,NULL,NULL),(7487,'Senno',421,1,NULL,NULL),(7488,'Talachyn',421,1,NULL,NULL),(7489,'Verhnjadzvimsk',421,1,NULL,NULL),(7490,'Vicebsk',421,1,NULL,NULL),(7491,'Aartselaar',422,1,NULL,NULL),(7492,'Antwerpen',422,1,NULL,NULL),(7493,'Arendonk',422,1,NULL,NULL),(7494,'Baarle-Hertog',422,1,NULL,NULL),(7495,'Balen',422,1,NULL,NULL),(7496,'Beerse',422,1,NULL,NULL),(7497,'Berlaar',422,1,NULL,NULL),(7498,'Boechout',422,1,NULL,NULL),(7499,'Bonheiden',422,1,NULL,NULL),(7500,'Boom',422,1,NULL,NULL),(7501,'Bornem',422,1,NULL,NULL),(7502,'Borsbeek',422,1,NULL,NULL),(7503,'Brasschaat',422,1,NULL,NULL),(7504,'Brecht',422,1,NULL,NULL),(7505,'Dessel',422,1,NULL,NULL),(7506,'Deurne',422,1,NULL,NULL),(7507,'Duffel',422,1,NULL,NULL),(7508,'Edegem',422,1,NULL,NULL),(7509,'Ekeren',422,1,NULL,NULL),(7510,'Essen',422,1,NULL,NULL),(7511,'Geel',422,1,NULL,NULL),(7512,'Geluvele',422,1,NULL,NULL),(7513,'Grobbendonk',422,1,NULL,NULL),(7514,'Heist-op-den-Berg',422,1,NULL,NULL),(7515,'Hemiksem',422,1,NULL,NULL),(7516,'Herentals',422,1,NULL,NULL),(7517,'Herenthout',422,1,NULL,NULL),(7518,'Herselt',422,1,NULL,NULL),(7519,'Hoogstraten',422,1,NULL,NULL),(7520,'Hove',422,1,NULL,NULL),(7521,'Hulshout',422,1,NULL,NULL),(7522,'Kalmpthout',422,1,NULL,NULL),(7523,'Kalmthout',422,1,NULL,NULL),(7524,'Kapellen',422,1,NULL,NULL),(7525,'Kasterlee',422,1,NULL,NULL),(7526,'Kontich',422,1,NULL,NULL),(7527,'Laakdal',422,1,NULL,NULL),(7528,'Lier',422,1,NULL,NULL),(7529,'Lille',422,1,NULL,NULL),(7530,'Lint',422,1,NULL,NULL),(7531,'Malle',422,1,NULL,NULL),(7532,'Mechelen',422,1,NULL,NULL),(7533,'Meerhout',422,1,NULL,NULL),(7534,'Merksplas',422,1,NULL,NULL),(7535,'Mol',422,1,NULL,NULL),(7536,'Mortsel',422,1,NULL,NULL),(7537,'Niel',422,1,NULL,NULL),(7538,'Nijlen',422,1,NULL,NULL),(7539,'Olen',422,1,NULL,NULL),(7540,'Oud-Turnhout',422,1,NULL,NULL),(7541,'Putte',422,1,NULL,NULL),(7542,'Puurs',422,1,NULL,NULL),(7543,'Ranst',422,1,NULL,NULL),(7544,'Ravels',422,1,NULL,NULL),(7545,'Retie',422,1,NULL,NULL),(7546,'Rijkevorsel',422,1,NULL,NULL),(7547,'Robrechts',422,1,NULL,NULL),(7548,'Rumst',422,1,NULL,NULL),(7549,'Schelle',422,1,NULL,NULL),(7550,'Schilde',422,1,NULL,NULL),(7551,'Schoten',422,1,NULL,NULL),(7552,'Sint-Amands',422,1,NULL,NULL),(7553,'Sint-Katelijne-Waver',422,1,NULL,NULL),(7554,'Stabroek',422,1,NULL,NULL),(7555,'Turnhout',422,1,NULL,NULL),(7556,'Vorselaar',422,1,NULL,NULL),(7557,'Vosselaar',422,1,NULL,NULL),(7558,'Westerlo',422,1,NULL,NULL),(7559,'Wijnegem',422,1,NULL,NULL),(7560,'Willebroek',422,1,NULL,NULL),(7561,'Wilrijk',422,1,NULL,NULL),(7562,'Wommelgem',422,1,NULL,NULL),(7563,'Wuustwezel',422,1,NULL,NULL),(7564,'Zandhoven',422,1,NULL,NULL),(7565,'Zoersel',422,1,NULL,NULL),(7566,'Zwijndrecht',422,1,NULL,NULL),(7567,'Berchem',423,1,NULL,NULL),(7568,'Alsemberg',424,1,NULL,NULL),(7569,'Asse Zellik',424,1,NULL,NULL),(7570,'Brussels',424,1,NULL,NULL),(7571,'Bruxelles',424,1,NULL,NULL),(7572,'Diegem',424,1,NULL,NULL),(7573,'Alsemberg',425,1,NULL,NULL),(7574,'Asse Zellik',425,1,NULL,NULL),(7575,'Brussels',425,1,NULL,NULL),(7576,'Bruxelles',425,1,NULL,NULL),(7577,'Diegem',425,1,NULL,NULL),(7578,'Brussel',426,1,NULL,NULL),(7579,'Aiseau-Presles',428,1,NULL,NULL),(7580,'Anderlues',428,1,NULL,NULL),(7581,'Antoing',428,1,NULL,NULL),(7582,'Ath',428,1,NULL,NULL),(7583,'Beaumont',428,1,NULL,NULL),(7584,'Beloeil',428,1,NULL,NULL),(7585,'Bernissart',428,1,NULL,NULL),(7586,'Binche',428,1,NULL,NULL),(7587,'Boussu',428,1,NULL,NULL),(7588,'Braine-le-Comte',428,1,NULL,NULL),(7589,'Brugelette',428,1,NULL,NULL),(7590,'Brunehaut',428,1,NULL,NULL),(7591,'Celles',428,1,NULL,NULL),(7592,'Chapelle-lez-Herlaimont',428,1,NULL,NULL),(7593,'Charleroi',428,1,NULL,NULL),(7594,'Chatelet',428,1,NULL,NULL),(7595,'Chievres',428,1,NULL,NULL),(7596,'Chimay',428,1,NULL,NULL),(7597,'Colfontaine',428,1,NULL,NULL),(7598,'Comines-Warneton',428,1,NULL,NULL),(7599,'Courcelles',428,1,NULL,NULL),(7600,'Dour',428,1,NULL,NULL),(7601,'Ecaussinnes',428,1,NULL,NULL),(7602,'Ellezelles',428,1,NULL,NULL),(7603,'Enghien',428,1,NULL,NULL),(7604,'Erquelinnes',428,1,NULL,NULL),(7605,'Estaimpuis',428,1,NULL,NULL),(7606,'Estinnes',428,1,NULL,NULL),(7607,'Farciennes',428,1,NULL,NULL),(7608,'Fleurus',428,1,NULL,NULL),(7609,'Flobecq',428,1,NULL,NULL),(7610,'Fontaine-l\'Eveque',428,1,NULL,NULL),(7611,'Frameries',428,1,NULL,NULL),(7612,'Frasnes-lez-Anvaing',428,1,NULL,NULL),(7613,'Froidchapelle',428,1,NULL,NULL),(7614,'Gerpinnes',428,1,NULL,NULL),(7615,'Haine-Saint-Pierre',428,1,NULL,NULL),(7616,'Ham-sur-Heure-Nalinnes',428,1,NULL,NULL),(7617,'Hensies',428,1,NULL,NULL),(7618,'Honnelles',428,1,NULL,NULL),(7619,'Jurbise',428,1,NULL,NULL),(7620,'La Louviere',428,1,NULL,NULL),(7621,'Le Roeulx',428,1,NULL,NULL),(7622,'Lens',428,1,NULL,NULL),(7623,'Les Bons Villers',428,1,NULL,NULL),(7624,'Lessines',428,1,NULL,NULL),(7625,'Leuze-en-Hainaut',428,1,NULL,NULL),(7626,'Lobbes',428,1,NULL,NULL),(7627,'Manage',428,1,NULL,NULL),(7628,'Merbes-le-Chateau',428,1,NULL,NULL),(7629,'Momignies',428,1,NULL,NULL),(7630,'Mons',428,1,NULL,NULL),(7631,'Mont-de-l\'Enclus',428,1,NULL,NULL),(7632,'Montigny-le-Tilleul',428,1,NULL,NULL),(7633,'Morlanwelz',428,1,NULL,NULL),(7634,'Mouscron',428,1,NULL,NULL),(7635,'Pecq',428,1,NULL,NULL),(7636,'Peruwelz',428,1,NULL,NULL),(7637,'Pont-a-Celles',428,1,NULL,NULL),(7638,'Quaregnon',428,1,NULL,NULL),(7639,'Quevy',428,1,NULL,NULL),(7640,'Quievrain',428,1,NULL,NULL),(7641,'Rumes',428,1,NULL,NULL),(7642,'Saint-Ghislain',428,1,NULL,NULL),(7643,'Seneffe',428,1,NULL,NULL),(7644,'Silly',428,1,NULL,NULL),(7645,'Sivry-Rance',428,1,NULL,NULL),(7646,'Soignies',428,1,NULL,NULL),(7647,'Thuin',428,1,NULL,NULL),(7648,'Tournai',428,1,NULL,NULL),(7649,'Amay',429,1,NULL,NULL),(7650,'Amel',429,1,NULL,NULL),(7651,'Angleur',429,1,NULL,NULL),(7652,'Ans',429,1,NULL,NULL),(7653,'Anthisnes',429,1,NULL,NULL),(7654,'Aubel',429,1,NULL,NULL),(7655,'Awans',429,1,NULL,NULL),(7656,'Aywaille',429,1,NULL,NULL),(7657,'Baelen',429,1,NULL,NULL),(7658,'Bassenge',429,1,NULL,NULL),(7659,'Berloz',429,1,NULL,NULL),(7660,'Beyne-Heusay',429,1,NULL,NULL),(7661,'Blegny',429,1,NULL,NULL),(7662,'Braives',429,1,NULL,NULL),(7663,'Bullingen',429,1,NULL,NULL),(7664,'Burdinne',429,1,NULL,NULL),(7665,'Burg-Reuland',429,1,NULL,NULL),(7666,'Butgenbach',429,1,NULL,NULL),(7667,'Chaudfontaine',429,1,NULL,NULL),(7668,'Clavier',429,1,NULL,NULL),(7669,'Comblain-au-Pont',429,1,NULL,NULL),(7670,'Crisnee',429,1,NULL,NULL),(7671,'Dalhem',429,1,NULL,NULL),(7672,'Dison',429,1,NULL,NULL),(7673,'Donceel',429,1,NULL,NULL),(7674,'Engis',429,1,NULL,NULL),(7675,'Esneux',429,1,NULL,NULL),(7676,'Eupen',429,1,NULL,NULL),(7677,'Faimes',429,1,NULL,NULL),(7678,'Ferrieres',429,1,NULL,NULL),(7679,'Fexhe-le-Haut-Clocher',429,1,NULL,NULL),(7680,'Flemalle',429,1,NULL,NULL),(7681,'Fleron',429,1,NULL,NULL),(7682,'Geer',429,1,NULL,NULL),(7683,'Grace-Hollogne',429,1,NULL,NULL),(7684,'Hamoir',429,1,NULL,NULL),(7685,'Hannut',429,1,NULL,NULL),(7686,'Heron',429,1,NULL,NULL),(7687,'Herstal',429,1,NULL,NULL),(7688,'Herve',429,1,NULL,NULL),(7689,'Huy',429,1,NULL,NULL),(7690,'Jalhay',429,1,NULL,NULL),(7691,'Juprelle',429,1,NULL,NULL),(7692,'Kelmis',429,1,NULL,NULL),(7693,'Liege',429,1,NULL,NULL),(7694,'Lierneux',429,1,NULL,NULL),(7695,'Limbourg',429,1,NULL,NULL),(7696,'Lincent',429,1,NULL,NULL),(7697,'Lontzen',429,1,NULL,NULL),(7698,'Malmedy',429,1,NULL,NULL),(7699,'Marchin',429,1,NULL,NULL),(7700,'Modave',429,1,NULL,NULL),(7701,'Montzen',429,1,NULL,NULL),(7702,'Nandrin',429,1,NULL,NULL),(7703,'Neupre',429,1,NULL,NULL),(7704,'Olne',429,1,NULL,NULL),(7705,'Oreye',429,1,NULL,NULL),(7706,'Ouffet',429,1,NULL,NULL),(7707,'Oupeye',429,1,NULL,NULL),(7708,'Pepinster',429,1,NULL,NULL),(7709,'Plombieres',429,1,NULL,NULL),(7710,'Racour',429,1,NULL,NULL),(7711,'Raeren',429,1,NULL,NULL),(7712,'Remicourt',429,1,NULL,NULL),(7713,'Saint-Georges-sur-Meuse',429,1,NULL,NULL),(7714,'Saint-Nicolas',429,1,NULL,NULL),(7715,'Sankt Vith',429,1,NULL,NULL),(7716,'Seraing',429,1,NULL,NULL),(7717,'Soumagne',429,1,NULL,NULL),(7718,'Spa',429,1,NULL,NULL),(7719,'Sprimont',429,1,NULL,NULL),(7720,'Stavelot',429,1,NULL,NULL),(7721,'Stoumont',429,1,NULL,NULL),(7722,'Theux',429,1,NULL,NULL),(7723,'Thimister-Clermont',429,1,NULL,NULL),(7724,'Tinlot',429,1,NULL,NULL),(7725,'Trois-Ponts',429,1,NULL,NULL),(7726,'Trooz',429,1,NULL,NULL),(7727,'Verlaine',429,1,NULL,NULL),(7728,'Verviers',429,1,NULL,NULL),(7729,'Villers-le-Bouillet',429,1,NULL,NULL),(7730,'Vise',429,1,NULL,NULL),(7731,'Waimes',429,1,NULL,NULL),(7732,'Wanze',429,1,NULL,NULL),(7733,'Waremme',429,1,NULL,NULL),(7734,'Wasseiges',429,1,NULL,NULL),(7735,'Welkenraedt',429,1,NULL,NULL),(7736,'Alken',430,1,NULL,NULL),(7737,'As',430,1,NULL,NULL),(7738,'Beringen',430,1,NULL,NULL),(7739,'Bilzen',430,1,NULL,NULL),(7740,'Bocholt',430,1,NULL,NULL),(7741,'Borgloon',430,1,NULL,NULL),(7742,'Bree',430,1,NULL,NULL),(7743,'Diepenbeek',430,1,NULL,NULL),(7744,'Dilsen-Stokkem',430,1,NULL,NULL),(7745,'Genk',430,1,NULL,NULL),(7746,'Gingelom',430,1,NULL,NULL),(7747,'Halen',430,1,NULL,NULL),(7748,'Ham',430,1,NULL,NULL),(7749,'Hamont-Achel',430,1,NULL,NULL),(7750,'Hasselt',430,1,NULL,NULL),(7751,'Hechtel-Eksel',430,1,NULL,NULL),(7752,'Heers',430,1,NULL,NULL),(7753,'Herk-de-Stad',430,1,NULL,NULL),(7754,'Herstappe',430,1,NULL,NULL),(7755,'Heusden-Zolder',430,1,NULL,NULL),(7756,'Hoeselt',430,1,NULL,NULL),(7757,'Houthalen-Helchteren',430,1,NULL,NULL),(7758,'Kinrooi',430,1,NULL,NULL),(7759,'Kortessem',430,1,NULL,NULL),(7760,'Kuringen',430,1,NULL,NULL),(7761,'Lanaken',430,1,NULL,NULL),(7762,'Leopoldsburg',430,1,NULL,NULL),(7763,'Lommel',430,1,NULL,NULL),(7764,'Lummen',430,1,NULL,NULL),(7765,'Maaseik',430,1,NULL,NULL),(7766,'Maasmechelen',430,1,NULL,NULL),(7767,'Meeuwen-Gruitrode',430,1,NULL,NULL),(7768,'Neerpelt',430,1,NULL,NULL),(7769,'Nieuwerkerken',430,1,NULL,NULL),(7770,'Opglabbeek',430,1,NULL,NULL),(7771,'Overpelt',430,1,NULL,NULL),(7772,'Peer',430,1,NULL,NULL),(7773,'Riemst',430,1,NULL,NULL),(7774,'Sint-Truiden',430,1,NULL,NULL),(7775,'Tessenderlo',430,1,NULL,NULL),(7776,'Tongeren',430,1,NULL,NULL),(7777,'Voeren',430,1,NULL,NULL),(7778,'Wellen',430,1,NULL,NULL),(7779,'Zonhoven',430,1,NULL,NULL),(7780,'Zutendaal',430,1,NULL,NULL),(7781,'Arlon',431,1,NULL,NULL),(7782,'Attert',431,1,NULL,NULL),(7783,'Aubange',431,1,NULL,NULL),(7784,'Bastogne',431,1,NULL,NULL),(7785,'Bertogne',431,1,NULL,NULL),(7786,'Bertrix',431,1,NULL,NULL),(7787,'Bouillon',431,1,NULL,NULL),(7788,'Chiny',431,1,NULL,NULL),(7789,'Daverdisse',431,1,NULL,NULL),(7790,'Durbuy',431,1,NULL,NULL),(7791,'Erezee',431,1,NULL,NULL),(7792,'Etalle',431,1,NULL,NULL),(7793,'Fauvillers',431,1,NULL,NULL),(7794,'Florenville',431,1,NULL,NULL),(7795,'Gouvy',431,1,NULL,NULL),(7796,'Grapfontaine',431,1,NULL,NULL),(7797,'Habay',431,1,NULL,NULL),(7798,'Herbeumont',431,1,NULL,NULL),(7799,'Hotton',431,1,NULL,NULL),(7800,'Houffalize',431,1,NULL,NULL),(7801,'La Roche-en-Ardenne',431,1,NULL,NULL),(7802,'Leglise',431,1,NULL,NULL),(7803,'Libin',431,1,NULL,NULL),(7804,'Libramont-Chevigny',431,1,NULL,NULL),(7805,'Manhay',431,1,NULL,NULL),(7806,'Marche-en-Famenne',431,1,NULL,NULL),(7807,'Marloie',431,1,NULL,NULL),(7808,'Martelange',431,1,NULL,NULL),(7809,'Meix-devant-Virton',431,1,NULL,NULL),(7810,'Messancy',431,1,NULL,NULL),(7811,'Musson',431,1,NULL,NULL),(7812,'Nassogne',431,1,NULL,NULL),(7813,'Neufchateau',431,1,NULL,NULL),(7814,'Paliseul',431,1,NULL,NULL),(7815,'Rendeux',431,1,NULL,NULL),(7816,'Rouvroy',431,1,NULL,NULL),(7817,'Saint-Hubert',431,1,NULL,NULL),(7818,'Saint-Leger',431,1,NULL,NULL),(7819,'Sainte-Ode',431,1,NULL,NULL),(7820,'Tellin',431,1,NULL,NULL),(7821,'Tenneville',431,1,NULL,NULL),(7822,'Tintigny',431,1,NULL,NULL),(7823,'Vaux-sur-Sure',431,1,NULL,NULL),(7824,'Vielsalm',431,1,NULL,NULL),(7825,'Virton',431,1,NULL,NULL),(7826,'Wellin',431,1,NULL,NULL),(7827,'Andenne',432,1,NULL,NULL),(7828,'Anhee',432,1,NULL,NULL),(7829,'Assesse',432,1,NULL,NULL),(7830,'Beauraing',432,1,NULL,NULL),(7831,'Bievre',432,1,NULL,NULL),(7832,'Cerfontaine',432,1,NULL,NULL),(7833,'Ciney',432,1,NULL,NULL),(7834,'Couvin',432,1,NULL,NULL),(7835,'Dinant',432,1,NULL,NULL),(7836,'Doische',432,1,NULL,NULL),(7837,'Eghezee',432,1,NULL,NULL),(7838,'Fernelmont',432,1,NULL,NULL),(7839,'Floreffe',432,1,NULL,NULL),(7840,'Florennes',432,1,NULL,NULL),(7841,'Fosses-la-Ville',432,1,NULL,NULL),(7842,'Gedinne',432,1,NULL,NULL),(7843,'Gembloux',432,1,NULL,NULL),(7844,'Gesves',432,1,NULL,NULL),(7845,'Hamois',432,1,NULL,NULL),(7846,'Hastiere',432,1,NULL,NULL),(7847,'Havelange',432,1,NULL,NULL),(7848,'Houyet',432,1,NULL,NULL),(7849,'Jambes',432,1,NULL,NULL),(7850,'Jemeppe-sur-Sambre',432,1,NULL,NULL),(7851,'La Bruyere',432,1,NULL,NULL),(7852,'Malonne',432,1,NULL,NULL),(7853,'Mettet',432,1,NULL,NULL),(7854,'Namur',432,1,NULL,NULL),(7855,'Ohey',432,1,NULL,NULL),(7856,'Onhaye',432,1,NULL,NULL),(7857,'Philippeville',432,1,NULL,NULL),(7858,'Profondeville',432,1,NULL,NULL),(7859,'Rochefort',432,1,NULL,NULL),(7860,'Sambreville',432,1,NULL,NULL),(7861,'Sombreffe',432,1,NULL,NULL),(7862,'Somme-Leuze',432,1,NULL,NULL),(7863,'Suarlee',432,1,NULL,NULL),(7864,'Viroinval',432,1,NULL,NULL),(7865,'Vresse-sur-Semois',432,1,NULL,NULL),(7866,'Walcourt',432,1,NULL,NULL),(7867,'Yvoir',432,1,NULL,NULL),(7868,'Gullegem',433,1,NULL,NULL),(7869,'Langdorp',433,1,NULL,NULL),(7870,'Aalst',434,1,NULL,NULL),(7871,'Aalter',434,1,NULL,NULL),(7872,'Assenede',434,1,NULL,NULL),(7873,'Berlare',434,1,NULL,NULL),(7874,'Beveren',434,1,NULL,NULL),(7875,'Brakel',434,1,NULL,NULL),(7876,'Buggenhout',434,1,NULL,NULL),(7877,'De Pinte',434,1,NULL,NULL),(7878,'Deinze',434,1,NULL,NULL),(7879,'Denderleeuw',434,1,NULL,NULL),(7880,'Dendermonde',434,1,NULL,NULL),(7881,'Destelbergen',434,1,NULL,NULL),(7882,'Drongen',434,1,NULL,NULL),(7883,'Eeklo',434,1,NULL,NULL),(7884,'Erembodegem',434,1,NULL,NULL),(7885,'Erpe-Mere',434,1,NULL,NULL),(7886,'Evergem',434,1,NULL,NULL),(7887,'Gavere',434,1,NULL,NULL),(7888,'Gent',434,1,NULL,NULL),(7889,'Geraardsbergen',434,1,NULL,NULL),(7890,'Ghent',434,1,NULL,NULL),(7891,'Haaltert',434,1,NULL,NULL),(7892,'Hamme',434,1,NULL,NULL),(7893,'Herzele',434,1,NULL,NULL),(7894,'Horebeke',434,1,NULL,NULL),(7895,'Kaprijke',434,1,NULL,NULL),(7896,'Kerksken',434,1,NULL,NULL),(7897,'Kluisbergen',434,1,NULL,NULL),(7898,'Knesselare',434,1,NULL,NULL),(7899,'Kruibeke',434,1,NULL,NULL),(7900,'Kruishoutem',434,1,NULL,NULL),(7901,'Laarne',434,1,NULL,NULL),(7902,'Lebbeke',434,1,NULL,NULL),(7903,'Lede',434,1,NULL,NULL),(7904,'Lierde',434,1,NULL,NULL),(7905,'Lochristi',434,1,NULL,NULL),(7906,'Lokeren',434,1,NULL,NULL),(7907,'Lovendegem',434,1,NULL,NULL),(7908,'Maarkedal',434,1,NULL,NULL),(7909,'Maldegem',434,1,NULL,NULL),(7910,'Melle',434,1,NULL,NULL),(7911,'Merelbeke',434,1,NULL,NULL),(7912,'Moerbeke',434,1,NULL,NULL),(7913,'Nazareth',434,1,NULL,NULL),(7914,'Nevele',434,1,NULL,NULL),(7915,'Ninove',434,1,NULL,NULL),(7916,'Oosterzele',434,1,NULL,NULL),(7917,'Oudenaarde',434,1,NULL,NULL),(7918,'Ronse',434,1,NULL,NULL),(7919,'Semmerzake',434,1,NULL,NULL),(7920,'Sint-Gillis-Waas',434,1,NULL,NULL),(7921,'Sint-Laureins',434,1,NULL,NULL),(7922,'Sint-Lievens-Houtem',434,1,NULL,NULL),(7923,'Sint-Martens-Latem',434,1,NULL,NULL),(7924,'Sint-Niklaas',434,1,NULL,NULL),(7925,'Stekene',434,1,NULL,NULL),(7926,'Temse',434,1,NULL,NULL),(7927,'Waarschoot',434,1,NULL,NULL),(7928,'Waasmunster',434,1,NULL,NULL),(7929,'Wachtebeke',434,1,NULL,NULL),(7930,'Wetteren',434,1,NULL,NULL),(7931,'Wichelen',434,1,NULL,NULL),(7932,'Wortegem-Petegem',434,1,NULL,NULL),(7933,'Zele',434,1,NULL,NULL),(7934,'Zelzate',434,1,NULL,NULL),(7935,'Zingem',434,1,NULL,NULL),(7936,'Zomergem',434,1,NULL,NULL),(7937,'Zottegem',434,1,NULL,NULL),(7938,'Zulte',434,1,NULL,NULL),(7939,'Zwalm',434,1,NULL,NULL),(7940,'Zwijnaarde',434,1,NULL,NULL),(7941,'Aarschot',436,1,NULL,NULL),(7942,'Affligem',436,1,NULL,NULL),(7943,'Asse',436,1,NULL,NULL),(7944,'Beersel',436,1,NULL,NULL),(7945,'Begijnendijk',436,1,NULL,NULL),(7946,'Bekkevoort',436,1,NULL,NULL),(7947,'Bertem',436,1,NULL,NULL),(7948,'Bever',436,1,NULL,NULL),(7949,'Bierbeek',436,1,NULL,NULL),(7950,'Boortmeerbeek',436,1,NULL,NULL),(7951,'Boutersem',436,1,NULL,NULL),(7952,'Diest',436,1,NULL,NULL),(7953,'Dilbeek',436,1,NULL,NULL),(7954,'Drogenbos',436,1,NULL,NULL),(7955,'Galmaarden',436,1,NULL,NULL),(7956,'Geetbets',436,1,NULL,NULL),(7957,'Glabbeek',436,1,NULL,NULL),(7958,'Gooik',436,1,NULL,NULL),(7959,'Grimbergen',436,1,NULL,NULL),(7960,'Haacht',436,1,NULL,NULL),(7961,'Halle',436,1,NULL,NULL),(7962,'Herent',436,1,NULL,NULL),(7963,'Herne',436,1,NULL,NULL),(7964,'Hoegaarden',436,1,NULL,NULL),(7965,'Hoeilaart',436,1,NULL,NULL),(7966,'Holsbeek',436,1,NULL,NULL),(7967,'Huldenberg',436,1,NULL,NULL),(7968,'Kampenhout',436,1,NULL,NULL),(7969,'Kapelle-op-den-Bos',436,1,NULL,NULL),(7970,'Keerbergen',436,1,NULL,NULL),(7971,'Kortenaken',436,1,NULL,NULL),(7972,'Kortenberg',436,1,NULL,NULL),(7973,'Kraainem',436,1,NULL,NULL),(7974,'Landen',436,1,NULL,NULL),(7975,'Lennik',436,1,NULL,NULL),(7976,'Leuven',436,1,NULL,NULL),(7977,'Liedekerke',436,1,NULL,NULL),(7978,'Linkebeek',436,1,NULL,NULL),(7979,'Linter',436,1,NULL,NULL),(7980,'Londerzeel',436,1,NULL,NULL),(7981,'Lubbeek',436,1,NULL,NULL),(7982,'Machelen',436,1,NULL,NULL),(7983,'Meise',436,1,NULL,NULL),(7984,'Merchtem',436,1,NULL,NULL),(7985,'Opwijk',436,1,NULL,NULL),(7986,'Oud-Heverlee',436,1,NULL,NULL),(7987,'Overijse',436,1,NULL,NULL),(7988,'Pepingen',436,1,NULL,NULL),(7989,'Roosdaal',436,1,NULL,NULL),(7990,'Rotselaar',436,1,NULL,NULL),(7991,'Scherpenheuvel-Zichem',436,1,NULL,NULL),(7992,'Sint-Genesius-Rode',436,1,NULL,NULL),(7993,'Sint-Pieters-Leeuw',436,1,NULL,NULL),(7994,'Steenokkerzeel',436,1,NULL,NULL),(7995,'Ternat',436,1,NULL,NULL),(7996,'Tervuren',436,1,NULL,NULL),(7997,'Tielt-Winge',436,1,NULL,NULL),(7998,'Tienen',436,1,NULL,NULL),(7999,'Tremelo',436,1,NULL,NULL),(8000,'Vilvoorde',436,1,NULL,NULL),(8001,'Wemmel',436,1,NULL,NULL),(8002,'Wezembeek-Oppem',436,1,NULL,NULL),(8003,'Zaventem',436,1,NULL,NULL),(8004,'Zemst',436,1,NULL,NULL),(8005,'Zoutleeuw',436,1,NULL,NULL),(8006,'Callenelle',437,1,NULL,NULL),(8007,'Marcinelle',437,1,NULL,NULL),(8008,'Strepy-Bracquegnies',437,1,NULL,NULL),(8009,'Alveringem',438,1,NULL,NULL),(8010,'Anzegem',438,1,NULL,NULL),(8011,'Ardooie',438,1,NULL,NULL),(8012,'Avelgem',438,1,NULL,NULL),(8013,'Beernem',438,1,NULL,NULL),(8014,'Blankenberge',438,1,NULL,NULL),(8015,'Bredene',438,1,NULL,NULL),(8016,'Brugge',438,1,NULL,NULL),(8017,'Damme',438,1,NULL,NULL),(8018,'De Haan',438,1,NULL,NULL),(8019,'De Panne',438,1,NULL,NULL),(8020,'Deerlijk',438,1,NULL,NULL),(8021,'Dentergem',438,1,NULL,NULL),(8022,'Diksmuide',438,1,NULL,NULL),(8023,'Geluveld',438,1,NULL,NULL),(8024,'Gistel',438,1,NULL,NULL),(8025,'Harelbeke',438,1,NULL,NULL),(8026,'Heuvelland',438,1,NULL,NULL),(8027,'Hooglede',438,1,NULL,NULL),(8028,'Houthulst',438,1,NULL,NULL),(8029,'Ichtegem',438,1,NULL,NULL),(8030,'Ieper',438,1,NULL,NULL),(8031,'Ingelmunster',438,1,NULL,NULL),(8032,'Ingooigem',438,1,NULL,NULL),(8033,'Izegem',438,1,NULL,NULL),(8034,'Jabbeke',438,1,NULL,NULL),(8035,'Knokke-Heist',438,1,NULL,NULL),(8036,'Koekelare',438,1,NULL,NULL),(8037,'Koksijde',438,1,NULL,NULL),(8038,'Kortemark',438,1,NULL,NULL),(8039,'Kortrijk',438,1,NULL,NULL),(8040,'Kuurne',438,1,NULL,NULL),(8041,'Langemark-Poelkapelle',438,1,NULL,NULL),(8042,'Ledegem',438,1,NULL,NULL),(8043,'Lendelede',438,1,NULL,NULL),(8044,'Lichtervelde',438,1,NULL,NULL),(8045,'Lo-Reninge',438,1,NULL,NULL),(8046,'Menen',438,1,NULL,NULL),(8047,'Mesen',438,1,NULL,NULL),(8048,'Meulebeke',438,1,NULL,NULL),(8049,'Middelkerke',438,1,NULL,NULL),(8050,'Moorslede',438,1,NULL,NULL),(8051,'Nieuwpoort',438,1,NULL,NULL),(8052,'Oostende',438,1,NULL,NULL),(8053,'Oostkamp',438,1,NULL,NULL),(8054,'Oostrozebeke',438,1,NULL,NULL),(8055,'Oudenburg',438,1,NULL,NULL),(8056,'Pittem',438,1,NULL,NULL),(8057,'Poperinge',438,1,NULL,NULL),(8058,'Roeselare',438,1,NULL,NULL),(8059,'Ruiselede',438,1,NULL,NULL),(8060,'Spiere-Helkijn',438,1,NULL,NULL),(8061,'Staden',438,1,NULL,NULL),(8062,'Tielt',438,1,NULL,NULL),(8063,'Torhout',438,1,NULL,NULL),(8064,'Veurne',438,1,NULL,NULL),(8065,'Vleteren',438,1,NULL,NULL),(8066,'Waregem',438,1,NULL,NULL),(8067,'Wervik',438,1,NULL,NULL),(8068,'Wevelgem',438,1,NULL,NULL),(8069,'Wielsbeke',438,1,NULL,NULL),(8070,'Wingene',438,1,NULL,NULL),(8071,'Zedelgem',438,1,NULL,NULL),(8072,'Zeebrugge',438,1,NULL,NULL),(8073,'Zonnebeke',438,1,NULL,NULL),(8074,'Zuienkerke',438,1,NULL,NULL),(8075,'Zwevegem',438,1,NULL,NULL),(8076,'Belize',439,1,NULL,NULL),(8077,'San Pedro',439,1,NULL,NULL),(8078,'Belmopan',440,1,NULL,NULL),(8079,'Benque Viejo',440,1,NULL,NULL),(8080,'San Ignacio',440,1,NULL,NULL),(8081,'Corozal',441,1,NULL,NULL),(8082,'Punta Gorda',444,1,NULL,NULL),(8083,'Kandi',445,1,NULL,NULL),(8084,'Malanville',445,1,NULL,NULL),(8085,'Batia',446,1,NULL,NULL),(8086,'Boukombe',446,1,NULL,NULL),(8087,'Kouande',446,1,NULL,NULL),(8088,'Natitingou',446,1,NULL,NULL),(8089,'Allada',447,1,NULL,NULL),(8090,'Cotonou',447,1,NULL,NULL),(8091,'Ouidah',447,1,NULL,NULL),(8092,'Tanguiete',447,1,NULL,NULL),(8093,'Bembereke',448,1,NULL,NULL),(8094,'Nikki',448,1,NULL,NULL),(8095,'Parakou',448,1,NULL,NULL),(8096,'Tchaourou',448,1,NULL,NULL),(8097,'Dassa',449,1,NULL,NULL),(8098,'Savalou',449,1,NULL,NULL),(8099,'Save',449,1,NULL,NULL),(8100,'Aplahoue',450,1,NULL,NULL),(8101,'Dogbo',450,1,NULL,NULL),(8102,'Djougou',451,1,NULL,NULL),(8103,'Cotonou',452,1,NULL,NULL),(8104,'Athieme',453,1,NULL,NULL),(8105,'Come',453,1,NULL,NULL),(8106,'Grand Popo',453,1,NULL,NULL),(8107,'Lokossa',453,1,NULL,NULL),(8108,'Adjohoun',454,1,NULL,NULL),(8109,'Porto Novo',454,1,NULL,NULL),(8110,'Ketou',455,1,NULL,NULL),(8111,'Pobe',455,1,NULL,NULL),(8112,'Sakete',455,1,NULL,NULL),(8113,'Abomey',456,1,NULL,NULL),(8114,'Bohicon',456,1,NULL,NULL),(8115,'Cove',456,1,NULL,NULL),(8116,'Zagnanado',456,1,NULL,NULL),(8117,'Hamilton',457,1,NULL,NULL),(8118,'Jakar',459,1,NULL,NULL),(8119,'Chhukha',460,1,NULL,NULL),(8120,'Phuentsholing',460,1,NULL,NULL),(8121,'Damphu',461,1,NULL,NULL),(8122,'Taga Dzong',462,1,NULL,NULL),(8123,'Geylegphug',463,1,NULL,NULL),(8124,'Ha',464,1,NULL,NULL),(8125,'Lhuntshi',465,1,NULL,NULL),(8126,'Mongar',466,1,NULL,NULL),(8127,'Pemagatsel',467,1,NULL,NULL),(8128,'Gasa',468,1,NULL,NULL),(8129,'Punakha',468,1,NULL,NULL),(8130,'Paro',469,1,NULL,NULL),(8131,'Phuntsholing',470,1,NULL,NULL),(8132,'Samchi',470,1,NULL,NULL),(8133,'Shemgang',472,1,NULL,NULL),(8134,'Tashigang',473,1,NULL,NULL),(8135,'Thimphu',474,1,NULL,NULL),(8136,'Timphu',474,1,NULL,NULL),(8137,'Tongsa',475,1,NULL,NULL),(8138,'Wangdiphodrang',476,1,NULL,NULL),(8139,'Guayaramerin',477,1,NULL,NULL),(8140,'Magdalena',477,1,NULL,NULL),(8141,'Reyes',477,1,NULL,NULL),(8142,'Riberalta',477,1,NULL,NULL),(8143,'Rurrenabaque',477,1,NULL,NULL),(8144,'San Borja',477,1,NULL,NULL),(8145,'San Ignacio',477,1,NULL,NULL),(8146,'San Ramon',477,1,NULL,NULL),(8147,'Santa Ana',477,1,NULL,NULL),(8148,'Santa Rosa',477,1,NULL,NULL),(8149,'Trinidad',477,1,NULL,NULL),(8150,'Camargo',478,1,NULL,NULL),(8151,'Monteagudo',478,1,NULL,NULL),(8152,'Muyupampa',478,1,NULL,NULL),(8153,'Padilla',478,1,NULL,NULL),(8154,'Sucre',478,1,NULL,NULL),(8155,'Tarabuco',478,1,NULL,NULL),(8156,'Villa Serano',478,1,NULL,NULL),(8157,'Aiquile',479,1,NULL,NULL),(8158,'Arani',479,1,NULL,NULL),(8159,'Capinota',479,1,NULL,NULL),(8160,'Chimore',479,1,NULL,NULL),(8161,'Cliza',479,1,NULL,NULL),(8162,'Cochabamba',479,1,NULL,NULL),(8163,'Colomi',479,1,NULL,NULL),(8164,'Entre Rios',479,1,NULL,NULL),(8165,'Irpa Irpa',479,1,NULL,NULL),(8166,'Ivirgarzama',479,1,NULL,NULL),(8167,'Mizque',479,1,NULL,NULL),(8168,'Punata',479,1,NULL,NULL),(8169,'Shinahota',479,1,NULL,NULL),(8170,'Sipe Sipe',479,1,NULL,NULL),(8171,'Tarata',479,1,NULL,NULL),(8172,'Ucurena',479,1,NULL,NULL),(8173,'Caracollo',481,1,NULL,NULL),(8174,'Challapata',481,1,NULL,NULL),(8175,'Eucaliptus',481,1,NULL,NULL),(8176,'Huanuni',481,1,NULL,NULL),(8177,'Machacamarca',481,1,NULL,NULL),(8178,'Oruro',481,1,NULL,NULL),(8179,'Poopo',481,1,NULL,NULL),(8180,'Santiago de Huari',481,1,NULL,NULL),(8181,'Totoral',481,1,NULL,NULL),(8182,'Cobija',482,1,NULL,NULL),(8183,'Atocha',483,1,NULL,NULL),(8184,'Betanzos',483,1,NULL,NULL),(8185,'Colquechaca',483,1,NULL,NULL),(8186,'Llallagua',483,1,NULL,NULL),(8187,'Potosi',483,1,NULL,NULL),(8188,'Santa Barbara',483,1,NULL,NULL),(8189,'Tupiza',483,1,NULL,NULL),(8190,'Uncia',483,1,NULL,NULL),(8191,'Uyuni',483,1,NULL,NULL),(8192,'Villazon',483,1,NULL,NULL),(8193,'Bermejo',485,1,NULL,NULL),(8194,'Entre Rios',485,1,NULL,NULL),(8195,'San Lorenzo',485,1,NULL,NULL),(8196,'Tarija',485,1,NULL,NULL),(8197,'Villamontes',485,1,NULL,NULL),(8198,'Yacuiba',485,1,NULL,NULL),(8199,'Kachikau',493,1,NULL,NULL),(8200,'Kasane',493,1,NULL,NULL),(8201,'Kavimba',493,1,NULL,NULL),(8202,'Kazungula',493,1,NULL,NULL),(8203,'Lesoma',493,1,NULL,NULL),(8204,'Muchinje-Mabale',493,1,NULL,NULL),(8205,'Pandamatenga',493,1,NULL,NULL),(8206,'Pandamatenga Botswana Defence ',493,1,NULL,NULL),(8207,'Parakarungu',493,1,NULL,NULL),(8208,'Satau',493,1,NULL,NULL),(8209,'Francistown',494,1,NULL,NULL),(8210,'Gaborone',495,1,NULL,NULL),(8211,'Bere',496,1,NULL,NULL),(8212,'Charles Hill',496,1,NULL,NULL),(8213,'Chobokwane',496,1,NULL,NULL),(8214,'Dekar',496,1,NULL,NULL),(8215,'East Hanahai',496,1,NULL,NULL),(8216,'Ghanzi',496,1,NULL,NULL),(8217,'Groote Laagte',496,1,NULL,NULL),(8218,'Kacgae',496,1,NULL,NULL),(8219,'Karakobis',496,1,NULL,NULL),(8220,'Kuke Quarantine Camp',496,1,NULL,NULL),(8221,'Kule',496,1,NULL,NULL),(8222,'Makunda',496,1,NULL,NULL),(8223,'Ncojane',496,1,NULL,NULL),(8224,'New Xade',496,1,NULL,NULL),(8225,'New Xanagas',496,1,NULL,NULL),(8226,'Qabo',496,1,NULL,NULL),(8227,'Tsootsha',496,1,NULL,NULL),(8228,'West Hanahai',496,1,NULL,NULL),(8229,'Jwaneng',497,1,NULL,NULL),(8230,'Artisia',500,1,NULL,NULL),(8231,'Bokaa',500,1,NULL,NULL),(8232,'Dikgonye',500,1,NULL,NULL),(8233,'Dikwididi',500,1,NULL,NULL),(8234,'Kgomodiatshaba',500,1,NULL,NULL),(8235,'Khurutshe',500,1,NULL,NULL),(8236,'Leshibitse',500,1,NULL,NULL),(8237,'Mabalane',500,1,NULL,NULL),(8238,'Malolwane',500,1,NULL,NULL),(8239,'Malotwana Siding',500,1,NULL,NULL),(8240,'Matebeleng',500,1,NULL,NULL),(8241,'Mmamashia',500,1,NULL,NULL),(8242,'Mmathubudukwane',500,1,NULL,NULL),(8243,'Mochudi',500,1,NULL,NULL),(8244,'Modipane',500,1,NULL,NULL),(8245,'Morwa',500,1,NULL,NULL),(8246,'Oliphants Drift',500,1,NULL,NULL),(8247,'Oodi',500,1,NULL,NULL),(8248,'Pilane',500,1,NULL,NULL),(8249,'Ramonaka',500,1,NULL,NULL),(8250,'Ramotlabaki',500,1,NULL,NULL),(8251,'Rasesa',500,1,NULL,NULL),(8252,'Sikwane',500,1,NULL,NULL),(8253,'Boatlaname',501,1,NULL,NULL),(8254,'Botlhapatlou',501,1,NULL,NULL),(8255,'Diagane',501,1,NULL,NULL),(8256,'Diphudugodu',501,1,NULL,NULL),(8257,'Diremogolo Lands',501,1,NULL,NULL),(8258,'Ditshegwane',501,1,NULL,NULL),(8259,'Ditshukudu',501,1,NULL,NULL),(8260,'Dumadumane',501,1,NULL,NULL),(8261,'Dutlwe',501,1,NULL,NULL),(8262,'Gabane',501,1,NULL,NULL),(8263,'Gakgatla',501,1,NULL,NULL),(8264,'Gakuto',501,1,NULL,NULL),(8265,'Galekgatshwane',501,1,NULL,NULL),(8266,'Gamodubu',501,1,NULL,NULL),(8267,'Gaphatshwa',501,1,NULL,NULL),(8268,'Hatsalatladi',501,1,NULL,NULL),(8269,'Kamenakwe',501,1,NULL,NULL),(8270,'Kaudwane',501,1,NULL,NULL),(8271,'Kgaphamadi',501,1,NULL,NULL),(8272,'Kgope',501,1,NULL,NULL),(8273,'Khekhenya-Chepetese',501,1,NULL,NULL),(8274,'Khudumelapye',501,1,NULL,NULL),(8275,'Kopong',501,1,NULL,NULL),(8276,'Kotolaname',501,1,NULL,NULL),(8277,'Kubung',501,1,NULL,NULL),(8278,'Kumakwane',501,1,NULL,NULL),(8279,'Kweneng',501,1,NULL,NULL),(8280,'Lentsweletau',501,1,NULL,NULL),(8281,'Lephepe',501,1,NULL,NULL),(8282,'Lesirane',501,1,NULL,NULL),(8283,'Letlhakeng',501,1,NULL,NULL),(8284,'Losilakgokong',501,1,NULL,NULL),(8285,'Maboane',501,1,NULL,NULL),(8286,'Mahetlwe',501,1,NULL,NULL),(8287,'Makabanyane-Dikgokong',501,1,NULL,NULL),(8288,'Malwelwe',501,1,NULL,NULL),(8289,'Mamhiko',501,1,NULL,NULL),(8290,'Manaledi',501,1,NULL,NULL),(8291,'Mantshwabisi',501,1,NULL,NULL),(8292,'Marejwane',501,1,NULL,NULL),(8293,'Masebele',501,1,NULL,NULL),(8294,'Medie',501,1,NULL,NULL),(8295,'Metsibotlhoko',501,1,NULL,NULL),(8296,'Metsimotlhaba',501,1,NULL,NULL),(8297,'Mmakanke',501,1,NULL,NULL),(8298,'Mmankgodi',501,1,NULL,NULL),(8299,'Mmanoko',501,1,NULL,NULL),(8300,'Mmokolodi',501,1,NULL,NULL),(8301,'Mmopane',501,1,NULL,NULL),(8302,'Mmopane Lands',501,1,NULL,NULL),(8303,'Mogoditshane',501,1,NULL,NULL),(8304,'Mogoditshane Botswana Defence ',501,1,NULL,NULL),(8305,'Mogoditshane Lands',501,1,NULL,NULL),(8306,'Mogonono',501,1,NULL,NULL),(8307,'Molepolole',501,1,NULL,NULL),(8308,'Mononyane',501,1,NULL,NULL),(8309,'Monwane',501,1,NULL,NULL),(8310,'Morabane',501,1,NULL,NULL),(8311,'Morope',501,1,NULL,NULL),(8312,'Moshaweng',501,1,NULL,NULL),(8313,'Mosokotswe',501,1,NULL,NULL),(8314,'Motokwe',501,1,NULL,NULL),(8315,'Ngware',501,1,NULL,NULL),(8316,'Nkoyaphiri',501,1,NULL,NULL),(8317,'Ramaphatlhe',501,1,NULL,NULL),(8318,'Salajwe',501,1,NULL,NULL),(8319,'Serinane',501,1,NULL,NULL),(8320,'Sesung',501,1,NULL,NULL),(8321,'Shadishadi',501,1,NULL,NULL),(8322,'Sojwe',501,1,NULL,NULL),(8323,'Sorilatholo',501,1,NULL,NULL),(8324,'Suping',501,1,NULL,NULL),(8325,'Takatokwane',501,1,NULL,NULL),(8326,'Thamaga',501,1,NULL,NULL),(8327,'Thebephatshwa',501,1,NULL,NULL),(8328,'Tlowaneng',501,1,NULL,NULL),(8329,'Tsetseng',501,1,NULL,NULL),(8330,'Tswaane',501,1,NULL,NULL),(8331,'Lobatse',502,1,NULL,NULL),(8332,'Bodibeng',503,1,NULL,NULL),(8333,'Boro',503,1,NULL,NULL),(8334,'Botlhatlogo',503,1,NULL,NULL),(8335,'Chanoga',503,1,NULL,NULL),(8336,'Chuchubega',503,1,NULL,NULL),(8337,'Daonara',503,1,NULL,NULL),(8338,'Ditshiping',503,1,NULL,NULL),(8339,'Habu',503,1,NULL,NULL),(8340,'Jao',503,1,NULL,NULL),(8341,'Kareng',503,1,NULL,NULL),(8342,'Katamaga',503,1,NULL,NULL),(8343,'Kgakge',503,1,NULL,NULL),(8344,'Khwai Camp',503,1,NULL,NULL),(8345,'Komana',503,1,NULL,NULL),(8346,'Legotlhwana',503,1,NULL,NULL),(8347,'Mababe',503,1,NULL,NULL),(8348,'Makalamabedi',503,1,NULL,NULL),(8349,'Matlapana',503,1,NULL,NULL),(8350,'Matsaudi',503,1,NULL,NULL),(8351,'Mawana',503,1,NULL,NULL),(8352,'Mokgalo-Haka',503,1,NULL,NULL),(8353,'Morutsha',503,1,NULL,NULL),(8354,'Nxharaga',503,1,NULL,NULL),(8355,'Phuduhudu',503,1,NULL,NULL),(8356,'Samodupi',503,1,NULL,NULL),(8357,'Sankuyo',503,1,NULL,NULL),(8358,'Sehithwa',503,1,NULL,NULL),(8359,'Semboyo',503,1,NULL,NULL),(8360,'Sexaxa',503,1,NULL,NULL),(8361,'Shakawe',503,1,NULL,NULL),(8362,'Shorobe',503,1,NULL,NULL),(8363,'Somela',503,1,NULL,NULL),(8364,'Toteng',503,1,NULL,NULL),(8365,'Tsanekona',503,1,NULL,NULL),(8366,'Tsao',503,1,NULL,NULL),(8367,'Xaxaba',503,1,NULL,NULL),(8368,'Xhobe',503,1,NULL,NULL),(8369,'Bethel',504,1,NULL,NULL),(8370,'Borobadilepe',504,1,NULL,NULL),(8371,'Diabo',504,1,NULL,NULL),(8372,'Digawana',504,1,NULL,NULL),(8373,'Dikhukhung',504,1,NULL,NULL),(8374,'Dinatshana',504,1,NULL,NULL),(8375,'Dipotsana',504,1,NULL,NULL),(8376,'Ditlharapa',504,1,NULL,NULL),(8377,'Gamajalela',504,1,NULL,NULL),(8378,'Gasita',504,1,NULL,NULL),(8379,'Gathwane',504,1,NULL,NULL),(8380,'Good Hope',504,1,NULL,NULL),(8381,'Goora-seno',504,1,NULL,NULL),(8382,'Gopong',504,1,NULL,NULL),(8383,'Hebron',504,1,NULL,NULL),(8384,'Itholoke',504,1,NULL,NULL),(8385,'Kanaku',504,1,NULL,NULL),(8386,'Kangwe',504,1,NULL,NULL),(8387,'Kanye',504,1,NULL,NULL),(8388,'Keng',504,1,NULL,NULL),(8389,'Kgomokasitwa',504,1,NULL,NULL),(8390,'Kgoro',504,1,NULL,NULL),(8391,'Khakhea',504,1,NULL,NULL),(8392,'Khonkhwa',504,1,NULL,NULL),(8393,'Kokong',504,1,NULL,NULL),(8394,'Lehoko',504,1,NULL,NULL),(8395,'Lejwana',504,1,NULL,NULL),(8396,'Lekgolobotlo',504,1,NULL,NULL),(8397,'Leporung',504,1,NULL,NULL),(8398,'Logagane',504,1,NULL,NULL),(8399,'Lorolwana',504,1,NULL,NULL),(8400,'Lorwana',504,1,NULL,NULL),(8401,'Lotlhakane',504,1,NULL,NULL),(8402,'Lotlhakane West',504,1,NULL,NULL),(8403,'Mabule',504,1,NULL,NULL),(8404,'Mabutsane',504,1,NULL,NULL),(8405,'Madingwana',504,1,NULL,NULL),(8406,'Magoriapitse',504,1,NULL,NULL),(8407,'Magotlhawane',504,1,NULL,NULL),(8408,'Mahotshwane',504,1,NULL,NULL),(8409,'Maisane',504,1,NULL,NULL),(8410,'Makokwe',504,1,NULL,NULL),(8411,'Malokaganyane',504,1,NULL,NULL),(8412,'Manyana',504,1,NULL,NULL),(8413,'Maokane',504,1,NULL,NULL),(8414,'Marojane',504,1,NULL,NULL),(8415,'Maruswa',504,1,NULL,NULL),(8416,'Metlobo',504,1,NULL,NULL),(8417,'Metlojane',504,1,NULL,NULL),(8418,'Mmakgori',504,1,NULL,NULL),(8419,'Mmathethe',504,1,NULL,NULL),(8420,'Mogojogojo',504,1,NULL,NULL),(8421,'Mogonye',504,1,NULL,NULL),(8422,'Mogwalale',504,1,NULL,NULL),(8423,'Mokatako',504,1,NULL,NULL),(8424,'Mokgomane',504,1,NULL,NULL),(8425,'Mokhomba',504,1,NULL,NULL),(8426,'Molapowabojang',504,1,NULL,NULL),(8427,'Molete',504,1,NULL,NULL),(8428,'Morwamosu',504,1,NULL,NULL),(8429,'Moshaneng',504,1,NULL,NULL),(8430,'Moshupa',504,1,NULL,NULL),(8431,'Motlhwatse',504,1,NULL,NULL),(8432,'Motsentshe',504,1,NULL,NULL),(8433,'Musi',504,1,NULL,NULL),(8434,'Ngwatsau',504,1,NULL,NULL),(8435,'Ntlhantlhe',504,1,NULL,NULL),(8436,'Papatlo',504,1,NULL,NULL),(8437,'Phihitshwane',504,1,NULL,NULL),(8438,'Pitsana-Potokwe',504,1,NULL,NULL),(8439,'Pitsane',504,1,NULL,NULL),(8440,'Pitseng-Ralekgetho',504,1,NULL,NULL),(8441,'Pitshane Molopo',504,1,NULL,NULL),(8442,'Rakhuna',504,1,NULL,NULL),(8443,'Ralekgetho',504,1,NULL,NULL),(8444,'Ramatlabama',504,1,NULL,NULL),(8445,'Ranaka',504,1,NULL,NULL),(8446,'Sedibeng',504,1,NULL,NULL),(8447,'Segakwana',504,1,NULL,NULL),(8448,'Segwagwa',504,1,NULL,NULL),(8449,'Seherelela',504,1,NULL,NULL),(8450,'Sekhutlane',504,1,NULL,NULL),(8451,'Sekoma',504,1,NULL,NULL),(8452,'Selokolela',504,1,NULL,NULL),(8453,'Semane',504,1,NULL,NULL),(8454,'Sese',504,1,NULL,NULL),(8455,'Sesung',504,1,NULL,NULL),(8456,'Sheep Farm',504,1,NULL,NULL),(8457,'Tlhankane',504,1,NULL,NULL),(8458,'Tlhareseleele',504,1,NULL,NULL),(8459,'Tshidilamolomo',504,1,NULL,NULL),(8460,'Tshwaane',504,1,NULL,NULL),(8461,'Tsonyane',504,1,NULL,NULL),(8462,'Tswaaneng',504,1,NULL,NULL),(8463,'Tswagare-Lothoje-Lokalana',504,1,NULL,NULL),(8464,'Tswanyaneng',504,1,NULL,NULL),(8465,'Beetsha',506,1,NULL,NULL),(8466,'Eretsha',506,1,NULL,NULL),(8467,'Etsha 1',506,1,NULL,NULL),(8468,'Etsha 13',506,1,NULL,NULL),(8469,'Etsha 6',506,1,NULL,NULL),(8470,'Etsha 8',506,1,NULL,NULL),(8471,'Etsha 9',506,1,NULL,NULL),(8472,'Gane',506,1,NULL,NULL),(8473,'Gonutsuga',506,1,NULL,NULL),(8474,'Gowe',506,1,NULL,NULL),(8475,'Gudingwa',506,1,NULL,NULL),(8476,'Gumare',506,1,NULL,NULL),(8477,'Ikoga',506,1,NULL,NULL),(8478,'Kajaja',506,1,NULL,NULL),(8479,'Kapotora Lands',506,1,NULL,NULL),(8480,'Kauxwhi',506,1,NULL,NULL),(8481,'Matswee',506,1,NULL,NULL),(8482,'Maun',506,1,NULL,NULL),(8483,'Moaha',506,1,NULL,NULL),(8484,'Mohembo East',506,1,NULL,NULL),(8485,'Mohembo West',506,1,NULL,NULL),(8486,'Mokgacha',506,1,NULL,NULL),(8487,'Ngarange',506,1,NULL,NULL),(8488,'Nokaneng',506,1,NULL,NULL),(8489,'Nxamasere',506,1,NULL,NULL),(8490,'Nxaunxau',506,1,NULL,NULL),(8491,'Nxwee',506,1,NULL,NULL),(8492,'Qangwa',506,1,NULL,NULL),(8493,'Roye',506,1,NULL,NULL),(8494,'Samochema',506,1,NULL,NULL),(8495,'Sekondomboro',506,1,NULL,NULL),(8496,'Sepopa',506,1,NULL,NULL),(8497,'Seronga',506,1,NULL,NULL),(8498,'Shaowe',506,1,NULL,NULL),(8499,'Tobere Lands',506,1,NULL,NULL),(8500,'Tubu',506,1,NULL,NULL),(8501,'Tubu Lands',506,1,NULL,NULL),(8502,'Xadau',506,1,NULL,NULL),(8503,'Xakao',506,1,NULL,NULL),(8504,'Xaxa',506,1,NULL,NULL),(8505,'Xhauga',506,1,NULL,NULL),(8506,'Xurube',506,1,NULL,NULL),(8507,'Orapa',507,1,NULL,NULL),(8508,'Sowa',510,1,NULL,NULL),(8509,'Acrelandia',512,1,NULL,NULL),(8510,'Brasileia',512,1,NULL,NULL),(8511,'Cruzeiro do Sul',512,1,NULL,NULL),(8512,'Epitaciolandia',512,1,NULL,NULL),(8513,'Feijo',512,1,NULL,NULL),(8514,'Mancio Lima',512,1,NULL,NULL),(8515,'Manoel Urbano',512,1,NULL,NULL),(8516,'Marechal Thaumaturgo',512,1,NULL,NULL),(8517,'Placido de Castro',512,1,NULL,NULL),(8518,'Porto Walter',512,1,NULL,NULL),(8519,'Rio Branco',512,1,NULL,NULL),(8520,'Rodrigues Alves',512,1,NULL,NULL),(8521,'Sena Madureira',512,1,NULL,NULL),(8522,'Senador Guiomard',512,1,NULL,NULL),(8523,'Tarauaca',512,1,NULL,NULL),(8524,'Xapuri',512,1,NULL,NULL),(8525,'Agua Branca',513,1,NULL,NULL),(8526,'Anadia',513,1,NULL,NULL),(8527,'Arapiraca',513,1,NULL,NULL),(8528,'Atalaia',513,1,NULL,NULL),(8529,'Barra de Santo Antonio',513,1,NULL,NULL),(8530,'Batalha',513,1,NULL,NULL),(8531,'Boca da Mata',513,1,NULL,NULL),(8532,'Cacimbinhas',513,1,NULL,NULL),(8533,'Cajueiro',513,1,NULL,NULL),(8534,'Campo Alegre',513,1,NULL,NULL),(8535,'Campo Grande',513,1,NULL,NULL),(8536,'Canapi',513,1,NULL,NULL),(8537,'Capela',513,1,NULL,NULL),(8538,'Coite do Noia',513,1,NULL,NULL),(8539,'Colonia Leopoldina',513,1,NULL,NULL),(8540,'Coruripe',513,1,NULL,NULL),(8541,'Craibas',513,1,NULL,NULL),(8542,'Delmiro Gouveia',513,1,NULL,NULL),(8543,'Dois Riachos',513,1,NULL,NULL),(8544,'Estrela de Alagoas',513,1,NULL,NULL),(8545,'Feira Grande',513,1,NULL,NULL),(8546,'Flexeiras',513,1,NULL,NULL),(8547,'Girau do Ponciano',513,1,NULL,NULL),(8548,'Ibateguara',513,1,NULL,NULL),(8549,'Igaci',513,1,NULL,NULL),(8550,'Igreja Nova',513,1,NULL,NULL),(8551,'Inhapi',513,1,NULL,NULL),(8552,'Joaquim Gomes',513,1,NULL,NULL),(8553,'Jundia',513,1,NULL,NULL),(8554,'Junqueiro',513,1,NULL,NULL),(8555,'Lagoa da Canoa',513,1,NULL,NULL),(8556,'Limoeiro de Anadia',513,1,NULL,NULL),(8557,'Maceio',513,1,NULL,NULL),(8558,'Major Isidoro',513,1,NULL,NULL),(8559,'Maragogi',513,1,NULL,NULL),(8560,'Maravilha',513,1,NULL,NULL),(8561,'Marechal Deodoro',513,1,NULL,NULL),(8562,'Maribondo',513,1,NULL,NULL),(8563,'Mata Grande',513,1,NULL,NULL),(8564,'Matriz de Camaragibe',513,1,NULL,NULL),(8565,'Messias',513,1,NULL,NULL),(8566,'Minador do Negrao',513,1,NULL,NULL),(8567,'Murici',513,1,NULL,NULL),(8568,'Novo Lino',513,1,NULL,NULL),(8569,'Olho d\'Agua das Flores',513,1,NULL,NULL),(8570,'Olivenca',513,1,NULL,NULL),(8571,'Palmeira dos Indios',513,1,NULL,NULL),(8572,'Pao de Acucar',513,1,NULL,NULL),(8573,'Passo de Camaragibe',513,1,NULL,NULL),(8574,'Penedo',513,1,NULL,NULL),(8575,'Piacabucu',513,1,NULL,NULL),(8576,'Pilar',513,1,NULL,NULL),(8577,'Piranhas',513,1,NULL,NULL),(8578,'Poco das Trincheiras',513,1,NULL,NULL),(8579,'Porto Calvo',513,1,NULL,NULL),(8580,'Porto Real do Colegio',513,1,NULL,NULL),(8581,'Quebrangulo',513,1,NULL,NULL),(8582,'Rio Largo',513,1,NULL,NULL),(8583,'Santana do Ipanema',513,1,NULL,NULL),(8584,'Santana do Mundau',513,1,NULL,NULL),(8585,'Sao Jose da Laje',513,1,NULL,NULL),(8586,'Sao Jose da Tapera',513,1,NULL,NULL),(8587,'Sao Luis do Quitunde',513,1,NULL,NULL),(8588,'Sao Miguel dos Campos',513,1,NULL,NULL),(8589,'Sao Sebastiao',513,1,NULL,NULL),(8590,'Satuba',513,1,NULL,NULL),(8591,'Senador Rui Palmeira',513,1,NULL,NULL),(8592,'Taquarana',513,1,NULL,NULL),(8593,'Teotonio Vilela',513,1,NULL,NULL),(8594,'Traipu',513,1,NULL,NULL),(8595,'Uniao dos Palmares',513,1,NULL,NULL),(8596,'Vicosa',513,1,NULL,NULL),(8597,'Amapa',514,1,NULL,NULL),(8598,'Laranjal do Jari',514,1,NULL,NULL),(8599,'Macapa',514,1,NULL,NULL),(8600,'Mazagao',514,1,NULL,NULL),(8601,'Oiapoque',514,1,NULL,NULL),(8602,'Santana',514,1,NULL,NULL),(8603,'Alvaraes',515,1,NULL,NULL),(8604,'Anori',515,1,NULL,NULL),(8605,'Apui',515,1,NULL,NULL),(8606,'Autazes',515,1,NULL,NULL),(8607,'Barcelos',515,1,NULL,NULL),(8608,'Barreirinha',515,1,NULL,NULL),(8609,'Benjamin Constant',515,1,NULL,NULL),(8610,'Boca do Acre',515,1,NULL,NULL),(8611,'Borba',515,1,NULL,NULL),(8612,'Canutama',515,1,NULL,NULL),(8613,'Carauari',515,1,NULL,NULL),(8614,'Careiro',515,1,NULL,NULL),(8615,'Careiro da Varzea',515,1,NULL,NULL),(8616,'Coari',515,1,NULL,NULL),(8617,'Codajas',515,1,NULL,NULL),(8618,'Eirunepe',515,1,NULL,NULL),(8619,'Envira',515,1,NULL,NULL),(8620,'Fonte Boa',515,1,NULL,NULL),(8621,'Guajara',515,1,NULL,NULL),(8622,'Humaita',515,1,NULL,NULL),(8623,'Ipixuna',515,1,NULL,NULL),(8624,'Iranduba',515,1,NULL,NULL),(8625,'Itacoatiara',515,1,NULL,NULL),(8626,'Japura',515,1,NULL,NULL),(8627,'Jutai',515,1,NULL,NULL),(8628,'Labrea',515,1,NULL,NULL),(8629,'Manacapuru',515,1,NULL,NULL),(8630,'Manaquiri',515,1,NULL,NULL),(8631,'Manaus',515,1,NULL,NULL),(8632,'Manicore',515,1,NULL,NULL),(8633,'Maraa',515,1,NULL,NULL),(8634,'Maues',515,1,NULL,NULL),(8635,'Nhamunda',515,1,NULL,NULL),(8636,'Nova Olinda do Norte',515,1,NULL,NULL),(8637,'Novo Airao',515,1,NULL,NULL),(8638,'Novo Aripuana',515,1,NULL,NULL),(8639,'Parintins',515,1,NULL,NULL),(8640,'Pauini',515,1,NULL,NULL),(8641,'Rio Preto da Eva',515,1,NULL,NULL),(8642,'Santa Isabel do Rio Negro',515,1,NULL,NULL),(8643,'Santo Antonio do Ica',515,1,NULL,NULL),(8644,'Sao Gabriel da Cachoeira',515,1,NULL,NULL),(8645,'Sao Paulo de Olivenca',515,1,NULL,NULL),(8646,'Tabatinga',515,1,NULL,NULL),(8647,'Tapaua',515,1,NULL,NULL),(8648,'Tefe',515,1,NULL,NULL),(8649,'Tonantins',515,1,NULL,NULL),(8650,'Uarini',515,1,NULL,NULL),(8651,'Urucara',515,1,NULL,NULL),(8652,'Urucurituba',515,1,NULL,NULL),(8653,'Acajutiba',516,1,NULL,NULL),(8654,'Alagoinhas',516,1,NULL,NULL),(8655,'Amargosa',516,1,NULL,NULL),(8656,'Amelia Rodrigues',516,1,NULL,NULL),(8657,'America Dourada',516,1,NULL,NULL),(8658,'Anage',516,1,NULL,NULL),(8659,'Araci',516,1,NULL,NULL),(8660,'Aurelino Leal',516,1,NULL,NULL),(8661,'Baixa Grande',516,1,NULL,NULL),(8662,'Barra',516,1,NULL,NULL),(8663,'Barra da Estiva',516,1,NULL,NULL),(8664,'Barra do Choca',516,1,NULL,NULL),(8665,'Barreiras',516,1,NULL,NULL),(8666,'Belmonte',516,1,NULL,NULL),(8667,'Boa Vista do Tupim',516,1,NULL,NULL),(8668,'Bom Jesus da Lapa',516,1,NULL,NULL),(8669,'Boquira',516,1,NULL,NULL),(8670,'Brumado',516,1,NULL,NULL),(8671,'Buerarema',516,1,NULL,NULL),(8672,'Cachoeira',516,1,NULL,NULL),(8673,'Cacule',516,1,NULL,NULL),(8674,'Caetite',516,1,NULL,NULL),(8675,'Cafarnaum',516,1,NULL,NULL),(8676,'Camacan',516,1,NULL,NULL),(8677,'Camacari',516,1,NULL,NULL),(8678,'Camamu',516,1,NULL,NULL),(8679,'Campo Alegre de Lourdes',516,1,NULL,NULL),(8680,'Campo Formoso',516,1,NULL,NULL),(8681,'Canarana',516,1,NULL,NULL),(8682,'Canavieiras',516,1,NULL,NULL),(8683,'Candeias',516,1,NULL,NULL),(8684,'Candido Sales',516,1,NULL,NULL),(8685,'Cansancao',516,1,NULL,NULL),(8686,'Capim Grosso',516,1,NULL,NULL),(8687,'Caravelas',516,1,NULL,NULL),(8688,'Carinhanha',516,1,NULL,NULL),(8689,'Casa Nova',516,1,NULL,NULL),(8690,'Castro Alves',516,1,NULL,NULL),(8691,'Catu',516,1,NULL,NULL),(8692,'Cicero Dantas',516,1,NULL,NULL),(8693,'Cipo',516,1,NULL,NULL),(8694,'Coaraci',516,1,NULL,NULL),(8695,'Conceicao da Feira',516,1,NULL,NULL),(8696,'Conceicao do Almeida',516,1,NULL,NULL),(8697,'Conceicao do Coite',516,1,NULL,NULL),(8698,'Conceicao do Jacuipe',516,1,NULL,NULL),(8699,'Conde',516,1,NULL,NULL),(8700,'Coracao de Maria',516,1,NULL,NULL),(8701,'Coronel Joao Sa',516,1,NULL,NULL),(8702,'Correntina',516,1,NULL,NULL),(8703,'Cruz das Almas',516,1,NULL,NULL),(8704,'Curaca',516,1,NULL,NULL),(8705,'Dias d\'Avila',516,1,NULL,NULL),(8706,'Encruzilhada',516,1,NULL,NULL),(8707,'Entre Rios',516,1,NULL,NULL),(8708,'Esplanada',516,1,NULL,NULL),(8709,'Euclides da Cunha',516,1,NULL,NULL),(8710,'Eunapolis',516,1,NULL,NULL),(8711,'Feira de Santana',516,1,NULL,NULL),(8712,'Filadelfia',516,1,NULL,NULL),(8713,'Formosa do Rio Preto',516,1,NULL,NULL),(8714,'Gandu',516,1,NULL,NULL),(8715,'Guanambi',516,1,NULL,NULL),(8716,'Guaratinga',516,1,NULL,NULL),(8717,'Iacu',516,1,NULL,NULL),(8718,'Ibicarai',516,1,NULL,NULL),(8719,'Ibicui',516,1,NULL,NULL),(8720,'Ibipeba',516,1,NULL,NULL),(8721,'Ibirapitanga',516,1,NULL,NULL),(8722,'Ibirataia',516,1,NULL,NULL),(8723,'Ibotirama',516,1,NULL,NULL),(8724,'Iguai',516,1,NULL,NULL),(8725,'Ilheus',516,1,NULL,NULL),(8726,'Inhambupe',516,1,NULL,NULL),(8727,'Ipiau',516,1,NULL,NULL),(8728,'Ipira',516,1,NULL,NULL),(8729,'Iraquara',516,1,NULL,NULL),(8730,'Irara',516,1,NULL,NULL),(8731,'Irece',516,1,NULL,NULL),(8732,'Itabela',516,1,NULL,NULL),(8733,'Itaberaba',516,1,NULL,NULL),(8734,'Itabuna',516,1,NULL,NULL),(8735,'Itacare',516,1,NULL,NULL),(8736,'Itagi',516,1,NULL,NULL),(8737,'Itagiba',516,1,NULL,NULL),(8738,'Itajuipe',516,1,NULL,NULL),(8739,'Itamaraju',516,1,NULL,NULL),(8740,'Itambe',516,1,NULL,NULL),(8741,'Itanhem',516,1,NULL,NULL),(8742,'Itaparica',516,1,NULL,NULL),(8743,'Itapetinga',516,1,NULL,NULL),(8744,'Itapicuru',516,1,NULL,NULL),(8745,'Itarantim',516,1,NULL,NULL),(8746,'Itirucu',516,1,NULL,NULL),(8747,'Itiuba',516,1,NULL,NULL),(8748,'Itororo',516,1,NULL,NULL),(8749,'Ituacu',516,1,NULL,NULL),(8750,'Itubera',516,1,NULL,NULL),(8751,'Jacobina',516,1,NULL,NULL),(8752,'Jaguaquara',516,1,NULL,NULL),(8753,'Jaguarari',516,1,NULL,NULL),(8754,'Jequie',516,1,NULL,NULL),(8755,'Jeremoabo',516,1,NULL,NULL),(8756,'Jitauna',516,1,NULL,NULL),(8757,'Joao Dourado',516,1,NULL,NULL),(8758,'Juazeiro',516,1,NULL,NULL),(8759,'Jussara',516,1,NULL,NULL),(8760,'Laje',516,1,NULL,NULL),(8761,'Lapao',516,1,NULL,NULL),(8762,'Lauro de Freitas',516,1,NULL,NULL),(8763,'Livramento',516,1,NULL,NULL),(8764,'Macarani',516,1,NULL,NULL),(8765,'Macaubas',516,1,NULL,NULL),(8766,'Madre de Deus',516,1,NULL,NULL),(8767,'Mairi',516,1,NULL,NULL),(8768,'Maracas',516,1,NULL,NULL),(8769,'Maragogipe',516,1,NULL,NULL),(8770,'Marau',516,1,NULL,NULL),(8771,'Mascote',516,1,NULL,NULL),(8772,'Mata de Sao Joao',516,1,NULL,NULL),(8773,'Medeiros Neto',516,1,NULL,NULL),(8774,'Miguel Calmon',516,1,NULL,NULL),(8775,'Milagres',516,1,NULL,NULL),(8776,'Monte Santo',516,1,NULL,NULL),(8777,'Morro de Chapeu',516,1,NULL,NULL),(8778,'Mucuri',516,1,NULL,NULL),(8779,'Mundo Novo',516,1,NULL,NULL),(8780,'Muritiba',516,1,NULL,NULL),(8781,'Mutuipe',516,1,NULL,NULL),(8782,'Nazare',516,1,NULL,NULL),(8783,'Nova Soure',516,1,NULL,NULL),(8784,'Nova Vicosa',516,1,NULL,NULL),(8785,'Olindina',516,1,NULL,NULL),(8786,'Oliveira dos Brejinhos',516,1,NULL,NULL),(8787,'Palmas de Monte Alto',516,1,NULL,NULL),(8788,'Paramirim',516,1,NULL,NULL),(8789,'Paratinga',516,1,NULL,NULL),(8790,'Paripiranga',516,1,NULL,NULL),(8791,'Pau Brasil',516,1,NULL,NULL),(8792,'Paulo Afonso',516,1,NULL,NULL),(8793,'Pilao Arcado',516,1,NULL,NULL),(8794,'Pindobacu',516,1,NULL,NULL),(8795,'Piritiba',516,1,NULL,NULL),(8796,'Planalto',516,1,NULL,NULL),(8797,'Pocoes',516,1,NULL,NULL),(8798,'Pojuca',516,1,NULL,NULL),(8799,'Ponto Novo',516,1,NULL,NULL),(8800,'Porto Seguro',516,1,NULL,NULL),(8801,'Prado',516,1,NULL,NULL),(8802,'Presidente Tancredo Neves',516,1,NULL,NULL),(8803,'Queimadas',516,1,NULL,NULL),(8804,'Quijingue',516,1,NULL,NULL),(8805,'Rafael Jambeiro',516,1,NULL,NULL),(8806,'Remanso',516,1,NULL,NULL),(8807,'Riachao das Neves',516,1,NULL,NULL),(8808,'Riachao do Jacuipe',516,1,NULL,NULL),(8809,'Riacho de Santana',516,1,NULL,NULL),(8810,'Ribeira do Pombal',516,1,NULL,NULL),(8811,'Rio Real',516,1,NULL,NULL),(8812,'Ruy Barbosa',516,1,NULL,NULL),(8813,'Salvador',516,1,NULL,NULL),(8814,'Santa Cruz Cabralia',516,1,NULL,NULL),(8815,'Santa Ines',516,1,NULL,NULL),(8816,'Santa Maria da Vitoria',516,1,NULL,NULL),(8817,'Santa Rita de Cassia',516,1,NULL,NULL),(8818,'Santaluz',516,1,NULL,NULL),(8819,'Santana',516,1,NULL,NULL),(8820,'Santo Amaro',516,1,NULL,NULL),(8821,'Santo Antonio de Jesus',516,1,NULL,NULL),(8822,'Santo Estevao',516,1,NULL,NULL),(8823,'Sao Desiderio',516,1,NULL,NULL),(8824,'Sao Felipe',516,1,NULL,NULL),(8825,'Sao Francisco do Conde',516,1,NULL,NULL),(8826,'Sao Gabriel',516,1,NULL,NULL),(8827,'Sao Goncalo dos Campos',516,1,NULL,NULL),(8828,'Sao Sebastiao do Passe',516,1,NULL,NULL),(8829,'Saubara',516,1,NULL,NULL),(8830,'Seabra',516,1,NULL,NULL),(8831,'Senhor do Bonfim',516,1,NULL,NULL),(8832,'Sento Se',516,1,NULL,NULL),(8833,'Serra Dourada',516,1,NULL,NULL),(8834,'Serra do Ramalho',516,1,NULL,NULL),(8835,'Serrinha',516,1,NULL,NULL),(8836,'Simoes Filho',516,1,NULL,NULL),(8837,'Sobradinho',516,1,NULL,NULL),(8838,'Souto Soares',516,1,NULL,NULL),(8839,'Tanhacu',516,1,NULL,NULL),(8840,'Taperoa',516,1,NULL,NULL),(8841,'Tapiramuta',516,1,NULL,NULL),(8842,'Teixeira de Freitas',516,1,NULL,NULL),(8843,'Teofilandia',516,1,NULL,NULL),(8844,'Terra Nova',516,1,NULL,NULL),(8845,'Tremedal',516,1,NULL,NULL),(8846,'Tucano',516,1,NULL,NULL),(8847,'Uaua',516,1,NULL,NULL),(8848,'Ubaira',516,1,NULL,NULL),(8849,'Ubaitaba',516,1,NULL,NULL),(8850,'Ubata',516,1,NULL,NULL),(8851,'Una',516,1,NULL,NULL),(8852,'Urucuca',516,1,NULL,NULL),(8853,'Utinga',516,1,NULL,NULL),(8854,'Valenca',516,1,NULL,NULL),(8855,'Valente',516,1,NULL,NULL),(8856,'Vera Cruz',516,1,NULL,NULL),(8857,'Vitoria da Conquista',516,1,NULL,NULL),(8858,'Wenceslau Guimaraes',516,1,NULL,NULL),(8859,'Xique-Xique',516,1,NULL,NULL),(8860,'Acarau',517,1,NULL,NULL),(8861,'Acopiara',517,1,NULL,NULL),(8862,'Amontada',517,1,NULL,NULL),(8863,'Aquiraz',517,1,NULL,NULL),(8864,'Aracati',517,1,NULL,NULL),(8865,'Aracoiaba',517,1,NULL,NULL),(8866,'Araripe',517,1,NULL,NULL),(8867,'Assare',517,1,NULL,NULL),(8868,'Aurora',517,1,NULL,NULL),(8869,'Barbalha',517,1,NULL,NULL),(8870,'Barro',517,1,NULL,NULL),(8871,'Barroquinha',517,1,NULL,NULL),(8872,'Baturite',517,1,NULL,NULL),(8873,'Beberibe',517,1,NULL,NULL),(8874,'Bela Cruz',517,1,NULL,NULL),(8875,'Boa Viagem',517,1,NULL,NULL),(8876,'Brejo Santo',517,1,NULL,NULL),(8877,'Camocim',517,1,NULL,NULL),(8878,'Campos Sales',517,1,NULL,NULL),(8879,'Caninde',517,1,NULL,NULL),(8880,'Carire',517,1,NULL,NULL),(8881,'Caririacu',517,1,NULL,NULL),(8882,'Cascavel',517,1,NULL,NULL),(8883,'Caucaia',517,1,NULL,NULL),(8884,'Cedro',517,1,NULL,NULL),(8885,'Chorozinho',517,1,NULL,NULL),(8886,'Coreau',517,1,NULL,NULL),(8887,'Crateus',517,1,NULL,NULL),(8888,'Crato',517,1,NULL,NULL),(8889,'Cruz',517,1,NULL,NULL),(8890,'Eusebio',517,1,NULL,NULL),(8891,'Farias Brito',517,1,NULL,NULL),(8892,'Forquilha',517,1,NULL,NULL),(8893,'Fortaleza',517,1,NULL,NULL),(8894,'Granja',517,1,NULL,NULL),(8895,'Guaiuba',517,1,NULL,NULL),(8896,'Guaraciaba do Norte',517,1,NULL,NULL),(8897,'Hidrolandia',517,1,NULL,NULL),(8898,'Horizonte',517,1,NULL,NULL),(8899,'Ibiapina',517,1,NULL,NULL),(8900,'Ico',517,1,NULL,NULL),(8901,'Iguatu',517,1,NULL,NULL),(8902,'Independencia',517,1,NULL,NULL),(8903,'Ipu',517,1,NULL,NULL),(8904,'Ipueiras',517,1,NULL,NULL),(8905,'Iraucuba',517,1,NULL,NULL),(8906,'Itaitinga',517,1,NULL,NULL),(8907,'Itapage',517,1,NULL,NULL),(8908,'Itapipoca',517,1,NULL,NULL),(8909,'Itarema',517,1,NULL,NULL),(8910,'Jaguaribe',517,1,NULL,NULL),(8911,'Jaguaruana',517,1,NULL,NULL),(8912,'Jardim',517,1,NULL,NULL),(8913,'Juazeiro do Norte',517,1,NULL,NULL),(8914,'Jucas',517,1,NULL,NULL),(8915,'Lavras da Mangabeira',517,1,NULL,NULL),(8916,'Limoeiro do Norte',517,1,NULL,NULL),(8917,'Maracanau',517,1,NULL,NULL),(8918,'Maranguape',517,1,NULL,NULL),(8919,'Marco',517,1,NULL,NULL),(8920,'Massape',517,1,NULL,NULL),(8921,'Mauriti',517,1,NULL,NULL),(8922,'Milagres',517,1,NULL,NULL),(8923,'Missao Velha',517,1,NULL,NULL),(8924,'Mombaca',517,1,NULL,NULL),(8925,'Morada Nova',517,1,NULL,NULL),(8926,'Nova Russas',517,1,NULL,NULL),(8927,'Novo Oriente',517,1,NULL,NULL),(8928,'Ocara',517,1,NULL,NULL),(8929,'Oros',517,1,NULL,NULL),(8930,'Pacajus',517,1,NULL,NULL),(8931,'Pacatuba',517,1,NULL,NULL),(8932,'Paracuru',517,1,NULL,NULL),(8933,'Paraipaba',517,1,NULL,NULL),(8934,'Parambu',517,1,NULL,NULL),(8935,'Pedra Branca',517,1,NULL,NULL),(8936,'Pentecoste',517,1,NULL,NULL),(8937,'Quixada',517,1,NULL,NULL),(8938,'Quixeramobim',517,1,NULL,NULL),(8939,'Quixere',517,1,NULL,NULL),(8940,'Redencao',517,1,NULL,NULL),(8941,'Reriutaba',517,1,NULL,NULL),(8942,'Russas',517,1,NULL,NULL),(8943,'Santa Quiteria',517,1,NULL,NULL),(8944,'Santana do Acarau',517,1,NULL,NULL),(8945,'Sao Benedito',517,1,NULL,NULL),(8946,'Sao Goncalo do Amarante',517,1,NULL,NULL),(8947,'Senador Pompeu',517,1,NULL,NULL),(8948,'Sobral',517,1,NULL,NULL),(8949,'Tabuleiro do Norte',517,1,NULL,NULL),(8950,'Tamboril',517,1,NULL,NULL),(8951,'Taua',517,1,NULL,NULL),(8952,'Tiangua',517,1,NULL,NULL),(8953,'Trairi',517,1,NULL,NULL),(8954,'Ubajara',517,1,NULL,NULL),(8955,'Umirim',517,1,NULL,NULL),(8956,'Uruburetama',517,1,NULL,NULL),(8957,'Varjota',517,1,NULL,NULL),(8958,'Varzea Alegre',517,1,NULL,NULL),(8959,'Vicosa do Ceara',517,1,NULL,NULL),(8960,'Abadiania',521,1,NULL,NULL),(8961,'Acreuna',521,1,NULL,NULL),(8962,'Aguas Lindas de Goias',521,1,NULL,NULL),(8963,'Alexania',521,1,NULL,NULL),(8964,'Anapolis',521,1,NULL,NULL),(8965,'Anicuns',521,1,NULL,NULL),(8966,'Aparecida de Goiania',521,1,NULL,NULL),(8967,'Aragarcas',521,1,NULL,NULL),(8968,'Bela Vista de Goias',521,1,NULL,NULL),(8969,'Bom Jesus de Goias',521,1,NULL,NULL),(8970,'Buriti Alegre',521,1,NULL,NULL),(8971,'Cacu',521,1,NULL,NULL),(8972,'Caiaponia',521,1,NULL,NULL),(8973,'Caldas Novas',521,1,NULL,NULL),(8974,'Campos Belos',521,1,NULL,NULL),(8975,'Campos Verdes',521,1,NULL,NULL),(8976,'Carmo do Rio Verde',521,1,NULL,NULL),(8977,'Catalao',521,1,NULL,NULL),(8978,'Cavalcante',521,1,NULL,NULL),(8979,'Ceres',521,1,NULL,NULL),(8980,'Cidade Ocidental',521,1,NULL,NULL),(8981,'Cocalzinho de Coias',521,1,NULL,NULL),(8982,'Cristalina',521,1,NULL,NULL),(8983,'Crixas',521,1,NULL,NULL),(8984,'Doverlandia',521,1,NULL,NULL),(8985,'Edeia',521,1,NULL,NULL),(8986,'Firminopolis',521,1,NULL,NULL),(8987,'Formosa',521,1,NULL,NULL),(8988,'Goianapolis',521,1,NULL,NULL),(8989,'Goianesia',521,1,NULL,NULL),(8990,'Goiania',521,1,NULL,NULL),(8991,'Goianira',521,1,NULL,NULL),(8992,'Goias',521,1,NULL,NULL),(8993,'Goiatuba',521,1,NULL,NULL),(8994,'Guapo',521,1,NULL,NULL),(8995,'Hidrolandia',521,1,NULL,NULL),(8996,'Iaciara',521,1,NULL,NULL),(8997,'Indiara',521,1,NULL,NULL),(8998,'Inhumas',521,1,NULL,NULL),(8999,'Ipameri',521,1,NULL,NULL),(9000,'Ipora',521,1,NULL,NULL),(9001,'Itaberai',521,1,NULL,NULL),(9002,'Itapaci',521,1,NULL,NULL),(9003,'Itapirapua',521,1,NULL,NULL),(9004,'Itapuranga',521,1,NULL,NULL),(9005,'Itumbiara',521,1,NULL,NULL),(9006,'Jaragua',521,1,NULL,NULL),(9007,'Jatai',521,1,NULL,NULL),(9008,'Jussara',521,1,NULL,NULL),(9009,'Luziania',521,1,NULL,NULL),(9010,'Mara Rosa',521,1,NULL,NULL),(9011,'Minacu',521,1,NULL,NULL),(9012,'Mineiros',521,1,NULL,NULL),(9013,'Morrinhos',521,1,NULL,NULL),(9014,'Mozarlandia',521,1,NULL,NULL),(9015,'Neropolis',521,1,NULL,NULL),(9016,'Niquelandia',521,1,NULL,NULL),(9017,'Nova Crixas',521,1,NULL,NULL),(9018,'Novo Gama',521,1,NULL,NULL),(9019,'Orizona',521,1,NULL,NULL),(9020,'Padre Bernardo',521,1,NULL,NULL),(9021,'Palmeiras de Goias',521,1,NULL,NULL),(9022,'Parauna',521,1,NULL,NULL),(9023,'Petrolina de Goias',521,1,NULL,NULL),(9024,'Piracanjuba',521,1,NULL,NULL),(9025,'Piranhas',521,1,NULL,NULL),(9026,'Pirenopolis',521,1,NULL,NULL),(9027,'Pires do Rio',521,1,NULL,NULL),(9028,'Planaltina',521,1,NULL,NULL),(9029,'Pontalina',521,1,NULL,NULL),(9030,'Porangatu',521,1,NULL,NULL),(9031,'Posse',521,1,NULL,NULL),(9032,'Quirinopolis',521,1,NULL,NULL),(9033,'Rialma',521,1,NULL,NULL),(9034,'Rio Verde',521,1,NULL,NULL),(9035,'Rubiataba',521,1,NULL,NULL),(9036,'Santa Helena de Goias',521,1,NULL,NULL),(9037,'Santa Terezinha de Goias',521,1,NULL,NULL),(9038,'Santo Antonio do Descoberto',521,1,NULL,NULL),(9039,'Sao Domingos',521,1,NULL,NULL),(9040,'Sao Luis de Montes Belos',521,1,NULL,NULL),(9041,'Sao Miguel do Araguaia',521,1,NULL,NULL),(9042,'Sao Simao',521,1,NULL,NULL),(9043,'Senador Canedo',521,1,NULL,NULL),(9044,'Silvania',521,1,NULL,NULL),(9045,'Trindade',521,1,NULL,NULL),(9046,'Uruacu',521,1,NULL,NULL),(9047,'Uruana',521,1,NULL,NULL),(9048,'Valparaiso de Goias',521,1,NULL,NULL),(9049,'Vianopolis',521,1,NULL,NULL),(9050,'Acailandia',522,1,NULL,NULL),(9051,'Alcantara',522,1,NULL,NULL),(9052,'Aldeias Altas',522,1,NULL,NULL),(9053,'Alto Alegre do Pindare',522,1,NULL,NULL),(9054,'Amarante do Maranhao',522,1,NULL,NULL),(9055,'Anajatuba',522,1,NULL,NULL),(9056,'Araioses',522,1,NULL,NULL),(9057,'Arame',522,1,NULL,NULL),(9058,'Arari',522,1,NULL,NULL),(9059,'Bacabal',522,1,NULL,NULL),(9060,'Balsas',522,1,NULL,NULL),(9061,'Barra do Corda',522,1,NULL,NULL),(9062,'Barreirinhas',522,1,NULL,NULL),(9063,'Bequimao',522,1,NULL,NULL),(9064,'Bom Jardim',522,1,NULL,NULL),(9065,'Brejo',522,1,NULL,NULL),(9066,'Buriti',522,1,NULL,NULL),(9067,'Buriti Bravo',522,1,NULL,NULL),(9068,'Buriticupu',522,1,NULL,NULL),(9069,'Candido Mendes',522,1,NULL,NULL),(9070,'Cantanhede',522,1,NULL,NULL),(9071,'Carolina',522,1,NULL,NULL),(9072,'Carutapera',522,1,NULL,NULL),(9073,'Caxias',522,1,NULL,NULL),(9074,'Chapadinha',522,1,NULL,NULL),(9075,'Codo',522,1,NULL,NULL),(9076,'Coelho Neto',522,1,NULL,NULL),(9077,'Colinas',522,1,NULL,NULL),(9078,'Coroata',522,1,NULL,NULL),(9079,'Cururupu',522,1,NULL,NULL),(9080,'Davinopolis',522,1,NULL,NULL),(9081,'Dom Pedro',522,1,NULL,NULL),(9082,'Esperantinopolis',522,1,NULL,NULL),(9083,'Estreito',522,1,NULL,NULL),(9084,'Fortuna',522,1,NULL,NULL),(9085,'Godofredo Viana',522,1,NULL,NULL),(9086,'Governador Eugenio Barros',522,1,NULL,NULL),(9087,'Governador Nunes Freire',522,1,NULL,NULL),(9088,'Grajau',522,1,NULL,NULL),(9089,'Humberto de Campos',522,1,NULL,NULL),(9090,'Icatu',522,1,NULL,NULL),(9091,'Imperatriz',522,1,NULL,NULL),(9092,'Itapecuru Mirim',522,1,NULL,NULL),(9093,'Itinga do Maranhao',522,1,NULL,NULL),(9094,'Joao Lisboa',522,1,NULL,NULL),(9095,'Lago da Pedra',522,1,NULL,NULL),(9096,'Lago do Junco',522,1,NULL,NULL),(9097,'Maracacume',522,1,NULL,NULL),(9098,'Matinha',522,1,NULL,NULL),(9099,'Matoes',522,1,NULL,NULL),(9100,'Mirador',522,1,NULL,NULL),(9101,'Miranda do Norte',522,1,NULL,NULL),(9102,'Moncao',522,1,NULL,NULL),(9103,'Montes Altos',522,1,NULL,NULL),(9104,'Morros',522,1,NULL,NULL),(9105,'Nova Olinda do Maranhao',522,1,NULL,NULL),(9106,'Olho d\'Agua das Cunhas',522,1,NULL,NULL),(9107,'Paco do Lumiar',522,1,NULL,NULL),(9108,'Paraibano',522,1,NULL,NULL),(9109,'Parnarama',522,1,NULL,NULL),(9110,'Passagem Franca',522,1,NULL,NULL),(9111,'Pastos Bons',522,1,NULL,NULL),(9112,'Paulo Ramos',522,1,NULL,NULL),(9113,'Pedreiras',522,1,NULL,NULL),(9114,'Penalva',522,1,NULL,NULL),(9115,'Pindare Mirim',522,1,NULL,NULL),(9116,'Pinheiro',522,1,NULL,NULL),(9117,'Pio XII',522,1,NULL,NULL),(9118,'Pirapemas',522,1,NULL,NULL),(9119,'Pocao de Pedras',522,1,NULL,NULL),(9120,'Porto Franco',522,1,NULL,NULL),(9121,'Presidente Dutra',522,1,NULL,NULL),(9122,'Raposa',522,1,NULL,NULL),(9123,'Riachao',522,1,NULL,NULL),(9124,'Rosario',522,1,NULL,NULL),(9125,'Santa Helena',522,1,NULL,NULL),(9126,'Santa Ines',522,1,NULL,NULL),(9127,'Santa Luzia',522,1,NULL,NULL),(9128,'Santa Luzia do Parua',522,1,NULL,NULL),(9129,'Santa Quiteria do Maranhao',522,1,NULL,NULL),(9130,'Santa Rita',522,1,NULL,NULL),(9131,'Sao Benedito do Rio Preto',522,1,NULL,NULL),(9132,'Sao Bento',522,1,NULL,NULL),(9133,'Sao Bernardo',522,1,NULL,NULL),(9134,'Sao Domingos do Maranhao',522,1,NULL,NULL),(9135,'Sao Joao Batista',522,1,NULL,NULL),(9136,'Sao Joao dos Patos',522,1,NULL,NULL),(9137,'Sao Jose de Ribamar',522,1,NULL,NULL),(9138,'Sao Luis',522,1,NULL,NULL),(9139,'Sao Luis Gonzaga do Maranhao',522,1,NULL,NULL),(9140,'Sao Mateus do Maranhao',522,1,NULL,NULL),(9141,'Sao Pedro da Agua Branca',522,1,NULL,NULL),(9142,'Sao Raimundo das Mangabeiras',522,1,NULL,NULL),(9143,'Timbiras',522,1,NULL,NULL),(9144,'Timon',522,1,NULL,NULL),(9145,'Trizidela do Vale',522,1,NULL,NULL),(9146,'Tuntum',522,1,NULL,NULL),(9147,'Turiacu',522,1,NULL,NULL),(9148,'Tutoia',522,1,NULL,NULL),(9149,'Urbano Santos',522,1,NULL,NULL),(9150,'Vargem Grande',522,1,NULL,NULL),(9151,'Viana',522,1,NULL,NULL),(9152,'Vitoria do Mearim',522,1,NULL,NULL),(9153,'Vitorino Freire',522,1,NULL,NULL),(9154,'Ze Doca',522,1,NULL,NULL),(9155,'Abaetetuba',526,1,NULL,NULL),(9156,'Acara',526,1,NULL,NULL),(9157,'Afua',526,1,NULL,NULL),(9158,'Agua Azul do Norte',526,1,NULL,NULL),(9159,'Alenquer',526,1,NULL,NULL),(9160,'Almeirim',526,1,NULL,NULL),(9161,'Altamira',526,1,NULL,NULL),(9162,'Ananindeua',526,1,NULL,NULL),(9163,'Augusto Correa',526,1,NULL,NULL),(9164,'Baiao',526,1,NULL,NULL),(9165,'Barcarena',526,1,NULL,NULL),(9166,'Belem',526,1,NULL,NULL),(9167,'Benevides',526,1,NULL,NULL),(9168,'Braganca',526,1,NULL,NULL),(9169,'Breu Branco',526,1,NULL,NULL),(9170,'Breves',526,1,NULL,NULL),(9171,'Bujaru',526,1,NULL,NULL),(9172,'Cameta',526,1,NULL,NULL),(9173,'Capanema',526,1,NULL,NULL),(9174,'Capitao Poco',526,1,NULL,NULL),(9175,'Castanhal',526,1,NULL,NULL),(9176,'Conceicao do Araguaia',526,1,NULL,NULL),(9177,'Concordia do Para',526,1,NULL,NULL),(9178,'Curionopolis',526,1,NULL,NULL),(9179,'Curuca',526,1,NULL,NULL),(9180,'Dom Eliseu',526,1,NULL,NULL),(9181,'Eldorado dos Carajas',526,1,NULL,NULL),(9182,'Garrafao do Norte',526,1,NULL,NULL),(9183,'Goianesia do Para',526,1,NULL,NULL),(9184,'Gurupa',526,1,NULL,NULL),(9185,'Igarape-Acu',526,1,NULL,NULL),(9186,'Igarape-Miri',526,1,NULL,NULL),(9187,'Irituia',526,1,NULL,NULL),(9188,'Itaituba',526,1,NULL,NULL),(9189,'Itupiranga',526,1,NULL,NULL),(9190,'Jacareacanga',526,1,NULL,NULL),(9191,'Jacunda',526,1,NULL,NULL),(9192,'Juruti',526,1,NULL,NULL),(9193,'Limoeiro do Ajuru',526,1,NULL,NULL),(9194,'Mae do Rio',526,1,NULL,NULL),(9195,'Maraba',526,1,NULL,NULL),(9196,'Maracana',526,1,NULL,NULL),(9197,'Marapanim',526,1,NULL,NULL),(9198,'Marituba',526,1,NULL,NULL),(9199,'Medicilandia',526,1,NULL,NULL),(9200,'Mocajuba',526,1,NULL,NULL),(9201,'Moju',526,1,NULL,NULL),(9202,'Monte Alegre',526,1,NULL,NULL),(9203,'Muana',526,1,NULL,NULL),(9204,'Novo Progresso',526,1,NULL,NULL),(9205,'Novo Repartimento',526,1,NULL,NULL),(9206,'Obidos',526,1,NULL,NULL),(9207,'Oeiras do Para',526,1,NULL,NULL),(9208,'Oriximina',526,1,NULL,NULL),(9209,'Ourem',526,1,NULL,NULL),(9210,'Ourilandia',526,1,NULL,NULL),(9211,'Pacaja',526,1,NULL,NULL),(9212,'Paragominas',526,1,NULL,NULL),(9213,'Parauapebas',526,1,NULL,NULL),(9214,'Portel',526,1,NULL,NULL),(9215,'Porto de Moz',526,1,NULL,NULL),(9216,'Prainha',526,1,NULL,NULL),(9217,'Redencao',526,1,NULL,NULL),(9218,'Rio Maria',526,1,NULL,NULL),(9219,'Rondon do Para',526,1,NULL,NULL),(9220,'Ruropolis',526,1,NULL,NULL),(9221,'Salinopolis',526,1,NULL,NULL),(9222,'Santa Isabel do Para',526,1,NULL,NULL),(9223,'Santa Luzia do Para',526,1,NULL,NULL),(9224,'Santa Maria do Para',526,1,NULL,NULL),(9225,'Santana do Araguaia',526,1,NULL,NULL),(9226,'Santarem',526,1,NULL,NULL),(9227,'Santo Antonio do Taua',526,1,NULL,NULL),(9228,'Sao Caetano de Odivelas',526,1,NULL,NULL),(9229,'Sao Domingos do Araguaia',526,1,NULL,NULL),(9230,'Sao Domingos do Capim',526,1,NULL,NULL),(9231,'Sao Felix do Xingu',526,1,NULL,NULL),(9232,'Sao Geraldo do Araguaia',526,1,NULL,NULL),(9233,'Sao Joao de Pirabas',526,1,NULL,NULL),(9234,'Sao Miguel do Guama',526,1,NULL,NULL),(9235,'Senador Jose Porfirio',526,1,NULL,NULL),(9236,'Soure',526,1,NULL,NULL),(9237,'Tailandia',526,1,NULL,NULL),(9238,'Terra Santa',526,1,NULL,NULL),(9239,'Tome-Acu',526,1,NULL,NULL),(9240,'Tucuma',526,1,NULL,NULL),(9241,'Tucurui',526,1,NULL,NULL),(9242,'Ulianopolis',526,1,NULL,NULL),(9243,'Uruara',526,1,NULL,NULL),(9244,'Vigia',526,1,NULL,NULL),(9245,'Viseu',526,1,NULL,NULL),(9246,'Xinguara',526,1,NULL,NULL),(9247,'Alagoa Grande',527,1,NULL,NULL),(9248,'Alagoa Nova',527,1,NULL,NULL),(9249,'Alagoinha',527,1,NULL,NULL),(9250,'Alhandra',527,1,NULL,NULL),(9251,'Aracagi',527,1,NULL,NULL),(9252,'Arara',527,1,NULL,NULL),(9253,'Araruna',527,1,NULL,NULL),(9254,'Areia',527,1,NULL,NULL),(9255,'Aroeiras',527,1,NULL,NULL),(9256,'Bananeiras',527,1,NULL,NULL),(9257,'Barra de Santa Rosa',527,1,NULL,NULL),(9258,'Bayeux',527,1,NULL,NULL),(9259,'Belem',527,1,NULL,NULL),(9260,'Boqueirao',527,1,NULL,NULL),(9261,'Brejo do Cruz',527,1,NULL,NULL),(9262,'Caapora',527,1,NULL,NULL),(9263,'Cabedelo',527,1,NULL,NULL),(9264,'Cacimba de Dentro',527,1,NULL,NULL),(9265,'Cajazeiras',527,1,NULL,NULL),(9266,'Campina Grande',527,1,NULL,NULL),(9267,'Catole do Rocha',527,1,NULL,NULL),(9268,'Conceicao',527,1,NULL,NULL),(9269,'Conde',527,1,NULL,NULL),(9270,'Coremas',527,1,NULL,NULL),(9271,'Cruz do Espirito Santo',527,1,NULL,NULL),(9272,'Cuite',527,1,NULL,NULL),(9273,'Desterro',527,1,NULL,NULL),(9274,'Dona Ines',527,1,NULL,NULL),(9275,'Esperanca',527,1,NULL,NULL),(9276,'Fagundes',527,1,NULL,NULL),(9277,'Guarabira',527,1,NULL,NULL),(9278,'Gurinhem',527,1,NULL,NULL),(9279,'Imaculada',527,1,NULL,NULL),(9280,'Inga',527,1,NULL,NULL),(9281,'Itabaiana',527,1,NULL,NULL),(9282,'Itaporanga',527,1,NULL,NULL),(9283,'Itapororoca',527,1,NULL,NULL),(9284,'Itatuba',527,1,NULL,NULL),(9285,'Jacarau',527,1,NULL,NULL),(9286,'Joao Pessoa',527,1,NULL,NULL),(9287,'Juazeirinho',527,1,NULL,NULL),(9288,'Juripiranga',527,1,NULL,NULL),(9289,'Juru',527,1,NULL,NULL),(9290,'Lagoa Seca',527,1,NULL,NULL),(9291,'Mamanguape',527,1,NULL,NULL),(9292,'Manaira',527,1,NULL,NULL),(9293,'Mari',527,1,NULL,NULL),(9294,'Massaranduba',527,1,NULL,NULL),(9295,'Mogeiro',527,1,NULL,NULL),(9296,'Monteiro',527,1,NULL,NULL),(9297,'Mulungu',527,1,NULL,NULL),(9298,'Natuba',527,1,NULL,NULL),(9299,'Nova Floresta',527,1,NULL,NULL),(9300,'Patos',527,1,NULL,NULL),(9301,'Paulista',527,1,NULL,NULL),(9302,'Pedras de Fogo',527,1,NULL,NULL),(9303,'Pianco',527,1,NULL,NULL),(9304,'Picui',527,1,NULL,NULL),(9305,'Pilar',527,1,NULL,NULL),(9306,'Pirpirituba',527,1,NULL,NULL),(9307,'Pitimbu',527,1,NULL,NULL),(9308,'Pocinhos',527,1,NULL,NULL),(9309,'Pombal',527,1,NULL,NULL),(9310,'Princesa Isabel',527,1,NULL,NULL),(9311,'Puxinana',527,1,NULL,NULL),(9312,'Queimadas',527,1,NULL,NULL),(9313,'Remigio',527,1,NULL,NULL),(9314,'Rio Tinto',527,1,NULL,NULL),(9315,'Salgado de Sao Felix',527,1,NULL,NULL),(9316,'Santa Luzia',527,1,NULL,NULL),(9317,'Santa Rita',527,1,NULL,NULL),(9318,'Sao Bento',527,1,NULL,NULL),(9319,'Sao Joao do Rio do Peixe',527,1,NULL,NULL),(9320,'Sao Jose de Piranhas',527,1,NULL,NULL),(9321,'Sao Sebastiao de Lagoa de Roca',527,1,NULL,NULL),(9322,'Sape',527,1,NULL,NULL),(9323,'Serra Branca',527,1,NULL,NULL),(9324,'Solanea',527,1,NULL,NULL),(9325,'Soledade',527,1,NULL,NULL),(9326,'Sousa',527,1,NULL,NULL),(9327,'Sume',527,1,NULL,NULL),(9328,'Taperoa',527,1,NULL,NULL),(9329,'Tavares',527,1,NULL,NULL),(9330,'Teixeira',527,1,NULL,NULL),(9331,'Triunfo',527,1,NULL,NULL),(9332,'Uirauna',527,1,NULL,NULL),(9333,'Umbuzeiro',527,1,NULL,NULL),(9334,'Almirante Tamandare',528,1,NULL,NULL),(9335,'Alto Parana',528,1,NULL,NULL),(9336,'Alto Piquiri',528,1,NULL,NULL),(9337,'Altonia',528,1,NULL,NULL),(9338,'Ampere',528,1,NULL,NULL),(9339,'Andira',528,1,NULL,NULL),(9340,'Antonina',528,1,NULL,NULL),(9341,'Apucarana',528,1,NULL,NULL),(9342,'Arapongas',528,1,NULL,NULL),(9343,'Arapoti',528,1,NULL,NULL),(9344,'Araucaria',528,1,NULL,NULL),(9345,'Assai',528,1,NULL,NULL),(9346,'Assis Chateaubriand',528,1,NULL,NULL),(9347,'Astorga',528,1,NULL,NULL),(9348,'Bandeirantes',528,1,NULL,NULL),(9349,'Barbosa Ferraz',528,1,NULL,NULL),(9350,'Bela Vista do Paraiso',528,1,NULL,NULL),(9351,'Cambara',528,1,NULL,NULL),(9352,'Cambe',528,1,NULL,NULL),(9353,'Campina Grande do Sul',528,1,NULL,NULL),(9354,'Campina da Lagoa',528,1,NULL,NULL),(9355,'Campo Largo',528,1,NULL,NULL),(9356,'Campo Murao',528,1,NULL,NULL),(9357,'Candido de Abreu',528,1,NULL,NULL),(9358,'Capitao Leonidas Marques',528,1,NULL,NULL),(9359,'Carambei',528,1,NULL,NULL),(9360,'Cascavel',528,1,NULL,NULL),(9361,'Castro',528,1,NULL,NULL),(9362,'Centenario do Sul',528,1,NULL,NULL),(9363,'Chopinzinho',528,1,NULL,NULL),(9364,'Cianorte',528,1,NULL,NULL),(9365,'Clevelandia',528,1,NULL,NULL),(9366,'Colombo',528,1,NULL,NULL),(9367,'Colorado',528,1,NULL,NULL),(9368,'Contenda',528,1,NULL,NULL),(9369,'Corbelia',528,1,NULL,NULL),(9370,'Cornelio Procopio',528,1,NULL,NULL),(9371,'Coronel Vivida',528,1,NULL,NULL),(9372,'Cruzeiro do Oeste',528,1,NULL,NULL),(9373,'Curitiba',528,1,NULL,NULL),(9374,'Dois Vizinhos',528,1,NULL,NULL),(9375,'Engenheiro Beltrao',528,1,NULL,NULL),(9376,'Faxinal',528,1,NULL,NULL),(9377,'Fazenda Rio Grande',528,1,NULL,NULL),(9378,'Florestopolis',528,1,NULL,NULL),(9379,'Foz do Iguacu',528,1,NULL,NULL),(9380,'Francisco Beltrao',528,1,NULL,NULL),(9381,'Goioere',528,1,NULL,NULL),(9382,'Guaira',528,1,NULL,NULL),(9383,'Guaraniacu',528,1,NULL,NULL),(9384,'Guarapuava',528,1,NULL,NULL),(9385,'Guaratuba',528,1,NULL,NULL),(9386,'Ibaiti',528,1,NULL,NULL),(9387,'Ibipora',528,1,NULL,NULL),(9388,'Imbituva',528,1,NULL,NULL),(9389,'Ipora',528,1,NULL,NULL),(9390,'Irati',528,1,NULL,NULL),(9391,'Itaperucu',528,1,NULL,NULL),(9392,'Ivaipora',528,1,NULL,NULL),(9393,'Jacarezinho',528,1,NULL,NULL),(9394,'Jaguariaiva',528,1,NULL,NULL),(9395,'Jandaia do Sul',528,1,NULL,NULL),(9396,'Jataizinho',528,1,NULL,NULL),(9397,'Lapa',528,1,NULL,NULL),(9398,'Laranjeiras do Sul',528,1,NULL,NULL),(9399,'Loanda',528,1,NULL,NULL),(9400,'Londrina',528,1,NULL,NULL),(9401,'Mandaguacu',528,1,NULL,NULL),(9402,'Mandaguari',528,1,NULL,NULL),(9403,'Marechal Candido Rondon',528,1,NULL,NULL),(9404,'Marialva',528,1,NULL,NULL),(9405,'Maringa',528,1,NULL,NULL),(9406,'Matelandia',528,1,NULL,NULL),(9407,'Matinhos',528,1,NULL,NULL),(9408,'Medianeira',528,1,NULL,NULL),(9409,'Moreira Sales',528,1,NULL,NULL),(9410,'Nova Aurora',528,1,NULL,NULL),(9411,'Nova Esperanca',528,1,NULL,NULL),(9412,'Nova Londrina',528,1,NULL,NULL),(9413,'Ortigueira',528,1,NULL,NULL),(9414,'Paicandu',528,1,NULL,NULL),(9415,'Palmas',528,1,NULL,NULL),(9416,'Palmeira',528,1,NULL,NULL),(9417,'Palotina',528,1,NULL,NULL),(9418,'Paranagua',528,1,NULL,NULL),(9419,'Paranavai',528,1,NULL,NULL),(9420,'Pato Branco',528,1,NULL,NULL),(9421,'Peabiru',528,1,NULL,NULL),(9422,'Pinhais',528,1,NULL,NULL),(9423,'Pinhao',528,1,NULL,NULL),(9424,'Pirai do Sul',528,1,NULL,NULL),(9425,'Piraquara',528,1,NULL,NULL),(9426,'Pitanga',528,1,NULL,NULL),(9427,'Ponta Grossa',528,1,NULL,NULL),(9428,'Pontal do Parana',528,1,NULL,NULL),(9429,'Porecatu',528,1,NULL,NULL),(9430,'Primero de Maio',528,1,NULL,NULL),(9431,'Prudentopolis',528,1,NULL,NULL),(9432,'Quatro Barras',528,1,NULL,NULL),(9433,'Quedas do Iguacu',528,1,NULL,NULL),(9434,'Realeza',528,1,NULL,NULL),(9435,'Reserva',528,1,NULL,NULL),(9436,'Ribeirao do Pinhal',528,1,NULL,NULL),(9437,'Rio Branco do Sul',528,1,NULL,NULL),(9438,'Rio Negro',528,1,NULL,NULL),(9439,'Rolandia',528,1,NULL,NULL),(9440,'Santa Helena',528,1,NULL,NULL),(9441,'Santa Terezinha de Itaipu',528,1,NULL,NULL),(9442,'Santo Antonio da Platina',528,1,NULL,NULL),(9443,'Santo Antonio do Sudoeste',528,1,NULL,NULL),(9444,'Sao Joao do Ivai',528,1,NULL,NULL),(9445,'Sao Jose dos Pinhais',528,1,NULL,NULL),(9446,'Sao Mateus do Sul',528,1,NULL,NULL),(9447,'Sao Miguel do Iguacu',528,1,NULL,NULL),(9448,'Sarandi',528,1,NULL,NULL),(9449,'Senges',528,1,NULL,NULL),(9450,'Sertanopolis',528,1,NULL,NULL),(9451,'Siquera Campos',528,1,NULL,NULL),(9452,'Tapejara',528,1,NULL,NULL),(9453,'Telemaco Borba',528,1,NULL,NULL),(9454,'Terra Boa',528,1,NULL,NULL),(9455,'Terra Rica',528,1,NULL,NULL),(9456,'Terra Roxa',528,1,NULL,NULL),(9457,'Tibagi',528,1,NULL,NULL),(9458,'Toledo',528,1,NULL,NULL),(9459,'Ubirata',528,1,NULL,NULL),(9460,'Umuarama',528,1,NULL,NULL),(9461,'Uniao da Victoria',528,1,NULL,NULL),(9462,'Wenceslau Braz',528,1,NULL,NULL),(9463,'Abreu e Lima',529,1,NULL,NULL),(9464,'Afogados da Ingazeira',529,1,NULL,NULL),(9465,'Agrestina',529,1,NULL,NULL),(9466,'Agua Preta',529,1,NULL,NULL),(9467,'Aguas Belas',529,1,NULL,NULL),(9468,'Alianca',529,1,NULL,NULL),(9469,'Altinho',529,1,NULL,NULL),(9470,'Amaraji',529,1,NULL,NULL),(9471,'Aracoiaba',529,1,NULL,NULL),(9472,'Araripina',529,1,NULL,NULL),(9473,'Arcoverde',529,1,NULL,NULL),(9474,'Barra de Guabiraba',529,1,NULL,NULL),(9475,'Barreiros',529,1,NULL,NULL),(9476,'Belem de Sao Francisco',529,1,NULL,NULL),(9477,'Belo Jardim',529,1,NULL,NULL),(9478,'Bezerros',529,1,NULL,NULL),(9479,'Bodoco',529,1,NULL,NULL),(9480,'Bom Conselho',529,1,NULL,NULL),(9481,'Bom Jardim',529,1,NULL,NULL),(9482,'Bonito',529,1,NULL,NULL),(9483,'Brejo da Madre de Deus',529,1,NULL,NULL),(9484,'Buique',529,1,NULL,NULL),(9485,'Cabo de Santo Agostinho',529,1,NULL,NULL),(9486,'Cabrobo',529,1,NULL,NULL),(9487,'Cachoeirinha',529,1,NULL,NULL),(9488,'Caetes',529,1,NULL,NULL),(9489,'Camaragibe',529,1,NULL,NULL),(9490,'Camocim de Sao Felix',529,1,NULL,NULL),(9491,'Canhotinho',529,1,NULL,NULL),(9492,'Capoeiras',529,1,NULL,NULL),(9493,'Carnaiba',529,1,NULL,NULL),(9494,'Carpina',529,1,NULL,NULL),(9495,'Caruaru',529,1,NULL,NULL),(9496,'Catende',529,1,NULL,NULL),(9497,'Cha Grande',529,1,NULL,NULL),(9498,'Condado',529,1,NULL,NULL),(9499,'Cumaru',529,1,NULL,NULL),(9500,'Cupira',529,1,NULL,NULL),(9501,'Custodia',529,1,NULL,NULL),(9502,'Escada',529,1,NULL,NULL),(9503,'Exu',529,1,NULL,NULL),(9504,'Feira Nova',529,1,NULL,NULL),(9505,'Fernando de Noronha',529,1,NULL,NULL),(9506,'Flores',529,1,NULL,NULL),(9507,'Floresta',529,1,NULL,NULL),(9508,'Gameleira',529,1,NULL,NULL),(9509,'Garanhuns',529,1,NULL,NULL),(9510,'Gloria do Goita',529,1,NULL,NULL),(9511,'Goiana',529,1,NULL,NULL),(9512,'Gravata',529,1,NULL,NULL),(9513,'Ibimirim',529,1,NULL,NULL),(9514,'Igarassu',529,1,NULL,NULL),(9515,'Inaja',529,1,NULL,NULL),(9516,'Ipojuca',529,1,NULL,NULL),(9517,'Ipubi',529,1,NULL,NULL),(9518,'Itaiba',529,1,NULL,NULL),(9519,'Itamaraca',529,1,NULL,NULL),(9520,'Itambe',529,1,NULL,NULL),(9521,'Itapissuma',529,1,NULL,NULL),(9522,'Itaquitinga',529,1,NULL,NULL),(9523,'Jaboatao',529,1,NULL,NULL),(9524,'Joao Alfredo',529,1,NULL,NULL),(9525,'Joaquim Nabuco',529,1,NULL,NULL),(9526,'Lagoa do Itaenga',529,1,NULL,NULL),(9527,'Lajedo',529,1,NULL,NULL),(9528,'Limoeiro',529,1,NULL,NULL),(9529,'Macaparana',529,1,NULL,NULL),(9530,'Maraial',529,1,NULL,NULL),(9531,'Moreno',529,1,NULL,NULL),(9532,'Nazare da Mata',529,1,NULL,NULL),(9533,'Olinda',529,1,NULL,NULL),(9534,'Orobo',529,1,NULL,NULL),(9535,'Ouricuri',529,1,NULL,NULL),(9536,'Palmares',529,1,NULL,NULL),(9537,'Panelas',529,1,NULL,NULL),(9538,'Parnamirim',529,1,NULL,NULL),(9539,'Passira',529,1,NULL,NULL),(9540,'Paudalho',529,1,NULL,NULL),(9541,'Paulista',529,1,NULL,NULL),(9542,'Pedra',529,1,NULL,NULL),(9543,'Pesqueira',529,1,NULL,NULL),(9544,'Petrolandia',529,1,NULL,NULL),(9545,'Petrolina',529,1,NULL,NULL),(9546,'Pombos',529,1,NULL,NULL),(9547,'Quipapa',529,1,NULL,NULL),(9548,'Recife',529,1,NULL,NULL),(9549,'Ribeirao',529,1,NULL,NULL),(9550,'Rio Formoso',529,1,NULL,NULL),(9551,'Salgueiro',529,1,NULL,NULL),(9552,'Santa Cruz do Capibaribe',529,1,NULL,NULL),(9553,'Santa Maria da Boa Vista',529,1,NULL,NULL),(9554,'Sao Bento do Una',529,1,NULL,NULL),(9555,'Sao Caitano',529,1,NULL,NULL),(9556,'Sao Joao',529,1,NULL,NULL),(9557,'Sao Joaquim do Monte',529,1,NULL,NULL),(9558,'Sao Jose da Coroa Grande',529,1,NULL,NULL),(9559,'Sao Jose do Belmonte',529,1,NULL,NULL),(9560,'Sao Jose do Egito',529,1,NULL,NULL),(9561,'Sao Lourenco da Mata',529,1,NULL,NULL),(9562,'Serra Talhada',529,1,NULL,NULL),(9563,'Sertania',529,1,NULL,NULL),(9564,'Sirinhaem',529,1,NULL,NULL),(9565,'Surubim',529,1,NULL,NULL),(9566,'Tabira',529,1,NULL,NULL),(9567,'Tamandare',529,1,NULL,NULL),(9568,'Taquaritinga do Norte',529,1,NULL,NULL),(9569,'Timbauba',529,1,NULL,NULL),(9570,'Toritama',529,1,NULL,NULL),(9571,'Trindade',529,1,NULL,NULL),(9572,'Triunfo',529,1,NULL,NULL),(9573,'Tupanatinga',529,1,NULL,NULL),(9574,'Vicencia',529,1,NULL,NULL),(9575,'Vitoria de Santo Antao',529,1,NULL,NULL),(9576,'Agua Branca',530,1,NULL,NULL),(9577,'Alto Longa',530,1,NULL,NULL),(9578,'Altos',530,1,NULL,NULL),(9579,'Amarante',530,1,NULL,NULL),(9580,'Avelino Lopes',530,1,NULL,NULL),(9581,'Barras',530,1,NULL,NULL),(9582,'Batalha',530,1,NULL,NULL),(9583,'Beneditinos',530,1,NULL,NULL),(9584,'Bom Jesus',530,1,NULL,NULL),(9585,'Buriti dos Lopes',530,1,NULL,NULL),(9586,'Campo Maior',530,1,NULL,NULL),(9587,'Canto do Buriti',530,1,NULL,NULL),(9588,'Castelo do Piaui',530,1,NULL,NULL),(9589,'Cocal',530,1,NULL,NULL),(9590,'Corrente',530,1,NULL,NULL),(9591,'Demerval Lobao',530,1,NULL,NULL),(9592,'Elesbao Veloso',530,1,NULL,NULL),(9593,'Esperantina',530,1,NULL,NULL),(9594,'Floriano',530,1,NULL,NULL),(9595,'Gilbues',530,1,NULL,NULL),(9596,'Guadalupe',530,1,NULL,NULL),(9597,'Inhuma',530,1,NULL,NULL),(9598,'Itainopolis',530,1,NULL,NULL),(9599,'Itaueira',530,1,NULL,NULL),(9600,'Jaicos',530,1,NULL,NULL),(9601,'Joaquim Pires',530,1,NULL,NULL),(9602,'Jose de Freitas',530,1,NULL,NULL),(9603,'Luis Correia',530,1,NULL,NULL),(9604,'Luzilandia',530,1,NULL,NULL),(9605,'Matias Olimpio',530,1,NULL,NULL),(9606,'Miguel Alves',530,1,NULL,NULL),(9607,'Monsenhor Gil',530,1,NULL,NULL),(9608,'Oeiras',530,1,NULL,NULL),(9609,'Palmeirais',530,1,NULL,NULL),(9610,'Parnaiba',530,1,NULL,NULL),(9611,'Pedro II',530,1,NULL,NULL),(9612,'Picos',530,1,NULL,NULL),(9613,'Pimenteiras',530,1,NULL,NULL),(9614,'Pio IX',530,1,NULL,NULL),(9615,'Piracuruca',530,1,NULL,NULL),(9616,'Piripiri',530,1,NULL,NULL),(9617,'Porto',530,1,NULL,NULL),(9618,'Regeneracao',530,1,NULL,NULL),(9619,'Sao Joao do Piaui',530,1,NULL,NULL),(9620,'Sao Miguel do Tapuio',530,1,NULL,NULL),(9621,'Sao Pedro do Piaui',530,1,NULL,NULL),(9622,'Sao Raimundo Nonato',530,1,NULL,NULL),(9623,'Simoes',530,1,NULL,NULL),(9624,'Simplicio Mendes',530,1,NULL,NULL),(9625,'Teresina',530,1,NULL,NULL),(9626,'Uniao',530,1,NULL,NULL),(9627,'Urucui',530,1,NULL,NULL),(9628,'Valenca do Piaui',530,1,NULL,NULL),(9629,'Alta Floresta d\'Oeste',534,1,NULL,NULL),(9630,'Alto Alegre do Parecis',534,1,NULL,NULL),(9631,'Alto Paraiso',534,1,NULL,NULL),(9632,'Alvorada d\'Oeste',534,1,NULL,NULL),(9633,'Ariquemes',534,1,NULL,NULL),(9634,'Buritis',534,1,NULL,NULL),(9635,'Cacoal',534,1,NULL,NULL),(9636,'Candeias do Jamari',534,1,NULL,NULL),(9637,'Cerejeiras',534,1,NULL,NULL),(9638,'Colorado do Oeste',534,1,NULL,NULL),(9639,'Corumbiara',534,1,NULL,NULL),(9640,'Espigao d\'Oeste',534,1,NULL,NULL),(9641,'Governador Jorge Teixeira',534,1,NULL,NULL),(9642,'Guajara-Mirim',534,1,NULL,NULL),(9643,'Jaru',534,1,NULL,NULL),(9644,'Ji-Parana',534,1,NULL,NULL),(9645,'Machadinho d\'Oeste',534,1,NULL,NULL),(9646,'Ministro Andreazza',534,1,NULL,NULL),(9647,'Mirante da Serra',534,1,NULL,NULL),(9648,'Nova Brasilandia d\'Oeste',534,1,NULL,NULL),(9649,'Nova Mamore',534,1,NULL,NULL),(9650,'Novo Horizonte do Oeste',534,1,NULL,NULL),(9651,'Ouro Preto do Oeste',534,1,NULL,NULL),(9652,'Pimenta Bueno',534,1,NULL,NULL),(9653,'Porto Velho',534,1,NULL,NULL),(9654,'Presidente Medici',534,1,NULL,NULL),(9655,'Rolim de Moura',534,1,NULL,NULL),(9656,'Santa Luzia d\'Oeste',534,1,NULL,NULL),(9657,'Sao Miguel do Guapore',534,1,NULL,NULL),(9658,'Urupa',534,1,NULL,NULL),(9659,'Vale do Paraiso',534,1,NULL,NULL),(9660,'Vilhena',534,1,NULL,NULL),(9661,'Alto Alegre',535,1,NULL,NULL),(9662,'Boa Vista',535,1,NULL,NULL),(9663,'Bonfim',535,1,NULL,NULL),(9664,'Caracarai',535,1,NULL,NULL),(9665,'Mucajai',535,1,NULL,NULL),(9666,'Normandia',535,1,NULL,NULL),(9667,'Sao Joao da Baliza',535,1,NULL,NULL),(9668,'Sao Luiz',535,1,NULL,NULL),(9669,'Aquidaba',538,1,NULL,NULL),(9670,'Aracaju',538,1,NULL,NULL),(9671,'Araua',538,1,NULL,NULL),(9672,'Areia Branca',538,1,NULL,NULL),(9673,'Barra dos Coqueiros',538,1,NULL,NULL),(9674,'Boquim',538,1,NULL,NULL),(9675,'Campo do Brito',538,1,NULL,NULL),(9676,'Caninde de Sao Francisco',538,1,NULL,NULL),(9677,'Capela',538,1,NULL,NULL),(9678,'Carira',538,1,NULL,NULL),(9679,'Cristinapolis',538,1,NULL,NULL),(9680,'Estancia',538,1,NULL,NULL),(9681,'Frei Paulo',538,1,NULL,NULL),(9682,'Gararu',538,1,NULL,NULL),(9683,'Indiaroba',538,1,NULL,NULL),(9684,'Itabaiana',538,1,NULL,NULL),(9685,'Itabaianinha',538,1,NULL,NULL),(9686,'Itaporanga d\'Ajuda',538,1,NULL,NULL),(9687,'Japaratuba',538,1,NULL,NULL),(9688,'Japoata',538,1,NULL,NULL),(9689,'Lagarto',538,1,NULL,NULL),(9690,'Laranjeiras',538,1,NULL,NULL),(9691,'Malhador',538,1,NULL,NULL),(9692,'Maruim',538,1,NULL,NULL),(9693,'Moita Bonita',538,1,NULL,NULL),(9694,'Monte Alegre de Sergipe',538,1,NULL,NULL),(9695,'Neopolis',538,1,NULL,NULL),(9696,'Nossa Senhora da Gloria',538,1,NULL,NULL),(9697,'Nossa Senhora das Dores',538,1,NULL,NULL),(9698,'Nossa Senhora do Socorro',538,1,NULL,NULL),(9699,'Pacatuba',538,1,NULL,NULL),(9700,'Poco Verde',538,1,NULL,NULL),(9701,'Porto da Folha',538,1,NULL,NULL),(9702,'Propria',538,1,NULL,NULL),(9703,'Riachao do Dantas',538,1,NULL,NULL),(9704,'Ribeiropolis',538,1,NULL,NULL),(9705,'Salgado',538,1,NULL,NULL),(9706,'Santa Luzia do Itanhy',538,1,NULL,NULL),(9707,'Santo Amaro das Brotas',538,1,NULL,NULL),(9708,'Sao Cristovao',538,1,NULL,NULL),(9709,'Simao Dias',538,1,NULL,NULL),(9710,'Tobias Barreto',538,1,NULL,NULL),(9711,'Tomar do Geru',538,1,NULL,NULL),(9712,'Umbauba',538,1,NULL,NULL),(9713,'Alvorada',539,1,NULL,NULL),(9714,'Ananas',539,1,NULL,NULL),(9715,'Araguacu',539,1,NULL,NULL),(9716,'Araguaina',539,1,NULL,NULL),(9717,'Araguatins',539,1,NULL,NULL),(9718,'Arraias',539,1,NULL,NULL),(9719,'Augustinopolis',539,1,NULL,NULL),(9720,'Axixa do Tocantins',539,1,NULL,NULL),(9721,'Colinas do Tocantins',539,1,NULL,NULL),(9722,'Dianopolis',539,1,NULL,NULL),(9723,'Formoso do Araguaia',539,1,NULL,NULL),(9724,'Goiatins',539,1,NULL,NULL),(9725,'Guarai',539,1,NULL,NULL),(9726,'Gurupi',539,1,NULL,NULL),(9727,'Miracema do Tocantins',539,1,NULL,NULL),(9728,'Miranorte',539,1,NULL,NULL),(9729,'Palmas',539,1,NULL,NULL),(9730,'Paraiso',539,1,NULL,NULL),(9731,'Parana',539,1,NULL,NULL),(9732,'Porto Nacional',539,1,NULL,NULL),(9733,'Sitio Novo do Tocantins',539,1,NULL,NULL),(9734,'Taguatinga',539,1,NULL,NULL),(9735,'Tocantinopolis',539,1,NULL,NULL),(9736,'Wanderlandia',539,1,NULL,NULL),(9737,'Xambioa',539,1,NULL,NULL),(9738,'Kuala Belait',541,1,NULL,NULL),(9739,'Seria',541,1,NULL,NULL),(9740,'Bandar Seri Begawan',542,1,NULL,NULL),(9741,'Bangar',543,1,NULL,NULL),(9742,'Tutong',544,1,NULL,NULL),(9743,'Bansko',545,1,NULL,NULL),(9744,'Belica',545,1,NULL,NULL),(9745,'Blagoevgrad',545,1,NULL,NULL),(9746,'Goce Delchev',545,1,NULL,NULL),(9747,'Hadzhidimovo',545,1,NULL,NULL),(9748,'Jakoruda',545,1,NULL,NULL),(9749,'Kresna',545,1,NULL,NULL),(9750,'Melnik',545,1,NULL,NULL),(9751,'Petrich',545,1,NULL,NULL),(9752,'Razlog',545,1,NULL,NULL),(9753,'Sandanski',545,1,NULL,NULL),(9754,'Simitli',545,1,NULL,NULL),(9755,'Ahtopol',546,1,NULL,NULL),(9756,'Ajtos',546,1,NULL,NULL),(9757,'Balgarovo',546,1,NULL,NULL),(9758,'Bourgas',546,1,NULL,NULL),(9759,'Burgas',546,1,NULL,NULL),(9760,'Carevo',546,1,NULL,NULL),(9761,'Kableshkovo',546,1,NULL,NULL),(9762,'Kameno',546,1,NULL,NULL),(9763,'Karnobat',546,1,NULL,NULL),(9764,'Malko Tarnovo',546,1,NULL,NULL),(9765,'Nesebar',546,1,NULL,NULL),(9766,'Obzor',546,1,NULL,NULL),(9767,'Pomorie',546,1,NULL,NULL),(9768,'Primorsko',546,1,NULL,NULL),(9769,'Sozopol',546,1,NULL,NULL),(9770,'Sredec',546,1,NULL,NULL),(9771,'Sungurlare',546,1,NULL,NULL),(9772,'Tvardica',546,1,NULL,NULL),(9773,'Balchik',547,1,NULL,NULL),(9774,'Dobrich',547,1,NULL,NULL),(9775,'General-Toshevo',547,1,NULL,NULL),(9776,'Kavarna',547,1,NULL,NULL),(9777,'Loznica',547,1,NULL,NULL),(9778,'Shabla',547,1,NULL,NULL),(9779,'Tervel',547,1,NULL,NULL),(9780,'Drjanovo',548,1,NULL,NULL),(9781,'Gabrovo',548,1,NULL,NULL),(9782,'Plachkovci',548,1,NULL,NULL),(9783,'Sevlievo',548,1,NULL,NULL),(9784,'Trjavna',548,1,NULL,NULL),(9785,'Dimitrovgrad',549,1,NULL,NULL),(9786,'Harmanli',549,1,NULL,NULL),(9787,'Haskovo',549,1,NULL,NULL),(9788,'Ivajlovgrad',549,1,NULL,NULL),(9789,'Ljubimec',549,1,NULL,NULL),(9790,'Madzharovo',549,1,NULL,NULL),(9791,'Merichleri',549,1,NULL,NULL),(9792,'Simeonovgrad',549,1,NULL,NULL),(9793,'Svilengrad',549,1,NULL,NULL),(9794,'Boljarovo',550,1,NULL,NULL),(9795,'Elhovo',550,1,NULL,NULL),(9796,'Jambol',550,1,NULL,NULL),(9797,'Straldzha',550,1,NULL,NULL),(9798,'Topolovgrad',550,1,NULL,NULL),(9799,'Ardino',551,1,NULL,NULL),(9800,'Dzhebel',551,1,NULL,NULL),(9801,'Kardzhali',551,1,NULL,NULL),(9802,'Krumovgrad',551,1,NULL,NULL),(9803,'Momchilgrad',551,1,NULL,NULL),(9804,'Boboshevo',552,1,NULL,NULL),(9805,'Bobovdol',552,1,NULL,NULL),(9806,'Dupnica',552,1,NULL,NULL),(9807,'Kjustendil',552,1,NULL,NULL),(9808,'Kocherinovo',552,1,NULL,NULL),(9809,'Rila',552,1,NULL,NULL),(9810,'Sapareva Banja',552,1,NULL,NULL),(9811,'Zemen',552,1,NULL,NULL),(9812,'Aprilci',553,1,NULL,NULL),(9813,'Jablanica',553,1,NULL,NULL),(9814,'Letnica',553,1,NULL,NULL),(9815,'Lovech',553,1,NULL,NULL),(9816,'Lukovit',553,1,NULL,NULL),(9817,'Sopot',553,1,NULL,NULL),(9818,'Teteven',553,1,NULL,NULL),(9819,'Trojan',553,1,NULL,NULL),(9820,'Ugarchin',553,1,NULL,NULL),(9821,'Berkovica',554,1,NULL,NULL),(9822,'Bojchinovci',554,1,NULL,NULL),(9823,'Brusarci',554,1,NULL,NULL),(9824,'Chiprovci',554,1,NULL,NULL),(9825,'Lom',554,1,NULL,NULL),(9826,'Montana',554,1,NULL,NULL),(9827,'Valchedram',554,1,NULL,NULL),(9828,'Varshec',554,1,NULL,NULL),(9829,'Batak',556,1,NULL,NULL),(9830,'Belovo',556,1,NULL,NULL),(9831,'Bracigovo',556,1,NULL,NULL),(9832,'Koprivshtica',556,1,NULL,NULL),(9833,'Panagjurishte',556,1,NULL,NULL),(9834,'Pazardzhik',556,1,NULL,NULL),(9835,'Peshtera',556,1,NULL,NULL),(9836,'Rakitovo',556,1,NULL,NULL),(9837,'Septemvri',556,1,NULL,NULL),(9838,'Strelcha',556,1,NULL,NULL),(9839,'Velingrad',556,1,NULL,NULL),(9840,'Bankja',557,1,NULL,NULL),(9841,'Batanovci',557,1,NULL,NULL),(9842,'Breznik',557,1,NULL,NULL),(9843,'Pernik',557,1,NULL,NULL),(9844,'Radomir',557,1,NULL,NULL),(9845,'Tran',557,1,NULL,NULL),(9846,'Belene',558,1,NULL,NULL),(9847,'Cherven Brjag',558,1,NULL,NULL),(9848,'Dolna Mitropolija',558,1,NULL,NULL),(9849,'Dolni Dabnik',558,1,NULL,NULL),(9850,'Guljanci',558,1,NULL,NULL),(9851,'Levski',558,1,NULL,NULL),(9852,'Nikopol',558,1,NULL,NULL),(9853,'Pleven',558,1,NULL,NULL),(9854,'Pordim',558,1,NULL,NULL),(9855,'Slavjanovo',558,1,NULL,NULL),(9856,'Trashtenik',558,1,NULL,NULL),(9857,'Varbica',558,1,NULL,NULL),(9858,'Asenovgrad',559,1,NULL,NULL),(9859,'Brezovo',559,1,NULL,NULL),(9860,'Car Kalojan',559,1,NULL,NULL),(9861,'Hisarja',559,1,NULL,NULL),(9862,'Kalofer',559,1,NULL,NULL),(9863,'Karlovo',559,1,NULL,NULL),(9864,'Klisura',559,1,NULL,NULL),(9865,'Krichim',559,1,NULL,NULL),(9866,'Parvomaj',559,1,NULL,NULL),(9867,'Perushtica',559,1,NULL,NULL),(9868,'Plovdiv',559,1,NULL,NULL),(9869,'Rakovski',559,1,NULL,NULL),(9870,'Sadovo',559,1,NULL,NULL),(9871,'Saedinenie',559,1,NULL,NULL),(9872,'Stambolijski',559,1,NULL,NULL),(9873,'Isperih',560,1,NULL,NULL),(9874,'Kubrat',560,1,NULL,NULL),(9875,'Razgrad',560,1,NULL,NULL),(9876,'Senovo',560,1,NULL,NULL),(9877,'Zavet',560,1,NULL,NULL),(9878,'Bjala',561,1,NULL,NULL),(9879,'Borovo',561,1,NULL,NULL),(9880,'Dve Mogili',561,1,NULL,NULL),(9881,'Ruse',561,1,NULL,NULL),(9882,'Russe',561,1,NULL,NULL),(9883,'Vetovo',561,1,NULL,NULL),(9884,'Kaolinovo',562,1,NULL,NULL),(9885,'Kaspichan',562,1,NULL,NULL),(9886,'Novi Pazar',562,1,NULL,NULL),(9887,'Pliska',562,1,NULL,NULL),(9888,'Shumen',562,1,NULL,NULL),(9889,'Smjadovo',562,1,NULL,NULL),(9890,'Veliki Preslav',562,1,NULL,NULL),(9891,'Alfatar',563,1,NULL,NULL),(9892,'Dulovo',563,1,NULL,NULL),(9893,'Glavinica',563,1,NULL,NULL),(9894,'Silistra',563,1,NULL,NULL),(9895,'Tutrakan',563,1,NULL,NULL),(9896,'Kermen',564,1,NULL,NULL),(9897,'Kotel',564,1,NULL,NULL),(9898,'Nova Zagora',564,1,NULL,NULL),(9899,'Shivachevo',564,1,NULL,NULL),(9900,'Sliven',564,1,NULL,NULL),(9901,'Chepelare',565,1,NULL,NULL),(9902,'Devin',565,1,NULL,NULL),(9903,'Dospat',565,1,NULL,NULL),(9904,'Laki',565,1,NULL,NULL),(9905,'Madan',565,1,NULL,NULL),(9906,'Nedelino',565,1,NULL,NULL),(9907,'Rudozem',565,1,NULL,NULL),(9908,'Smoljan',565,1,NULL,NULL),(9909,'Zlatograd',565,1,NULL,NULL),(9910,'Antonovo',569,1,NULL,NULL),(9911,'Omurtag',569,1,NULL,NULL),(9912,'Opaka',569,1,NULL,NULL),(9913,'Popovo',569,1,NULL,NULL),(9914,'Targovishte',569,1,NULL,NULL),(9915,'Beloslav',570,1,NULL,NULL),(9916,'Bjala',570,1,NULL,NULL),(9917,'Dalgopol',570,1,NULL,NULL),(9918,'Devnja',570,1,NULL,NULL),(9919,'Iskar',570,1,NULL,NULL),(9920,'Provadija',570,1,NULL,NULL),(9921,'Suvorovo',570,1,NULL,NULL),(9922,'Valchi Dol',570,1,NULL,NULL),(9923,'Varna',570,1,NULL,NULL),(9924,'Belogradchik',572,1,NULL,NULL),(9925,'Bregovo',572,1,NULL,NULL),(9926,'Dimovo',572,1,NULL,NULL),(9927,'Dolni Chiflik',572,1,NULL,NULL),(9928,'Dunavci',572,1,NULL,NULL),(9929,'Gramada',572,1,NULL,NULL),(9930,'Kula',572,1,NULL,NULL),(9931,'Vidin',572,1,NULL,NULL),(9932,'Bjala Slatina',573,1,NULL,NULL),(9933,'Knezha',573,1,NULL,NULL),(9934,'Kojnare',573,1,NULL,NULL),(9935,'Kozloduj',573,1,NULL,NULL),(9936,'Krivodol',573,1,NULL,NULL),(9937,'Mezdra',573,1,NULL,NULL),(9938,'Mizija',573,1,NULL,NULL),(9939,'Orjahovo',573,1,NULL,NULL),(9940,'Roman',573,1,NULL,NULL),(9941,'Vraca',573,1,NULL,NULL),(9942,'Yablaniza',574,1,NULL,NULL),(9943,'Boromo',575,1,NULL,NULL),(9944,'Kongoussi',576,1,NULL,NULL),(9945,'Kombissiri',577,1,NULL,NULL),(9946,'Diebougou',578,1,NULL,NULL),(9947,'Pa',578,1,NULL,NULL),(9948,'Garango',579,1,NULL,NULL),(9949,'Tenkodogo',579,1,NULL,NULL),(9950,'Koudougou',580,1,NULL,NULL),(9951,'Banfora',581,1,NULL,NULL),(9952,'Zorgo',582,1,NULL,NULL),(9953,'Bogande',583,1,NULL,NULL),(9954,'Fada N\'gourma',584,1,NULL,NULL),(9955,'Bekuy',585,1,NULL,NULL),(9956,'Bobo Dioulasso',585,1,NULL,NULL),(9957,'Dano',586,1,NULL,NULL),(9958,'Ouagadougou',587,1,NULL,NULL),(9959,'Koalla',588,1,NULL,NULL),(9960,'Koloko',588,1,NULL,NULL),(9961,'Orodara',588,1,NULL,NULL),(9962,'Gayeri',589,1,NULL,NULL),(9963,'Pama',590,1,NULL,NULL),(9964,'Nouna',591,1,NULL,NULL),(9965,'Koupela',592,1,NULL,NULL),(9966,'Bousse',593,1,NULL,NULL),(9967,'Sindou',594,1,NULL,NULL),(9968,'Dedougou',595,1,NULL,NULL),(9969,'Po',596,1,NULL,NULL),(9970,'Boulsa',597,1,NULL,NULL),(9971,'Batie',598,1,NULL,NULL),(9972,'Ziniare',599,1,NULL,NULL),(9973,'Gorom-Gorom',600,1,NULL,NULL),(9974,'Yako',601,1,NULL,NULL),(9975,'Gaoua',602,1,NULL,NULL),(9976,'Kampti',602,1,NULL,NULL),(9977,'Loropeni',602,1,NULL,NULL),(9978,'Reo',603,1,NULL,NULL),(9979,'Kaya',604,1,NULL,NULL),(9980,'Dori',605,1,NULL,NULL),(9981,'Gao',606,1,NULL,NULL),(9982,'Leo',606,1,NULL,NULL),(9983,'Aribinda',607,1,NULL,NULL),(9984,'Djibo',607,1,NULL,NULL),(9985,'Louta',608,1,NULL,NULL),(9986,'Tougan',608,1,NULL,NULL),(9987,'Diapaga',609,1,NULL,NULL),(9988,'Kantchari',609,1,NULL,NULL),(9989,'Hounde',610,1,NULL,NULL),(9990,'Ouahigouya',611,1,NULL,NULL),(9991,'Gourcy',612,1,NULL,NULL),(9992,'Manga',613,1,NULL,NULL),(9993,'Bubanza',614,1,NULL,NULL),(9994,'Bujumbura',615,1,NULL,NULL),(9995,'Bururi',616,1,NULL,NULL),(9996,'Cankuzo',617,1,NULL,NULL),(9997,'Cibitoke',618,1,NULL,NULL),(9998,'Gitega',619,1,NULL,NULL),(9999,'Karuzi',620,1,NULL,NULL),(10000,'Kayanza',621,1,NULL,NULL),(10001,'Kirundo',622,1,NULL,NULL),(10002,'Makamba',623,1,NULL,NULL),(10003,'Muramvya',624,1,NULL,NULL),(10004,'Muyinga',625,1,NULL,NULL),(10005,'Ngozi',626,1,NULL,NULL),(10006,'Rutana',627,1,NULL,NULL),(10007,'Ruyigi',628,1,NULL,NULL),(10008,'Kampot',635,1,NULL,NULL),(10009,'Ta Khmau',636,1,NULL,NULL),(10010,'Kracheh',638,1,NULL,NULL),(10011,'Pousat',645,1,NULL,NULL),(10012,'Phumi Takaev',652,1,NULL,NULL),(10013,'Banyo',653,1,NULL,NULL),(10014,'Meiganga',653,1,NULL,NULL),(10015,'Ngaoundere',653,1,NULL,NULL),(10016,'Tibati',653,1,NULL,NULL),(10017,'Tignere',653,1,NULL,NULL),(10018,'Akonolinga',654,1,NULL,NULL),(10019,'Bafia',654,1,NULL,NULL),(10020,'Eseka',654,1,NULL,NULL),(10021,'Mbalmayo',654,1,NULL,NULL),(10022,'Mfou',654,1,NULL,NULL),(10023,'Monatele',654,1,NULL,NULL),(10024,'Nanga Eboko',654,1,NULL,NULL),(10025,'Obala',654,1,NULL,NULL),(10026,'Ombesa',654,1,NULL,NULL),(10027,'Saa',654,1,NULL,NULL),(10028,'Yaounde',654,1,NULL,NULL),(10029,'Abong Mbang',655,1,NULL,NULL),(10030,'Batouri',655,1,NULL,NULL),(10031,'Bertoua',655,1,NULL,NULL),(10032,'Betare Oya',655,1,NULL,NULL),(10033,'Djoum',655,1,NULL,NULL),(10034,'Doume',655,1,NULL,NULL),(10035,'Lomie',655,1,NULL,NULL),(10036,'Yokadouma',655,1,NULL,NULL),(10037,'Bonaberi',656,1,NULL,NULL),(10038,'Dibombari',656,1,NULL,NULL),(10039,'Douala',656,1,NULL,NULL),(10040,'Edea',656,1,NULL,NULL),(10041,'Loum',656,1,NULL,NULL),(10042,'Manjo',656,1,NULL,NULL),(10043,'Mbanga',656,1,NULL,NULL),(10044,'Nkongsamba',656,1,NULL,NULL),(10045,'Yabassi',656,1,NULL,NULL),(10046,'Figuif',657,1,NULL,NULL),(10047,'Garoua',657,1,NULL,NULL),(10048,'Guider',657,1,NULL,NULL),(10049,'Lagdo',657,1,NULL,NULL),(10050,'Poli',657,1,NULL,NULL),(10051,'Rey Bouba',657,1,NULL,NULL),(10052,'Tchollire',657,1,NULL,NULL),(10053,'Figuif',658,1,NULL,NULL),(10054,'Garoua',658,1,NULL,NULL),(10055,'Guider',658,1,NULL,NULL),(10056,'Lagdo',658,1,NULL,NULL),(10057,'Poli',658,1,NULL,NULL),(10058,'Rey Bouba',658,1,NULL,NULL),(10059,'Tchollire',658,1,NULL,NULL),(10060,'Bamenda',659,1,NULL,NULL),(10061,'Kumbo',659,1,NULL,NULL),(10062,'Mbengwi',659,1,NULL,NULL),(10063,'Mme',659,1,NULL,NULL),(10064,'Njinikom',659,1,NULL,NULL),(10065,'Nkambe',659,1,NULL,NULL),(10066,'Wum',659,1,NULL,NULL),(10067,'Bafang',660,1,NULL,NULL),(10068,'Bafoussam',660,1,NULL,NULL),(10069,'Bafut',660,1,NULL,NULL),(10070,'Bali',660,1,NULL,NULL),(10071,'Bana',660,1,NULL,NULL),(10072,'Bangangte',660,1,NULL,NULL),(10073,'Djang',660,1,NULL,NULL),(10074,'Fontem',660,1,NULL,NULL),(10075,'Foumban',660,1,NULL,NULL),(10076,'Foumbot',660,1,NULL,NULL),(10077,'Mbouda',660,1,NULL,NULL),(10078,'Akom',661,1,NULL,NULL),(10079,'Ambam',661,1,NULL,NULL),(10080,'Ebolowa',661,1,NULL,NULL),(10081,'Kribi',661,1,NULL,NULL),(10082,'Lolodorf',661,1,NULL,NULL),(10083,'Moloundou',661,1,NULL,NULL),(10084,'Mvangue',661,1,NULL,NULL),(10085,'Sangmelima',661,1,NULL,NULL),(10086,'Buea',662,1,NULL,NULL),(10087,'Idenao',662,1,NULL,NULL),(10088,'Kumba',662,1,NULL,NULL),(10089,'Limbe',662,1,NULL,NULL),(10090,'Mamfe',662,1,NULL,NULL),(10091,'Muyuka',662,1,NULL,NULL),(10092,'Tiko',662,1,NULL,NULL),(10093,'Airdrie',663,1,NULL,NULL),(10094,'Athabasca',663,1,NULL,NULL),(10095,'Banff',663,1,NULL,NULL),(10096,'Barrhead',663,1,NULL,NULL),(10097,'Bassano',663,1,NULL,NULL),(10098,'Beaumont',663,1,NULL,NULL),(10099,'Beaverlodge',663,1,NULL,NULL),(10100,'Black Diamond',663,1,NULL,NULL),(10101,'Blackfalds',663,1,NULL,NULL),(10102,'Blairmore',663,1,NULL,NULL),(10103,'Bon Accord',663,1,NULL,NULL),(10104,'Bonnyville',663,1,NULL,NULL),(10105,'Bow Island',663,1,NULL,NULL),(10106,'Brooks',663,1,NULL,NULL),(10107,'Calgary',663,1,NULL,NULL),(10108,'Calmar',663,1,NULL,NULL),(10109,'Camrose',663,1,NULL,NULL),(10110,'Canmore',663,1,NULL,NULL),(10111,'Cardston',663,1,NULL,NULL),(10112,'Carstairs',663,1,NULL,NULL),(10113,'Chateau Lake Louise',663,1,NULL,NULL),(10114,'Chestermere',663,1,NULL,NULL),(10115,'Clairmont',663,1,NULL,NULL),(10116,'Claresholm',663,1,NULL,NULL),(10117,'Coaldale',663,1,NULL,NULL),(10118,'Coalhurst',663,1,NULL,NULL),(10119,'Cochrane',663,1,NULL,NULL),(10120,'Crossfield',663,1,NULL,NULL),(10121,'Devon',663,1,NULL,NULL),(10122,'Didsbury',663,1,NULL,NULL),(10123,'Drayton Valley',663,1,NULL,NULL),(10124,'Drumheller',663,1,NULL,NULL),(10125,'Edmonton',663,1,NULL,NULL),(10126,'Edson',663,1,NULL,NULL),(10127,'Elk Point',663,1,NULL,NULL),(10128,'Fairview',663,1,NULL,NULL),(10129,'Falher',663,1,NULL,NULL),(10130,'Fort MacLeod',663,1,NULL,NULL),(10131,'Fox Creek',663,1,NULL,NULL),(10132,'Gibbons',663,1,NULL,NULL),(10133,'Grand Centre',663,1,NULL,NULL),(10134,'Grande Cache',663,1,NULL,NULL),(10135,'Grande Prairie',663,1,NULL,NULL),(10136,'Grimshaw',663,1,NULL,NULL),(10137,'Hanna',663,1,NULL,NULL),(10138,'High Level',663,1,NULL,NULL),(10139,'High Prairie',663,1,NULL,NULL),(10140,'High River',663,1,NULL,NULL),(10141,'Hinton',663,1,NULL,NULL),(10142,'Irricana',663,1,NULL,NULL),(10143,'Jasper',663,1,NULL,NULL),(10144,'Killam',663,1,NULL,NULL),(10145,'La Crete',663,1,NULL,NULL),(10146,'Lac la Biche',663,1,NULL,NULL),(10147,'Lacombe',663,1,NULL,NULL),(10148,'Lamont',663,1,NULL,NULL),(10149,'Leduc',663,1,NULL,NULL),(10150,'Lethbridge',663,1,NULL,NULL),(10151,'Lloydminster',663,1,NULL,NULL),(10152,'Magrath',663,1,NULL,NULL),(10153,'Manning',663,1,NULL,NULL),(10154,'Mayerthorpe',663,1,NULL,NULL),(10155,'McMurray',663,1,NULL,NULL),(10156,'Medicine Hat',663,1,NULL,NULL),(10157,'Millet',663,1,NULL,NULL),(10158,'Morinville',663,1,NULL,NULL),(10159,'Nanton',663,1,NULL,NULL),(10160,'Okotoks',663,1,NULL,NULL),(10161,'Olds',663,1,NULL,NULL),(10162,'Peace River',663,1,NULL,NULL),(10163,'Penhold',663,1,NULL,NULL),(10164,'Picture Butte',663,1,NULL,NULL),(10165,'Pincher Creek',663,1,NULL,NULL),(10166,'Ponoka',663,1,NULL,NULL),(10167,'Provost',663,1,NULL,NULL),(10168,'Raymond',663,1,NULL,NULL),(10169,'Red Deer',663,1,NULL,NULL),(10170,'Redwater',663,1,NULL,NULL),(10171,'Rimbey',663,1,NULL,NULL),(10172,'Rocky Mountain House',663,1,NULL,NULL),(10173,'Rocky View',663,1,NULL,NULL),(10174,'Saint Paul',663,1,NULL,NULL),(10175,'Sexsmith',663,1,NULL,NULL),(10176,'Sherwood Park',663,1,NULL,NULL),(10177,'Slave Lake',663,1,NULL,NULL),(10178,'Smoky Lake',663,1,NULL,NULL),(10179,'Spirit River',663,1,NULL,NULL),(10180,'Spruce Grove',663,1,NULL,NULL),(10181,'Stettler',663,1,NULL,NULL),(10182,'Stony Plain',663,1,NULL,NULL),(10183,'Strathmore',663,1,NULL,NULL),(10184,'Sundre',663,1,NULL,NULL),(10185,'Swan Hills',663,1,NULL,NULL),(10186,'Sylvan Lake',663,1,NULL,NULL),(10187,'Taber',663,1,NULL,NULL),(10188,'Three Hills',663,1,NULL,NULL),(10189,'Tofield',663,1,NULL,NULL),(10190,'Two Hills',663,1,NULL,NULL),(10191,'Valleyview',663,1,NULL,NULL),(10192,'Vegreville',663,1,NULL,NULL),(10193,'Vermilion',663,1,NULL,NULL),(10194,'Viking',663,1,NULL,NULL),(10195,'Vulcan',663,1,NULL,NULL),(10196,'Wainwright',663,1,NULL,NULL),(10197,'Wembley',663,1,NULL,NULL),(10198,'Westlock',663,1,NULL,NULL),(10199,'Wetaskiwin',663,1,NULL,NULL),(10200,'Whitecourt',663,1,NULL,NULL),(10201,'Wood Buffalo',663,1,NULL,NULL),(10202,'Altona',665,1,NULL,NULL),(10203,'Beausejour',665,1,NULL,NULL),(10204,'Boissevain',665,1,NULL,NULL),(10205,'Brandon',665,1,NULL,NULL),(10206,'Carberry',665,1,NULL,NULL),(10207,'Carman',665,1,NULL,NULL),(10208,'Dauphin',665,1,NULL,NULL),(10209,'Deloraine',665,1,NULL,NULL),(10210,'Dugald',665,1,NULL,NULL),(10211,'Flin Flon',665,1,NULL,NULL),(10212,'Gimli',665,1,NULL,NULL),(10213,'Hamiota',665,1,NULL,NULL),(10214,'Killarney',665,1,NULL,NULL),(10215,'Lac du Bonnet',665,1,NULL,NULL),(10216,'Leaf Rapids',665,1,NULL,NULL),(10217,'Lorette',665,1,NULL,NULL),(10218,'Melita',665,1,NULL,NULL),(10219,'Minnedosa',665,1,NULL,NULL),(10220,'Morden',665,1,NULL,NULL),(10221,'Morris',665,1,NULL,NULL),(10222,'Neepawa',665,1,NULL,NULL),(10223,'Niverville',665,1,NULL,NULL),(10224,'Pinawa',665,1,NULL,NULL),(10225,'Portage la Prairie',665,1,NULL,NULL),(10226,'Ritchot',665,1,NULL,NULL),(10227,'Rivers',665,1,NULL,NULL),(10228,'Roblin',665,1,NULL,NULL),(10229,'Saint Adolphe',665,1,NULL,NULL),(10230,'Sainte Anne',665,1,NULL,NULL),(10231,'Sainte Rose du Lac',665,1,NULL,NULL),(10232,'Selkirk',665,1,NULL,NULL),(10233,'Shilo',665,1,NULL,NULL),(10234,'Snow Lake',665,1,NULL,NULL),(10235,'Souris',665,1,NULL,NULL),(10236,'Springfield',665,1,NULL,NULL),(10237,'Steinbach',665,1,NULL,NULL),(10238,'Stonewall',665,1,NULL,NULL),(10239,'Stony Mountain',665,1,NULL,NULL),(10240,'Swan River',665,1,NULL,NULL),(10241,'The Pas',665,1,NULL,NULL),(10242,'Thompson',665,1,NULL,NULL),(10243,'Virden',665,1,NULL,NULL),(10244,'Winkler',665,1,NULL,NULL),(10245,'Winnipeg',665,1,NULL,NULL),(10246,'Clyde River',670,1,NULL,NULL),(10247,'Iqaluit',670,1,NULL,NULL),(10248,'Kangerdlinerk',670,1,NULL,NULL),(10249,'Oqsuqtooq',670,1,NULL,NULL),(10250,'Pangnirtung',670,1,NULL,NULL),(10251,'Tununirusiq',670,1,NULL,NULL),(10252,'Acton',671,1,NULL,NULL),(10253,'Ajax',671,1,NULL,NULL),(10254,'Alexandria',671,1,NULL,NULL),(10255,'Alfred',671,1,NULL,NULL),(10256,'Alliston',671,1,NULL,NULL),(10257,'Almonte',671,1,NULL,NULL),(10258,'Amherstburg',671,1,NULL,NULL),(10259,'Amigo Beach',671,1,NULL,NULL),(10260,'Angus-Borden',671,1,NULL,NULL),(10261,'Arnprior',671,1,NULL,NULL),(10262,'Arthur',671,1,NULL,NULL),(10263,'Athens',671,1,NULL,NULL),(10264,'Atikokan',671,1,NULL,NULL),(10265,'Attawapiskat',671,1,NULL,NULL),(10266,'Aurora',671,1,NULL,NULL),(10267,'Aylmer',671,1,NULL,NULL),(10268,'Ayr',671,1,NULL,NULL),(10269,'Barrie',671,1,NULL,NULL),(10270,'Barry\'s Bay',671,1,NULL,NULL),(10271,'Beamsville',671,1,NULL,NULL),(10272,'Beaverton',671,1,NULL,NULL),(10273,'Beeton',671,1,NULL,NULL),(10274,'Belleville',671,1,NULL,NULL),(10275,'Belmont',671,1,NULL,NULL),(10276,'Blenheim',671,1,NULL,NULL),(10277,'Blind River',671,1,NULL,NULL),(10278,'Bobcaygeon',671,1,NULL,NULL),(10279,'Bolton',671,1,NULL,NULL),(10280,'Bourget',671,1,NULL,NULL),(10281,'Bowmanville-Newcastle',671,1,NULL,NULL),(10282,'Bracebridge',671,1,NULL,NULL),(10283,'Bradford',671,1,NULL,NULL),(10284,'Brampton',671,1,NULL,NULL),(10285,'Brantford',671,1,NULL,NULL),(10286,'Bridgenorth-Chemong Park Area',671,1,NULL,NULL),(10287,'Brighton',671,1,NULL,NULL),(10288,'Brockville',671,1,NULL,NULL),(10289,'Brooklin',671,1,NULL,NULL),(10290,'Brussels',671,1,NULL,NULL),(10291,'Burford',671,1,NULL,NULL),(10292,'Burlington',671,1,NULL,NULL),(10293,'Caledon',671,1,NULL,NULL),(10294,'Caledon East',671,1,NULL,NULL),(10295,'Caledonia',671,1,NULL,NULL),(10296,'Cambridge',671,1,NULL,NULL),(10297,'Campbellford',671,1,NULL,NULL),(10298,'Campbellville',671,1,NULL,NULL),(10299,'Cannington',671,1,NULL,NULL),(10300,'Capreol',671,1,NULL,NULL),(10301,'Cardinal',671,1,NULL,NULL),(10302,'Carleton Place',671,1,NULL,NULL),(10303,'Carlisle',671,1,NULL,NULL),(10304,'Casselman',671,1,NULL,NULL),(10305,'Cayuga',671,1,NULL,NULL),(10306,'Chalk River',671,1,NULL,NULL),(10307,'Chapleau',671,1,NULL,NULL),(10308,'Chatham',671,1,NULL,NULL),(10309,'Chesley',671,1,NULL,NULL),(10310,'Chesterville',671,1,NULL,NULL),(10311,'Clinton',671,1,NULL,NULL),(10312,'Cobourg',671,1,NULL,NULL),(10313,'Cochrane',671,1,NULL,NULL),(10314,'Colborne',671,1,NULL,NULL),(10315,'Colchester',671,1,NULL,NULL),(10316,'Collingwood',671,1,NULL,NULL),(10317,'Concord',671,1,NULL,NULL),(10318,'Constance Bay',671,1,NULL,NULL),(10319,'Cookstown',671,1,NULL,NULL),(10320,'Cornwall',671,1,NULL,NULL),(10321,'Creemore',671,1,NULL,NULL),(10322,'Crystal Beach',671,1,NULL,NULL),(10323,'Deep River',671,1,NULL,NULL),(10324,'Delhi',671,1,NULL,NULL),(10325,'Deseronto',671,1,NULL,NULL),(10326,'Downsview',671,1,NULL,NULL),(10327,'Drayton',671,1,NULL,NULL),(10328,'Dresden',671,1,NULL,NULL),(10329,'Dryden',671,1,NULL,NULL),(10330,'Dundalk',671,1,NULL,NULL),(10331,'Dunnville',671,1,NULL,NULL),(10332,'Durham',671,1,NULL,NULL),(10333,'Dutton',671,1,NULL,NULL),(10334,'Eganville',671,1,NULL,NULL),(10335,'Elliot Lake',671,1,NULL,NULL),(10336,'Elmira',671,1,NULL,NULL),(10337,'Elmvale',671,1,NULL,NULL),(10338,'Embrun',671,1,NULL,NULL),(10339,'Englehart',671,1,NULL,NULL),(10340,'Erin',671,1,NULL,NULL),(10341,'Espanola',671,1,NULL,NULL),(10342,'Essex',671,1,NULL,NULL),(10343,'Etobicoke',671,1,NULL,NULL),(10344,'Everett',671,1,NULL,NULL),(10345,'Exeter',671,1,NULL,NULL),(10346,'Fenelon Falls',671,1,NULL,NULL),(10347,'Fergus',671,1,NULL,NULL),(10348,'Forest',671,1,NULL,NULL),(10349,'Fort Erie',671,1,NULL,NULL),(10350,'Fort Frances',671,1,NULL,NULL),(10351,'Frankford',671,1,NULL,NULL),(10352,'Gananoque',671,1,NULL,NULL),(10353,'Georgetown',671,1,NULL,NULL),(10354,'Georgina',671,1,NULL,NULL),(10355,'Geraldton',671,1,NULL,NULL),(10356,'Glencoe',671,1,NULL,NULL),(10357,'Goderich',671,1,NULL,NULL),(10358,'Golden',671,1,NULL,NULL),(10359,'Gormley',671,1,NULL,NULL),(10360,'Grand Bend',671,1,NULL,NULL),(10361,'Grand Valley',671,1,NULL,NULL),(10362,'Gravenhurst',671,1,NULL,NULL),(10363,'Guelph',671,1,NULL,NULL),(10364,'Hagersville',671,1,NULL,NULL),(10365,'Haileybury',671,1,NULL,NULL),(10366,'Hamilton',671,1,NULL,NULL),(10367,'Hanover',671,1,NULL,NULL),(10368,'Harriston',671,1,NULL,NULL),(10369,'Harrow',671,1,NULL,NULL),(10370,'Hastings',671,1,NULL,NULL),(10371,'Havelock',671,1,NULL,NULL),(10372,'Hawkesbury',671,1,NULL,NULL),(10373,'Hearst',671,1,NULL,NULL),(10374,'Hensall',671,1,NULL,NULL),(10375,'Hillsburgh',671,1,NULL,NULL),(10376,'Hornepayne',671,1,NULL,NULL),(10377,'Huntsville',671,1,NULL,NULL),(10378,'Ingersoll',671,1,NULL,NULL),(10379,'Innisfil',671,1,NULL,NULL),(10380,'Iroquois',671,1,NULL,NULL),(10381,'Iroquois Falls',671,1,NULL,NULL),(10382,'Jarvis',671,1,NULL,NULL),(10383,'Kanata',671,1,NULL,NULL),(10384,'Kapuskasing',671,1,NULL,NULL),(10385,'Kars',671,1,NULL,NULL),(10386,'Kemptville',671,1,NULL,NULL),(10387,'Kenora',671,1,NULL,NULL),(10388,'Kincardine',671,1,NULL,NULL),(10389,'Kingston',671,1,NULL,NULL),(10390,'Kirkland Lake',671,1,NULL,NULL),(10391,'Kitchener',671,1,NULL,NULL),(10392,'L\'Original',671,1,NULL,NULL),(10393,'Lakefield',671,1,NULL,NULL),(10394,'Lanark',671,1,NULL,NULL),(10395,'Leamington',671,1,NULL,NULL),(10396,'Lindsay',671,1,NULL,NULL),(10397,'Listowel',671,1,NULL,NULL),(10398,'Little Current',671,1,NULL,NULL),(10399,'Lively',671,1,NULL,NULL),(10400,'London',671,1,NULL,NULL),(10401,'Longlac',671,1,NULL,NULL),(10402,'Lucan',671,1,NULL,NULL),(10403,'Lucknow',671,1,NULL,NULL),(10404,'Madoc',671,1,NULL,NULL),(10405,'Manitouwadge',671,1,NULL,NULL),(10406,'Maple',671,1,NULL,NULL),(10407,'Marathon',671,1,NULL,NULL),(10408,'Markdale',671,1,NULL,NULL),(10409,'Markham',671,1,NULL,NULL),(10410,'Marmora',671,1,NULL,NULL),(10411,'Mattawa',671,1,NULL,NULL),(10412,'Meaford',671,1,NULL,NULL),(10413,'Metcalfe',671,1,NULL,NULL),(10414,'Midland',671,1,NULL,NULL),(10415,'Mildmay',671,1,NULL,NULL),(10416,'Millbrook',671,1,NULL,NULL),(10417,'Milton',671,1,NULL,NULL),(10418,'Milverton',671,1,NULL,NULL),(10419,'Mississauga',671,1,NULL,NULL),(10420,'Mississauga Beach',671,1,NULL,NULL),(10421,'Mitchell',671,1,NULL,NULL),(10422,'Moose Factory',671,1,NULL,NULL),(10423,'Morrisburg',671,1,NULL,NULL),(10424,'Mount Albert',671,1,NULL,NULL),(10425,'Mount Brydges',671,1,NULL,NULL),(10426,'Mount Forest',671,1,NULL,NULL),(10427,'Munster',671,1,NULL,NULL),(10428,'Nanticoke',671,1,NULL,NULL),(10429,'Napanee',671,1,NULL,NULL),(10430,'Nepean',671,1,NULL,NULL),(10431,'New Hamburg',671,1,NULL,NULL),(10432,'Newmarket',671,1,NULL,NULL),(10433,'Newtonville',671,1,NULL,NULL),(10434,'Nobleton',671,1,NULL,NULL),(10435,'North Bay',671,1,NULL,NULL),(10436,'North Gower',671,1,NULL,NULL),(10437,'North York',671,1,NULL,NULL),(10438,'Norwich',671,1,NULL,NULL),(10439,'Norwood',671,1,NULL,NULL),(10440,'Oakville',671,1,NULL,NULL),(10441,'Omemee',671,1,NULL,NULL),(10442,'Onaping-Levack',671,1,NULL,NULL),(10443,'Ontario',671,1,NULL,NULL),(10444,'Orangeville',671,1,NULL,NULL),(10445,'Orillia',671,1,NULL,NULL),(10446,'Orono',671,1,NULL,NULL),(10447,'Osgoode',671,1,NULL,NULL),(10448,'Oshawa',671,1,NULL,NULL),(10449,'Ottawa',671,1,NULL,NULL),(10450,'Owen Sound',671,1,NULL,NULL),(10451,'Paisley',671,1,NULL,NULL),(10452,'Palmerston',671,1,NULL,NULL),(10453,'Paris',671,1,NULL,NULL),(10454,'Parkhill',671,1,NULL,NULL),(10455,'Parry Sound',671,1,NULL,NULL),(10456,'Pembroke',671,1,NULL,NULL),(10457,'Perth',671,1,NULL,NULL),(10458,'Petawawa',671,1,NULL,NULL),(10459,'Peterborough',671,1,NULL,NULL),(10460,'Petrolia',671,1,NULL,NULL),(10461,'Pickering',671,1,NULL,NULL),(10462,'Picton',671,1,NULL,NULL),(10463,'Porcupine',671,1,NULL,NULL),(10464,'Port Credit',671,1,NULL,NULL),(10465,'Port Dover',671,1,NULL,NULL),(10466,'Port Elgin',671,1,NULL,NULL),(10467,'Port Hope',671,1,NULL,NULL),(10468,'Port Perry',671,1,NULL,NULL),(10469,'Port Stanley',671,1,NULL,NULL),(10470,'Powassan',671,1,NULL,NULL),(10471,'Prescott',671,1,NULL,NULL),(10472,'Queensville',671,1,NULL,NULL),(10473,'Renfrew',671,1,NULL,NULL),(10474,'Richmond',671,1,NULL,NULL),(10475,'Richmond Hill',671,1,NULL,NULL),(10476,'Ridgetown',671,1,NULL,NULL),(10477,'Rockland',671,1,NULL,NULL),(10478,'Rockwood',671,1,NULL,NULL),(10479,'Rodney',671,1,NULL,NULL),(10480,'Saint Catharines',671,1,NULL,NULL),(10481,'Saint Catharines-Niagara',671,1,NULL,NULL),(10482,'Saint George',671,1,NULL,NULL),(10483,'Saint Jacobs',671,1,NULL,NULL),(10484,'Saint Marys',671,1,NULL,NULL),(10485,'Saint Thomas',671,1,NULL,NULL),(10486,'Sarnia',671,1,NULL,NULL),(10487,'Sault Sainte Marie',671,1,NULL,NULL),(10488,'Scarborough',671,1,NULL,NULL),(10489,'Schomberg',671,1,NULL,NULL),(10490,'Seaforth',671,1,NULL,NULL),(10491,'Shelburne',671,1,NULL,NULL),(10492,'Simcoe',671,1,NULL,NULL),(10493,'Sioux Lookout',671,1,NULL,NULL),(10494,'Smiths Falls',671,1,NULL,NULL),(10495,'Smithville',671,1,NULL,NULL),(10496,'South River',671,1,NULL,NULL),(10497,'Southampton',671,1,NULL,NULL),(10498,'Stayner',671,1,NULL,NULL),(10499,'Stirling',671,1,NULL,NULL),(10500,'Stoney Creek',671,1,NULL,NULL),(10501,'Stoney Point',671,1,NULL,NULL),(10502,'Stouffville',671,1,NULL,NULL),(10503,'Stratford',671,1,NULL,NULL),(10504,'Strathroy',671,1,NULL,NULL),(10505,'Sturgeon Falls',671,1,NULL,NULL),(10506,'Sudbury',671,1,NULL,NULL),(10507,'Sutton',671,1,NULL,NULL),(10508,'Tavistock',671,1,NULL,NULL),(10509,'Teeswater',671,1,NULL,NULL),(10510,'Terrace Bay',671,1,NULL,NULL),(10511,'Thamesford',671,1,NULL,NULL),(10512,'Thessalon',671,1,NULL,NULL),(10513,'Thornbury',671,1,NULL,NULL),(10514,'Thornhill',671,1,NULL,NULL),(10515,'Thunder Bay',671,1,NULL,NULL),(10516,'Tilbury',671,1,NULL,NULL),(10517,'Tilsonburg',671,1,NULL,NULL),(10518,'Timmins',671,1,NULL,NULL),(10519,'Toronto',671,1,NULL,NULL),(10520,'Tory Hill',671,1,NULL,NULL),(10521,'Tottenham',671,1,NULL,NULL),(10522,'Tweed',671,1,NULL,NULL),(10523,'Uxbridge',671,1,NULL,NULL),(10524,'Valley East',671,1,NULL,NULL),(10525,'Vankleek Hill',671,1,NULL,NULL),(10526,'Vaughan',671,1,NULL,NULL),(10527,'Vineland',671,1,NULL,NULL),(10528,'Walkerton',671,1,NULL,NULL),(10529,'Wallaceburg',671,1,NULL,NULL),(10530,'Wasaga Beach',671,1,NULL,NULL),(10531,'Waterdown',671,1,NULL,NULL),(10532,'Waterford',671,1,NULL,NULL),(10533,'Waterloo',671,1,NULL,NULL),(10534,'Watford',671,1,NULL,NULL),(10535,'Wawa',671,1,NULL,NULL),(10536,'Welland',671,1,NULL,NULL),(10537,'Wellesley',671,1,NULL,NULL),(10538,'Wellington',671,1,NULL,NULL),(10539,'West Lorne',671,1,NULL,NULL),(10540,'Wheatley',671,1,NULL,NULL),(10541,'Whitby',671,1,NULL,NULL),(10542,'Whitchurch-Stouffville',671,1,NULL,NULL),(10543,'Wiarton',671,1,NULL,NULL),(10544,'Wikwemikong',671,1,NULL,NULL),(10545,'Willowdale',671,1,NULL,NULL),(10546,'Winchester',671,1,NULL,NULL),(10547,'Windsor',671,1,NULL,NULL),(10548,'Wingham',671,1,NULL,NULL),(10549,'Woodbridge',671,1,NULL,NULL),(10550,'Woodstock',671,1,NULL,NULL),(10551,'Wyoming',671,1,NULL,NULL),(10552,'Acton Vale',673,1,NULL,NULL),(10553,'Albanel',673,1,NULL,NULL),(10554,'Alencon',673,1,NULL,NULL),(10555,'Alma',673,1,NULL,NULL),(10556,'Amos',673,1,NULL,NULL),(10557,'Amqui',673,1,NULL,NULL),(10558,'Anjou',673,1,NULL,NULL),(10559,'Asbestos',673,1,NULL,NULL),(10560,'Bagotville',673,1,NULL,NULL),(10561,'Baie-Comeau',673,1,NULL,NULL),(10562,'Baie-Saint-Paul',673,1,NULL,NULL),(10563,'Barraute',673,1,NULL,NULL),(10564,'Beauceville',673,1,NULL,NULL),(10565,'Beaupre',673,1,NULL,NULL),(10566,'Bedford',673,1,NULL,NULL),(10567,'Beloeil',673,1,NULL,NULL),(10568,'Bernierville',673,1,NULL,NULL),(10569,'Berthierville',673,1,NULL,NULL),(10570,'Betsiamites',673,1,NULL,NULL),(10571,'Boisbriand',673,1,NULL,NULL),(10572,'Bonaventure',673,1,NULL,NULL),(10573,'Boucherville',673,1,NULL,NULL),(10574,'Bromont',673,1,NULL,NULL),(10575,'Brossard',673,1,NULL,NULL),(10576,'Brownsburg',673,1,NULL,NULL),(10577,'Buckingham',673,1,NULL,NULL),(10578,'Cabano',673,1,NULL,NULL),(10579,'Candiac',673,1,NULL,NULL),(10580,'Cap-Chat',673,1,NULL,NULL),(10581,'Cap-aux-Meules',673,1,NULL,NULL),(10582,'Carleton',673,1,NULL,NULL),(10583,'Causapscal',673,1,NULL,NULL),(10584,'Chandler',673,1,NULL,NULL),(10585,'Chapais',673,1,NULL,NULL),(10586,'Charlesbourg',673,1,NULL,NULL),(10587,'Chateau-Richer',673,1,NULL,NULL),(10588,'Chibougamou',673,1,NULL,NULL),(10589,'Chicoutimi-Jonquiere',673,1,NULL,NULL),(10590,'Chisasibi',673,1,NULL,NULL),(10591,'Chute-aux-Outardes',673,1,NULL,NULL),(10592,'Clermont',673,1,NULL,NULL),(10593,'Coaticook',673,1,NULL,NULL),(10594,'Coleraine',673,1,NULL,NULL),(10595,'Contrecoeur',673,1,NULL,NULL),(10596,'Cookshire',673,1,NULL,NULL),(10597,'Cowansville',673,1,NULL,NULL),(10598,'Crabtree',673,1,NULL,NULL),(10599,'Danville',673,1,NULL,NULL),(10600,'Daveluyville',673,1,NULL,NULL),(10601,'Degelis',673,1,NULL,NULL),(10602,'Desbiens',673,1,NULL,NULL),(10603,'Disraeli',673,1,NULL,NULL),(10604,'Dolbeau',673,1,NULL,NULL),(10605,'Donnacona',673,1,NULL,NULL),(10606,'Dorval',673,1,NULL,NULL),(10607,'Drummondville',673,1,NULL,NULL),(10608,'East Angus',673,1,NULL,NULL),(10609,'East Broughton',673,1,NULL,NULL),(10610,'Farnham',673,1,NULL,NULL),(10611,'Ferme-Neuve',673,1,NULL,NULL),(10612,'Fermont',673,1,NULL,NULL),(10613,'Filion',673,1,NULL,NULL),(10614,'Forestville',673,1,NULL,NULL),(10615,'Fort-Coulonge',673,1,NULL,NULL),(10616,'Gaspe',673,1,NULL,NULL),(10617,'Gentilly',673,1,NULL,NULL),(10618,'Granby',673,1,NULL,NULL),(10619,'Grande-Riviere',673,1,NULL,NULL),(10620,'Grenville',673,1,NULL,NULL),(10621,'Ham Nord',673,1,NULL,NULL),(10622,'Hampstead',673,1,NULL,NULL),(10623,'Hauterive',673,1,NULL,NULL),(10624,'Havre-Saint-Pierre',673,1,NULL,NULL),(10625,'Hebertville',673,1,NULL,NULL),(10626,'Huntingdon',673,1,NULL,NULL),(10627,'Joliette',673,1,NULL,NULL),(10628,'Kingsey Falls',673,1,NULL,NULL),(10629,'L\'Annonciation',673,1,NULL,NULL),(10630,'L\'Ascension-de-Notre-Seigneur',673,1,NULL,NULL),(10631,'L\'Epiphanie',673,1,NULL,NULL),(10632,'La Malbaie',673,1,NULL,NULL),(10633,'La Pocatiere',673,1,NULL,NULL),(10634,'La Sarre',673,1,NULL,NULL),(10635,'La Tuque',673,1,NULL,NULL),(10636,'Labelle',673,1,NULL,NULL),(10637,'Lac-Etchemin',673,1,NULL,NULL),(10638,'Lac-Lapierre',673,1,NULL,NULL),(10639,'Lac-Megantic',673,1,NULL,NULL),(10640,'Lac-au-Saumon',673,1,NULL,NULL),(10641,'Lachine',673,1,NULL,NULL),(10642,'Lachute',673,1,NULL,NULL),(10643,'Lacolle',673,1,NULL,NULL),(10644,'Lasalle',673,1,NULL,NULL),(10645,'Laurentides',673,1,NULL,NULL),(10646,'Laurier-Station',673,1,NULL,NULL),(10647,'Laval',673,1,NULL,NULL),(10648,'Lavaltrie',673,1,NULL,NULL),(10649,'Le Bic',673,1,NULL,NULL),(10650,'Lebel-sur-Quevillon',673,1,NULL,NULL),(10651,'Les Cedres',673,1,NULL,NULL),(10652,'Les Coteaux',673,1,NULL,NULL),(10653,'Les Escoumins',673,1,NULL,NULL),(10654,'Liniere',673,1,NULL,NULL),(10655,'Longueuil',673,1,NULL,NULL),(10656,'Louiseville',673,1,NULL,NULL),(10657,'Luceville',673,1,NULL,NULL),(10658,'Macamic',673,1,NULL,NULL),(10659,'Magog',673,1,NULL,NULL),(10660,'Malartic',673,1,NULL,NULL),(10661,'Maniwaki',673,1,NULL,NULL),(10662,'Marieville',673,1,NULL,NULL),(10663,'Maskinonge',673,1,NULL,NULL),(10664,'Matagami',673,1,NULL,NULL),(10665,'Matane',673,1,NULL,NULL),(10666,'Metabetchouan',673,1,NULL,NULL),(10667,'Mirabel',673,1,NULL,NULL),(10668,'Mistissini',673,1,NULL,NULL),(10669,'Mont-Joli',673,1,NULL,NULL),(10670,'Mont-Laurier',673,1,NULL,NULL),(10671,'Montmagny',673,1,NULL,NULL),(10672,'Montreal',673,1,NULL,NULL),(10673,'Murdochville',673,1,NULL,NULL),(10674,'Napierville',673,1,NULL,NULL),(10675,'New Richmond',673,1,NULL,NULL),(10676,'Nicolet',673,1,NULL,NULL),(10677,'Normandin',673,1,NULL,NULL),(10678,'Notre-Dame-du-Bon-Conseil',673,1,NULL,NULL),(10679,'Notre-Dame-du-Lac',673,1,NULL,NULL),(10680,'Notre-Dame-du-Mont-Carmel',673,1,NULL,NULL),(10681,'Oka-Kanesatake',673,1,NULL,NULL),(10682,'Ormstown',673,1,NULL,NULL),(10683,'Papineauville',673,1,NULL,NULL),(10684,'Pierreville',673,1,NULL,NULL),(10685,'Plessisville',673,1,NULL,NULL),(10686,'Pointe-Claire',673,1,NULL,NULL),(10687,'Pont-Rouge',673,1,NULL,NULL),(10688,'Port-Alfred-Bagotville',673,1,NULL,NULL),(10689,'Port-Cartier',673,1,NULL,NULL),(10690,'Portneuf',673,1,NULL,NULL),(10691,'Price',673,1,NULL,NULL),(10692,'Princeville',673,1,NULL,NULL),(10693,'Quebec',673,1,NULL,NULL),(10694,'Rawdon',673,1,NULL,NULL),(10695,'Repentigny',673,1,NULL,NULL),(10696,'Richmond',673,1,NULL,NULL),(10697,'Rigaud',673,1,NULL,NULL),(10698,'Rimouski',673,1,NULL,NULL),(10699,'Riviere-au-Renard',673,1,NULL,NULL),(10700,'Riviere-du-Loup',673,1,NULL,NULL),(10701,'Roberval',673,1,NULL,NULL),(10702,'Rougemont',673,1,NULL,NULL),(10703,'Rouyn-Noranda',673,1,NULL,NULL),(10704,'Saint-Agapit',673,1,NULL,NULL),(10705,'Saint-Alexandre',673,1,NULL,NULL),(10706,'Saint-Alexis-des-Monts',673,1,NULL,NULL),(10707,'Saint-Ambroise',673,1,NULL,NULL),(10708,'Saint-Andre-Avellin',673,1,NULL,NULL),(10709,'Saint-Anselme',673,1,NULL,NULL),(10710,'Saint-Apollinaire',673,1,NULL,NULL),(10711,'Saint-Augustin',673,1,NULL,NULL),(10712,'Saint-Basile-Sud',673,1,NULL,NULL),(10713,'Saint-Bruno',673,1,NULL,NULL),(10714,'Saint-Canut',673,1,NULL,NULL),(10715,'Saint-Cesaire',673,1,NULL,NULL),(10716,'Saint-Cyrill-de-Wendover',673,1,NULL,NULL),(10717,'Saint-Damase',673,1,NULL,NULL),(10718,'Saint-Damien-de-Buckland',673,1,NULL,NULL),(10719,'Saint-Denis',673,1,NULL,NULL),(10720,'Saint-Donat-de-Montcalm',673,1,NULL,NULL),(10721,'Saint-Ephrem-de-Tring',673,1,NULL,NULL),(10722,'Saint-Fabien',673,1,NULL,NULL),(10723,'Saint-Felicien',673,1,NULL,NULL),(10724,'Saint-Felix-de-Valois',673,1,NULL,NULL),(10725,'Saint-Gabriel',673,1,NULL,NULL),(10726,'Saint-Gedeon',673,1,NULL,NULL),(10727,'Saint-Georges',673,1,NULL,NULL),(10728,'Saint-Germain-de-Grantham',673,1,NULL,NULL),(10729,'Saint-Gregoire',673,1,NULL,NULL),(10730,'Saint-Henri-de-Levis',673,1,NULL,NULL),(10731,'Saint-Honore',673,1,NULL,NULL),(10732,'Saint-Hyacinthe',673,1,NULL,NULL),(10733,'Saint-Jacques',673,1,NULL,NULL),(10734,'Saint-Jean-Port-Joli',673,1,NULL,NULL),(10735,'Saint-Jean-de-Dieu',673,1,NULL,NULL),(10736,'Saint-Jean-sur-Richelieu',673,1,NULL,NULL),(10737,'Saint-Jerome',673,1,NULL,NULL),(10738,'Saint-Josephe-de-Beauce',673,1,NULL,NULL),(10739,'Saint-Josephe-de-Lanoraie',673,1,NULL,NULL),(10740,'Saint-Josephe-de-la-Riviere-Bl',673,1,NULL,NULL),(10741,'Saint-Jovite',673,1,NULL,NULL),(10742,'Saint-Laurent',673,1,NULL,NULL),(10743,'Saint-Liboire',673,1,NULL,NULL),(10744,'Saint-Marc-des-Carrieres',673,1,NULL,NULL),(10745,'Saint-Martin',673,1,NULL,NULL),(10746,'Saint-Michel-des-Saints',673,1,NULL,NULL),(10747,'Saint-Pacome',673,1,NULL,NULL),(10748,'Saint-Pascal',673,1,NULL,NULL),(10749,'Saint-Pie',673,1,NULL,NULL),(10750,'Saint-Prosper',673,1,NULL,NULL),(10751,'Saint-Raphael',673,1,NULL,NULL),(10752,'Saint-Raymond',673,1,NULL,NULL),(10753,'Saint-Remi',673,1,NULL,NULL),(10754,'Saint-Roch-de-l\'Achigan',673,1,NULL,NULL),(10755,'Saint-Sauveur-des-Monts',673,1,NULL,NULL),(10756,'Saint-Tite',673,1,NULL,NULL),(10757,'Sainte-Adele',673,1,NULL,NULL),(10758,'Sainte-Agathe-des-Monts',673,1,NULL,NULL),(10759,'Sainte-Anne-des-Monts',673,1,NULL,NULL),(10760,'Sainte-Anne-des-Plaines',673,1,NULL,NULL),(10761,'Sainte-Catherine',673,1,NULL,NULL),(10762,'Sainte-Claire',673,1,NULL,NULL),(10763,'Sainte-Julienne',673,1,NULL,NULL),(10764,'Sainte-Justine',673,1,NULL,NULL),(10765,'Sainte-Madeleine',673,1,NULL,NULL),(10766,'Sainte-Marie',673,1,NULL,NULL),(10767,'Sainte-Martine',673,1,NULL,NULL),(10768,'Sainte-Sophie',673,1,NULL,NULL),(10769,'Sainte-Thecle',673,1,NULL,NULL),(10770,'Sainte-Therese',673,1,NULL,NULL),(10771,'Salaberry-de-Valleyfield',673,1,NULL,NULL),(10772,'Sayabec',673,1,NULL,NULL),(10773,'Senneterre',673,1,NULL,NULL),(10774,'Sept-Iles',673,1,NULL,NULL),(10775,'Shawinigan',673,1,NULL,NULL),(10776,'Shawville',673,1,NULL,NULL),(10777,'Sherbrooke',673,1,NULL,NULL),(10778,'Sorel',673,1,NULL,NULL),(10779,'St Faustin',673,1,NULL,NULL),(10780,'St. Hubert',673,1,NULL,NULL),(10781,'St. Jean Chrysostome',673,1,NULL,NULL),(10782,'Temiscaming',673,1,NULL,NULL),(10783,'Terrebonne',673,1,NULL,NULL),(10784,'Thetford Mines',673,1,NULL,NULL),(10785,'Thurso',673,1,NULL,NULL),(10786,'Trois-Pistoles',673,1,NULL,NULL),(10787,'Trois-Rivieres',673,1,NULL,NULL),(10788,'Val-David',673,1,NULL,NULL),(10789,'Val-d\'Or',673,1,NULL,NULL),(10790,'Valcourt',673,1,NULL,NULL),(10791,'Vallee-Jonction',673,1,NULL,NULL),(10792,'Vaudreuil',673,1,NULL,NULL),(10793,'Vercheres',673,1,NULL,NULL),(10794,'Victoriaville',673,1,NULL,NULL),(10795,'Ville-Marie',673,1,NULL,NULL),(10796,'Warwick',673,1,NULL,NULL),(10797,'Waterloo',673,1,NULL,NULL),(10798,'Weedon Centre',673,1,NULL,NULL),(10799,'Westmount',673,1,NULL,NULL),(10800,'Wickham',673,1,NULL,NULL),(10801,'Windsor',673,1,NULL,NULL),(10802,'Yamachiche',673,1,NULL,NULL),(10803,'Assiniboia',674,1,NULL,NULL),(10804,'Biggar',674,1,NULL,NULL),(10805,'Canora',674,1,NULL,NULL),(10806,'Carlyle',674,1,NULL,NULL),(10807,'Carnduff',674,1,NULL,NULL),(10808,'Caronport',674,1,NULL,NULL),(10809,'Carrot',674,1,NULL,NULL),(10810,'Dalmeny',674,1,NULL,NULL),(10811,'Davidson',674,1,NULL,NULL),(10812,'Esterhazy',674,1,NULL,NULL),(10813,'Estevan',674,1,NULL,NULL),(10814,'Eston',674,1,NULL,NULL),(10815,'Foam Lake',674,1,NULL,NULL),(10816,'Fort Qu\'Appelle',674,1,NULL,NULL),(10817,'Gravelbourg',674,1,NULL,NULL),(10818,'Grenfell',674,1,NULL,NULL),(10819,'Gull Lake',674,1,NULL,NULL),(10820,'Hudson Bay',674,1,NULL,NULL),(10821,'Humboldt',674,1,NULL,NULL),(10822,'Indian Head',674,1,NULL,NULL),(10823,'Kamsack',674,1,NULL,NULL),(10824,'Kelvington',674,1,NULL,NULL),(10825,'Kerrobert',674,1,NULL,NULL),(10826,'Kindersley',674,1,NULL,NULL),(10827,'Kipling',674,1,NULL,NULL),(10828,'La Ronge',674,1,NULL,NULL),(10829,'Langenburg',674,1,NULL,NULL),(10830,'Langham',674,1,NULL,NULL),(10831,'Lanigan',674,1,NULL,NULL),(10832,'Lloydminster',674,1,NULL,NULL),(10833,'Lumsden',674,1,NULL,NULL),(10834,'Macklin',674,1,NULL,NULL),(10835,'Maple Creek',674,1,NULL,NULL),(10836,'Martensville',674,1,NULL,NULL),(10837,'Meadow Lake',674,1,NULL,NULL),(10838,'Melfort',674,1,NULL,NULL),(10839,'Melville',674,1,NULL,NULL),(10840,'Moose Jaw',674,1,NULL,NULL),(10841,'Moosomin',674,1,NULL,NULL),(10842,'Nipawin',674,1,NULL,NULL),(10843,'North Battleford',674,1,NULL,NULL),(10844,'Outlook',674,1,NULL,NULL),(10845,'Oxbow',674,1,NULL,NULL),(10846,'Pilot Butte',674,1,NULL,NULL),(10847,'Preeceville',674,1,NULL,NULL),(10848,'Prince Albert',674,1,NULL,NULL),(10849,'Regina',674,1,NULL,NULL),(10850,'Rosetown',674,1,NULL,NULL),(10851,'Rosthem',674,1,NULL,NULL),(10852,'Saskatoon',674,1,NULL,NULL),(10853,'Shaunavon',674,1,NULL,NULL),(10854,'Shellbrook',674,1,NULL,NULL),(10855,'Swift Current',674,1,NULL,NULL),(10856,'Tisdale',674,1,NULL,NULL),(10857,'Unity',674,1,NULL,NULL),(10858,'Wadena',674,1,NULL,NULL),(10859,'Warman',674,1,NULL,NULL),(10860,'Watrous',674,1,NULL,NULL),(10861,'Weyburn',674,1,NULL,NULL),(10862,'White City',674,1,NULL,NULL),(10863,'Wilkie',674,1,NULL,NULL),(10864,'Wynyard',674,1,NULL,NULL),(10865,'Yorkton',674,1,NULL,NULL),(10866,'Haines Junction',675,1,NULL,NULL),(10867,'Mayo',675,1,NULL,NULL),(10868,'Whitehorse',675,1,NULL,NULL),(10869,'Sal Rei',676,1,NULL,NULL),(10870,'Nova Sintra',677,1,NULL,NULL),(10871,'Mosteiros',678,1,NULL,NULL),(10872,'Sao Filipe',678,1,NULL,NULL),(10873,'Vila do Maio',679,1,NULL,NULL),(10874,'Santa Maria',680,1,NULL,NULL),(10875,'Ndele',686,1,NULL,NULL),(10876,'Bangui',687,1,NULL,NULL),(10877,'Alindao',688,1,NULL,NULL),(10878,'Kembe',688,1,NULL,NULL),(10879,'Mobaye',688,1,NULL,NULL),(10880,'Obo',689,1,NULL,NULL),(10881,'Zemio',689,1,NULL,NULL),(10882,'Bria',690,1,NULL,NULL),(10883,'Ouadda',690,1,NULL,NULL),(10884,'Dekoa',691,1,NULL,NULL),(10885,'Sibut',691,1,NULL,NULL),(10886,'Boda',692,1,NULL,NULL),(10887,'Mbaiki',692,1,NULL,NULL),(10888,'Mongoumba',692,1,NULL,NULL),(10889,'Berberati',693,1,NULL,NULL),(10890,'Carnot',693,1,NULL,NULL),(10891,'Gamboula',693,1,NULL,NULL),(10892,'Bangassou',694,1,NULL,NULL),(10893,'Gambo',694,1,NULL,NULL),(10894,'Ouango',694,1,NULL,NULL),(10895,'Rafai',694,1,NULL,NULL),(10896,'Kaga-Bandoro',695,1,NULL,NULL),(10897,'Baboua',696,1,NULL,NULL),(10898,'Baoro',696,1,NULL,NULL),(10899,'Bouar',696,1,NULL,NULL),(10900,'Bambari',698,1,NULL,NULL),(10901,'Grimari',698,1,NULL,NULL),(10902,'Ippy',698,1,NULL,NULL),(10903,'Kouango',698,1,NULL,NULL),(10904,'Batangafo',699,1,NULL,NULL),(10905,'Bossangoa',699,1,NULL,NULL),(10906,'Bouca',699,1,NULL,NULL),(10907,'Kabo',699,1,NULL,NULL),(10908,'Bocaranga',700,1,NULL,NULL),(10909,'Bozoum',700,1,NULL,NULL),(10910,'Paoua',700,1,NULL,NULL),(10911,'Nola',701,1,NULL,NULL),(10912,'Birao',702,1,NULL,NULL),(10913,'Ati',703,1,NULL,NULL),(10914,'Oum Hadjer',703,1,NULL,NULL),(10915,'Biltine',704,1,NULL,NULL),(10916,'Aouzou',705,1,NULL,NULL),(10917,'Bardai',705,1,NULL,NULL),(10918,'Fada',705,1,NULL,NULL),(10919,'Faya',705,1,NULL,NULL),(10920,'Bokoro',706,1,NULL,NULL),(10921,'Bousso',706,1,NULL,NULL),(10922,'Dourbali',706,1,NULL,NULL),(10923,'Massaguet',706,1,NULL,NULL),(10924,'Massakory',706,1,NULL,NULL),(10925,'Massenya',706,1,NULL,NULL),(10926,'N\'Djamena',706,1,NULL,NULL),(10927,'Ngama',706,1,NULL,NULL),(10928,'Bitkine',707,1,NULL,NULL),(10929,'Melfi',707,1,NULL,NULL),(10930,'Mongo',707,1,NULL,NULL),(10931,'Mao',708,1,NULL,NULL),(10932,'Moussoro',708,1,NULL,NULL),(10933,'Rig-Rig',708,1,NULL,NULL),(10934,'Bol',709,1,NULL,NULL),(10935,'Bongor',712,1,NULL,NULL),(10936,'Fianga',712,1,NULL,NULL),(10937,'Gounou Gaya',712,1,NULL,NULL),(10938,'Guelengdeng',712,1,NULL,NULL),(10939,'Lere',712,1,NULL,NULL),(10940,'Pala',712,1,NULL,NULL),(10941,'Goundi',713,1,NULL,NULL),(10942,'Koumra',713,1,NULL,NULL),(10943,'Kyabe',713,1,NULL,NULL),(10944,'Moissala',713,1,NULL,NULL),(10945,'Sarh',713,1,NULL,NULL),(10946,'Abeche',714,1,NULL,NULL),(10947,'Adre',714,1,NULL,NULL),(10948,'Am Dam',714,1,NULL,NULL),(10949,'Abou Deia',715,1,NULL,NULL),(10950,'Am Timan',715,1,NULL,NULL),(10951,'Mangueigne',715,1,NULL,NULL),(10952,'Benoy',716,1,NULL,NULL),(10953,'Bere',716,1,NULL,NULL),(10954,'Kelo',716,1,NULL,NULL),(10955,'Lai',716,1,NULL,NULL),(10956,'Aisen',717,1,NULL,NULL),(10957,'Chile Chico',717,1,NULL,NULL),(10958,'Cisnes',717,1,NULL,NULL),(10959,'Cochrane',717,1,NULL,NULL),(10960,'Coihaique',717,1,NULL,NULL),(10961,'Guaitecas',717,1,NULL,NULL),(10962,'Lago Verde',717,1,NULL,NULL),(10963,'O\'Higgins',717,1,NULL,NULL),(10964,'Rio Ibanez',717,1,NULL,NULL),(10965,'Tortel',717,1,NULL,NULL),(10966,'Antofagasta',718,1,NULL,NULL),(10967,'Calama',718,1,NULL,NULL),(10968,'Maria Elena',718,1,NULL,NULL),(10969,'Mejilones',718,1,NULL,NULL),(10970,'Ollague',718,1,NULL,NULL),(10971,'San Pedro de Atacama',718,1,NULL,NULL),(10972,'Sierra Gorda',718,1,NULL,NULL),(10973,'Taltal',718,1,NULL,NULL),(10974,'Tocopilla',718,1,NULL,NULL),(10975,'Angol',719,1,NULL,NULL),(10976,'Carahue',719,1,NULL,NULL),(10977,'Collipulli',719,1,NULL,NULL),(10978,'Cunco',719,1,NULL,NULL),(10979,'Curacautin',719,1,NULL,NULL),(10980,'Curarrehue',719,1,NULL,NULL),(10981,'Ercilla',719,1,NULL,NULL),(10982,'Freire',719,1,NULL,NULL),(10983,'Galvarino',719,1,NULL,NULL),(10984,'Gorbea',719,1,NULL,NULL),(10985,'Lautaro',719,1,NULL,NULL),(10986,'Loncoche',719,1,NULL,NULL),(10987,'Lonquimay',719,1,NULL,NULL),(10988,'Los Sauces',719,1,NULL,NULL),(10989,'Lumaco',719,1,NULL,NULL),(10990,'Melipeuco',719,1,NULL,NULL),(10991,'Nueva Imperial',719,1,NULL,NULL),(10992,'Padre las Casas',719,1,NULL,NULL),(10993,'Perquenco',719,1,NULL,NULL),(10994,'Pitrufquen',719,1,NULL,NULL),(10995,'Pucon',719,1,NULL,NULL),(10996,'Puren',719,1,NULL,NULL),(10997,'Renaico',719,1,NULL,NULL),(10998,'Saavedra',719,1,NULL,NULL),(10999,'Temuco',719,1,NULL,NULL),(11000,'Teodoro Schmidt',719,1,NULL,NULL),(11001,'Tolten',719,1,NULL,NULL),(11002,'Traiguen',719,1,NULL,NULL),(11003,'Victoria',719,1,NULL,NULL),(11004,'Vilcun',719,1,NULL,NULL),(11005,'Villarica',719,1,NULL,NULL),(11006,'Alto del Carmen',720,1,NULL,NULL),(11007,'Caldera',720,1,NULL,NULL),(11008,'Chanaral',720,1,NULL,NULL),(11009,'Copiapo',720,1,NULL,NULL),(11010,'Diego de Almagro',720,1,NULL,NULL),(11011,'Freirina',720,1,NULL,NULL),(11012,'Huasco',720,1,NULL,NULL),(11013,'Tierra Amarilla',720,1,NULL,NULL),(11014,'Vallenar',720,1,NULL,NULL),(11015,'Andacollo',722,1,NULL,NULL),(11016,'Canela',722,1,NULL,NULL),(11017,'Combarbala',722,1,NULL,NULL),(11018,'Coquimbo',722,1,NULL,NULL),(11019,'Illapel',722,1,NULL,NULL),(11020,'La Higuera',722,1,NULL,NULL),(11021,'La Serena',722,1,NULL,NULL),(11022,'Los Vilos',722,1,NULL,NULL),(11023,'Monte Patria',722,1,NULL,NULL),(11024,'Ovalle',722,1,NULL,NULL),(11025,'Paiguano',722,1,NULL,NULL),(11026,'Punitaci',722,1,NULL,NULL),(11027,'Rio Hurtado',722,1,NULL,NULL),(11028,'Salamanca',722,1,NULL,NULL),(11029,'Vicuna',722,1,NULL,NULL),(11030,'Cabo de Horno',725,1,NULL,NULL),(11031,'Laguna Blanca',725,1,NULL,NULL),(11032,'Natales',725,1,NULL,NULL),(11033,'Porvenir',725,1,NULL,NULL),(11034,'Primavera',725,1,NULL,NULL),(11035,'Punta Arenas',725,1,NULL,NULL),(11036,'Rio Verde',725,1,NULL,NULL),(11037,'San Gregorio',725,1,NULL,NULL),(11038,'Timaukel',725,1,NULL,NULL),(11039,'Torres del Paine',725,1,NULL,NULL),(11040,'Cauquenes',726,1,NULL,NULL),(11041,'Chanco',726,1,NULL,NULL),(11042,'Colbun',726,1,NULL,NULL),(11043,'Constitucion',726,1,NULL,NULL),(11044,'Curepto',726,1,NULL,NULL),(11045,'Curico',726,1,NULL,NULL),(11046,'Empedrado',726,1,NULL,NULL),(11047,'Hualane',726,1,NULL,NULL),(11048,'Licanten',726,1,NULL,NULL),(11049,'Linares',726,1,NULL,NULL),(11050,'Longavi',726,1,NULL,NULL),(11051,'Maule',726,1,NULL,NULL),(11052,'Molina',726,1,NULL,NULL),(11053,'Parral',726,1,NULL,NULL),(11054,'Pelarco',726,1,NULL,NULL),(11055,'Pelluhue',726,1,NULL,NULL),(11056,'Pencahue',726,1,NULL,NULL),(11057,'Rauco',726,1,NULL,NULL),(11058,'Retiro',726,1,NULL,NULL),(11059,'Rio Claro',726,1,NULL,NULL),(11060,'Romeral',726,1,NULL,NULL),(11061,'Sagrada Familia',726,1,NULL,NULL),(11062,'San Clemente',726,1,NULL,NULL),(11063,'San Javier',726,1,NULL,NULL),(11064,'San Rafael',726,1,NULL,NULL),(11065,'Talca',726,1,NULL,NULL),(11066,'Teno',726,1,NULL,NULL),(11067,'Vichuquen',726,1,NULL,NULL),(11068,'Villa Alegre',726,1,NULL,NULL),(11069,'Yerbas Buenas',726,1,NULL,NULL),(11070,'Alhue',727,1,NULL,NULL),(11071,'Buin',727,1,NULL,NULL),(11072,'Calera de Tango',727,1,NULL,NULL),(11073,'Colina',727,1,NULL,NULL),(11074,'Curacavi',727,1,NULL,NULL),(11075,'El Monte',727,1,NULL,NULL),(11076,'Isla de Maipo',727,1,NULL,NULL),(11077,'Lampa',727,1,NULL,NULL),(11078,'Maria Pinto',727,1,NULL,NULL),(11079,'Melipilla',727,1,NULL,NULL),(11080,'Padre Hurtado',727,1,NULL,NULL),(11081,'Paine',727,1,NULL,NULL),(11082,'Penaflor',727,1,NULL,NULL),(11083,'Pirque',727,1,NULL,NULL),(11084,'Puente Alto',727,1,NULL,NULL),(11085,'Quilicura',727,1,NULL,NULL),(11086,'San Bernardo',727,1,NULL,NULL),(11087,'San Jose de Maipo',727,1,NULL,NULL),(11088,'San Pedro',727,1,NULL,NULL),(11089,'Santiago',727,1,NULL,NULL),(11090,'Talagante',727,1,NULL,NULL),(11091,'Tiltil',727,1,NULL,NULL),(11092,'Alhue',728,1,NULL,NULL),(11093,'Buin',728,1,NULL,NULL),(11094,'Calera de Tango',728,1,NULL,NULL),(11095,'Colina',728,1,NULL,NULL),(11096,'Curacavi',728,1,NULL,NULL),(11097,'El Monte',728,1,NULL,NULL),(11098,'Isla de Maipo',728,1,NULL,NULL),(11099,'Lampa',728,1,NULL,NULL),(11100,'Maria Pinto',728,1,NULL,NULL),(11101,'Melipilla',728,1,NULL,NULL),(11102,'Padre Hurtado',728,1,NULL,NULL),(11103,'Paine',728,1,NULL,NULL),(11104,'Penaflor',728,1,NULL,NULL),(11105,'Pirque',728,1,NULL,NULL),(11106,'Puente Alto',728,1,NULL,NULL),(11107,'Quilicura',728,1,NULL,NULL),(11108,'San Bernardo',728,1,NULL,NULL),(11109,'San Jose de Maipo',728,1,NULL,NULL),(11110,'San Pedro',728,1,NULL,NULL),(11111,'Santiago',728,1,NULL,NULL),(11112,'Talagante',728,1,NULL,NULL),(11113,'Tiltil',728,1,NULL,NULL),(11114,'Arica',729,1,NULL,NULL),(11115,'Camarones',729,1,NULL,NULL),(11116,'Camina',729,1,NULL,NULL),(11117,'Colchane',729,1,NULL,NULL),(11118,'General Lagos',729,1,NULL,NULL),(11119,'Huara',729,1,NULL,NULL),(11120,'Iquique',729,1,NULL,NULL),(11121,'Pica',729,1,NULL,NULL),(11122,'Pozo Almonte',729,1,NULL,NULL),(11123,'Putre',729,1,NULL,NULL),(11124,'Algarrobo',730,1,NULL,NULL),(11125,'Cabildo',730,1,NULL,NULL),(11126,'Calera',730,1,NULL,NULL),(11127,'Calle Larga',730,1,NULL,NULL),(11128,'Cartagena',730,1,NULL,NULL),(11129,'Casablanca',730,1,NULL,NULL),(11130,'Catemu',730,1,NULL,NULL),(11131,'Concon',730,1,NULL,NULL),(11132,'El Quisco',730,1,NULL,NULL),(11133,'El Tabo',730,1,NULL,NULL),(11134,'Hijuelas',730,1,NULL,NULL),(11135,'La Cruz',730,1,NULL,NULL),(11136,'La Ligua',730,1,NULL,NULL),(11137,'Limache',730,1,NULL,NULL),(11138,'Llaillay',730,1,NULL,NULL),(11139,'Los Andes',730,1,NULL,NULL),(11140,'Nogales',730,1,NULL,NULL),(11141,'Olmue',730,1,NULL,NULL),(11142,'Panquehue',730,1,NULL,NULL),(11143,'Papudo',730,1,NULL,NULL),(11144,'Petorca',730,1,NULL,NULL),(11145,'Puchuncavi',730,1,NULL,NULL),(11146,'Putaendeo',730,1,NULL,NULL),(11147,'Quillota',730,1,NULL,NULL),(11148,'Quilpue',730,1,NULL,NULL),(11149,'Quintero',730,1,NULL,NULL),(11150,'Rinconada',730,1,NULL,NULL),(11151,'San Antonio',730,1,NULL,NULL),(11152,'San Esteban',730,1,NULL,NULL),(11153,'San Felipe',730,1,NULL,NULL),(11154,'Santa Maria',730,1,NULL,NULL),(11155,'Santo Domingo',730,1,NULL,NULL),(11156,'Valparaiso',730,1,NULL,NULL),(11157,'Villa Alemana',730,1,NULL,NULL),(11158,'Vina del Mar',730,1,NULL,NULL),(11159,'Zapallar',730,1,NULL,NULL),(11160,'Fengyang',731,1,NULL,NULL),(11161,'Guangde',731,1,NULL,NULL),(11162,'Liuan',731,1,NULL,NULL),(11163,'Ningguo',731,1,NULL,NULL),(11164,'Shucheng',731,1,NULL,NULL),(11165,'Xinchang',731,1,NULL,NULL),(11166,'Xuancheng',731,1,NULL,NULL),(11181,'Aomen',734,1,NULL,NULL),(11182,'Beijing',735,1,NULL,NULL),(11183,'Changping',735,1,NULL,NULL),(11184,'Fangshan',735,1,NULL,NULL),(11185,'Huangcun',735,1,NULL,NULL),(11186,'Liangxiang',735,1,NULL,NULL),(11187,'Mentougou',735,1,NULL,NULL),(11188,'Shunyi',735,1,NULL,NULL),(11189,'Tongzhou',735,1,NULL,NULL),(11190,'Beijing',736,1,NULL,NULL),(11191,'Changping',736,1,NULL,NULL),(11192,'Fangshan',736,1,NULL,NULL),(11193,'Huangcun',736,1,NULL,NULL),(11194,'Liangxiang',736,1,NULL,NULL),(11195,'Mentougou',736,1,NULL,NULL),(11196,'Shunyi',736,1,NULL,NULL),(11197,'Tongzhou',736,1,NULL,NULL),(11198,'Beibei',737,1,NULL,NULL),(11199,'Chongqing',737,1,NULL,NULL),(11200,'Fuling',737,1,NULL,NULL),(11201,'Longhua',737,1,NULL,NULL),(11202,'Nantongkuang',737,1,NULL,NULL),(11203,'Wanxian',737,1,NULL,NULL),(11204,'Xiuma',737,1,NULL,NULL),(11205,'Yubei',737,1,NULL,NULL),(11206,'Yudong',737,1,NULL,NULL),(11207,'Bantou',738,1,NULL,NULL),(11208,'Dongshan',738,1,NULL,NULL),(11209,'Fuan',738,1,NULL,NULL),(11210,'Fujian',738,1,NULL,NULL),(11211,'Fuqing',738,1,NULL,NULL),(11212,'Fuzhou',738,1,NULL,NULL),(11213,'Gantou',738,1,NULL,NULL),(11214,'Hanyang',738,1,NULL,NULL),(11215,'Jiangkou',738,1,NULL,NULL),(11216,'Jiaocheng',738,1,NULL,NULL),(11217,'Jinjiang',738,1,NULL,NULL),(11218,'Jinshang',738,1,NULL,NULL),(11219,'Longhai',738,1,NULL,NULL),(11220,'Longyan',738,1,NULL,NULL),(11221,'Luoyang',738,1,NULL,NULL),(11222,'Nanan',738,1,NULL,NULL),(11223,'Nanping',738,1,NULL,NULL),(11224,'Nanpu',738,1,NULL,NULL),(11225,'Putian',738,1,NULL,NULL),(11226,'Qingyang',738,1,NULL,NULL),(11227,'Quanzhou',738,1,NULL,NULL),(11228,'Rongcheng',738,1,NULL,NULL),(11229,'Sanming',738,1,NULL,NULL),(11230,'Shaowu',738,1,NULL,NULL),(11231,'Shima',738,1,NULL,NULL),(11232,'Shishi',738,1,NULL,NULL),(11233,'Tantou',738,1,NULL,NULL),(11234,'Tongshan',738,1,NULL,NULL),(11235,'Xiamen',738,1,NULL,NULL),(11236,'Xiapu',738,1,NULL,NULL),(11237,'Xiapu Ningde',738,1,NULL,NULL),(11238,'Ximei',738,1,NULL,NULL),(11239,'Yongan',738,1,NULL,NULL),(11240,'Zhangzhou',738,1,NULL,NULL),(11241,'Zhicheng',738,1,NULL,NULL),(11277,'Baiyin',740,1,NULL,NULL),(11278,'Baoji',740,1,NULL,NULL),(11279,'Beidao',740,1,NULL,NULL),(11280,'Jiayuguan',740,1,NULL,NULL),(11281,'Jinchang',740,1,NULL,NULL),(11282,'Jiuquan',740,1,NULL,NULL),(11283,'Lanzhou',740,1,NULL,NULL),(11284,'Linxia',740,1,NULL,NULL),(11285,'Pingliang',740,1,NULL,NULL),(11286,'Qincheng',740,1,NULL,NULL),(11287,'Wuwei',740,1,NULL,NULL),(11288,'Yaojie',740,1,NULL,NULL),(11289,'Yumen',740,1,NULL,NULL),(11290,'Zhangye',740,1,NULL,NULL),(11291,'Zhuanglang',740,1,NULL,NULL),(11292,'Anbu',741,1,NULL,NULL),(11293,'Chaozhou',741,1,NULL,NULL),(11294,'Chenghai',741,1,NULL,NULL),(11295,'Chuncheng',741,1,NULL,NULL),(11296,'Daliang',741,1,NULL,NULL),(11297,'Danshui',741,1,NULL,NULL),(11298,'Dongguan',741,1,NULL,NULL),(11299,'Donghai',741,1,NULL,NULL),(11300,'Dongli',741,1,NULL,NULL),(11301,'Dongzhen',741,1,NULL,NULL),(11302,'Ducheng',741,1,NULL,NULL),(11303,'Encheng',741,1,NULL,NULL),(11304,'Foahn',741,1,NULL,NULL),(11305,'Foshan',741,1,NULL,NULL),(11306,'Gaozhou',741,1,NULL,NULL),(11307,'Guangdong',741,1,NULL,NULL),(11308,'Guangzhou',741,1,NULL,NULL),(11309,'Guanjiao',741,1,NULL,NULL),(11310,'Haicheng',741,1,NULL,NULL),(11311,'Haimen',741,1,NULL,NULL),(11312,'Hepo',741,1,NULL,NULL),(11313,'Houpu',741,1,NULL,NULL),(11314,'Huaicheng',741,1,NULL,NULL),(11315,'Huanggang',741,1,NULL,NULL),(11316,'Huangpu',741,1,NULL,NULL),(11317,'Huazhou',741,1,NULL,NULL),(11318,'Huicheng',741,1,NULL,NULL),(11319,'Huizhou',741,1,NULL,NULL),(11320,'Humen',741,1,NULL,NULL),(11321,'Jiangmen',741,1,NULL,NULL),(11322,'Jiazi',741,1,NULL,NULL),(11323,'Jieshi',741,1,NULL,NULL),(11324,'Jieyang',741,1,NULL,NULL),(11325,'Lecheng',741,1,NULL,NULL),(11326,'Leicheng',741,1,NULL,NULL),(11327,'Liancheng',741,1,NULL,NULL),(11328,'Lianzhou',741,1,NULL,NULL),(11329,'Licheng',741,1,NULL,NULL),(11330,'Liusha',741,1,NULL,NULL),(11331,'Longgang',741,1,NULL,NULL),(11332,'Lubu',741,1,NULL,NULL),(11333,'Luocheng',741,1,NULL,NULL),(11334,'Luohu',741,1,NULL,NULL),(11335,'Luoyang',741,1,NULL,NULL),(11336,'Maba',741,1,NULL,NULL),(11337,'Maoming',741,1,NULL,NULL),(11338,'Mata',741,1,NULL,NULL),(11339,'Meilu',741,1,NULL,NULL),(11340,'Meizhou',741,1,NULL,NULL),(11341,'Mianchang',741,1,NULL,NULL),(11342,'Nanfeng',741,1,NULL,NULL),(11343,'Nanhai',741,1,NULL,NULL),(11344,'Pingshan',741,1,NULL,NULL),(11345,'Qingtang',741,1,NULL,NULL),(11346,'Qingyuan',741,1,NULL,NULL),(11347,'Rongcheng',741,1,NULL,NULL),(11348,'Sanbu',741,1,NULL,NULL),(11349,'Shantou',741,1,NULL,NULL),(11350,'Shanwei',741,1,NULL,NULL),(11351,'Shaoguan',741,1,NULL,NULL),(11352,'Shaping',741,1,NULL,NULL),(11353,'Shenzhen',741,1,NULL,NULL),(11354,'Shilong',741,1,NULL,NULL),(11355,'Shiqiao',741,1,NULL,NULL),(11356,'Shiwan',741,1,NULL,NULL),(11357,'Shuizhai',741,1,NULL,NULL),(11358,'Shunde',741,1,NULL,NULL),(11359,'Suicheng',741,1,NULL,NULL),(11360,'Taicheng',741,1,NULL,NULL),(11361,'Tangping',741,1,NULL,NULL),(11362,'Xiaolan',741,1,NULL,NULL),(11363,'Xinan',741,1,NULL,NULL),(11364,'Xingcheng',741,1,NULL,NULL),(11365,'Xiongzhou',741,1,NULL,NULL),(11366,'Xucheng',741,1,NULL,NULL),(11367,'Yangjiang',741,1,NULL,NULL),(11368,'Yingcheng',741,1,NULL,NULL),(11369,'Yuancheng',741,1,NULL,NULL),(11370,'Yuncheng',741,1,NULL,NULL),(11371,'Yunfu',741,1,NULL,NULL),(11372,'Zengcheng',741,1,NULL,NULL),(11373,'Zhanjiang',741,1,NULL,NULL),(11374,'Zhaoqing',741,1,NULL,NULL),(11375,'Zhilong',741,1,NULL,NULL),(11376,'Zhongshan',741,1,NULL,NULL),(11377,'Zhuhai',741,1,NULL,NULL),(11464,'Babu',743,1,NULL,NULL),(11465,'Baihe',743,1,NULL,NULL),(11466,'Baise',743,1,NULL,NULL),(11467,'Beihai',743,1,NULL,NULL),(11468,'Binzhou',743,1,NULL,NULL),(11469,'Bose',743,1,NULL,NULL),(11470,'Fangchenggang',743,1,NULL,NULL),(11471,'Guicheng',743,1,NULL,NULL),(11472,'Guilin',743,1,NULL,NULL),(11473,'Guiping',743,1,NULL,NULL),(11474,'Jinchengjiang',743,1,NULL,NULL),(11475,'Jinji',743,1,NULL,NULL),(11476,'Laibin',743,1,NULL,NULL),(11477,'Lianzhou',743,1,NULL,NULL),(11478,'Liuzhou',743,1,NULL,NULL),(11479,'Luorong',743,1,NULL,NULL),(11480,'Matong',743,1,NULL,NULL),(11481,'Nandu',743,1,NULL,NULL),(11482,'Nanning',743,1,NULL,NULL),(11483,'Pingnan',743,1,NULL,NULL),(11484,'Pumiao',743,1,NULL,NULL),(11485,'Qinzhou',743,1,NULL,NULL),(11486,'Songhua',743,1,NULL,NULL),(11487,'Wuzhou',743,1,NULL,NULL),(11488,'Yashan',743,1,NULL,NULL),(11489,'Yulin',743,1,NULL,NULL),(11490,'Anshun',744,1,NULL,NULL),(11491,'Bijie',744,1,NULL,NULL),(11492,'Caohai',744,1,NULL,NULL),(11493,'Duyun',744,1,NULL,NULL),(11494,'Guiyang',744,1,NULL,NULL),(11495,'Kaili',744,1,NULL,NULL),(11496,'Liupanshui',744,1,NULL,NULL),(11497,'Luoyang',744,1,NULL,NULL),(11498,'Pingzhai',744,1,NULL,NULL),(11499,'Tongren',744,1,NULL,NULL),(11500,'Tongzi',744,1,NULL,NULL),(11501,'Xiaoweizhai',744,1,NULL,NULL),(11502,'Xingyi',744,1,NULL,NULL),(11503,'Zunyi',744,1,NULL,NULL),(11504,'Chengmai',745,1,NULL,NULL),(11505,'Dingan',745,1,NULL,NULL),(11506,'Haikou',745,1,NULL,NULL),(11507,'Lingao',745,1,NULL,NULL),(11508,'Qiongshan',745,1,NULL,NULL),(11509,'Sansha ',745,1,NULL,NULL),(11510,'Sanya',745,1,NULL,NULL),(11511,'Wanning',745,1,NULL,NULL),(11512,'Anping',746,1,NULL,NULL),(11513,'Baoding',746,1,NULL,NULL),(11514,'Botou',746,1,NULL,NULL),(11515,'Cangzhou',746,1,NULL,NULL),(11516,'Changli',746,1,NULL,NULL),(11517,'Chengde',746,1,NULL,NULL),(11518,'Dingzhou',746,1,NULL,NULL),(11519,'Fengfeng',746,1,NULL,NULL),(11520,'Fengrun',746,1,NULL,NULL),(11521,'Guye',746,1,NULL,NULL),(11522,'Handan',746,1,NULL,NULL),(11523,'Hebei',746,1,NULL,NULL),(11524,'Hecun',746,1,NULL,NULL),(11525,'Hejian',746,1,NULL,NULL),(11526,'Hengshui',746,1,NULL,NULL),(11527,'Huanghua',746,1,NULL,NULL),(11528,'Jingxingkuang',746,1,NULL,NULL),(11529,'Jinzhou',746,1,NULL,NULL),(11530,'Langfang',746,1,NULL,NULL),(11531,'Lianzhou',746,1,NULL,NULL),(11532,'Linshui',746,1,NULL,NULL),(11533,'Linxi',746,1,NULL,NULL),(11534,'Longyao County',746,1,NULL,NULL),(11535,'Nangong',746,1,NULL,NULL),(11536,'Pengcheng',746,1,NULL,NULL),(11537,'Qinhuangdao',746,1,NULL,NULL),(11538,'Renqiu',746,1,NULL,NULL),(11539,'Shahe',746,1,NULL,NULL),(11540,'Shijiazhuang',746,1,NULL,NULL),(11541,'Tangjiazhuang',746,1,NULL,NULL),(11542,'Tangshan',746,1,NULL,NULL),(11543,'Wuan',746,1,NULL,NULL),(11544,'Xian County',746,1,NULL,NULL),(11545,'Xingtai',746,1,NULL,NULL),(11546,'Xinji',746,1,NULL,NULL),(11547,'Xinle',746,1,NULL,NULL),(11548,'Xuanhua',746,1,NULL,NULL),(11549,'Zhangjiakou',746,1,NULL,NULL),(11550,'Zhaogezhuang',746,1,NULL,NULL),(11551,'Zhuozhou',746,1,NULL,NULL),(11552,'Acheng',747,1,NULL,NULL),(11553,'Anda',747,1,NULL,NULL),(11554,'Angangxi',747,1,NULL,NULL),(11555,'Baiquan',747,1,NULL,NULL),(11556,'Bamiantong',747,1,NULL,NULL),(11557,'Baoqing',747,1,NULL,NULL),(11558,'Baoshan',747,1,NULL,NULL),(11559,'Bayan',747,1,NULL,NULL),(11560,'Beian',747,1,NULL,NULL),(11561,'Binzhou',747,1,NULL,NULL),(11562,'Boli',747,1,NULL,NULL),(11563,'Chaihe',747,1,NULL,NULL),(11564,'Chengzihe',747,1,NULL,NULL),(11565,'Cuiluan',747,1,NULL,NULL),(11566,'Daqing',747,1,NULL,NULL),(11567,'Didao',747,1,NULL,NULL),(11568,'Dongning',747,1,NULL,NULL),(11569,'Fujin',747,1,NULL,NULL),(11570,'Fuli',747,1,NULL,NULL),(11571,'Fulitun',747,1,NULL,NULL),(11572,'Fuyu',747,1,NULL,NULL),(11573,'Gannan',747,1,NULL,NULL),(11574,'Hailin',747,1,NULL,NULL),(11575,'Hailun',747,1,NULL,NULL),(11576,'Harbin',747,1,NULL,NULL),(11577,'Hegang',747,1,NULL,NULL),(11578,'Heihe',747,1,NULL,NULL),(11579,'Hengshan',747,1,NULL,NULL),(11580,'Honggang',747,1,NULL,NULL),(11581,'Huanan',747,1,NULL,NULL),(11582,'Hulan',747,1,NULL,NULL),(11583,'Hulan Ergi',747,1,NULL,NULL),(11584,'Jiamusi',747,1,NULL,NULL),(11585,'Jidong',747,1,NULL,NULL),(11586,'Jixi',747,1,NULL,NULL),(11587,'Keshan',747,1,NULL,NULL),(11588,'Langxiang',747,1,NULL,NULL),(11589,'Lanxi',747,1,NULL,NULL),(11590,'Lingdong',747,1,NULL,NULL),(11591,'Linkou',747,1,NULL,NULL),(11592,'Lishu',747,1,NULL,NULL),(11593,'Longfeng',747,1,NULL,NULL),(11594,'Longjiang',747,1,NULL,NULL),(11595,'Mingshui',747,1,NULL,NULL),(11596,'Mishan',747,1,NULL,NULL),(11597,'Mudanjiang',747,1,NULL,NULL),(11598,'Nancha',747,1,NULL,NULL),(11599,'Nehe',747,1,NULL,NULL),(11600,'Nenjiang',747,1,NULL,NULL),(11601,'Nianzishan',747,1,NULL,NULL),(11602,'Ningan',747,1,NULL,NULL),(11603,'Qingan',747,1,NULL,NULL),(11604,'Qinggang',747,1,NULL,NULL),(11605,'Qiqihar',747,1,NULL,NULL),(11606,'Qitaihe',747,1,NULL,NULL),(11607,'Ranghulu',747,1,NULL,NULL),(11608,'Saertu',747,1,NULL,NULL),(11609,'Shangzhi',747,1,NULL,NULL),(11610,'Shanhetun',747,1,NULL,NULL),(11611,'Shuangcheng',747,1,NULL,NULL),(11612,'Shuangyashan',747,1,NULL,NULL),(11613,'Sifantan',747,1,NULL,NULL),(11614,'Suifenhe',747,1,NULL,NULL),(11615,'Suihua',747,1,NULL,NULL),(11616,'Suileng',747,1,NULL,NULL),(11617,'Tahe',747,1,NULL,NULL),(11618,'Taikang',747,1,NULL,NULL),(11619,'Tailai',747,1,NULL,NULL),(11620,'Tieli',747,1,NULL,NULL),(11621,'Wangkui',747,1,NULL,NULL),(11622,'Weihe',747,1,NULL,NULL),(11623,'Wuchang',747,1,NULL,NULL),(11624,'Xinglongzhen',747,1,NULL,NULL),(11625,'Xinqing',747,1,NULL,NULL),(11626,'Yian',747,1,NULL,NULL),(11627,'Yichun',747,1,NULL,NULL),(11628,'Yilan',747,1,NULL,NULL),(11629,'Youhao',747,1,NULL,NULL),(11630,'Zhaodong',747,1,NULL,NULL),(11631,'Zhaoyuan',747,1,NULL,NULL),(11632,'Zhaozhou',747,1,NULL,NULL),(11633,'Anyang',748,1,NULL,NULL),(11634,'Changying',748,1,NULL,NULL),(11635,'Dancheng',748,1,NULL,NULL),(11636,'Daokou',748,1,NULL,NULL),(11637,'Dengzhou',748,1,NULL,NULL),(11638,'Gongyi',748,1,NULL,NULL),(11639,'Gushi',748,1,NULL,NULL),(11640,'Hebi',748,1,NULL,NULL),(11641,'Huaidian',748,1,NULL,NULL),(11642,'Huangchuan',748,1,NULL,NULL),(11643,'Huangzhai',748,1,NULL,NULL),(11644,'Jiaozuo',748,1,NULL,NULL),(11645,'Jishui',748,1,NULL,NULL),(11646,'Kaifeng',748,1,NULL,NULL),(11647,'Liupen',748,1,NULL,NULL),(11648,'Luohe',748,1,NULL,NULL),(11649,'Luoyang',748,1,NULL,NULL),(11650,'Luyang',748,1,NULL,NULL),(11651,'Mengzhou',748,1,NULL,NULL),(11652,'Minggang',748,1,NULL,NULL),(11653,'Nandun',748,1,NULL,NULL),(11654,'Nanyang',748,1,NULL,NULL),(11655,'Pingdingshan',748,1,NULL,NULL),(11656,'Puyang',748,1,NULL,NULL),(11657,'Sanmenxia',748,1,NULL,NULL),(11658,'Shangqiu',748,1,NULL,NULL),(11659,'Tanghe',748,1,NULL,NULL),(11660,'Xiaoyi',748,1,NULL,NULL),(11661,'Xihua',748,1,NULL,NULL),(11662,'Xinxiang',748,1,NULL,NULL),(11663,'Xinyang',748,1,NULL,NULL),(11664,'Xinye',748,1,NULL,NULL),(11665,'Xixiang',748,1,NULL,NULL),(11666,'Xuanwu',748,1,NULL,NULL),(11667,'Xuchang',748,1,NULL,NULL),(11668,'Yigou',748,1,NULL,NULL),(11669,'Yima',748,1,NULL,NULL),(11670,'Yinzhuang',748,1,NULL,NULL),(11671,'Yunyang',748,1,NULL,NULL),(11672,'Yuzhou',748,1,NULL,NULL),(11673,'Zhecheng',748,1,NULL,NULL),(11674,'Zhengzhou',748,1,NULL,NULL),(11675,'Zhenping',748,1,NULL,NULL),(11676,'Zhoukou',748,1,NULL,NULL),(11677,'Zhumadian',748,1,NULL,NULL),(11678,'Anlu',749,1,NULL,NULL),(11679,'Baisha',749,1,NULL,NULL),(11680,'Buhe',749,1,NULL,NULL),(11681,'Caidian',749,1,NULL,NULL),(11682,'Caohe',749,1,NULL,NULL),(11683,'Danjiangkou',749,1,NULL,NULL),(11684,'Daye',749,1,NULL,NULL),(11685,'Duobao',749,1,NULL,NULL),(11686,'Enshi',749,1,NULL,NULL),(11687,'Ezhou',749,1,NULL,NULL),(11688,'Fengkou',749,1,NULL,NULL),(11689,'Guangshui',749,1,NULL,NULL),(11690,'Gucheng',749,1,NULL,NULL),(11691,'Hanchuan',749,1,NULL,NULL),(11692,'Hongan',749,1,NULL,NULL),(11693,'Honghu',749,1,NULL,NULL),(11694,'Huangmei',749,1,NULL,NULL),(11695,'Huangpi',749,1,NULL,NULL),(11696,'Huangshi',749,1,NULL,NULL),(11697,'Huangzhou',749,1,NULL,NULL),(11698,'Jingmen',749,1,NULL,NULL),(11699,'Jingzhou',749,1,NULL,NULL),(11700,'Laohekou',749,1,NULL,NULL),(11701,'Lichuan',749,1,NULL,NULL),(11702,'Macheng',749,1,NULL,NULL),(11703,'Nanhai',749,1,NULL,NULL),(11704,'Nanzhang',749,1,NULL,NULL),(11705,'Puqi',749,1,NULL,NULL),(11706,'Qianjiang',749,1,NULL,NULL),(11707,'Qingquan',749,1,NULL,NULL),(11708,'Qixingtai',749,1,NULL,NULL),(11709,'Rongcheng',749,1,NULL,NULL),(11710,'Shashi',749,1,NULL,NULL),(11711,'Shishou',749,1,NULL,NULL),(11712,'Shiyan',749,1,NULL,NULL),(11713,'Suizhou',749,1,NULL,NULL),(11714,'Tianmen',749,1,NULL,NULL),(11715,'Tongcheng',749,1,NULL,NULL),(11716,'Wuhan',749,1,NULL,NULL),(11717,'Wuxue',749,1,NULL,NULL),(11718,'Xiangfan',749,1,NULL,NULL),(11719,'Xianning',749,1,NULL,NULL),(11720,'Xiantao',749,1,NULL,NULL),(11721,'Xiaogan',749,1,NULL,NULL),(11722,'Xiaoxita',749,1,NULL,NULL),(11723,'Xiaxindian',749,1,NULL,NULL),(11724,'Xihe',749,1,NULL,NULL),(11725,'Xinpu',749,1,NULL,NULL),(11726,'Xinshi',749,1,NULL,NULL),(11727,'Xinzhou',749,1,NULL,NULL),(11728,'Yichang',749,1,NULL,NULL),(11729,'Yicheng',749,1,NULL,NULL),(11730,'Yingcheng',749,1,NULL,NULL),(11731,'Yingzhong',749,1,NULL,NULL),(11732,'Zaoyang',749,1,NULL,NULL),(11733,'Zhengchang',749,1,NULL,NULL),(11734,'Zhicheng',749,1,NULL,NULL),(11735,'Zhifang',749,1,NULL,NULL),(11736,'Zhongxiang',749,1,NULL,NULL),(11737,'Anjiang',750,1,NULL,NULL),(11738,'Anxiang',750,1,NULL,NULL),(11739,'Changde',750,1,NULL,NULL),(11740,'Changsha',750,1,NULL,NULL),(11741,'Chenzhou',750,1,NULL,NULL),(11742,'Dayong',750,1,NULL,NULL),(11743,'Hengyang',750,1,NULL,NULL),(11744,'Hongjiang',750,1,NULL,NULL),(11745,'Huaihua',750,1,NULL,NULL),(11746,'Jinshi',750,1,NULL,NULL),(11747,'Jishou',750,1,NULL,NULL),(11748,'Leiyang',750,1,NULL,NULL),(11749,'Lengshuijiang',750,1,NULL,NULL),(11750,'Lengshuitan',750,1,NULL,NULL),(11751,'Lianyuan',750,1,NULL,NULL),(11752,'Liling',750,1,NULL,NULL),(11753,'Liuyang',750,1,NULL,NULL),(11754,'Loudi',750,1,NULL,NULL),(11755,'Matian',750,1,NULL,NULL),(11756,'Nanzhou',750,1,NULL,NULL),(11757,'Ningxiang',750,1,NULL,NULL),(11758,'Qidong',750,1,NULL,NULL),(11759,'Qiyang',750,1,NULL,NULL),(11760,'Shaoyang',750,1,NULL,NULL),(11761,'Xiangtan',750,1,NULL,NULL),(11762,'Xiangxiang',750,1,NULL,NULL),(11763,'Xiangyin',750,1,NULL,NULL),(11764,'Xinhua',750,1,NULL,NULL),(11765,'Yiyang',750,1,NULL,NULL),(11766,'Yongfeng',750,1,NULL,NULL),(11767,'Yongzhou',750,1,NULL,NULL),(11768,'Yuanjiang',750,1,NULL,NULL),(11769,'Yueyang',750,1,NULL,NULL),(11770,'Zhuzhou',750,1,NULL,NULL),(11771,'Baoying',751,1,NULL,NULL),(11772,'Changzhou',751,1,NULL,NULL),(11773,'Dachang',751,1,NULL,NULL),(11774,'Dafeng',751,1,NULL,NULL),(11775,'Danyang',751,1,NULL,NULL),(11776,'Dingshu',751,1,NULL,NULL),(11777,'Dongkan',751,1,NULL,NULL),(11778,'Dongtai',751,1,NULL,NULL),(11779,'Fengxian',751,1,NULL,NULL),(11780,'Gaogou',751,1,NULL,NULL),(11781,'Gaoyou',751,1,NULL,NULL),(11782,'Guiren',751,1,NULL,NULL),(11783,'Haian',751,1,NULL,NULL),(11784,'Haizhou',751,1,NULL,NULL),(11785,'Hede',751,1,NULL,NULL),(11786,'Huaicheng',751,1,NULL,NULL),(11787,'Huaiyin',751,1,NULL,NULL),(11788,'Huilong',751,1,NULL,NULL),