-- Table structure for table `mega_menu_bottom_panels`
--

CREATE TABLE `mega_menu_bottom_panels` (
  `id` bigint(20) UNSIGNED NOT NULL,
  `title` varchar(255) COLLATE utf8mb4_unicode_ci DEFAULT NULL,
  `menu_id` bigint(20) UNSIGNED NOT NULL,
  `brand_id` bigint(20) UNSIGNED NOT NULL,
  `position` int(10) UNSIGNED NOT NULL DEFAULT '978437',
  `is_newtab` tinyint(1) NOT NULL DEFAULT '0',
  `created_at` timestamp NULL DEFAULT NULL,
  `updated_at` timestamp NULL DEFAULT NULL
) ENGINE=InnoDB DEFAULT CHARSET=utf8mb4 COLLATE=utf8mb4_unicode_ci;

--
-- Dumping data for table `mega_menu_bottom_panels`
--

INSERT INTO `mega_menu_bottom_panels` (`id`, `title`, `menu_id`, `brand_id`, `position`, `is_newtab`, `created_at`, `updated_at`) VALUES
(1, 'MAX', 9, 3, 978437, 0, '2021-09-28 16:00:27', '2021-09-28 16:00:27'),
(2, 'Nike', 9, 5, 978437, 0, '2021-09-28 16:00:27', '2021-09-28 16:00:27'),
(3, 'Adidas', 9, 6, 978437, 0, '2021-09-28 16:00:27', '2021-09-28 16:00:27'),
(4, 'Ray Ban', 9, 10, 978437, 0, '2021-09-28 16:00:27', '2021-09-28 16:00:27'),
(6, 'MT', 9, 11, 978437, 0, '2021-09-28 16:01:16', '2021-09-28 16:01:16'),
(7, 'Google', 5, 1, 978437, 0, '2021-11-23 17:47:41', '2021-11-23 17:47:41'),
(8, 'RYZEN PC', 5, 12, 978437, 0, '2021-11-23 17:47:41', '2021-11-23 17:47:41'),
(9, 'Intel PC', 5, 13, 978437, 0, '2021-11-23 17:47:41', '2021-11-23 17:47:41'),
(10, 'Transcend', 5, 17, 978437, 0, '2021-11-23 17:47:41', '2021-11-23 17:47:41'),
(11, 'Adata', 5, 18, 978437, 0, '2021-11-23 17:47:41', '2021-11-23 17:47:41'),
(13, 'Google', 6, 1, 978437, 0, '2021-11-23 17:59:02', '2021-11-23 17:59:02'),
(14, 'RYZEN PC', 6, 12, 978437, 0, '2021-11-23 17:59:02', '2021-11-23 17:59:02'),
(15, 'Intel PC', 6, 13, 978437, 0, '2021-11-23 17:59:02', '2021-11-23 17:59:02'),
(16, 'LG', 6, 14, 978437, 0, '2021-11-23 17:59:02', '2021-11-23 17:59:02'),
(17, 'Lenovo', 6, 15, 978437, 0, '2021-11-23 17:59:02', '2021-11-23 17:59:02'),
(18, 'Transcend', 6, 17, 978437, 0, '2021-11-23 17:59:02', '2021-11-23 17:59:02'),
(19, 'Samsung', 6, 21, 978437, 0, '2021-11-23 17:59:02', '2021-11-23 17:59:02'),
(20, 'Sony', 6, 22, 978437, 0, '2021-11-23 17:59:02', '2021-11-23 17:59:02'),
(21, 'Google', 7, 1, 978437, 0, '2021-11-23 18:27:21', '2021-11-23 18:27:21'),
(22, 'Casio', 7, 2, 978437, 0, '2021-11-23 18:27:21', '2021-11-23 18:27:21'),
(23, 'Casio', 4, 2, 978437, 0, '2021-11-23 18:36:17', '2021-11-23 18:36:17'),
(24, 'MAX', 4, 3, 978437, 0, '2021-11-23 18:36:17', '2021-11-23 18:36:17'),
(25, 'Otobi', 14, 7, 978437, 0, '2021-11-23 18:54:23', '2021-11-23 18:54:23'),
(26, 'Samsung', 14, 21, 978437, 0, '2021-11-23 18:54:23', '2021-11-23 18:54:23'),
(27, 'Sony', 14, 22, 978437, 0, '2021-11-23 18:54:23', '2021-11-23 18:54:23'),
(28, 'Google', 13, 1, 978437, 0, '2021-11-23 19:04:48', '2021-11-23 19:04:48'),
(29, 'Otobi', 13, 7, 978437, 0, '2021-11-23 19:04:48', '2021-11-23 19:04:48'),
(30, 'LG', 13, 14, 978437, 0, '2021-11-23 19:04:48', '2021-11-23 19:04:48'),
(31, 'Lenovo', 13, 15, 978437, 0, '2021-11-23 19:04:48', '2021-11-23 19:04:48'),
(32, 'Samsung', 13, 21, 978437, 0, '2021-11-23 19:04:48', '2021-11-23 19:04:48'),
(33, 'Sony', 13, 22, 978437, 0, '2021-11-23 19:04:48', '2021-11-23 19:04:48'),
(34, 'KTM', 8, 4, 978437, 0, '2021-11-23 19:14:47', '2021-11-23 19:14:47'),
(35, 'Toyota', 8, 8, 978437, 0, '2021-11-23 19:14:47', '2021-11-23 19:14:47'),
(36, 'Ferrari', 8, 9, 978437, 0, '2021-11-23 19:14:47', '2021-11-23 19:14:47'),
(37, 'Ray Ban', 8, 10, 978437, 0, '2021-11-23 19:14:47', '2021-11-23 19:14:47'),
(38, 'MT', 8, 11, 978437, 0, '2021-11-23 19:14:47', '2021-11-23 19:14:47'),
(39, 'TVS', 8, 19, 978437, 0, '2021-11-23 19:14:47', '2021-11-23 19:14:47'),
(40, 'Bajaj', 8, 20, 978437, 0, '2021-11-23 19:14:47', '2021-11-23 19:14:47'),
(41, 'LG', 7, 14, 978437, 0, '2021-11-24 17:12:42', '2021-11-24 17:12:42'),
(42, 'Samsung', 7, 21, 978437, 0, '2021-11-24 17:12:42', '2021-11-24 17:12:42'),
(43, 'Apple', 7, 27, 978437, 0, '2021-11-24 17:12:42', '2021-11-24 17:12:42'),
(44, 'Nike', 4, 5, 978437, 0, '2021-11-24 17:14:04', '2021-11-24 17:14:04'),
(45, 'Adidas', 4, 6, 978437, 0, '2021-11-24 17:14:04', '2021-11-24 17:14:04'),
(46, 'LG', 4, 14, 978437, 0, '2021-11-24 17:14:04', '2021-11-24 17:14:04'),
(47, 'Samsung', 4, 21, 978437, 0, '2021-11-24 17:14:04', '2021-11-24 17:14:04'),
(48, 'Sony', 4, 22, 978437, 0, '2021-11-24 17:14:04', '2021-11-24 17:14:04'),
(49, 'Apple', 4, 27, 978437, 0, '2021-11-24 17:14:04', '2021-11-24 17:14:04'),
(50, 'Toyota', 10, 8, 978437, 0, '2021-11-24 17:20:23', '2021-11-24 17:20:23'),
(51, 'Ray Ban', 10, 10, 978437, 0, '2021-11-24 17:20:23', '2021-11-24 17:20:23'),
(52, 'RYZEN PC', 10, 12, 978437, 0, '2021-11-24 17:20:23', '2021-11-24 17:20:23'),
(53, 'Bajaj', 10, 20, 978437, 0, '2021-11-24 17:20:23', '2021-11-24 17:20:23'),
(54, 'Sony', 10, 22, 978437, 0, '2021-11-24 17:20:23', '2021-11-24 17:20:23'),
(55, 'Apple', 10, 27, 978437, 0, '2021-11-24 17:20:23', '2021-11-24 17:20:23'),
(56, 'Asgardia', 14, 3, 978437, 0, '2021-11-24 18:00:10', '2021-11-24 18:00:10'),
(57, 'Aven', 14, 4, 978437, 0, '2021-11-24 18:00:10', '2021-11-24 18:00:10'),
(58, 'Adidas', 14, 6, 978437, 0, '2021-11-24 18:00:10', '2021-11-24 18:00:10'),
(59, 'Adata', 5, 18, 978437, 0, '2021-11-25 17:34:01', '2021-11-25 17:34:01'),
(60, 'Samsung', 5, 21, 978437, 0, '2021-11-25 17:34:01', '2021-11-25 17:34:01'),
(61, 'Apple', 5, 27, 978437, 0, '2021-11-25 17:34:01', '2021-11-25 17:34:01'),
(62, 'Nike', 7, 5, 978437, 0, '2021-11-25 17:35:06', '2021-11-25 17:35:06'),
(63, 'Ray Ban', 7, 10, 978437, 0, '2021-11-25 17:35:06', '2021-11-25 17:35:06'),
(64, 'Apple', 7, 27, 978437, 0, '2021-11-25 17:35:06', '2021-11-25 17:35:06'),
(65, 'Aven', 10, 4, 978437, 0, '2021-11-25 17:36:26', '2021-11-25 17:36:26'),
(66, 'Sony', 10, 22, 978437, 0, '2021-11-25 17:36:26', '2021-11-25 17:36:26'),
(67, 'Bajaj', 9, 20, 978437, 0, '2021-11-25 17:37:19', '2021-11-25 17:37:19'),
(68, 'Samsung', 9, 21, 978437, 0, '2021-11-25 17:37:19', '2021-11-25 17:37:19'),
(69, 'Apple', 9, 27, 978437, 0, '2021-11-25 17:37:19', '2021-11-25 17:37:19'),
(70, 'Nike', 14, 5, 978437, 0, '2021-11-25 17:38:11', '2021-11-25 17:38:11'),
(71, 'Ray Ban', 14, 10, 978437, 0, '2021-11-25 17:38:12', '2021-11-25 17:38:12'),
(72, 'TVS', 13, 19, 978437, 0, '2021-11-25 17:38:58', '2021-11-25 17:38:58'),
(73, 'Bajaj', 13, 20, 978437, 0, '2021-11-25 17:38:58', '2021-11-25 17:38:58'),
(74, 'LG', 8, 14, 978437, 0, '2021-11-25 17:39:46', '2021-11-25 17:39:46');

-- --------------------------------------------------------

--
-- Table structure for table `mega_menu_right_panels`
--

CREATE TABLE `mega_menu_right_panels` (
  `id` bigint(20) UNSIGNED NOT NULL,
  `title` varchar(255) COLLATE utf8mb4_unicode_ci DEFAULT NULL,
  `menu_id` bigint(20) UNSIGNED NOT NULL,
  `category_id` bigint(20) UNSIGNED NOT NULL,
  `position` int(10) UNSIGNED NOT NULL DEFAULT '978437',
  `is_newtab` tinyint(1) NOT NULL DEFAULT '0',
  `created_at` timestamp NULL DEFAULT NULL,
  `updated_at` timestamp NULL DEFAULT NULL
) ENGINE=InnoDB DEFAULT CHARSET=utf8mb4 COLLATE=utf8mb4_unicode_ci;

--
-- Dumping data for table `mega_menu_right_panels`
--

INSERT INTO `mega_menu_right_panels` (`id`, `title`, `menu_id`, `category_id`, `position`, `is_newtab`, `created_at`, `updated_at`) VALUES
(1, 'Women Fashion', 4, 1, 978437, 0, '2021-09-28 13:36:20', '2021-09-28 13:36:20'),
(2, 'Men Fashion', 4, 2, 978437, 0, '2021-09-28 13:36:20', '2021-09-28 13:36:20'),
(3, 'Bags', 4, 3, 978437, 0, '2021-09-28 13:36:20', '2021-09-28 13:36:20'),
(5, 'Bags', 9, 3, 978437, 0, '2021-09-28 16:00:00', '2021-09-28 16:00:00'),
(6, 'Shoes', 9, 6, 978437, 0, '2021-09-28 16:00:00', '2021-09-28 16:00:00'),
(7, 'Men Shoes', 9, 7, 978437, 0, '2021-09-28 16:00:00', '2021-09-28 16:00:00'),
(8, 'Women Shoes', 9, 8, 978437, 0, '2021-09-28 16:00:00', '2021-09-28 16:00:00'),
(11, 'Computer', 5, 15, 978437, 0, '2021-11-23 17:47:00', '2021-11-23 17:47:00'),
(12, 'Monitor', 5, 16, 978437, 0, '2021-11-23 17:47:00', '2021-11-23 17:47:00'),
(13, 'Laptop', 5, 17, 978437, 0, '2021-11-23 17:47:00', '2021-11-23 17:47:00'),
(14, 'SSD', 5, 18, 978437, 0, '2021-11-23 17:47:00', '2021-11-23 17:47:00'),
(15, 'Computer', 6, 15, 978437, 0, '2021-11-23 17:58:33', '2021-11-23 17:58:33'),
(16, 'Mobiles', 6, 19, 978437, 0, '2021-11-23 17:58:33', '2021-11-23 17:58:33'),
(17, 'Camera', 6, 20, 978437, 0, '2021-11-23 17:58:33', '2021-11-23 17:58:33'),
(18, 'Ip Camera', 6, 21, 978437, 0, '2021-11-23 17:58:33', '2021-11-23 17:58:33'),
(19, 'Watch', 7, 4, 978437, 0, '2021-11-23 18:27:03', '2021-11-23 18:27:03'),
(20, 'Shoes', 4, 6, 978437, 0, '2021-11-23 18:35:48', '2021-11-23 18:35:48'),
(21, 'Toys & Hobbies', 10, 22, 978437, 0, '2021-11-23 18:40:56', '2021-11-23 18:40:56'),
(22, 'Furnitures', 14, 9, 978437, 0, '2021-11-23 18:54:01', '2021-11-23 18:54:01'),
(23, 'Sofa', 14, 10, 978437, 0, '2021-11-23 18:54:01', '2021-11-23 18:54:01'),
(24, 'Furnitures', 13, 9, 978437, 0, '2021-11-23 19:03:58', '2021-11-23 19:03:58'),
(25, 'Computer', 13, 15, 978437, 0, '2021-11-23 19:03:58', '2021-11-23 19:03:58'),
(26, 'Monitor', 13, 16, 978437, 0, '2021-11-23 19:03:58', '2021-11-23 19:03:58'),
(27, 'Automobiles & bikes', 8, 11, 978437, 0, '2021-11-23 19:14:12', '2021-11-23 19:14:12'),
(28, 'Bikes', 8, 5, 978437, 0, '2021-11-23 19:14:12', '2021-11-23 19:14:12'),
(29, 'Cars', 8, 12, 978437, 0, '2021-11-23 19:14:12', '2021-11-23 19:14:12'),
(30, 'Helmet', 8, 14, 978437, 0, '2021-11-23 19:14:12', '2021-11-23 19:14:12'),
(31, 'Women Fashion', 7, 1, 978437, 0, '2021-11-24 17:11:51', '2021-11-24 17:11:51'),
(32, 'Men Fashion', 7, 2, 978437, 0, '2021-11-24 17:11:51', '2021-11-24 17:11:51'),
(33, 'Sun Glasses', 10, 13, 978437, 0, '2021-11-24 17:20:58', '2021-11-24 17:20:58'),
(34, 'BiCycle', 10, 26, 978437, 0, '2021-11-24 17:20:58', '2021-11-24 17:20:58'),
(35, 'Wooden Furniture', 14, 27, 978437, 0, '2021-11-24 17:50:10', '2021-11-24 17:50:10'),
(36, 'Wooden Furniture', 13, 27, 978437, 0, '2021-11-24 18:14:18', '2021-11-24 18:14:18');

-- --------------------------------------------------------

--
-- Table structure for table `menus`
--

CREATE TABLE `menus` (
  `id` bigint(20) UNSIGNED NOT NULL,
  `name` varchar(255) COLLATE utf8mb4_unicode_ci NOT NULL,
  `slug` varchar(255) COLLATE utf8mb4_unicode_ci NOT NULL,
  `icon` varchar(255) COLLATE utf8mb4_unicode_ci DEFAULT NULL,
  `menu_type` varchar(255) COLLATE utf8mb4_unicode_ci NOT NULL,
  `menu_position` varchar(255) COLLATE utf8mb4_unicode_ci NOT NULL,
  `status` tinyint(1) NOT NULL DEFAULT '0',
  `has_parent` int(10) UNSIGNED DEFAULT NULL,
  `order_by` int(10) UNSIGNED NOT NULL DEFAULT '865435',
  `created_by` bigint(20) UNSIGNED DEFAULT NULL,
  `updated_by` bigint(20) UNSIGNED DEFAULT NULL,
  `created_at` timestamp NULL DEFAULT NULL,
  `updated_at` timestamp NULL DEFAULT NULL
) ENGINE=InnoDB DEFAULT CHARSET=utf8mb4 COLLATE=utf8mb4_unicode_ci;

--
-- Dumping data for table `menus`
--

INSERT INTO `menus` (`id`, `name`, `slug`, `icon`, `menu_type`, `menu_position`, `status`, `has_parent`, `order_by`, `created_by`, `updated_by`, `created_at`, `updated_at`) VALUES
(1, 'Top Navbar left menu', 'top-navbar-left-menu', NULL, 'normal_menu', 'top_navbar', 1, NULL, 1, NULL, NULL, '2021-09-25 18:33:00', '2021-09-25 18:33:00'),
(2, 'Top Navbar right menu', 'top-navbar-right-menu', NULL, 'normal_menu', 'top_navbar', 1, NULL, 2, NULL, NULL, '2021-09-25 18:33:00', '2021-09-25 18:33:00'),
(3, 'All Categories', 'all-categories', 'fas fa-align-justify', 'multi_mega_menu', 'main_menu', 1, NULL, 865435, 1, NULL, '2021-09-28 13:28:05', '2021-09-28 13:28:05'),
(4, 'Fashions', 'fashions', 'ti-stamp', 'mega_menu', 'main_menu', 1, 1, 865435, 1, 1, '2021-09-28 13:30:37', '2021-10-24 12:11:03'),
(5, 'Computer & Accessories', 'computer-accessories', 'fas fa-desktop', 'mega_menu', 'main_menu', 1, 1, 865435, 1, 1, '2021-09-28 14:12:41', '2021-11-23 11:12:04'),
(6, 'Electronics Devices', 'electronics-devices', 'fas fa-vote-yea', 'mega_menu', 'main_menu', 1, 1, 865435, 1, 1, '2021-09-28 14:13:49', '2021-09-28 14:15:14'),
(7, 'Watches & Accessories', 'watches-accessories', 'far fa-clock', 'mega_menu', 'main_menu', 1, 1, 865435, 1, 1, '2021-09-28 14:14:48', '2021-09-28 14:15:14'),
(8, 'Auto Mobiles & bikes', 'auto-mobiles-bikes', 'fas fa-bicycle', 'mega_menu', 'main_menu', 1, 1, 865435, 1, 1, '2021-09-28 14:19:11', '2021-11-23 17:04:29'),
(9, 'Bag & Shoes', 'bag-shoes', 'fas fa-shopping-bag', 'mega_menu', 'main_menu', 1, 1, 865435, 1, 1, '2021-09-28 14:20:26', '2021-09-28 14:22:42'),
(10, 'Toys , Kids & Babies', 'toys-kids-babies', 'fab fa-kickstarter-k', 'mega_menu', 'main_menu', 1, 1, 865435, 1, 1, '2021-09-28 14:22:09', '2021-09-28 14:22:42'),
(11, 'Outdoor Fun & Sports', 'outdoor-fun-sports', 'fas fa-football-ball', 'mega_menu', 'main_menu', 1, NULL, 865435, 1, NULL, '2021-09-28 14:24:07', '2021-09-28 14:24:07'),
(12, 'Groceries & Pets', 'groceries-pets', 'far fa-object-group', 'mega_menu', 'main_menu', 0, 1, 865435, 1, 1, '2021-09-28 14:25:32', '2021-11-23 19:08:02'),
(13, 'TV & Home Appliances', 'tv-home-appliances', 'fas fa-tv', 'mega_menu', 'main_menu', 1, 1, 865435, 1, 1, '2021-09-28 14:26:49', '2021-09-28 14:27:33'),
(14, 'Lifestyle & Home', 'lifestyle--home', 'fas fa-home', 'mega_menu', 'main_menu', 1, 1, 865435, 1, 1, '2021-09-28 14:27:14', '2021-11-23 11:16:29'),
(16, 'Check Menu', 'check-menu', NULL, 'mega_menu', 'main_menu', 0, 1, 865435, 1, 1, '2021-11-23 11:13:12', '2021-11-23 17:04:06');

-- --------------------------------------------------------

--
-- Table structure for table `menu_columns`
--

CREATE TABLE `menu_columns` (
  `id` bigint(20) UNSIGNED NOT NULL,
  `menu_id` bigint(20) UNSIGNED NOT NULL,
  `column` varchar(255) COLLATE utf8mb4_unicode_ci NOT NULL,
  `size` varchar(255) COLLATE utf8mb4_unicode_ci NOT NULL,
  `parent_id` bigint(20) UNSIGNED DEFAULT NULL,
  `position` int(10) UNSIGNED NOT NULL DEFAULT '0',
  `created_at` timestamp NULL DEFAULT NULL,
  `updated_at` timestamp NULL DEFAULT NULL
) ENGINE=InnoDB DEFAULT CHARSET=utf8mb4 COLLATE=utf8mb4_unicode_ci;

--
-- Dumping data for table `menu_columns`
--

INSERT INTO `menu_columns` (`id`, `menu_id`, `column`, `size`, `parent_id`, `position`, `created_at`, `updated_at`) VALUES
(1, 4, 'Women Fashions', '1/3', NULL, 0, '2021-09-28 13:30:37', '2021-09-28 13:31:57'),
(2, 4, 'Men Fashions', '1/3', NULL, 987678, '2021-09-28 13:31:44', '2021-09-28 13:31:44'),
(3, 4, 'Exclusive Bags', '1/3', NULL, 987678, '2021-09-28 13:35:16', '2021-09-28 13:35:16'),
(4, 5, 'Desktop Computer', '1/3', NULL, 0, '2021-09-28 14:12:41', '2021-09-28 15:43:10'),
(5, 6, 'Cameras', '1/3', NULL, 0, '2021-09-28 14:13:49', '2021-10-03 17:21:36'),
(6, 7, 'Men\'s Watch', '1/3', NULL, 0, '2021-09-28 14:14:48', '2021-09-30 18:22:04'),
(7, 8, 'Motorcycle Accessories & Parts', '1/3', NULL, 0, '2021-09-28 14:19:11', '2021-09-30 18:38:52'),
(8, 9, 'Women\'s Luggage & Bags', '1/3', NULL, 1, '2021-09-28 14:20:26', '2021-09-28 15:53:29'),
(9, 10, 'Baby', '1/3', NULL, 0, '2021-09-28 14:22:09', '2021-11-24 17:15:47'),
(10, 11, 'Column 1', '1/3', NULL, 0, '2021-09-28 14:24:07', '2021-09-28 14:24:07'),
(11, 12, 'Column 1', '1/3', NULL, 0, '2021-09-28 14:25:32', '2021-09-28 14:25:32'),
(12, 13, 'Television', '1/3', NULL, 1, '2021-09-28 14:26:49', '2021-11-23 19:02:51'),
(13, 14, 'Furniture', '1/3', NULL, 0, '2021-09-28 14:27:14', '2021-09-30 18:48:20'),
(14, 5, 'Laptop Computer', '1/3', NULL, 987678, '2021-09-28 15:43:24', '2021-09-28 15:43:24'),
(15, 5, 'Monitors', '1/3', NULL, 987678, '2021-09-28 15:43:47', '2021-09-28 15:43:47'),
(16, 5, 'Peripherals', '1/3', NULL, 987678, '2021-09-28 15:44:02', '2021-11-24 16:41:43'),
(17, 5, 'Storage Device', '1/3', NULL, 987678, '2021-09-28 15:44:20', '2021-11-24 16:42:53'),
(18, 5, 'SSD', '1/3', NULL, 987678, '2021-09-28 15:44:36', '2021-09-28 15:44:36'),
(19, 9, 'Women Shoes', '1/3', NULL, 4, '2021-09-28 15:49:57', '2021-09-28 15:53:37'),
(20, 9, 'Men Bags', '1/3', NULL, 2, '2021-09-28 15:51:05', '2021-09-28 15:53:29'),
(21, 9, 'Men Shoes', '1/3', NULL, 5, '2021-09-28 15:51:14', '2021-09-28 15:53:37'),
(22, 9, 'Others Bags & Accessories', '1/3', NULL, 3, '2021-09-28 15:52:30', '2021-09-28 15:53:37'),
(23, 9, 'Casual Shoes', '1/3', NULL, 6, '2021-09-28 15:52:56', '2021-09-28 15:53:29'),
(24, 7, 'Women\'s Watch', '1/3', NULL, 987678, '2021-09-30 18:22:27', '2021-09-30 18:22:27'),
(25, 8, 'TVS', '1/3', NULL, 987678, '2021-09-30 18:41:23', '2021-09-30 18:41:23'),
(26, 8, 'Bajaj', '1/3', NULL, 987678, '2021-09-30 18:42:18', '2021-09-30 18:42:18'),
(27, 6, 'Laptops', '1/3', NULL, 987678, '2021-10-03 17:22:40', '2021-10-03 17:22:40'),
(28, 6, 'Desktops', '1/3', NULL, 987678, '2021-10-03 17:23:42', '2021-10-03 17:23:42'),
(31, 13, 'Monitor', '1/3', NULL, 2, '2021-11-21 11:37:52', '2021-11-23 19:02:51'),
(32, 16, 'Column 1', '1/3', NULL, 0, '2021-11-23 11:13:12', '2021-11-23 11:13:12'),
(33, 6, 'Mobile', '1/3', NULL, 987678, '2021-11-23 17:50:01', '2021-11-23 17:50:01'),
(34, 6, 'Television', '1/3', NULL, 987678, '2021-11-23 17:52:03', '2021-11-23 17:52:03'),
(35, 6, 'Fridge', '1/3', NULL, 987678, '2021-11-23 17:52:11', '2021-11-23 17:52:11'),
(36, 7, 'Digital Watch', '1/3', NULL, 987678, '2021-11-23 18:22:27', '2021-11-23 18:22:27'),
(37, 7, 'Analog Watch', '1/3', NULL, 987678, '2021-11-23 18:22:36', '2021-11-23 18:22:36'),
(38, 7, 'Smart Watch', '1/3', NULL, 987678, '2021-11-23 18:22:45', '2021-11-23 18:22:45'),
(39, 7, 'Wall Watch', '1/3', NULL, 987678, '2021-11-23 18:22:58', '2021-11-23 18:22:58'),
(40, 4, 'Shoe', '1/3', NULL, 987678, '2021-11-23 18:28:30', '2021-11-23 18:30:14'),
(41, 4, 'Watch', '1/3', NULL, 987678, '2021-11-23 18:28:55', '2021-11-23 18:28:55'),
(42, 4, 'Glass', '1/3', NULL, 987678, '2021-11-23 18:29:22', '2021-11-23 18:34:46'),
(43, 10, 'Girl', '1/3', NULL, 987678, '2021-11-23 18:37:49', '2021-11-23 18:37:49'),
(44, 10, 'Boy', '1/3', NULL, 987678, '2021-11-23 18:37:56', '2021-11-23 18:37:56'),
(45, 10, 'Remote Control', '1/3', NULL, 987678, '2021-11-23 18:38:05', '2021-11-23 18:38:05'),
(46, 10, 'Mother & Baby', '1/3', NULL, 987678, '2021-11-23 18:38:29', '2021-11-23 18:38:29'),
(47, 10, 'Toys', '1/3', NULL, 987678, '2021-11-23 18:38:44', '2021-11-23 18:38:44'),
(51, 14, 'Home Decor', '1/3', NULL, 987678, '2021-11-23 18:51:06', '2021-11-23 18:51:06'),
(52, 14, 'Lighting', '1/3', NULL, 987678, '2021-11-23 18:51:26', '2021-11-23 18:51:26'),
(53, 13, 'Home Decor', '1/3', NULL, 4, '2021-11-23 18:56:07', '2021-11-23 19:02:51'),
(54, 13, 'Home Improvement', '1/3', NULL, 3, '2021-11-23 18:56:30', '2021-11-23 19:02:51'),
(55, 13, 'Indoor Lighiting', '1/3', NULL, 5, '2021-11-23 18:56:53', '2021-11-23 19:02:51'),
(56, 13, 'Outdoor LIghiting', '1/3', NULL, 6, '2021-11-23 18:57:19', '2021-11-23 19:02:51'),
(57, 8, 'Car', '1/3', NULL, 987678, '2021-11-23 19:08:35', '2021-11-23 19:08:35'),
(58, 8, 'Bike', '1/3', NULL, 987678, '2021-11-23 19:08:48', '2021-11-23 19:08:48'),
(59, 8, 'Car Accessories', '1/3', NULL, 987678, '2021-11-23 19:09:11', '2021-11-23 19:09:11'),
(60, 14, 'Lifestyle', '1/3', NULL, 987678, '2021-11-24 17:45:20', '2021-11-24 17:45:20'),
(61, 14, 'Tools', '1/3', NULL, 987678, '2021-11-24 17:46:39', '2021-11-24 17:46:39'),
(62, 14, 'Home Textile', '1/3', NULL, 987678, '2021-11-24 17:47:22', '2021-11-24 17:47:22');

-- --------------------------------------------------------

--
-- Table structure for table `menu_elements`
--

CREATE TABLE `menu_elements` (
  `id` bigint(20) UNSIGNED NOT NULL,
  `menu_id` bigint(20) UNSIGNED NOT NULL,
  `column_id` bigint(20) UNSIGNED DEFAULT NULL,
  `type` varchar(255) COLLATE utf8mb4_unicode_ci NOT NULL,
  `element_id` bigint(20) UNSIGNED DEFAULT NULL,
  `title` varchar(255) COLLATE utf8mb4_unicode_ci DEFAULT NULL,
  `link` varchar(255) COLLATE utf8mb4_unicode_ci DEFAULT NULL,
  `parent_id` bigint(20) UNSIGNED DEFAULT NULL,
  `position` int(10) UNSIGNED NOT NULL DEFAULT '0',
  `show` tinyint(1) NOT NULL DEFAULT '0',
  `is_newtab` tinyint(1) NOT NULL DEFAULT '0',
  `created_at` timestamp NULL DEFAULT NULL,
  `updated_at` timestamp NULL DEFAULT NULL
) ENGINE=InnoDB DEFAULT CHARSET=utf8mb4 COLLATE=utf8mb4_unicode_ci;

--
-- Dumping data for table `menu_elements`
--

INSERT INTO `menu_elements` (`id`, `menu_id`, `column_id`, `type`, `element_id`, `title`, `link`, `parent_id`, `position`, `show`, `is_newtab`, `created_at`, `updated_at`) VALUES
(1, 1, NULL, 'page', 4, 'Become A Merchant', NULL, NULL, 1, 0, 0, NULL, NULL),
(2, 2, NULL, 'page', 14, 'Track Orders', NULL, NULL, 1, 0, 0, NULL, NULL),
(3, 2, NULL, 'page', 16, 'Compare', NULL, NULL, 2, 0, 0, NULL, NULL),
(4, 2, NULL, 'page', 8, 'My Wish List', NULL, NULL, 3, 0, 0, NULL, NULL),
(5, 2, NULL, 'page', 13, 'Help & Contact Us', NULL, NULL, 4, 0, 0, NULL, NULL),
(6, 2, NULL, 'page', 7, 'My Cart', NULL, NULL, 5, 0, 0, NULL, NULL),
(7, 2, NULL, 'page', 5, 'My Account', NULL, NULL, 6, 0, 0, NULL, NULL),
(8, 2, NULL, 'page', 17, 'Dashboard', NULL, 7, 1, 0, 0, NULL, NULL),
(9, 2, NULL, 'page', 6, 'My Orders', NULL, 7, 2, 0, 0, NULL, NULL),
(10, 2, NULL, 'page', 19, 'My Giftcarts', NULL, 7, 3, 0, 0, NULL, NULL),
(11, 2, NULL, 'page', 20, 'My Digital Products', NULL, 7, 4, 0, 0, NULL, NULL),
(12, 2, NULL, 'page', 8, 'My Wish List', NULL, 7, 5, 0, 0, NULL, NULL),
(13, 2, NULL, 'page', 9, 'Refunds & Disputes', NULL, 7, 6, 0, 0, NULL, NULL),
(14, 2, NULL, 'page', 10, 'My Coupons', NULL, 7, 7, 0, 0, NULL, NULL),
(15, 2, NULL, 'page', 5, 'My Profile', NULL, 7, 8, 0, 0, NULL, NULL),
(16, 2, NULL, 'page', 11, 'My Wallet', NULL, 7, 9, 0, 0, NULL, NULL),
(17, 2, NULL, 'page', 12, 'Referral', NULL, 7, 10, 0, 0, NULL, NULL),
(18, 2, NULL, 'page', 15, 'Support Tickets', NULL, 7, 11, 0, 0, NULL, NULL),
(19, 4, 1, 'category', 1, 'Women Fashion', NULL, NULL, 1, 0, 0, '2021-09-28 13:33:15', '2021-09-28 13:33:29'),
(20, 4, 2, 'category', 2, 'Men Fashion', NULL, NULL, 1, 0, 0, '2021-09-28 13:33:15', '2021-09-28 13:33:32'),
(21, 4, 2, 'category', 13, 'Sun Glasses', NULL, NULL, 3, 0, 0, '2021-09-28 13:34:16', '2021-11-23 18:35:12'),
(22, 4, 3, 'category', 3, 'Bags', NULL, NULL, 3, 0, 0, '2021-09-28 13:35:30', '2021-11-23 18:33:51'),
(23, 5, 15, 'link', NULL, 'DEll Package 1', '#', NULL, 2, 0, 0, '2021-09-28 15:45:56', '2021-11-23 17:43:25'),
(24, 5, 15, 'link', NULL, 'Asus Monitor', '#', NULL, 3, 0, 0, '2021-09-28 15:47:39', '2021-11-23 17:43:25'),
(28, 9, 8, 'link', NULL, 'Exclusive ladies bag', 'https://amazcart.rishfa.com/seller-profile/amira-stores-13', NULL, 1, 0, 0, '2021-09-28 15:57:35', '2021-11-23 18:43:20'),
(29, 9, 8, 'link', NULL, 'Lather bags', 'https://amazcart.rishfa.com/seller-profile/amira-stores-13', NULL, 4, 0, 0, '2021-09-28 15:58:38', '2021-11-23 18:43:38'),
(30, 9, 20, 'brand', 3, 'MAX', NULL, NULL, 1, 0, 0, '2021-09-28 16:02:40', '2021-09-28 16:02:47'),
(31, 9, 20, 'brand', 5, 'Nike', NULL, NULL, 3, 0, 0, '2021-09-28 16:02:40', '2021-11-23 18:43:26'),
(32, 9, 20, 'brand', 6, 'Adidas', NULL, NULL, 4, 0, 0, '2021-09-28 16:02:40', '2021-11-23 18:43:26'),
(43, 9, 19, 'category', 8, 'Women Shoes', NULL, NULL, 1, 0, 0, '2021-09-30 18:18:33', '2021-09-30 18:18:45'),
(50, 8, 7, 'category', 14, 'Helmet', NULL, NULL, 2, 0, 0, '2021-09-30 18:39:13', '2021-11-23 19:12:46'),
(51, 8, 25, 'brand', 19, 'TVS', NULL, NULL, 1, 0, 0, '2021-09-30 18:39:29', '2021-11-23 19:12:03'),
(52, 8, 26, 'brand', 20, 'Bajaj', NULL, NULL, 1, 0, 0, '2021-09-30 18:39:35', '2021-11-23 19:12:07'),
(65, 16, 32, 'product', 2, 'Exclsive Bag 2', NULL, NULL, 1, 0, 0, '2021-11-23 11:14:16', '2021-11-23 11:14:22'),
(67, 5, 4, 'tag', 9, 'amp computer', NULL, NULL, 2, 0, 0, '2021-11-23 17:10:11', '2021-11-23 17:19:12'),
(68, 5, 4, 'tag', 10, 'computer', NULL, NULL, 3, 0, 0, '2021-11-23 17:10:11', '2021-11-23 17:19:12'),
(69, 5, 17, 'brand', 18, 'Adata', NULL, NULL, 1, 0, 0, '2021-11-23 17:11:28', '2021-11-24 16:45:46'),
(72, 5, 4, 'category', 15, 'Computer', NULL, NULL, 1, 0, 0, '2021-11-23 17:16:56', '2021-11-23 17:19:12'),
(73, 5, 15, 'category', 16, 'Monitor', NULL, NULL, 1, 0, 0, '2021-11-23 17:16:56', '2021-11-23 17:43:25'),
(74, 5, 14, 'category', 17, 'Laptop', NULL, NULL, 1, 0, 0, '2021-11-23 17:16:56', '2021-11-23 17:19:28'),
(75, 5, 18, 'category', 18, 'SSD', NULL, NULL, 1, 0, 0, '2021-11-23 17:16:56', '2021-11-24 16:46:18'),
(76, 5, 14, 'product', 23, 'Ryzen 3 3200G', NULL, NULL, 2, 0, 0, '2021-11-23 17:18:25', '2021-11-23 17:19:38'),
(77, 5, 16, 'product', 25, 'Intel Pentium Gold G6400 10th Gen PC', NULL, NULL, 2, 0, 0, '2021-11-23 17:18:25', '2021-11-23 17:19:49'),
(78, 5, 16, 'product', 26, '10th Gen Core i3 10100', NULL, NULL, 3, 0, 0, '2021-11-23 17:18:25', '2021-11-23 17:19:52'),
(79, 5, 17, 'product', 27, 'AMD Ryzen 5 3600X Gaming PC', NULL, NULL, 2, 0, 0, '2021-11-23 17:18:25', '2021-11-24 16:46:18'),
(80, 5, 14, 'product', 39, 'Samsung Galaxy Note 20 - 6.7\" (1080x2040 pixels) - 64MP Camera - 8GB RAM - Exynos 990 - 4,300 mAh Battery', NULL, NULL, 3, 0, 0, '2021-11-23 17:18:25', '2021-11-23 17:43:25'),
(81, 5, 18, 'brand', 1, 'Google', NULL, NULL, 2, 0, 0, '2021-11-23 17:18:55', '2021-11-24 16:46:18'),
(83, 5, 16, 'brand', 12, 'RYZEN PC', NULL, NULL, 4, 0, 0, '2021-11-23 17:18:55', '2021-11-23 17:20:08'),
(84, 5, 18, 'brand', 13, 'Intel PC', NULL, NULL, 3, 0, 0, '2021-11-23 17:18:55', '2021-11-24 16:46:18'),
(85, 6, 28, 'category', 15, 'Computer', NULL, NULL, 4, 0, 0, '2021-11-23 17:52:56', '2021-11-23 17:56:57'),
(86, 6, 28, 'category', 16, 'Monitor', NULL, NULL, 3, 0, 0, '2021-11-23 17:52:56', '2021-11-23 17:56:57'),
(87, 6, 27, 'category', 17, 'Laptop', NULL, NULL, 1, 0, 0, '2021-11-23 17:52:56', '2021-11-23 17:56:22'),
(88, 6, 27, 'category', 18, 'SSD', NULL, NULL, 4, 0, 0, '2021-11-23 17:52:56', '2021-11-23 17:57:34'),
(89, 6, 33, 'category', 19, 'Mobiles', NULL, NULL, 2, 0, 0, '2021-11-23 17:52:56', '2021-11-23 17:56:48'),
(90, 6, 5, 'category', 20, 'Camera', NULL, NULL, 1, 0, 0, '2021-11-23 17:52:56', '2021-11-23 17:56:36'),
(91, 6, 5, 'category', 21, 'Ip Camera', NULL, NULL, 2, 0, 0, '2021-11-23 17:52:56', '2021-11-23 17:56:42'),
(92, 6, 33, 'brand', 1, 'Google', NULL, NULL, 1, 0, 0, '2021-11-23 17:55:12', '2021-11-23 17:56:48'),
(93, 6, 28, 'brand', 12, 'RYZEN PC', NULL, NULL, 2, 0, 0, '2021-11-23 17:55:12', '2021-11-23 17:56:57'),
(94, 6, 28, 'brand', 13, 'Intel PC', NULL, NULL, 1, 0, 0, '2021-11-23 17:55:12', '2021-11-23 17:56:57'),
(95, 6, 34, 'brand', 14, 'LG', NULL, NULL, 1, 0, 0, '2021-11-23 17:55:12', '2021-11-23 17:57:02'),
(96, 6, 27, 'brand', 15, 'Lenovo', NULL, NULL, 2, 0, 0, '2021-11-23 17:55:12', '2021-11-23 17:57:07'),
(97, 6, 34, 'brand', 21, 'Samsung', NULL, NULL, 3, 0, 0, '2021-11-23 17:55:12', '2021-11-23 17:57:16'),
(98, 6, 34, 'brand', 22, 'Sony', NULL, NULL, 2, 0, 0, '2021-11-23 17:55:12', '2021-11-23 17:57:13'),
(99, 6, 5, 'tag', 34, 'sony camera', NULL, NULL, 4, 0, 0, '2021-11-23 17:55:54', '2021-11-23 17:57:27'),
(100, 6, 5, 'tag', 31, 'office camera', NULL, NULL, 3, 0, 0, '2021-11-23 17:55:54', '2021-11-23 17:57:27'),
(101, 6, 27, 'tag', 29, 'ip camera', NULL, NULL, 3, 0, 0, '2021-11-23 17:55:54', '2021-11-23 17:57:34'),
(102, 7, 6, 'category', 4, 'Watch', NULL, NULL, 1, 0, 0, '2021-11-23 18:23:20', '2021-11-23 18:25:27'),
(103, 7, 6, 'product', 43, 'Men Casual Watch 006', NULL, NULL, 2, 0, 0, '2021-11-23 18:23:57', '2021-11-23 18:25:30'),
(104, 7, 24, 'brand', 2, 'Casio', NULL, NULL, 2, 0, 0, '2021-11-23 18:24:30', '2021-11-23 18:25:44'),
(105, 7, 24, 'brand', 21, 'Samsung', NULL, NULL, 1, 0, 0, '2021-11-23 18:24:30', '2021-11-23 18:25:40'),
(106, 7, 36, 'brand', 22, 'Sony', NULL, NULL, 1, 0, 0, '2021-11-23 18:24:30', '2021-11-23 18:25:53'),
(107, 7, 36, 'tag', 78, 'mens watch', NULL, NULL, 2, 0, 0, '2021-11-23 18:24:52', '2021-11-23 18:25:53'),
(108, 7, 37, 'tag', 73, 'watch', NULL, NULL, 1, 0, 0, '2021-11-23 18:24:52', '2021-11-23 18:25:56'),
(109, 7, 37, 'tag', 74, 'exclusive watch', NULL, NULL, 2, 0, 0, '2021-11-23 18:24:52', '2021-11-23 18:25:58'),
(110, 7, 38, 'tag', 75, 'digital watch', NULL, NULL, 1, 0, 0, '2021-11-23 18:24:52', '2021-11-23 18:26:01'),
(111, 7, 38, 'tag', 77, 'casual watch', NULL, NULL, 2, 0, 0, '2021-11-23 18:24:52', '2021-11-23 18:26:02'),
(112, 7, 39, 'tag', 75, 'digital watch', NULL, NULL, 1, 0, 0, '2021-11-23 18:26:30', '2021-11-23 18:26:35'),
(113, 7, 39, 'tag', 30, 'electronics', NULL, NULL, 2, 0, 0, '2021-11-23 18:26:30', '2021-11-23 18:26:37'),
(116, 4, NULL, 'category', 3, 'Bags', NULL, NULL, 2, 0, 0, '2021-11-23 18:30:07', '2021-11-23 18:35:01'),
(117, 4, 41, 'category', 4, 'Watch', NULL, NULL, 1, 0, 0, '2021-11-23 18:30:07', '2021-11-23 18:32:59'),
(118, 4, 40, 'category', 6, 'Shoes', NULL, NULL, 2, 0, 0, '2021-11-23 18:30:07', '2021-11-23 18:33:40'),
(119, 4, 40, 'category', 7, 'Men Shoes', NULL, NULL, 1, 0, 0, '2021-11-23 18:30:07', '2021-11-23 18:33:06'),
(120, 4, 40, 'category', 8, 'Women Shoes', NULL, NULL, 3, 0, 0, '2021-11-23 18:30:07', '2021-11-23 18:33:42'),
(121, 4, 3, 'product', 1, 'Exclusive Bag 1', NULL, NULL, 2, 0, 0, '2021-11-23 18:31:23', '2021-11-23 18:33:51'),
(122, 4, 3, 'product', 2, 'Exclsive Bag 2', NULL, NULL, 1, 0, 0, '2021-11-23 18:31:23', '2021-11-23 18:33:51'),
(123, 4, 41, 'product', 3, 'Exclusive watch 1', NULL, NULL, 2, 0, 0, '2021-11-23 18:31:23', '2021-11-23 18:33:54'),
(124, 4, 41, 'product', 4, 'Exclisive watch 2', NULL, NULL, 3, 0, 0, '2021-11-23 18:31:23', '2021-11-23 18:33:56'),
(125, 4, 40, 'product', 6, 'New Look Casual Shoe', NULL, NULL, 4, 0, 0, '2021-11-23 18:31:23', '2021-11-23 18:34:01'),
(126, 4, 41, 'product', 9, 'Men Casual Watch 005', NULL, NULL, 4, 0, 0, '2021-11-23 18:31:23', '2021-11-23 18:34:06'),
(127, 4, 42, 'product', 11, 'Casual Sun Glass', NULL, NULL, 3, 0, 0, '2021-11-23 18:31:23', '2021-11-23 18:35:05'),
(128, 4, 3, 'product', 12, 'New Fashion Women Bag', NULL, NULL, 4, 0, 0, '2021-11-23 18:31:23', '2021-11-23 18:34:14'),
(129, 4, 42, 'product', 45, 'Eye glass', NULL, NULL, 1, 0, 0, '2021-11-23 18:31:23', '2021-11-23 18:34:59'),
(130, 4, NULL, 'product', 46, 'Sun glass For Man', NULL, NULL, 1, 0, 0, '2021-11-23 18:31:23', '2021-11-23 18:35:01'),
(131, 4, 42, 'product', 47, 'Exclusive Eye glass', NULL, NULL, 2, 0, 0, '2021-11-23 18:31:23', '2021-11-23 18:35:03'),
(132, 4, 42, 'product', 48, 'Eye glass 002', NULL, NULL, 4, 0, 0, '2021-11-23 18:31:23', '2021-11-23 18:35:07'),
(133, 4, 2, 'brand', 5, 'Nike', NULL, NULL, 2, 0, 0, '2021-11-23 18:31:45', '2021-11-23 18:35:12'),
(134, 4, NULL, 'tag', 83, 'exclusive shoe', NULL, NULL, 3, 0, 0, '2021-11-23 18:32:26', '2021-11-23 18:35:12'),
(135, 4, NULL, 'tag', 80, 'men shoe', NULL, NULL, 4, 0, 0, '2021-11-23 18:32:26', '2021-11-23 18:35:12'),
(136, 4, 1, 'tag', 79, 'casual bag', NULL, NULL, 4, 0, 0, '2021-11-23 18:32:26', '2021-11-23 18:35:29'),
(137, 4, 1, 'tag', 70, 'female bag', NULL, NULL, 2, 0, 0, '2021-11-23 18:32:26', '2021-11-23 18:35:29'),
(138, 4, 1, 'tag', 65, 'women bag', NULL, NULL, 3, 0, 0, '2021-11-23 18:32:26', '2021-11-23 18:35:29'),
(139, 4, 2, 'tag', 43, 'loffer', NULL, NULL, 4, 0, 0, '2021-11-23 18:32:26', '2021-11-23 18:35:12'),
(140, 10, 47, 'category', 22, 'Toys & Hobbies', NULL, NULL, 1, 0, 0, '2021-11-23 18:39:08', '2021-11-23 18:40:29'),
(141, 10, 46, 'product', 55, 'Baby toys', NULL, NULL, 1, 0, 0, '2021-11-23 18:39:32', '2021-11-23 18:40:31'),
(142, 10, 45, 'tag', 52, 'gift', NULL, NULL, 2, 0, 0, '2021-11-23 18:40:25', '2021-11-24 17:18:30'),
(143, 10, 44, 'tag', 27, 'hobbies', NULL, NULL, 1, 0, 0, '2021-11-23 18:40:25', '2021-11-23 18:40:37'),
(144, 10, 43, 'tag', 23, 'toy', NULL, NULL, 2, 0, 0, '2021-11-23 18:40:25', '2021-11-24 17:18:21'),
(145, 10, 9, 'tag', 24, 'baby\'s toy', NULL, NULL, 1, 0, 0, '2021-11-23 18:40:25', '2021-11-23 18:40:43'),
(146, 9, 8, 'category', 1, 'Women Fashion', NULL, NULL, 2, 0, 0, '2021-11-23 18:43:09', '2021-11-23 18:43:20'),
(147, 9, 20, 'category', 2, 'Men Fashion', NULL, NULL, 2, 0, 0, '2021-11-23 18:43:09', '2021-11-23 18:43:26'),
(148, 9, 8, 'category', 3, 'Bags', NULL, NULL, 3, 0, 0, '2021-11-23 18:43:09', '2021-11-23 18:43:38'),
(149, 9, 23, 'category', 6, 'Shoes', NULL, NULL, 1, 0, 0, '2021-11-23 18:43:09', '2021-11-23 18:43:34'),
(150, 9, 21, 'category', 7, 'Men Shoes', NULL, NULL, 1, 0, 0, '2021-11-23 18:43:09', '2021-11-23 18:43:30'),
(151, 9, 19, 'category', 8, 'Women Shoes', NULL, NULL, 3, 0, 0, '2021-11-23 18:43:09', '2021-11-23 18:45:56'),
(152, 9, 22, 'product', 1, 'Exclusive Bag 1', NULL, NULL, 3, 0, 0, '2021-11-23 18:44:05', '2021-11-23 18:46:38'),
(153, 9, 22, 'product', 2, 'Exclsive Bag 2', NULL, NULL, 4, 0, 0, '2021-11-23 18:44:05', '2021-11-23 18:46:38'),
(154, 9, 23, 'product', 6, 'New Look Casual Shoe', NULL, NULL, 2, 0, 0, '2021-11-23 18:44:05', '2021-11-23 18:44:32'),
(155, 9, 22, 'product', 2, 'Exclsive Bag 2', NULL, NULL, 1, 0, 0, '2021-11-23 18:45:27', '2021-11-23 18:45:37'),
(156, 9, 21, 'product', 60, 'Exclusive loafer for men 1', NULL, NULL, 2, 0, 0, '2021-11-23 18:45:27', '2021-11-23 18:47:38'),
(157, 9, 19, 'product', 61, 'Latest design women bag 1', NULL, NULL, 2, 0, 0, '2021-11-23 18:45:27', '2021-11-23 18:45:56'),
(158, 9, 22, 'brand', 5, 'Nike', NULL, NULL, 2, 0, 0, '2021-11-23 18:46:28', '2021-11-23 18:46:38'),
(159, 9, 23, 'tag', 82, 'loafer', NULL, NULL, 3, 0, 0, '2021-11-23 18:47:00', '2021-11-23 18:47:20'),
(160, 9, NULL, 'tag', 83, 'exclusive shoe', NULL, NULL, 1, 0, 0, '2021-11-23 18:47:00', '2021-11-23 18:47:41'),
(161, 9, 21, 'tag', 80, 'men shoe', NULL, NULL, 3, 0, 0, '2021-11-23 18:47:00', '2021-11-23 18:47:38'),
(162, 14, 13, 'category', 9, 'Furnitures', NULL, NULL, 1, 0, 0, '2021-11-23 18:51:48', '2021-11-23 18:53:34'),
(163, 14, 13, 'category', 10, 'Sofa', NULL, NULL, 2, 0, 0, '2021-11-23 18:51:48', '2021-11-23 18:53:38'),
(164, 14, 13, 'brand', 7, 'Otobi', NULL, NULL, 3, 0, 0, '2021-11-23 18:53:01', '2021-11-23 18:53:43'),
(165, 14, 61, 'brand', 21, 'Samsung', NULL, NULL, 3, 0, 0, '2021-11-23 18:53:01', '2021-11-24 17:49:31'),
(166, 13, 54, 'category', 9, 'Furnitures', NULL, NULL, 1, 0, 0, '2021-11-23 18:57:47', '2021-11-23 19:01:08'),
(167, 13, 54, 'category', 10, 'Sofa', NULL, NULL, 3, 0, 0, '2021-11-23 18:57:47', '2021-11-23 19:03:18'),
(168, 13, 31, 'category', 16, 'Monitor', NULL, NULL, 4, 0, 0, '2021-11-23 18:57:47', '2021-11-23 19:02:46'),
(169, 13, 31, 'product', 28, 'LG 22MK600M 21.5 inch IPS Full HD LED Monitor', NULL, NULL, 3, 0, 0, '2021-11-23 18:59:35', '2021-11-23 19:02:46'),
(170, 13, 31, 'product', 31, 'LG 24GN600-B 23.8\" UltraGear Full HD IPS 144Hz Gaming Monitor', NULL, NULL, 1, 0, 0, '2021-11-23 18:59:35', '2021-11-23 19:02:43'),
(171, 13, 12, 'brand', 1, 'Google', NULL, NULL, 3, 0, 0, '2021-11-23 19:00:11', '2021-11-23 19:02:26'),
(172, 13, 54, 'brand', 7, 'Otobi', NULL, NULL, 4, 0, 0, '2021-11-23 19:00:11', '2021-11-23 19:03:18'),
(173, 13, 31, 'brand', 15, 'Lenovo', NULL, NULL, 2, 0, 0, '2021-11-23 19:00:11', '2021-11-23 19:02:43'),
(174, 13, 12, 'brand', 21, 'Samsung', NULL, NULL, 2, 0, 0, '2021-11-23 19:00:11', '2021-11-23 19:02:21'),
(175, 13, 12, 'brand', 22, 'Sony', NULL, NULL, 4, 0, 0, '2021-11-23 19:00:11', '2021-11-23 19:02:43'),
(176, 13, 12, 'tag', 33, 'sony', NULL, NULL, 1, 0, 0, '2021-11-23 19:01:01', '2021-11-23 19:02:21'),
(177, 13, 54, 'tag', 30, 'electronics', NULL, NULL, 2, 0, 0, '2021-11-23 19:03:11', '2021-11-23 19:03:18'),
(178, 8, 25, 'category', 11, 'Automobiles & bikes', NULL, NULL, 2, 0, 0, '2021-11-23 19:09:42', '2021-11-23 19:12:11'),
(179, 8, 26, 'category', 5, 'Bikes', NULL, NULL, 2, 0, 0, '2021-11-23 19:09:42', '2021-11-23 19:12:16'),
(180, 8, 57, 'category', 12, 'Cars', NULL, NULL, 1, 0, 0, '2021-11-23 19:09:42', '2021-11-23 19:12:19'),
(181, 8, 58, 'product', 5, 'KTM RC 390', NULL, NULL, 1, 0, 0, '2021-11-23 19:10:58', '2021-11-23 19:12:24'),
(182, 8, 57, 'product', 10, 'Premium Sports Car', NULL, NULL, 2, 0, 0, '2021-11-23 19:10:58', '2021-11-23 19:12:27'),
(183, 8, 58, 'product', 32, 'Bajaj Pulsar NS160 (CAR) ABS Motor Bike', NULL, NULL, 4, 0, 0, '2021-11-23 19:10:58', '2021-11-23 19:12:39'),
(184, 8, 58, 'product', 33, 'TVS Apache RTR 160 Racing Edition Single Disk Glossy Black', NULL, NULL, 2, 0, 0, '2021-11-23 19:10:58', '2021-11-23 19:12:37'),
(185, 8, 58, 'product', 34, 'TVS Radeon 110cc Motor Bike', NULL, NULL, 3, 0, 0, '2021-11-23 19:10:58', '2021-11-23 19:12:39'),
(186, 8, 7, 'product', 35, 'Bajaj Platina ES 100 Motor Bike', NULL, NULL, 1, 0, 0, '2021-11-23 19:10:58', '2021-11-23 19:12:46'),
(187, 8, 57, 'product', 49, 'Excluse Premium Car t40', NULL, NULL, 3, 0, 0, '2021-11-23 19:10:58', '2021-11-23 19:12:52'),
(188, 8, 57, 'product', 50, 'Exclusive premium  car 007', NULL, NULL, 4, 0, 0, '2021-11-23 19:10:58', '2021-11-23 19:12:56'),
(189, 8, 59, 'product', 51, 'Excluse Premium Car T45', NULL, NULL, 1, 0, 0, '2021-11-23 19:10:58', '2021-11-23 19:12:59'),
(190, 8, 7, 'brand', 4, 'KTM', NULL, NULL, 4, 0, 0, '2021-11-23 19:11:16', '2021-11-25 17:57:04'),
(191, 8, 59, 'brand', 9, 'Ferrari', NULL, NULL, 2, 0, 0, '2021-11-23 19:11:16', '2021-11-23 19:13:01'),
(192, 8, 25, 'brand', 11, 'MT', NULL, NULL, 3, 0, 0, '2021-11-23 19:11:16', '2021-11-23 19:13:28'),
(193, 8, 59, 'tag', 85, 'helmet', NULL, NULL, 4, 0, 0, '2021-11-23 19:11:53', '2021-11-23 19:13:45'),
(194, 8, 7, 'tag', 86, 'exclusive helmet', NULL, NULL, 3, 0, 0, '2021-11-23 19:11:53', '2021-11-25 17:57:04'),
(195, 8, 59, 'tag', 87, 'half face helmet', NULL, NULL, 3, 0, 0, '2021-11-23 19:11:53', '2021-11-23 19:13:44'),
(196, 8, 26, 'tag', 88, 'helmet for bike', NULL, NULL, 3, 0, 0, '2021-11-23 19:11:53', '2021-11-23 19:13:38'),
(197, 5, 17, 'product', 70, 'best software from demo it -001', NULL, NULL, 3, 0, 0, '2021-11-24 16:49:55', '2021-11-24 16:50:03'),
(198, 6, 33, 'product', 71, 'New design mobile 2021', NULL, NULL, 3, 0, 0, '2021-11-24 16:59:08', '2021-11-24 16:59:29'),
(199, 6, 35, 'brand', 14, 'LG', NULL, NULL, 1, 0, 0, '2021-11-24 17:02:14', '2021-11-24 17:02:21'),
(200, 6, 35, 'brand', 21, 'Samsung', NULL, NULL, 2, 0, 0, '2021-11-24 17:02:14', '2021-11-24 17:02:22'),
(201, 6, 35, 'brand', 22, 'Sony', NULL, NULL, 3, 0, 0, '2021-11-24 17:02:14', '2021-11-24 17:02:23'),
(202, 10, 47, 'tag', 140, 'babys toy', NULL, NULL, 2, 0, 0, '2021-11-24 17:17:35', '2021-11-24 17:17:41'),
(203, 10, 46, 'tag', 141, 'childrens toy', NULL, NULL, 2, 0, 0, '2021-11-24 17:17:35', '2021-11-24 17:17:44'),
(204, 10, 44, 'tag', 134, 'cycle', NULL, NULL, 3, 0, 0, '2021-11-24 17:17:35', '2021-11-24 17:18:08'),
(206, 10, 9, 'tag', 25, 'kids', NULL, NULL, 2, 0, 0, '2021-11-24 17:17:35', '2021-11-24 17:18:15'),
(207, 10, NULL, 'tag', 26, 'bay\'s toy', NULL, NULL, 2, 0, 0, '2021-11-24 17:17:35', '2021-11-24 17:18:15'),
(208, 10, 43, 'tag', 22, 'rubes cube', NULL, NULL, 1, 0, 0, '2021-11-24 17:17:35', '2021-11-24 17:18:21'),
(209, 10, 45, 'tag', 23, 'toy', NULL, NULL, 1, 0, 0, '2021-11-24 17:17:35', '2021-11-24 17:18:30'),
(210, 10, NULL, 'tag', 24, 'baby\'s toy', NULL, NULL, 1, 0, 0, '2021-11-24 17:17:35', '2021-11-24 17:18:08'),
(211, 14, 51, 'category', 27, 'Wooden Furniture', NULL, NULL, 2, 0, 0, '2021-11-24 17:42:36', '2021-11-24 17:44:54'),
(212, 14, 51, 'product', 8, 'Living Room Sofa 001', NULL, NULL, 1, 0, 0, '2021-11-24 17:43:59', '2021-11-24 17:44:54'),
(213, 14, 51, 'product', 18, 'Single Size Sofa', NULL, NULL, 3, 0, 0, '2021-11-24 17:43:59', '2021-11-24 17:44:56'),
(214, 14, 60, 'product', 76, 'Beautiful single size sofa -0099', NULL, NULL, 1, 0, 0, '2021-11-24 17:43:59', '2021-11-24 17:45:29'),
(215, 14, 60, 'brand', 3, 'Asgardia', NULL, NULL, 2, 0, 0, '2021-11-24 17:44:37', '2021-11-24 17:45:31'),
(216, 14, 60, 'brand', 4, 'Aven', NULL, NULL, 3, 0, 0, '2021-11-24 17:44:37', '2021-11-24 17:45:32'),
(217, 14, 61, 'brand', 6, 'Adidas', NULL, NULL, 1, 0, 0, '2021-11-24 17:44:37', '2021-11-24 17:47:37'),
(218, 14, 52, 'brand', 14, 'LG', NULL, NULL, 1, 0, 0, '2021-11-24 17:44:37', '2021-11-24 17:44:43'),
(219, 14, 52, 'brand', 21, 'Samsung', NULL, NULL, 2, 0, 0, '2021-11-24 17:44:37', '2021-11-24 17:44:45'),
(220, 14, 52, 'brand', 22, 'Sony', NULL, NULL, 3, 0, 0, '2021-11-24 17:44:37', '2021-11-24 17:44:48'),
(221, 14, 62, 'tag', 150, 'latest furniture', NULL, NULL, 1, 0, 0, '2021-11-24 17:49:18', '2021-11-24 17:49:25'),
(222, 14, 62, 'tag', 143, 'latest design sofa', NULL, NULL, 2, 0, 0, '2021-11-24 17:49:18', '2021-11-24 17:49:27'),
(223, 14, 62, 'tag', 144, 'latest design furniture', NULL, NULL, 3, 0, 0, '2021-11-24 17:49:18', '2021-11-24 17:49:29'),
(224, 14, 61, 'tag', 145, 'bed room furniture', NULL, NULL, 2, 0, 0, '2021-11-24 17:49:18', '2021-11-24 17:49:31'),
(225, 14, NULL, 'tag', 146, 'single sofa', NULL, NULL, 1, 0, 0, '2021-11-24 17:49:18', '2021-11-24 17:49:31'),
(226, 14, NULL, 'tag', 90, 'wooden furniture', NULL, NULL, 2, 0, 0, '2021-11-24 17:49:18', '2021-11-24 17:49:31'),
(227, 14, NULL, 'tag', 91, 'beautiful furniture', NULL, NULL, 3, 0, 0, '2021-11-24 17:49:18', '2021-11-24 17:49:31'),
(228, 13, 53, 'category', 9, 'Furnitures', NULL, NULL, 1, 0, 0, '2021-11-24 18:07:21', '2021-11-24 18:09:30'),
(229, 13, 53, 'category', 10, 'Sofa', NULL, NULL, 2, 0, 0, '2021-11-24 18:07:21', '2021-11-24 18:09:32'),
(230, 13, 53, 'category', 27, 'Wooden Furniture', NULL, NULL, 3, 0, 0, '2021-11-24 18:07:21', '2021-11-24 18:09:35'),
(231, 13, 53, 'product', 63, 'Wooden design beautiful furniture 001', NULL, NULL, 4, 0, 0, '2021-11-24 18:10:47', '2021-11-24 18:10:59'),
(232, 13, NULL, 'product', 75, 'Latest Design single sofa-0077', NULL, NULL, 1, 0, 0, '2021-11-24 18:10:47', '2021-11-24 18:10:59'),
(233, 13, NULL, 'product', 77, 'Single Seater sofa Premium quality -2021', NULL, NULL, 2, 0, 0, '2021-11-24 18:10:47', '2021-11-24 18:10:59'),
(234, 13, 56, 'brand', 3, 'Asgardia', NULL, NULL, 1, 0, 0, '2021-11-24 18:13:15', '2021-11-24 18:13:23'),
(235, 13, 55, 'brand', 4, 'Aven', NULL, NULL, 1, 0, 0, '2021-11-24 18:13:15', '2021-11-24 18:13:25'),
(236, 13, 56, 'brand', 14, 'LG', NULL, NULL, 2, 0, 0, '2021-11-24 18:13:15', '2021-11-24 18:13:27'),
(237, 13, 55, 'brand', 15, 'Lenovo', NULL, NULL, 2, 0, 0, '2021-11-24 18:13:15', '2021-11-24 18:13:29'),
(238, 13, 56, 'brand', 21, 'Samsung', NULL, NULL, 3, 0, 0, '2021-11-24 18:13:15', '2021-11-24 18:13:31'),
(239, 13, 55, 'brand', 22, 'Sony', NULL, NULL, 4, 0, 0, '2021-11-24 18:13:15', '2021-11-24 18:13:58'),
(240, 13, 56, 'brand', 27, 'Apple', NULL, NULL, 4, 0, 0, '2021-11-24 18:13:15', '2021-11-24 18:13:35'),
(241, 13, 55, 'brand', 2, 'Casio', NULL, NULL, 3, 0, 0, '2021-11-24 18:13:50', '2021-11-24 18:13:58');

-- --------------------------------------------------------

--
-- Table structure for table `merchant_contents`
--

CREATE TABLE `merchant_contents` (
  `id` bigint(20) UNSIGNED NOT NULL,
  `user_id` bigint(20) UNSIGNED DEFAULT NULL,
  `pricing_id` varchar(255) COLLATE utf8mb4_unicode_ci DEFAULT NULL,
  `slug` varchar(255) COLLATE utf8mb4_unicode_ci DEFAULT NULL,
  `mainTitle` varchar(255) COLLATE utf8mb4_unicode_ci DEFAULT NULL,
  `subTitle` varchar(255) COLLATE utf8mb4_unicode_ci DEFAULT NULL,
  `Maindescription` text COLLATE utf8mb4_unicode_ci,
  `pricing` varchar(255) COLLATE utf8mb4_unicode_ci DEFAULT NULL,
  `benifitTitle` varchar(255) COLLATE utf8mb4_unicode_ci DEFAULT NULL,
  `benifitDescription` text COLLATE utf8mb4_unicode_ci,
  `howitworkTitle` varchar(255) COLLATE utf8mb4_unicode_ci DEFAULT NULL,
  `howitworkDescription` text COLLATE utf8mb4_unicode_ci,
  `pricingTitle` varchar(255) COLLATE utf8mb4_unicode_ci DEFAULT NULL,
  `pricingDescription` text COLLATE utf8mb4_unicode_ci,
  `sellerRegistrationTitle` varchar(255) COLLATE utf8mb4_unicode_ci DEFAULT NULL,
  `sellerRegistrationDescription` text COLLATE utf8mb4_unicode_ci,
  `queryTitle` varchar(255) COLLATE utf8mb4_unicode_ci DEFAULT NULL,
  `queryDescription` text COLLATE utf8mb4_unicode_ci,
  `faqTitle` varchar(255) COLLATE utf8mb4_unicode_ci DEFAULT NULL,
  `faqDescription` text COLLATE utf8mb4_unicode_ci,
  `created_at` timestamp NULL DEFAULT NULL,
  `updated_at` timestamp NULL DEFAULT NULL
) ENGINE=InnoDB DEFAULT CHARSET=utf8mb4 COLLATE=utf8mb4_unicode_ci;

--
-- Dumping data for table `merchant_contents`
--

INSERT INTO `merchant_contents` (`id`, `user_id`, `pricing_id`, `slug`, `mainTitle`, `subTitle`, `Maindescription`, `pricing`, `benifitTitle`, `benifitDescription`, `howitworkTitle`, `howitworkDescription`, `pricingTitle`, `pricingDescription`, `sellerRegistrationTitle`, `sellerRegistrationDescription`, `queryTitle`, `queryDescription`, `faqTitle`, `faqDescription`, `created_at`, `updated_at`) VALUES
(1, NULL, NULL, 'initail slug', 'initial main title', 'initial sub title', '<p>initial Main Description</p>', 'initail pricing', 'initial Benifit Title', '<p>initial Benifit Description</p>', 'initial How it work title', '<p>initial how it work Description</p>', 'initial pricing title', '<p>initial pricing Description</p>', 'initial title', '<p>initial description</p>', 'initial query title', '<p>initial query Description</p>', 'initial faq title', '<p>initial faq Description</p>', '2021-09-25 18:32:57', '2021-09-25 18:32:57');

-- --------------------------------------------------------

--
-- Table structure for table `migrations`
--

CREATE TABLE `migrations` (
  `id` int(10) UNSIGNED NOT NULL,
  `migration` varchar(255) COLLATE utf8mb4_unicode_ci NOT NULL,
  `batch` int(11) NOT NULL
) ENGINE=InnoDB DEFAULT CHARSET=utf8mb4 COLLATE=utf8mb4_unicode_ci;

--
-- Dumping data for table `migrations`
--

INSERT INTO `migrations` (`id`, `migration`, `batch`) VALUES
(1, '2014_07_12_000546_create_users_table', 1),
(2, '2014_10_12_100000_create_password_resets_table', 1),
(3, '2019_02_08_105647_create_blocks_contents_tables', 1),
(4, '2019_08_19_000000_create_failed_jobs_table', 1),
(5, '2019_12_14_000001_create_personal_access_tokens_table', 1),
(6, '2020_04_23_090029_create_modules_table', 1),
(7, '2020_07_11_063308_create_intro_prefix_table', 1),
(8, '2020_07_11_161843_crate_table_currencie_table', 1),
(9, '2020_07_11_162112_create_language_table', 1),
(10, '2020_07_12_044721_create_date_formats_table', 1),
(11, '2020_07_13_061051_create_timezone_table', 1),
(14, '2020_07_25_101854_create_support_ticket_category_table', 1),
(15, '2020_07_25_102024_create_support_ticket_piority_table', 1),
(16, '2020_07_25_135453_create_support_tickets_table', 1),
(17, '2020_07_26_093838_create_ticket_message_files_table', 1),
(18, '2020_08_07_124026_create_support_ticket_files_table', 1),
(19, '2020_08_09_044229_create_ticket_messages_table', 1),
(20, '2020_08_09_092856_create_ticket_statuses_table', 1),
(21, '2020_09_02_043711_create_unit_types_table', 1),
(22, '2020_09_02_052045_create_brands_table', 1),
(23, '2020_09_02_054852_create_business_settings_table', 1),
(24, '2020_09_02_084215_create_general_settings_table', 1),
(25, '2020_09_07_093017_create_products_table', 1),
(26, '2020_09_07_093446_create_product_variations_table', 1),
(27, '2020_09_09_120113_create_log_activity_table', 1),
(29, '2020_09_23_092712_create_attendances_table', 1),
(30, '2020_09_24_130332_create_infix_module_managers_table', 1),
(31, '2020_10_02_034421_create_product_sku_table', 1),
(32, '2020_10_28_130927_create_payment_methods_table', 1),
(33, '2020_11_26_042410_create_features_table', 1),
(34, '2020_11_26_174602_create_holidays_table', 1),
(35, '2020_11_27_061245_create_policies_table', 1),
(36, '2020_11_29_050753_create_about_us_table', 1),
(37, '2020_11_29_101117_create_terms_conditions_table', 1),
(38, '2020_11_30_060928_create_contact_contents_table', 1),
(39, '2020_11_30_084330_create_careers_table', 1),
(40, '2020_11_30_112735_create_merchant_contents_table', 1),
(41, '2020_12_01_040841_create_benifits_table', 1),
(42, '2020_12_01_103212_create_categories_table', 1),
(43, '2020_12_02_070049_create_subscribe_contents_table', 1),
(44, '2020_12_03_063135_create_faqs_table', 1),
(45, '2020_12_03_095639_create_working_processes_table', 1),
(46, '2020_12_04_043310_create_pricings_table', 1),
(47, '2020_12_07_102001_create_return_exchanges_table', 1),
(48, '2020_12_07_103420_create_events_table', 1),
(49, '2020_12_07_131939_create_dynamic_pages_table', 1),
(50, '2020_12_07_135925_create_to_dos_table', 1),
(51, '2020_12_09_121552_create_groups_table', 1),
(52, '2020_12_10_102035_create_themes_table', 1),
(53, '2020_12_13_113438_create_category_images_table', 1),
(54, '2020_12_14_122951_create_social_providers_table', 1),
(55, '2020_12_14_123034_create_profiles_table', 1),
(56, '2020_12_15_122112_create_brand_category_table', 1),
(57, '2020_12_17_051339_create_countries_table', 1),
(58, '2020_12_17_104946_create_attributes_table', 1),
(59, '2020_12_17_105259_create_attribute_values_table', 1),
(60, '2020_12_18_082213_create_tags_table', 1),
(61, '2020_12_21_120908_create_subscriptions_table', 1),
(62, '2020_12_22_064826_add_sort_id_groups_table', 1),
(63, '2020_12_22_132712_create_contacts_table', 1),
(64, '2020_12_22_141042_create_in_queries_table', 1),
(65, '2020_12_23_084911_create_staff_table', 1),
(66, '2020_12_23_092946_create_staff_documents_table', 1),
(67, '2020_12_23_113630_create_departments_table', 1),
(68, '2020_12_23_115353_create_product_galary_images_table', 1),
(70, '2020_12_25_051437_create_footer_widgets_table', 1),
(71, '2020_12_25_113053_add_user_type_to_users_table_after_column_email', 1),
(72, '2020_12_28_043226_create_colors_table', 1),
(78, '2020_12_31_055257_create_blog_categories_table', 1),
(79, '2020_12_31_081926_create_blog_posts_table', 1),
(82, '2021_01_03_071324_create_blog_category_post_table', 1),
(83, '2021_01_03_071403_create_blog_post_tag_table', 1),
(84, '2021_01_03_120216_create_seller_products_table', 1),
(85, '2021_01_05_105821_create_blog_comments_table', 1),
(86, '2021_01_05_110423_create_blog_comment_replays_table', 1),
(87, '2021_01_06_060708_create_suppliers_table', 1),
(88, '2021_01_09_164635_create_seller_product_s_k_us_table', 1),
(89, '2021_01_09_180037_create_notifications_table', 1),
(90, '2021_01_10_140156_create_carts_table', 1),
(91, '2021_01_10_163151_create_blog_post_likes_table', 1),
(92, '2021_01_21_140241_create_customer_addresses_table', 1),
(93, '2021_01_24_131808_create_orders_table', 1),
(94, '2021_01_24_173216_create_order_package_details_table', 1),
(95, '2021_01_24_173329_create_order_product_details_table', 1),
(96, '2021_01_27_114823_create_digital_files_table', 1),
(97, '2021_01_27_174448_create_wishlists_table', 1),
(98, '2021_01_28_185049_create_wallet_balances_table', 1),
(99, '2021_01_31_113723_create_home_page_sections_table', 1),
(100, '2021_02_01_122047_create_homepage_custom_products_table', 1),
(101, '2021_02_01_122152_create_homepage_custom_categories_table', 1),
(102, '2021_02_01_122214_create_homepage_custom_brands_table', 1),
(103, '2021_02_01_142114_create_bank_details_table', 1),
(104, '2021_02_02_155129_create_order_payments_table', 1),
(105, '2021_02_03_142230_create_flash_deals_table', 1),
(106, '2021_02_03_143135_create_flash_deal_products_table', 1),
(107, '2021_02_04_141339_create_order_delivery_states_table', 1),
(108, '2021_02_07_105737_create_news_letters_table', 1),
(109, '2021_02_07_173109_create_bulk_s_m_s_table', 1),
(111, '2021_02_08_142747_create_refund_reasons_table', 1),
(112, '2021_02_08_193641_create_coupons_table', 1),
(113, '2021_02_09_104911_create_shipping_methods_table', 1),
(114, '2021_02_09_130341_create_coupon_products_table', 1),
(115, '2021_02_09_150432_create_refund_requests_table', 1),
(116, '2021_02_09_152335_create_refund_request_details_table', 1),
(117, '2021_02_09_153503_create_refund_states_table', 1),
(118, '2021_02_09_155555_create_refund_products_table', 1),
(119, '2021_02_10_163156_create_refund_processes_table', 1),
(120, '2021_02_10_182354_create_referral_codes_table', 1),
(121, '2021_02_10_184539_create_delivery_processes_table', 1),
(122, '2021_02_11_123312_create_referral_code_setups_table', 1),
(123, '2021_02_13_125057_create_referral_uses_table', 1),
(124, '2021_02_14_170640_create_coupon_uses_table', 1),
(125, '2021_02_15_115409_create_customer_coupon_stores_table', 1),
(126, '2021_02_17_123320_create_product_reviews_table', 1),
(127, '2021_02_17_123429_create_seller_reviews_table', 1),
(128, '2021_02_17_123443_create_review_images_table', 1),
(129, '2021_02_17_123503_create_review_replies_table', 1),
(130, '2021_02_18_134139_create_product_up_sales_table', 1),
(131, '2021_02_18_134359_create_product_cross_sales_table', 1),
(132, '2021_02_18_134426_create_product_related_sales_table', 1),
(133, '2021_02_23_185648_create_menus_table', 1),
(134, '2021_02_23_194810_create_version_histories_table', 1),
(135, '2021_02_24_135826_create_menu_columns_table', 1),
(136, '2021_02_24_180335_create_menu_elements_table', 1),
(137, '2021_02_28_183320_create_multi_mega_menus_table', 1),
(138, '2021_03_02_130852_create_mega_menu_right_panels_table', 1),
(139, '2021_03_02_130927_create_mega_menu_bottom_panels_table', 1),
(140, '2021_03_03_175737_create_product_shippings_table', 1),
(141, '2021_03_08_110444_create_headers_table', 1),
(142, '2021_03_08_110507_create_header_category_panels_table', 1),
(143, '2021_03_08_110528_create_header_slider_panels_table', 1),
(144, '2021_03_08_110545_create_header_product_panels_table', 1),
(145, '2021_03_08_183219_create_new_user_zones_table', 1),
(146, '2021_03_08_183234_create_new_user_zone_products_table', 1),
(147, '2021_03_09_132336_create_header_new_user_zone_panels_table', 1),
(148, '2021_03_09_190419_AddChecksumColumn', 1),
(149, '2021_03_14_144759_create_new_user_zone_categories_table', 1),
(150, '2021_03_14_144834_create_new_user_zone_coupons_table', 1),
(151, '2021_03_17_192827_create_new_user_zone_coupon_categories_table', 1),
(152, '2021_03_18_173018_create_analytics_tools_table', 1),
(153, '2021_03_25_105021_create_states_table', 1),
(154, '2021_03_25_105054_create_cities_table', 1),
(158, '2021_04_18_111843_create_chart_of_accounts_table', 1),
(159, '2021_04_18_150157_create_payu_transactions_table', 1),
(161, '2021_04_24_095314_create_bank_accounts_table', 1),
(162, '2021_04_25_165206_create_transactions_table', 1),
(163, '2021_05_04_155633_create_gst_taxes_table', 1),
(165, '2021_05_06_124337_create_order_package_gst_table', 1),
(166, '2021_05_17_122458_create_gift_cards_table', 1),
(168, '2021_05_17_171227_create_gift_card_uses_table', 1),
(169, '2021_05_17_194735_create_gift_card_galary_images_table', 1),
(170, '2021_05_19_160431_create_guest_order_details_table', 1),
(171, '2021_05_26_184426_create_inhouse_order_carts_table', 1),
(172, '2021_06_01_173615_create_recent_view_products_table', 1),
(173, '2021_06_12_173154_create_cancel_reasons_table', 1),
(174, '2021_06_15_112727_create_compares_table', 1),
(175, '2021_06_15_133043_create_visitor_histories_table', 1),
(176, '2021_06_15_133555_create_ignore_ip_table', 1),
(177, '2021_06_16_132331_create_dashboard_setup_table', 1),
(178, '2021_06_20_125028_create_search_terms_table', 1),
(179, '2021_06_24_122317_create_digital_file_downloads_table', 1),
(181, '2021_06_26_181400_create_subscription_payment_info_table', 1),
(182, '2021_08_21_171154_create_customer_notifications_table', 1),
(185, '2021_12_08_102035_create_admin_colors_table', 1),
(186, '2021_12_08_102035_create_theme_colors_table', 1),
(187, '2021_10_17_164810_create_category_product_table', 2),
(192, '2020_12_23_115414_create_product_tags_table', 3),
(197, '2021_10_25_155921_GiftCardTag', 4),
(208, '2020_09_10_075009_create_roles_table', 7),
(211, '2021_02_08_111855_create_email_templates_table', 8),
(212, '2021_05_17_125912_create_email_template_types_table', 8),
(213, '2021_08_24_111855_create_notification_settings_table', 8),
(214, '2021_10_21_114022_create_sms_templates_table', 8),
(215, '2021_10_21_115410_create_sms_template_types_table', 8),
(225, '2020_07_20_095501_create_permissions_tables', 11),
(226, '2020_07_20_095817_create_role_permission_tables', 11),
(227, '2021_04_21_104120_create_sidebars_table', 11),
(228, '2021_11_28_124959_add_currency_format_column_to_general_settings', 12),
(229, '2021_11_30_163218_product_id_foreign_remove_to_carts_table', 13),
(230, '2021_08_25_111855_create_user_notification_settings_table', 14),
(231, '2021_12_05_171133_create_facebook_messages_table', 14),
(232, '2021_12_11_170536_add_row_customer_crud_permission_to_permissions_table', 14);

-- --------------------------------------------------------

--
-- Table structure for table `modules`
--

CREATE TABLE `modules` (
  `id` int(10) UNSIGNED NOT NULL,
  `name` varchar(255) COLLATE utf8mb4_unicode_ci NOT NULL,
  `status` tinyint(4) NOT NULL DEFAULT '1',
  `order` int(11) NOT NULL,
  `created_at` timestamp NULL DEFAULT NULL,
  `updated_at` timestamp NULL DEFAULT NULL
) ENGINE=InnoDB DEFAULT CHARSET=utf8mb4 COLLATE=utf8mb4_unicode_ci;

--
-- Dumping data for table `modules`
--

INSERT INTO `modules` (`id`, `name`, `status`, `order`, `created_at`, `updated_at`) VALUES
(1, 'AmazonS3', 1, 1, '2021-09-25 18:32:55', '2021-09-25 18:32:55'),
(3, 'Sslcommerz', 1, 2, '2021-09-25 18:32:55', '2021-09-25 18:32:55');

-- --------------------------------------------------------

--
-- Table structure for table `multi_mega_menus`
--

CREATE TABLE `multi_mega_menus` (
  `id` bigint(20) UNSIGNED NOT NULL,
  `title` varchar(255) COLLATE utf8mb4_unicode_ci DEFAULT NULL,
  `multi_mega_menu_id` bigint(20) UNSIGNED NOT NULL,
  `menu_id` bigint(20) UNSIGNED NOT NULL,
  `position` int(10) UNSIGNED NOT NULL DEFAULT '768989',
  `is_newtab` tinyint(1) NOT NULL DEFAULT '0',
  `created_at` timestamp NULL DEFAULT NULL,
  `updated_at` timestamp NULL DEFAULT NULL
) ENGINE=InnoDB DEFAULT CHARSET=utf8mb4 COLLATE=utf8mb4_unicode_ci;

--
-- Dumping data for table `multi_mega_menus`
--

INSERT INTO `multi_mega_menus` (`id`, `title`, `multi_mega_menu_id`, `menu_id`, `position`, `is_newtab`, `created_at`, `updated_at`) VALUES
(1, 'Fashions', 3, 4, 4, 0, '2021-09-28 13:30:56', '2021-09-28 14:22:49'),
(2, 'Watches & Accessories', 3, 7, 3, 0, '2021-09-28 14:15:14', '2021-09-28 14:15:26'),
(3, 'Electronics Devices', 3, 6, 2, 0, '2021-09-28 14:15:14', '2021-09-28 14:15:23'),
(4, 'Computer & Accessories', 3, 5, 1, 0, '2021-09-28 14:15:14', '2021-09-28 14:15:20'),
(5, 'Toys , Kids & Babies', 3, 10, 5, 0, '2021-09-28 14:22:42', '2021-09-28 14:22:49'),
(6, 'Bag & Shoes', 3, 9, 6, 0, '2021-09-28 14:22:42', '2021-09-28 14:22:49'),
(7, 'Auto Mobiles & bikes', 3, 8, 9, 0, '2021-09-28 14:22:42', '2021-09-28 14:27:45'),
(8, 'Groceries & Pets', 3, 12, 10, 0, '2021-09-28 14:25:52', '2021-09-28 14:27:45'),
(9, 'Home & Lifestyle', 3, 14, 7, 0, '2021-09-28 14:27:33', '2021-09-28 14:27:45'),
(10, 'TV & Home Appliances', 3, 13, 8, 0, '2021-09-28 14:27:33', '2021-09-28 14:27:45'),
(11, 'Check Menu', 3, 16, 768989, 0, '2021-11-23 11:28:48', '2021-11-23 11:28:48');

-- --------------------------------------------------------

--
-- Table structure for table `news_letters`
--

CREATE TABLE `news_letters` (
  `id` bigint(20) UNSIGNED NOT NULL,
  `title` varchar(255) COLLATE utf8mb4_unicode_ci NOT NULL,
  `message` longtext COLLATE utf8mb4_unicode_ci NOT NULL,
  `publish_date` date NOT NULL,
  `send_type` int(10) UNSIGNED NOT NULL,
  `send_user_ids` text COLLATE utf8mb4_unicode_ci NOT NULL,
  `multiple_role_id` varchar(255) COLLATE utf8mb4_unicode_ci DEFAULT NULL,
  `single_role_id` tinyint(3) UNSIGNED DEFAULT NULL,
  `created_by` bigint(20) UNSIGNED DEFAULT NULL,
  `updated_by` bigint(20) UNSIGNED DEFAULT NULL,
  `is_send` tinyint(1) NOT NULL DEFAULT '0',
  `created_at` timestamp NULL DEFAULT NULL,
  `updated_at` timestamp NULL DEFAULT NULL
) ENGINE=InnoDB DEFAULT CHARSET=utf8mb4 COLLATE=utf8mb4_unicode_ci;

--
-- Dumping data for table `news_letters`
--

INSERT INTO `news_letters` (`id`, `title`, `message`, `publish_date`, `send_type`, `send_user_ids`, `multiple_role_id`, `single_role_id`, `created_by`, `updated_by`, `is_send`, `created_at`, `updated_at`) VALUES
(1, 'test news letter', '<div style=\"font-family: &quot;Open Sans&quot;, &quot;Helvetica Neue&quot;, Helvetica, Arial, sans-serif; color: rgb(255, 255, 255); text-align: center; background-color: rgb(152, 62, 81); padding: 30px; border-top-left-radius: 3px; border-top-right-radius: 3px; margin: 0px;\"><h1 style=\"margin: 20px 0px 10px; font-size: 36px; font-family: &quot;Helvetica Neue&quot;, Helvetica, Arial, sans-serif; font-weight: 500; line-height: 1.1; color: inherit;\">Template</h1></div><div style=\"color: rgb(0, 0, 0); font-family: &quot;Open Sans&quot;, &quot;Helvetica Neue&quot;, Helvetica, Arial, sans-serif; padding: 20px;\"><p style=\"color: rgb(85, 85, 85);\">Hello {USER_FIRST_NAME}<br><br>An account has been created for you.</p><p style=\"color: rgb(85, 85, 85);\">Please use the following info to login your dashboard:</p><p style=\"color: rgb(85, 85, 85);\">{ORDER_TRACKING_NUMBER}<br></p><hr style=\"box-sizing: content-box; margin-top: 20px; margin-bottom: 20px; border-top-color: rgb(238, 238, 238);\"><p style=\"color: rgb(85, 85, 85);\">test</p><p style=\"color: rgb(85, 85, 85);\">{EMAIL_SIGNATURE}</p><p style=\"color: rgb(85, 85, 85);\"><br></p></div>\r\n<div style=\"font-family: &quot;Open Sans&quot;, &quot;Helvetica Neue&quot;, Helvetica, Arial, sans-serif; color: rgb(255, 255, 255); text-align: center; background-color: rgb(152, 62, 81); padding: 30px; border-top-left-radius: 3px; border-top-right-radius: 3px; margin: 0px;\"><h1 style=\"margin: 20px 0px 10px; font-size: 36px; font-family: &quot;Helvetica Neue&quot;, Helvetica, Arial, sans-serif; font-weight: 500; line-height: 1.1; color: inherit;\">Template</h1></div><div style=\"color: rgb(0, 0, 0); font-family: &quot;Open Sans&quot;, &quot;Helvetica Neue&quot;, Helvetica, Arial, sans-serif; padding: 20px;\"></div>', '2021-10-30', 2, '[2]', NULL, 2, 1, NULL, 0, '2021-10-30 05:12:52', '2021-10-30 05:12:52'),
(2, 'Test again', '<div style=\"font-family: &quot;Open Sans&quot;, &quot;Helvetica Neue&quot;, Helvetica, Arial, sans-serif; color: rgb(255, 255, 255); text-align: center; background-color: rgb(152, 62, 81); padding: 30px; border-top-left-radius: 3px; border-top-right-radius: 3px; margin: 0px;\"><h1 style=\"margin: 20px 0px 10px; font-size: 36px; font-family: &quot;Helvetica Neue&quot;, Helvetica, Arial, sans-serif; font-weight: 500; line-height: 1.1; color: inherit;\">Testing</h1></div><div style=\"color: rgb(0, 0, 0); font-family: &quot;Open Sans&quot;, &quot;Helvetica Neue&quot;, Helvetica, Arial, sans-serif; padding: 20px;\"><p style=\"color: rgb(85, 85, 85);\">Hello {USER_FIRST_NAME}<br><br>An account has been created.</p><p style=\"color: rgb(85, 85, 85);\">Please use the following info to login your dashboard:</p><p style=\"color: rgb(85, 85, 85);\">{ORDER_TRACKING_NUMBER}<br></p><hr style=\"box-sizing: content-box; margin-top: 20px; margin-bottom: 20px; border-top-color: rgb(238, 238, 238);\"><p style=\"color: rgb(85, 85, 85);\"><br></p><p style=\"color: rgb(85, 85, 85);\">{EMAIL_SIGNATURE}</p><p style=\"color: rgb(85, 85, 85);\"><br></p></div>\r\n<div style=\"font-family: &quot;Open Sans&quot;, &quot;Helvetica Neue&quot;, Helvetica, Arial, sans-serif; color: rgb(255, 255, 255); text-align: center; background-color: rgb(152, 62, 81); padding: 30px; border-top-left-radius: 3px; border-top-right-radius: 3px; margin: 0px;\"><h1 style=\"margin: 20px 0px 10px; font-size: 36px; font-family: &quot;Helvetica Neue&quot;, Helvetica, Arial, sans-serif; font-weight: 500; line-height: 1.1; color: inherit;\">Template</h1></div><div style=\"color: rgb(0, 0, 0); font-family: &quot;Open Sans&quot;, &quot;Helvetica Neue&quot;, Helvetica, Arial, sans-serif; padding: 20px;\"></div>', '2021-11-22', 4, '[\"1\",\"2\",\"3\",\"4\"]', NULL, NULL, 1, NULL, 0, '2021-11-21 17:15:24', '2021-11-21 17:16:11');

-- --------------------------------------------------------

--
-- Table structure for table `new_user_zones`
--

CREATE TABLE `new_user_zones` (
  `id` bigint(20) UNSIGNED NOT NULL,
  `title` varchar(255) COLLATE utf8mb4_unicode_ci NOT NULL,
  `sub_title` varchar(255) COLLATE utf8mb4_unicode_ci DEFAULT NULL,
  `background_color` varchar(255) COLLATE utf8mb4_unicode_ci DEFAULT NULL,
  `text_color` varchar(255) COLLATE utf8mb4_unicode_ci DEFAULT NULL,
  `slug` varchar(255) COLLATE utf8mb4_unicode_ci NOT NULL,
  `banner_image` varchar(255) COLLATE utf8mb4_unicode_ci DEFAULT NULL,
  `product_navigation_label` varchar(255) COLLATE utf8mb4_unicode_ci NOT NULL,
  `category_navigation_label` varchar(255) COLLATE utf8mb4_unicode_ci NOT NULL,
  `coupon_navigation_label` varchar(255) COLLATE utf8mb4_unicode_ci NOT NULL,
  `product_slogan` varchar(255) COLLATE utf8mb4_unicode_ci DEFAULT NULL,
  `category_slogan` varchar(255) COLLATE utf8mb4_unicode_ci DEFAULT NULL,
  `coupon_slogan` varchar(255) COLLATE utf8mb4_unicode_ci DEFAULT NULL,
  `status` tinyint(1) NOT NULL DEFAULT '0',
  `is_featured` tinyint(1) NOT NULL DEFAULT '0',
  `created_by` bigint(20) UNSIGNED DEFAULT NULL,
  `updated_by` bigint(20) UNSIGNED DEFAULT NULL,
  `created_at` timestamp NULL DEFAULT NULL,
  `updated_at` timestamp NULL DEFAULT NULL
) ENGINE=InnoDB DEFAULT CHARSET=utf8mb4 COLLATE=utf8mb4_unicode_ci;

--
-- Dumping data for table `new_user_zones`
--

INSERT INTO `new_user_zones` (`id`, `title`, `sub_title`, `background_color`, `text_color`, `slug`, `banner_image`, `product_navigation_label`, `category_navigation_label`, `coupon_navigation_label`, `product_slogan`, `category_slogan`, `coupon_slogan`, `status`, `is_featured`, `created_by`, `updated_by`, `created_at`, `updated_at`) VALUES
(1, 'New User Gifts – Choose one!', 'test title', 'white', '#444444', 'new-user-gifts-–-choose-one!-32jk0', 'uploads/images/25-11-2021/619f3edb7f159.jpeg', '$US 0.1', 'Exclusive Price', 'Coupon', 'Hot Picks For You', 'More To Love', 'Start shopping with your new coupon', 1, 0, 1, 1, '2021-09-28 13:59:27', '2021-11-25 13:44:27');

-- --------------------------------------------------------

--
-- Table structure for table `new_user_zone_categories`
--

CREATE TABLE `new_user_zone_categories` (
  `id` bigint(20) UNSIGNED NOT NULL,
  `new_user_zone_id` bigint(20) UNSIGNED NOT NULL,
  `category_id` bigint(20) UNSIGNED NOT NULL,
  `position` int(10) UNSIGNED NOT NULL,
  `created_at` timestamp NULL DEFAULT NULL,
  `updated_at` timestamp NULL DEFAULT NULL
) ENGINE=InnoDB DEFAULT CHARSET=utf8mb4 COLLATE=utf8mb4_unicode_ci;

--
-- Dumping data for table `new_user_zone_categories`
--

INSERT INTO `new_user_zone_categories` (`id`, `new_user_zone_id`, `category_id`, `position`, `created_at`, `updated_at`) VALUES
(1, 1, 3, 1, '2021-09-28 13:59:27', '2021-09-28 13:59:27'),
(2, 1, 4, 2, '2021-09-28 13:59:27', '2021-09-28 13:59:27'),
(3, 1, 5, 3, '2021-09-28 13:59:27', '2021-09-28 13:59:27'),
(4, 1, 7, 4, '2021-09-28 13:59:27', '2021-09-28 13:59:27'),
(5, 1, 8, 5, '2021-09-28 13:59:27', '2021-09-28 13:59:27'),
(6, 1, 13, 6, '2021-09-28 13:59:27', '2021-09-28 13:59:27');

-- --------------------------------------------------------

--
-- Table structure for table `new_user_zone_coupons`
--

CREATE TABLE `new_user_zone_coupons` (
  `id` bigint(20) UNSIGNED NOT NULL,
  `new_user_zone_id` bigint(20) UNSIGNED NOT NULL,
  `coupon_id` bigint(20) UNSIGNED NOT NULL,
  `created_at` timestamp NULL DEFAULT NULL,
  `updated_at` timestamp NULL DEFAULT NULL
) ENGINE=InnoDB DEFAULT CHARSET=utf8mb4 COLLATE=utf8mb4_unicode_ci;

--
-- Dumping data for table `new_user_zone_coupons`
--

INSERT INTO `new_user_zone_coupons` (`id`, `new_user_zone_id`, `coupon_id`, `created_at`, `updated_at`) VALUES
(1, 1, 1, '2021-09-28 13:59:27', '2021-11-25 18:03:15');

-- --------------------------------------------------------

--
-- Table structure for table `new_user_zone_coupon_categories`
--

CREATE TABLE `new_user_zone_coupon_categories` (
  `id` bigint(20) UNSIGNED NOT NULL,
  `new_user_zone_id` bigint(20) UNSIGNED NOT NULL,
  `category_id` bigint(20) UNSIGNED NOT NULL,
  `position` int(10) UNSIGNED DEFAULT NULL,
  `created_at` timestamp NULL DEFAULT NULL,
  `updated_at` timestamp NULL DEFAULT NULL
) ENGINE=InnoDB DEFAULT CHARSET=utf8mb4 COLLATE=utf8mb4_unicode_ci;

--
-- Dumping data for table `new_user_zone_coupon_categories`
--

INSERT INTO `new_user_zone_coupon_categories` (`id`, `new_user_zone_id`, `category_id`, `position`, `created_at`, `updated_at`) VALUES
(1, 1, 13, 1, '2021-09-28 13:59:27', '2021-09-28 13:59:27'),
(2, 1, 6, 2, '2021-09-28 13:59:27', '2021-09-28 13:59:27'),
(3, 1, 11, 3, '2021-09-28 13:59:27', '2021-09-28 13:59:27'),
(4, 1, 10, 4, '2021-09-28 13:59:27', '2021-09-28 13:59:27'),
(5, 2, 25, 1, '2021-11-23 11:50:33', '2021-11-23 11:50:33'),
(6, 2, 3, 2, '2021-11-23 11:50:33', '2021-11-23 11:50:33');

-- --------------------------------------------------------

--
-- Table structure for table `new_user_zone_products`
--

CREATE TABLE `new_user_zone_products` (
  `id` bigint(20) UNSIGNED NOT NULL,
  `new_user_zone_id` bigint(20) UNSIGNED NOT NULL,
  `seller_product_id` bigint(20) UNSIGNED NOT NULL,
  `status` tinyint(1) NOT NULL DEFAULT '1',
  `created_at` timestamp NULL DEFAULT NULL,
  `updated_at` timestamp NULL DEFAULT NULL
) ENGINE=InnoDB DEFAULT CHARSET=utf8mb4 COLLATE=utf8mb4_unicode_ci;

--
-- Dumping data for table `new_user_zone_products`
--

INSERT INTO `new_user_zone_products` (`id`, `new_user_zone_id`, `seller_product_id`, `status`, `created_at`, `updated_at`) VALUES
(1, 1, 1, 1, '2021-09-28 13:59:27', '2021-09-28 13:59:27'),
(2, 1, 2, 1, '2021-09-28 13:59:27', '2021-09-28 13:59:27'),
(3, 1, 3, 1, '2021-09-28 13:59:27', '2021-09-28 13:59:27'),
(4, 1, 4, 1, '2021-09-28 13:59:27', '2021-09-28 13:59:27'),
(5, 1, 5, 1, '2021-09-28 13:59:27', '2021-09-28 13:59:27'),
(6, 1, 6, 1, '2021-09-28 13:59:27', '2021-09-28 13:59:27'),
(8, 1, 8, 1, '2021-09-28 13:59:27', '2021-09-28 13:59:27'),
(10, 1, 18, 1, '2021-09-28 13:59:27', '2021-09-28 13:59:27'),
(13, 1, 82, 1, '2021-11-25 18:01:50', '2021-11-25 18:01:50'),
(14, 1, 73, 1, '2021-11-25 18:01:50', '2021-11-25 18:01:50'),
(15, 1, 34, 1, '2021-11-25 18:01:50', '2021-11-25 18:01:50'),
(16, 1, 37, 1, '2021-11-25 18:01:50', '2021-11-25 18:01:50'),
(17, 1, 32, 1, '2021-11-25 18:03:15', '2021-11-25 18:03:15'),
(18, 1, 33, 1, '2021-11-25 18:03:15', '2021-11-25 18:03:15'),
(19, 1, 35, 1, '2021-11-25 18:03:15', '2021-11-25 18:03:15'),
(20, 1, 81, 1, '2021-11-25 18:03:15', '2021-11-25 18:03:15'),
(21, 1, 72, 1, '2021-11-25 18:03:15', '2021-11-25 18:03:15'),
(22, 1, 76, 1, '2021-11-25 18:03:15', '2021-11-25 18:03:15');

-- --------------------------------------------------------

--
-- Table structure for table `notifications`
--

CREATE TABLE `notifications` (
  `id` char(36) COLLATE utf8mb4_unicode_ci NOT NULL,
  `type` varchar(255) COLLATE utf8mb4_unicode_ci NOT NULL,
  `notifiable_type` varchar(255) COLLATE utf8mb4_unicode_ci NOT NULL,
  `notifiable_id` bigint(20) UNSIGNED NOT NULL,
  `data` text COLLATE utf8mb4_unicode_ci NOT NULL,
  `read_at` timestamp NULL DEFAULT NULL,
  `created_at` timestamp NULL DEFAULT NULL,
  `updated_at` timestamp NULL DEFAULT NULL
) ENGINE=InnoDB DEFAULT CHARSET=utf8mb4 COLLATE=utf8mb4_unicode_ci;

--
-- Dumping data for table `notifications`
--

INSERT INTO `notifications` (`id`, `type`, `notifiable_type`, `notifiable_id`, `data`, `read_at`, `created_at`, `updated_at`) VALUES
('00148edb-1c3e-4e38-a559-5036623fdf9b', 'App\\Notifications\\NewAuthorPost', 'App\\Models\\User', 3, '{\"data\":\"Super AdminHas Created a New Post\"}', NULL, '2021-11-23 16:47:01', '2021-11-23 16:47:01'),
('03420e41-d829-4b9b-8384-78567a8c9124', 'App\\Notifications\\NewAuthorPost', 'App\\Models\\User', 3, '{\"data\":\"Super AdminHas Created a New Post\"}', NULL, '2021-11-23 16:51:40', '2021-11-23 16:51:40'),
('0afdb1b1-2de1-450e-868a-1402cc272735', 'App\\Notifications\\NewAuthorPost', 'App\\Models\\User', 1, '{\"data\":\"Super AdminHas Created a New Post\"}', NULL, '2021-11-23 16:52:41', '2021-11-23 16:52:41'),
('0d217d65-e45f-4911-8cff-f1150c3ddb97', 'App\\Notifications\\NewAuthorPost', 'App\\Models\\User', 1, '{\"data\":\"Super AdminHas Created a New Post\"}', NULL, '2021-11-23 16:51:40', '2021-11-23 16:51:40'),
('0da38651-9eec-4312-8f72-b916614d7de5', 'App\\Notifications\\NewAuthorPost', 'App\\Models\\User', 2, '{\"data\":\"Super AdminHas Created a New Post\"}', NULL, '2021-11-23 16:48:53', '2021-11-23 16:48:53'),
('17901e04-3c1d-4818-8dad-8c794c6ab37e', 'App\\Notifications\\NewAuthorPost', 'App\\Models\\User', 1, '{\"data\":\"Super AdminHas Created a New Post\"}', NULL, '2021-11-23 16:55:01', '2021-11-23 16:55:01'),
('1cec065a-814e-4b30-b2a6-bc3b61893efa', 'App\\Notifications\\NewAuthorPost', 'App\\Models\\User', 2, '{\"data\":\"Super AdminHas Created a New Post\"}', NULL, '2021-11-23 16:51:40', '2021-11-23 16:51:40'),
('268b98a3-b423-4880-bdce-6aab2b1947ff', 'App\\Notifications\\NewAuthorPost', 'App\\Models\\User', 1, '{\"data\":\"Super AdminHas Created a New Post\"}', NULL, '2021-11-23 16:47:01', '2021-11-23 16:47:01'),
('291715ba-26dc-4dd5-9740-949fca438a3c', 'App\\Notifications\\NewAuthorPost', 'App\\Models\\User', 1, '{\"data\":\"Your Post Has Been Approved \"}', NULL, '2021-11-23 16:47:26', '2021-11-23 16:47:26'),
('30d312af-bdd8-45ed-85b6-980cf57129fd', 'App\\Notifications\\NewAuthorPost', 'App\\Models\\User', 1, '{\"data\":\"Your Post Has Been Approved \"}', NULL, '2021-11-23 16:54:00', '2021-11-23 16:54:00'),
('367e357b-0047-49ba-8855-d9bad3d40752', 'App\\Notifications\\NewAuthorPost', 'App\\Models\\User', 1, '{\"data\":\"Super AdminHas Created a New Post\"}', NULL, '2021-11-23 11:55:51', '2021-11-23 11:55:51'),
('3a0b9117-15ce-45f2-a3e1-425d523a85c7', 'App\\Notifications\\NewAuthorPost', 'App\\Models\\User', 1, '{\"data\":\"Your Post Has Been Approved \"}', NULL, '2021-11-23 16:53:52', '2021-11-23 16:53:52'),
('3fbf9c25-5393-44bc-b595-d753da9d026c', 'App\\Notifications\\NewAuthorPost', 'App\\Models\\User', 1, '{\"data\":\"Your Post Has Been Approved \"}', NULL, '2021-11-23 16:55:47', '2021-11-23 16:55:47'),
('4c59da63-a571-4172-983f-ba8be9c30b96', 'App\\Notifications\\NewAuthorPost', 'App\\Models\\User', 3, '{\"data\":\"Super AdminHas Created a New Post\"}', NULL, '2021-11-23 16:52:41', '2021-11-23 16:52:41'),
('52c222d4-a8ba-492c-9865-602616cca867', 'App\\Notifications\\NewAuthorPost', 'App\\Models\\User', 2, '{\"data\":\"Super AdminHas Created a New Post\"}', NULL, '2021-11-23 11:55:51', '2021-11-23 11:55:51'),
('6cef3edd-26eb-4474-8f3d-4488dd85c0d0', 'App\\Notifications\\NewAuthorPost', 'App\\Models\\User', 2, '{\"data\":\"Super AdminHas Created a New Post\"}', NULL, '2021-11-23 16:52:41', '2021-11-23 16:52:41'),
('701f3b85-8c6a-4150-aff2-3e117fee6062', 'App\\Notifications\\NewAuthorPost', 'App\\Models\\User', 3, '{\"data\":\"Super AdminHas Created a New Post\"}', NULL, '2021-11-23 11:55:51', '2021-11-23 11:55:51'),
('72a47041-9a92-4571-904b-c063a107aee6', 'App\\Notifications\\NewAuthorPost', 'App\\Models\\User', 1, '{\"data\":\"Super AdminHas Created a New Post\"}', NULL, '2021-11-23 11:51:55', '2021-11-23 11:51:55'),
('76144d6c-44d8-4316-954e-539a55e80960', 'App\\Notifications\\NewAuthorPost', 'App\\Models\\User', 1, '{\"data\":\"Your Post Has Been Approved \"}', NULL, '2021-11-23 11:53:13', '2021-11-23 11:53:13'),
('7e9341ee-24e0-4b3d-a8bb-9081e25cb39f', 'App\\Notifications\\NewAuthorPost', 'App\\Models\\User', 3, '{\"data\":\"Super AdminHas Created a New Post\"}', NULL, '2021-11-23 11:51:55', '2021-11-23 11:51:55'),
('8cb03623-1686-450e-8178-46accddfab72', 'App\\Notifications\\NewAuthorPost', 'App\\Models\\User', 1, '{\"data\":\"Super AdminHas Created a New Post\"}', NULL, '2021-11-23 16:48:53', '2021-11-23 16:48:53'),
('938fbfc2-4c34-4742-bc89-db6891582df4', 'App\\Notifications\\NewAuthorPost', 'App\\Models\\User', 2, '{\"data\":\"Super AdminHas Created a New Post\"}', NULL, '2021-11-23 16:47:01', '2021-11-23 16:47:01'),
('944ccd7a-84ed-4b2d-a2f8-64f257dc2bbf', 'App\\Notifications\\NewAuthorPost', 'App\\Models\\User', 1, '{\"data\":\"Your Post Has Been Approved \"}', NULL, '2021-11-23 11:55:56', '2021-11-23 11:55:56'),
('9ce40447-938d-40c5-a084-07675872b4f6', 'App\\Notifications\\NewAuthorPost', 'App\\Models\\User', 3, '{\"data\":\"Super AdminHas Created a New Post\"}', NULL, '2021-11-23 16:55:01', '2021-11-23 16:55:01'),
('a6928bc0-8303-491b-801c-0de7350bdd6c', 'App\\Notifications\\NewAuthorPost', 'App\\Models\\User', 2, '{\"data\":\"Super AdminHas Created a New Post\"}', NULL, '2021-11-23 16:55:01', '2021-11-23 16:55:01'),
('cd2946ad-a5f0-4932-beb8-ae211455074c', 'App\\Notifications\\NewAuthorPost', 'App\\Models\\User', 1, '{\"data\":\"Your Post Has Been Approved \"}', NULL, '2021-11-23 16:53:57', '2021-11-23 16:53:57'),
('d4f9e1ea-a37e-4ab1-8db4-30bfb0ea0956', 'App\\Notifications\\NewAuthorPost', 'App\\Models\\User', 3, '{\"data\":\"Super AdminHas Created a New Post\"}', NULL, '2021-11-23 16:48:53', '2021-11-23 16:48:53'),
('ec2bfbc8-9983-44b8-9914-1b7b662c9502', 'App\\Notifications\\NewAuthorPost', 'App\\Models\\User', 2, '{\"data\":\"Super AdminHas Created a New Post\"}', NULL, '2021-11-23 11:51:55', '2021-11-23 11:51:55');

-- --------------------------------------------------------

--
-- Table structure for table `notification_settings`
--

CREATE TABLE `notification_settings` (
  `id` bigint(20) UNSIGNED NOT NULL,
  `event` varchar(191) COLLATE utf8mb4_unicode_ci DEFAULT NULL,
  `delivery_process_id` bigint(20) UNSIGNED DEFAULT NULL,
  `type` varchar(191) COLLATE utf8mb4_unicode_ci DEFAULT NULL,
  `message` varchar(191) COLLATE utf8mb4_unicode_ci DEFAULT NULL,
  `user_access_status` tinyint(1) NOT NULL DEFAULT '1',
  `seller_access_status` tinyint(1) NOT NULL DEFAULT '0',
  `admin_access_status` tinyint(1) NOT NULL DEFAULT '0',
  `staff_access_status` tinyint(1) NOT NULL DEFAULT '0',
  `module` varchar(191) COLLATE utf8mb4_unicode_ci DEFAULT NULL,
  `created_at` timestamp NULL DEFAULT NULL,
  `updated_at` timestamp NULL DEFAULT NULL
) ENGINE=InnoDB DEFAULT CHARSET=utf8mb4 COLLATE=utf8mb4_unicode_ci;

--
-- Dumping data for table `notification_settings`
--

INSERT INTO `notification_settings` (`id`, `event`, `delivery_process_id`, `type`, `message`, `user_access_status`, `seller_access_status`, `admin_access_status`, `staff_access_status`, `module`, `created_at`, `updated_at`) VALUES
(1, 'Register', NULL, 'system', 'Welcome to the system.', 0, 0, 0, 0, NULL, '2021-11-01 06:54:41', '2021-11-01 06:54:41'),
(2, 'Offline recharge', NULL, 'system', 'Offline recharge successful', 1, 1, 1, 1, NULL, '2021-11-01 06:54:41', '2021-11-01 06:54:41'),
(3, 'Withdraw request declined', NULL, 'system', 'Your withdraw request declined', 1, 1, 1, 1, NULL, '2021-11-01 06:54:41', '2021-11-01 06:54:41'),
(4, 'Withdraw request approve', NULL, 'system', 'Withdraw request approve', 1, 1, 1, 1, NULL, '2021-11-01 06:54:41', '2021-11-01 06:54:41'),
(5, 'Order confirmation', NULL, 'system', 'Order Confirmed', 1, 1, 1, 1, NULL, '2021-11-01 06:54:41', '2021-11-01 06:54:41'),
(6, 'Order Pending', 1, 'email,system,', 'Order Pending', 1, 1, 1, 1, NULL, '2021-11-01 06:54:41', '2021-11-16 15:49:45'),
(7, 'Order Processing', 2, 'email,system,', 'Order Processing', 1, 1, 1, 1, NULL, '2021-11-01 06:54:41', '2021-11-16 15:49:55'),
(8, 'Order Shipped', 3, 'email,system,', 'Order Shipped', 1, 1, 1, 1, NULL, '2021-11-01 06:54:41', '2021-11-16 15:50:03'),
(9, 'Order Recieved', 4, 'email,system,', 'Order Recieved', 1, 1, 1, 1, NULL, '2021-11-01 06:54:41', '2021-11-16 15:50:15'),
(10, 'Order Delivered', 5, 'email,system,', 'Order Delivered', 1, 1, 1, 1, NULL, '2021-11-01 06:54:41', '2021-11-16 15:50:25'),
(11, 'Product review', NULL, 'system', 'Product review.', 0, 1, 1, 0, NULL, '2021-11-01 06:54:41', '2021-11-01 06:54:41'),
(12, 'Product disable', NULL, 'system', 'Product disable.', 0, 1, 0, 0, NULL, '2021-11-01 06:54:41', '2021-11-01 06:54:41');

-- --------------------------------------------------------

--
-- Table structure for table `orders`
--

CREATE TABLE `orders` (
  `id` bigint(20) UNSIGNED NOT NULL,
  `customer_id` bigint(20) UNSIGNED DEFAULT NULL,
  `order_payment_id` bigint(20) UNSIGNED DEFAULT NULL,
  `order_type` varchar(255) COLLATE utf8mb4_unicode_ci DEFAULT NULL,
  `order_number` varchar(255) COLLATE utf8mb4_unicode_ci NOT NULL,
  `payment_type` bigint(20) UNSIGNED NOT NULL,
  `is_paid` int(10) UNSIGNED NOT NULL DEFAULT '0',
  `is_confirmed` int(10) UNSIGNED NOT NULL DEFAULT '0',
  `is_completed` int(10) UNSIGNED NOT NULL DEFAULT '0',
  `is_cancelled` int(10) UNSIGNED NOT NULL DEFAULT '0',
  `cancel_reason_id` int(10) UNSIGNED DEFAULT NULL,
  `customer_email` varchar(255) COLLATE utf8mb4_unicode_ci DEFAULT NULL,
  `customer_phone` varchar(255) COLLATE utf8mb4_unicode_ci DEFAULT NULL,
  `customer_shipping_address` bigint(20) UNSIGNED DEFAULT NULL,
  `customer_billing_address` bigint(20) UNSIGNED DEFAULT NULL,
  `number_of_package` int(10) UNSIGNED DEFAULT NULL,
  `grand_total` double DEFAULT NULL,
  `sub_total` double DEFAULT NULL,
  `discount_total` double DEFAULT NULL,
  `shipping_total` double DEFAULT NULL,
  `number_of_item` int(10) UNSIGNED DEFAULT NULL,
  `order_status` int(10) UNSIGNED DEFAULT NULL,
  `tax_amount` double DEFAULT '0',
  `created_at` timestamp NULL DEFAULT NULL,
  `updated_at` timestamp NULL DEFAULT NULL
) ENGINE=InnoDB DEFAULT CHARSET=utf8mb4 COLLATE=utf8mb4_unicode_ci;

--
-- Dumping data for table `orders`
--

INSERT INTO `orders` (`id`, `customer_id`, `order_payment_id`, `order_type`, `order_number`, `payment_type`, `is_paid`, `is_confirmed`, `is_completed`, `is_cancelled`, `cancel_reason_id`, `customer_email`, `customer_phone`, `customer_shipping_address`, `customer_billing_address`, `number_of_package`, `grand_total`, `sub_total`, `discount_total`, `shipping_total`, `number_of_item`, `order_status`, `tax_amount`, `created_at`, `updated_at`) VALUES
(2, NULL, 1, NULL, 'Order-95-211116114952', 1, 0, 1, 0, 0, NULL, 'ngc@g.com', '+1 (463) 672-7964', NULL, NULL, 1, 810.8, 756, 12, 50, 3, 5, 16.8, '2021-11-16 11:49:52', '2021-11-16 12:10:13'),
(3, 26, 2, NULL, 'Order-35-211116030414', 1, 0, 1, 0, 0, NULL, 'customer2@gmail.com', '23423423', 4, 4, 1, 81.15, 70, 7, 15, 2, 5, 3.15, '2021-11-16 15:04:14', '2021-11-16 15:05:22'),
(4, 26, 3, NULL, 'Order-23-211116030754', 1, 0, 1, 0, 0, NULL, 'customer2@gmail.com', '23423423', 4, 4, 1, 12125.59, 10000, 400, 1565.59, 1, 5, 960, '2021-11-16 15:07:54', '2021-11-16 15:08:30'),
(5, 26, 4, NULL, 'Order-26-211116031600', 2, 1, 0, 1, 0, NULL, 'customer2@gmail.com', '23423423', 4, 4, 1, 200, 200, 0, 0, 1, 0, 0, '2021-11-16 15:16:00', '2021-11-26 02:56:59'),
(6, 26, 5, NULL, 'Order-60-211116034341', 2, 1, 1, 1, 0, NULL, 'customer2@gmail.com', '23423423', 4, 4, 1, 57, 45, 5, 15, 1, 5, 2, '2021-11-16 15:43:41', '2021-11-25 11:18:00'),
(7, 26, 6, NULL, 'Order-83-211116035939', 2, 1, 1, 0, 0, NULL, 'customer2@gmail.com', '23423423', 4, 4, 1, 36.85, 25, 2, 15, 1, 0, 1.15, '2021-11-16 15:59:39', '2021-11-26 02:47:40'),
(8, NULL, 7, NULL, 'Order-20-211116042848', 1, 1, 1, 1, 0, NULL, 'abc@test.com', '+265656556656', NULL, NULL, 1, 752.74, 700, 42, 75, 1, 5, 19.74, '2021-11-16 16:28:48', '2021-11-25 11:18:05'),
(9, 4, 8, NULL, 'Order-45-211122114237', 1, 1, 1, 1, 0, NULL, 'customer@gmail.com', '01833996322', 6, 6, 1, 62, 50, 6, 15, 1, 5, 3, '2021-11-22 11:42:37', '2021-11-22 11:54:24'),
(10, 34, 9, NULL, 'Order-53-211125105617', 2, 1, 1, 0, 0, NULL, 'torikul@gmail.com', '018339963215', 7, 7, 2, 222.975, 220, 25, 15, 2, 5, 7.125, '2021-11-25 10:56:17', '2021-11-25 10:58:51'),
(11, 34, 10, NULL, 'Order-23-211125105932', 1, 1, 1, 1, 0, NULL, 'torikul@gmail.com', '018339963215', 7, 7, 1, 168.9, 150, 7.5, 15, 1, 5, 7.125, '2021-11-25 10:59:32', '2021-11-25 11:01:03'),
(12, 34, 11, NULL, 'Order-24-211125111455', 1, 1, 1, 1, 0, NULL, 'torikul@gmail.com', '018339963215', 7, 7, 1, 99.8, 80, 4, 20, 1, 5, 1.52, '2021-11-25 11:14:55', '2021-11-25 11:18:13'),
(13, 34, 12, NULL, 'Order-24-211125111536', 1, 1, 1, 1, 0, NULL, 'torikul@gmail.com', '018339963215', 7, 7, 1, 382.25, 350, 5, 20, 1, 5, 6.9, '2021-11-25 11:15:36', '2021-11-25 11:25:08'),
(14, 34, 13, NULL, 'Order-97-211125111553', 1, 1, 1, 1, 0, NULL, 'torikul@gmail.com', '018339963215', 7, 7, 1, 62.38, 48, 2, 15, 2, 5, 0, '2021-11-25 11:15:53', '2021-11-25 11:18:24'),
(15, 35, 14, NULL, 'Order-15-211125112326', 1, 1, 1, 1, 0, NULL, 'tufsir@gmail.com', '018339963321', 8, 8, 1, 382.25, 350, 5, 20, 1, 5, 6.9, '2021-11-25 11:23:26', '2021-11-25 11:24:48'),
(16, 35, 15, NULL, 'Order-58-211125112609', 1, 0, 1, 0, 0, NULL, 'tufsir@gmail.com', '018339963321', 8, 8, 1, 168.9, 150, 7.5, 15, 1, 5, 7.125, '2021-11-25 11:26:09', '2021-11-25 11:26:43'),
(17, 35, 16, NULL, 'Order-65-211125112734', 1, 0, 1, 0, 0, NULL, 'tufsir@gmail.com', '018339963321', 8, 8, 1, 69.723, 54, 1.95, 15, 2, 5, 1.1115, '2021-11-25 11:27:34', '2021-11-25 11:28:07'),
(18, 36, 17, NULL, 'Order-46-211125112958', 1, 1, 1, 1, 0, NULL, 'salma@gmail.com', '32423423', 9, 9, 1, 54.273, 39, 1.95, 15, 1, 5, 1.1115, '2021-11-25 11:29:58', '2021-11-25 11:31:45'),
(19, 36, 18, NULL, 'Order-28-211125113021', 1, 0, 1, 0, 0, NULL, 'salma@gmail.com', '32423423', 9, 9, 1, 382.25, 350, 5, 20, 1, 5, 6.9, '2021-11-25 11:30:21', '2021-11-25 11:31:39'),
(20, 36, 19, NULL, 'Order-44-211125113038', 1, 1, 1, 0, 0, NULL, 'salma@gmail.com', '32423423', 9, 9, 1, 92.1, 70, 0, 20, 1, 5, 0, '2021-11-25 11:30:38', '2021-11-25 11:31:51'),
(21, 4, 20, NULL, 'Order-24-211126032455', 1, 0, 0, 0, 0, NULL, 'customer@gmail.com', '01833996322', 6, 6, 1, 10940, 8025, -1600, 65, 2, 0, 961.25, '2021-11-26 15:24:55', '2021-11-26 15:24:55'),
(22, 4, 21, NULL, 'Order-27-211128100255', 1, 0, 0, 0, 0, NULL, 'customer@gmail.com', '01833996322', 6, 6, 1, 5661.16, 5175, 203, 60, 3, 0, 480, '2021-11-28 10:02:55', '2021-11-28 10:02:55'),
(23, NULL, 22, NULL, 'Order-26-211128023553', 1, 0, 1, 0, 0, NULL, 'tamerkirci@gmail.com', '05533595276', NULL, NULL, 1, 500.9, 450, 20, 15, 1, 0, 43, '2021-11-28 14:35:53', '2021-11-28 14:41:19'),
(25, NULL, 23, NULL, 'Order-75-211128093959', 1, 0, 0, 0, 0, NULL, 'test@test.com', '23565656565', NULL, NULL, 1, 35.6, 20, 0, 15, 1, 0, 0, '2021-11-28 21:39:59', '2021-11-28 21:39:59'),
(26, NULL, 24, NULL, 'Order-94-211128094003', 1, 0, 0, 0, 0, NULL, 'akash@rishfa.com', '4324', NULL, NULL, 1, 87.875, 75, 7.5, 15, 1, 0, 3.35, '2021-11-28 21:40:03', '2021-11-28 21:40:03'),
(27, 4, 25, NULL, 'Order-52-211128101306', 7, 0, 0, 0, 0, NULL, 'customer@gmail.com', '01833996322', 6, 6, 1, 566.5, 550, 0, 0, 2, 0, 0, '2021-11-28 22:13:06', '2021-11-28 22:13:06'),
(28, 4, NULL, NULL, 'Order-46-211129120550', 3, 0, 0, 0, 0, NULL, 'customer@gmail.com', '01833996322', 6, 6, 2, 396.1, 370, 0, 15, 2, 0, 0, '2021-11-29 00:05:50', '2021-11-29 00:05:50'),
(29, NULL, 26, NULL, 'Order-16-211129070141', 1, 0, 0, 0, 0, NULL, 'akash@rishfa.com', '3121321', NULL, NULL, 1, 99.8, 80, 4, 20, 1, 0, 1.52, '2021-11-29 19:01:41', '2021-11-29 19:01:41'),
(30, 19, 27, NULL, 'Order-65-211129070255', 1, 0, 1, 0, 0, NULL, 'spn21@spondonit.com', '01729975293', 2, 2, 1, 513.75, 500, 25, 15, 1, 0, 23.75, '2021-11-29 19:02:55', '2021-12-09 20:41:35'),
(31, 20, 28, NULL, 'Order-43-211129070357', 1, 0, 1, 0, 0, NULL, 'spn17@spondonit.com', '12121212', 3, 3, 1, 61.35, 45, 0, 15, 1, 0, 0, '2021-11-29 19:03:57', '2021-12-09 20:41:09'),
(32, 19, 29, NULL, 'Order-47-211129070438', 2, 1, 1, 1, 0, NULL, 'spn21@spondonit.com', '01729975293', 2, 2, 2, 592, 570, 41, 15, 2, 0, 48, '2021-11-29 19:04:38', '2021-12-06 13:27:44'),
(33, 4, 30, NULL, 'Order-44-211129070714', 1, 1, 1, 1, 0, NULL, 'customer@gmail.com', '01833996322', 6, 6, 1, 35.6, 20, 0, 15, 1, 3, 0, '2021-11-29 19:07:14', '2021-11-29 19:11:34'),
(34, 4, 31, NULL, 'Order-11-211129071309', 7, 1, 1, 0, 0, NULL, 'customer@gmail.com', '01833996322', 6, 6, 1, 51.75, 45, 10, 15, 1, 5, 0.7, '2021-11-29 19:13:09', '2021-11-29 19:17:05'),
(35, 4, 32, NULL, 'Order-57-211202030451', 1, 0, 1, 0, 0, NULL, 'customer@gmail.com', '01833996322', 6, 6, 1, 397.773, 394, 36.95, 15, 5, 0, 15.0115, '2021-12-02 15:04:51', '2021-12-09 20:10:49'),
(36, 4, 33, NULL, 'Order-18-211202101234', 1, 0, 1, 0, 0, NULL, 'customer@gmail.com', '01833996322', 6, 6, 2, 101.65, 85, 10, 20, 2, 0, 4.4, '2021-12-02 22:12:34', '2021-12-09 15:42:00'),
(37, 4, 34, NULL, 'Order-23-211202115119', 1, 1, 1, 0, 0, NULL, 'customer@gmail.com', '01833996322', 6, 6, 1, 143.364, 132, 13.2, 15, 3, 0, 6, '2021-12-02 23:51:19', '2021-12-09 03:11:17'),
(38, NULL, 35, NULL, 'Order-33-211203024424', 1, 0, 1, 0, 0, NULL, 'io@io.cc', '3321321312321', NULL, NULL, 1, 50.7, 45, 10, 15, 1, 0, 0.7, '2021-12-03 02:44:24', '2021-12-09 03:10:16'),
(39, 4, 36, NULL, 'Order-26-211203055144', 1, 1, 1, 1, 0, NULL, 'customer@gmail.com', '01833996322', 6, 10, 1, 58.46, 55, 5.5, 5, 1, 5, 2.475, '2021-12-03 05:51:44', '2021-12-03 22:26:23'),
(40, 4, 37, NULL, 'Order-35-211206055643', 1, 0, 1, 0, 0, NULL, 'customer@gmail.com', '01833996322', 6, 10, 1, 2589.2092, 2612, 136.76, 35, 4, 0, 4.712, '2021-12-06 05:56:43', '2021-12-06 23:39:33'),
(41, NULL, 38, NULL, 'Order-44-211206065522', 1, 0, 1, 0, 0, NULL, 'aqil@gmail.com', '601131264775', NULL, NULL, 1, 811.7515, 739, 43.95, 75, 2, 0, 20.85, '2021-12-06 06:55:22', '2021-12-06 13:26:59'),
(42, NULL, 42, NULL, 'Order-55-211209062953', 7, 1, 1, 0, 0, NULL, 'ptakalei@gmail.com', '0723110551', NULL, NULL, 1, 54.2715, 39, 1.95, 15, 1, 3, 1.11, '2021-12-09 18:29:53', '2021-12-09 21:02:19'),
(43, NULL, 43, NULL, 'Order-19-211209063532', 1, 1, 1, 0, 0, NULL, 'contact@graphicocean.net', '0770231727', NULL, NULL, 1, 5469, 5000, 200, 45, 1, 0, 480, '2021-12-09 18:35:32', '2021-12-09 19:29:18'),
(44, NULL, 47, NULL, 'Order-48-211209085859', 1, 0, 0, 0, 0, NULL, 'makumar4u@gmail.com', '09876543210', NULL, NULL, 1, 36.258, 35, 1.4, 0, 1, 0, 1.65, '2021-12-09 20:58:59', '2021-12-09 20:58:59'),
(45, 4, NULL, NULL, 'Order-78-211209100604', 9, 0, 0, 0, 0, NULL, 'customer@gmail.com', '01833996322', 6, 10, 1, 262.8, 240, 5, 15, 2, 0, 5.75, '2021-12-09 22:06:04', '2021-12-09 22:06:04'),
(46, 4, 52, NULL, 'Order-68-211209102116', 1, 1, 1, 0, 0, NULL, 'customer@gmail.com', '01833996322', 6, 10, 1, 208.164, 197, 18.2, 15, 4, 3, 9, '2021-12-09 22:21:16', '2021-12-10 00:20:38'),
(47, 4, 53, NULL, 'Order-19-211209104148', 1, 0, 1, 0, 0, NULL, 'customer@gmail.com', '01833996322', 6, 10, 1, 117.6, 100, 5, 15, 1, 0, 4.75, '2021-12-09 22:41:48', '2021-12-10 00:19:30'),
(48, NULL, 54, NULL, 'Order-84-211209111356', 1, 0, 1, 0, 0, NULL, 'mohamed_badran100@hotmail.com', '+201022669624', NULL, NULL, 1, 1032.15, 900, 27, 115.5, 3, 3, 17.46, '2021-12-09 23:13:56', '2021-12-09 23:22:56'),
(49, NULL, 55, NULL, 'Order-58-211210122529', 1, 0, 0, 0, 0, NULL, 'Tech@gmail.com', '273838383', NULL, NULL, 1, 135, 120, 0, 15, 1, 0, 0, '2021-12-10 00:25:29', '2021-12-10 00:25:29'),
(50, 4, 56, NULL, 'Order-96-211210011922', 1, 0, 0, 0, 0, NULL, 'customer@gmail.com', '01833996322', 6, 10, 1, 2218.94, 2150, 126, 75, 5, 0, 59.22, '2021-12-10 01:19:22', '2021-12-10 01:19:22'),
(51, 4, 57, NULL, 'Order-91-211210024754', 1, 0, 0, 0, 0, NULL, 'customer@gmail.com', '01833996322', 6, 10, 1, 1316.003, 1239, 68.95, 75, 5, 0, 35.8515, '2021-12-10 02:47:54', '2021-12-10 02:47:54'),
(52, 4, 58, NULL, 'Order-93-211210025155', 1, 0, 1, 0, 0, NULL, 'customer@gmail.com', '01833996322', 6, 10, 1, 446.964, 492, 83.2, 15, 11, 0, 10.9, '2021-12-10 02:51:55', '2021-12-10 09:40:47'),
(53, 4, 59, NULL, 'Order-53-211210032926', 1, 1, 1, 1, 0, NULL, 'customer@gmail.com', '01833996322', 6, 10, 1, 185.4, 180, 0, 0, 4, 3, 0, '2021-12-10 03:29:26', '2021-12-10 08:52:12'),
(54, 4, 60, NULL, 'Order-72-211210042428', 1, 1, 1, 1, 0, NULL, 'customer@gmail.com', '01833996322', 6, 10, 1, 40.75, 25, 0, 15, 1, 0, 0, '2021-12-10 04:24:28', '2021-12-10 07:28:15'),
(55, 4, 62, NULL, 'Order-89-211210094134', 1, 0, 0, 0, 0, NULL, 'customer@gmail.com', '01833996322', 6, 10, 1, 14127.074, 12473, 297.2, 98, 3, 0, 1488, '2021-12-10 09:41:34', '2021-12-10 09:41:34'),
(56, NULL, 64, NULL, 'Order-77-211210103508', 1, 0, 0, 0, 0, NULL, 'osas@gmail.com', '0892827292820', NULL, NULL, 1, 209.915, 190, 9.5, 15, 1, 0, 9, '2021-12-10 10:35:08', '2021-12-10 10:35:08'),
(57, 4, 65, NULL, 'Order-59-211210124402', 1, 1, 1, 0, 0, NULL, 'customer@gmail.com', '01833996322', 6, 10, 1, 240.72, 220, 11, 15, 1, 0, 10.45, '2021-12-10 12:44:02', '2021-12-10 12:50:48'),
(58, NULL, 66, NULL, 'Order-99-211210012145', 1, 0, 0, 0, 0, NULL, 'eqweqwe@gmail.com', '88001122', NULL, NULL, 1, 50.7, 45, 10, 15, 1, 0, 0.7, '2021-12-10 13:21:45', '2021-12-10 13:21:45'),
(59, 4, 67, NULL, 'Order-31-211210050430', 1, 0, 1, 0, 0, NULL, 'customer@gmail.com', '01833996322', 6, 10, 1, 179.169, 162, 5.85, 15, 4, 0, 3.3345, '2021-12-10 17:04:30', '2021-12-10 19:03:56'),
(60, 4, 69, NULL, 'Order-36-211210071031', 1, 0, 0, 0, 0, NULL, 'customer@gmail.com', '01833996322', 6, 10, 1, 76.8, 60, 0, 15, 1, 0, 0, '2021-12-10 19:10:31', '2021-12-10 19:10:31'),
(61, NULL, 70, NULL, 'Order-50-211210074321', 1, 0, 0, 0, 0, NULL, 'mugifakip@gmail.com', '89502825899', NULL, NULL, 1, 51.75, 45, 10, 15, 1, 0, 0.7, '2021-12-10 19:43:21', '2021-12-10 19:43:21'),
(62, 4, NULL, NULL, 'Order-16-211210090938', 9, 0, 0, 0, 0, NULL, 'customer@gmail.com', '01833996322', 6, 10, 1, 156.873, 139, 6.95, 15, 2, 0, 5.8615, '2021-12-10 21:09:38', '2021-12-10 21:09:38'),
(63, NULL, 71, NULL, 'Order-34-211210093051', 1, 0, 0, 0, 0, NULL, 'iutirt9it@gmail.com', '+85694+6456+463', NULL, NULL, 1, 40.75, 25, 0, 15, 1, 0, 0, '2021-12-10 21:30:51', '2021-12-10 21:30:51'),
(64, 4, 72, NULL, 'Order-15-211210093611', 1, 1, 1, 1, 0, NULL, 'customer@gmail.com', '01833996322', 6, 10, 1, 772.48, 700, 42, 75, 1, 0, 19.74, '2021-12-10 21:36:11', '2021-12-10 22:55:05'),
(65, 4, 73, NULL, 'Order-76-211211073113', 1, 1, 1, 1, 0, NULL, 'customer@gmail.com', '01833996322', 6, 10, 1, 830.915, 755, 47.5, 80, 2, 0, 22.19, '2021-12-11 07:31:13', '2021-12-11 09:34:56'),
(66, 4, 74, NULL, 'Order-24-211211114424', 1, 0, 1, 0, 0, NULL, 'customer@gmail.com', '01833996322', 6, 10, 1, 525.45, 415, 0, 95, 3, 0, 3, '2021-12-11 23:44:24', '2021-12-12 09:51:48'),
(67, 4, NULL, NULL, 'Order-73-211212120647', 9, 0, 1, 0, 0, NULL, 'customer@gmail.com', '01833996322', 6, 10, 1, 54.273, 39, 1.95, 15, 1, 0, 1.1115, '2021-12-12 00:06:47', '2021-12-12 15:08:50'),
(68, 4, 76, NULL, 'Order-25-211212123042', 1, 1, 1, 1, 0, NULL, 'customer@gmail.com', '01833996322', 6, 10, 1, 35.52, 20, 1, 15, 1, 0, 0.95, '2021-12-12 00:30:42', '2021-12-12 13:48:23');

-- --------------------------------------------------------

--
-- Table structure for table `order_delivery_states`
--

CREATE TABLE `order_delivery_states` (
  `id` bigint(20) UNSIGNED NOT NULL,
  `order_package_id` bigint(20) UNSIGNED NOT NULL,
  `delivery_status` bigint(20) UNSIGNED NOT NULL,
  `note` text COLLATE utf8mb4_unicode_ci,
  `date` date DEFAULT NULL,
  `created_by` bigint(20) UNSIGNED DEFAULT NULL,
  `updated_by` bigint(20) UNSIGNED DEFAULT NULL,
  `created_at` timestamp NULL DEFAULT NULL,
  `updated_at` timestamp NULL DEFAULT NULL
) ENGINE=InnoDB DEFAULT CHARSET=utf8mb4 COLLATE=utf8mb4_unicode_ci;

--
-- Dumping data for table `order_delivery_states`
--

INSERT INTO `order_delivery_states` (`id`, `order_package_id`, `delivery_status`, `note`, `date`, `created_by`, `updated_by`, `created_at`, `updated_at`) VALUES
(1, 2, 5, NULL, '2021-11-16', 1, NULL, '2021-11-16 12:10:13', '2021-11-16 12:10:13'),
(2, 3, 5, NULL, '2021-11-16', 1, NULL, '2021-11-16 15:05:22', '2021-11-16 15:05:22'),
(3, 4, 5, NULL, '2021-11-16', 1, NULL, '2021-11-16 15:08:30', '2021-11-16 15:08:30'),
(4, 6, 2, 'Order is under processing.', '2021-11-16', 1, NULL, '2021-11-16 15:51:11', '2021-11-16 15:51:11'),
(5, 6, 3, NULL, '2021-11-16', 1, NULL, '2021-11-16 15:51:48', '2021-11-16 15:51:48'),
(6, 6, 5, NULL, '2021-11-16', 1, NULL, '2021-11-16 15:52:50', '2021-11-16 15:52:50'),
(7, 9, 5, NULL, '2021-11-22', 1, NULL, '2021-11-22 11:48:33', '2021-11-22 11:48:33'),
(8, 10, 5, NULL, '2021-11-25', 1, NULL, '2021-11-25 10:58:51', '2021-11-25 10:58:51'),
(9, 12, 2, 'Order is under processing.', '2021-11-25', 1, NULL, '2021-11-25 11:00:23', '2021-11-25 11:00:23'),
(10, 12, 5, NULL, '2021-11-25', 1, NULL, '2021-11-25 11:00:39', '2021-11-25 11:00:39'),
(11, 15, 5, NULL, '2021-11-25', 1, NULL, '2021-11-25 11:17:20', '2021-11-25 11:17:20'),
(12, 14, 5, NULL, '2021-11-25', 1, NULL, '2021-11-25 11:17:27', '2021-11-25 11:17:27'),
(13, 13, 5, NULL, '2021-11-25', 1, NULL, '2021-11-25 11:17:33', '2021-11-25 11:17:33'),
(14, 10, 5, NULL, '2021-11-25', 1, NULL, '2021-11-25 11:17:40', '2021-11-25 11:17:40'),
(15, 8, 5, NULL, '2021-11-25', 1, NULL, '2021-11-25 11:17:45', '2021-11-25 11:17:45'),
(16, 6, 5, NULL, '2021-11-25', 1, NULL, '2021-11-25 11:17:53', '2021-11-25 11:17:53'),
(17, 16, 5, NULL, '2021-11-25', 1, NULL, '2021-11-25 11:24:38', '2021-11-25 11:24:38'),
(18, 17, 5, NULL, '2021-11-25', 1, NULL, '2021-11-25 11:26:43', '2021-11-25 11:26:43'),
(19, 18, 2, 'Order is under processing.', '2021-11-25', 1, NULL, '2021-11-25 11:27:59', '2021-11-25 11:27:59'),
(20, 18, 5, NULL, '2021-11-25', 1, NULL, '2021-11-25 11:28:07', '2021-11-25 11:28:07'),
(21, 19, 2, 'Order is under processing.', '2021-11-25', 1, NULL, '2021-11-25 11:31:14', '2021-11-25 11:31:14'),
(22, 21, 2, 'Order is under processing.', '2021-11-25', 1, NULL, '2021-11-25 11:31:17', '2021-11-25 11:31:17'),
(23, 20, 2, 'Order is under processing.', '2021-11-25', 1, NULL, '2021-11-25 11:31:20', '2021-11-25 11:31:20'),
(24, 19, 5, NULL, '2021-11-25', 1, NULL, '2021-11-25 11:31:26', '2021-11-25 11:31:26'),
(25, 21, 5, NULL, '2021-11-25', 1, NULL, '2021-11-25 11:31:33', '2021-11-25 11:31:33'),
(26, 20, 5, NULL, '2021-11-25', 1, NULL, '2021-11-25 11:31:39', '2021-11-25 11:31:39'),
(27, 27, 2, 'Order is under processing.', '2021-11-28', 1, NULL, '2021-11-28 22:14:42', '2021-11-28 22:14:42'),
(28, 27, 2, 'Order is under processing.', '2021-11-28', 1, NULL, '2021-11-28 22:14:48', '2021-11-28 22:14:48'),
(29, 35, 3, 'shipped', '2021-11-29', 1, NULL, '2021-11-29 19:11:34', '2021-11-29 19:11:34'),
(30, 36, 2, 'Order is under processing.', '2021-11-29', 1, NULL, '2021-11-29 19:15:48', '2021-11-29 19:15:48'),
(31, 36, 4, NULL, '2021-11-29', 1, NULL, '2021-11-29 19:16:17', '2021-11-29 19:16:17'),
(32, 36, 5, NULL, '2021-11-29', 1, NULL, '2021-11-29 19:16:31', '2021-11-29 19:16:31'),
(33, 36, 2, NULL, '2021-11-29', 1, NULL, '2021-11-29 19:16:48', '2021-11-29 19:16:48'),
(34, 36, 5, NULL, '2021-11-29', 1, NULL, '2021-11-29 19:17:05', '2021-11-29 19:17:05'),
(35, 42, 2, 'Order is under processing.', '2021-12-03', 1, NULL, '2021-12-03 22:25:52', '2021-12-03 22:25:52'),
(36, 42, 5, NULL, '2021-12-03', 1, NULL, '2021-12-03 22:26:23', '2021-12-03 22:26:23'),
(37, 33, 2, 'Order is under processing.', '2021-12-06', 1, NULL, '2021-12-06 13:27:44', '2021-12-06 13:27:44'),
(38, 34, 2, 'Order is under processing.', '2021-12-06', 1, NULL, '2021-12-06 13:27:44', '2021-12-06 13:27:44'),
(39, 40, 2, 'Order is under processing.', '2021-12-09', 1, NULL, '2021-12-09 03:11:17', '2021-12-09 03:11:17'),
(40, 46, 2, 'Order is under processing.', '2021-12-09', 1, NULL, '2021-12-09 19:29:18', '2021-12-09 19:29:18'),
(41, 37, 2, 'Order is under processing.', '2021-12-09', 1, NULL, '2021-12-09 20:10:48', '2021-12-09 20:10:48'),
(42, 31, 2, 'Order is under processing.', '2021-12-09', 1, NULL, '2021-12-09 20:41:35', '2021-12-09 20:41:35'),
(43, 45, 2, NULL, '2021-12-09', 1, NULL, '2021-12-09 21:01:55', '2021-12-09 21:01:55'),
(44, 45, 3, NULL, '2021-12-09', 1, NULL, '2021-12-09 21:02:19', '2021-12-09 21:02:19'),
(45, 51, 2, 'Order is under processing.', '2021-12-09', 1, NULL, '2021-12-09 23:22:42', '2021-12-09 23:22:42'),
(46, 51, 3, NULL, '2021-12-09', 1, NULL, '2021-12-09 23:22:56', '2021-12-09 23:22:56'),
(47, 49, 2, 'Order is under processing.', '2021-12-10', 1, NULL, '2021-12-10 00:20:21', '2021-12-10 00:20:21'),
(48, 49, 3, NULL, '2021-12-10', 1, NULL, '2021-12-10 00:20:38', '2021-12-10 00:20:38'),
(49, 57, 2, 'Order is under processing.', '2021-12-10', 1, NULL, '2021-12-10 07:28:15', '2021-12-10 07:28:15'),
(50, 56, 3, NULL, '2021-12-10', 1, NULL, '2021-12-10 08:52:12', '2021-12-10 08:52:12'),
(51, 55, 2, 'Order is under processing.', '2021-12-10', 1, NULL, '2021-12-10 09:40:47', '2021-12-10 09:40:47'),
(52, 67, 2, 'Order is under processing.', '2021-12-10', 1, NULL, '2021-12-10 22:54:56', '2021-12-10 22:54:56'),
(53, 68, 2, 'Order is under processing.', '2021-12-11', 1, NULL, '2021-12-11 09:34:56', '2021-12-11 09:34:56'),
(54, 69, 2, 'Order is under processing.', '2021-12-12', 1, NULL, '2021-12-12 09:51:48', '2021-12-12 09:51:48'),
(55, 71, 2, 'Order is under processing.', '2021-12-12', 1, NULL, '2021-12-12 13:48:07', '2021-12-12 13:48:07');

-- --------------------------------------------------------

--
-- Table structure for table `order_package_details`
--

CREATE TABLE `order_package_details` (
  `id` bigint(20) UNSIGNED NOT NULL,
  `order_id` bigint(20) UNSIGNED NOT NULL,
  `seller_id` bigint(20) UNSIGNED NOT NULL,
  `package_code` varchar(255) COLLATE utf8mb4_unicode_ci DEFAULT NULL,
  `number_of_product` int(10) UNSIGNED NOT NULL,
  `shipping_cost` double DEFAULT NULL,
  `shipping_date` varchar(255) COLLATE utf8mb4_unicode_ci DEFAULT NULL,
  `shipping_method` bigint(20) UNSIGNED DEFAULT NULL,
  `is_cancelled` int(10) UNSIGNED NOT NULL DEFAULT '0',
  `cancel_reason_id` int(10) UNSIGNED DEFAULT NULL,
  `is_reviewed` int(10) UNSIGNED NOT NULL DEFAULT '0',
  `delivery_status` bigint(20) UNSIGNED NOT NULL DEFAULT '0',
  `last_updated_by` bigint(20) UNSIGNED DEFAULT NULL,
  `gst_claimed` tinyint(1) NOT NULL DEFAULT '0',
  `tax_amount` double DEFAULT '0',
  `created_at` timestamp NULL DEFAULT NULL,
  `updated_at` timestamp NULL DEFAULT NULL
) ENGINE=InnoDB DEFAULT CHARSET=utf8mb4 COLLATE=utf8mb4_unicode_ci;

--
-- Dumping data for table `order_package_details`
--

INSERT INTO `order_package_details` (`id`, `order_id`, `seller_id`, `package_code`, `number_of_product`, `shipping_cost`, `shipping_date`, `shipping_method`, `is_cancelled`, `cancel_reason_id`, `is_reviewed`, `delivery_status`, `last_updated_by`, `gst_claimed`, `tax_amount`, `created_at`, `updated_at`) VALUES
(2, 2, 1, 'TRK - 5525896', 2, 50, 'Est arrival date: 21 Nov - 24 Nov', 2, 0, NULL, 0, 5, 1, 0, 16.8, '2021-11-16 11:49:52', '2021-11-16 12:10:13'),
(3, 3, 1, 'TRK - 39430310', 2, 15, 'Est arrival date: 21 Nov - 24 Nov', 2, 0, NULL, 0, 5, 1, 0, 3.15, '2021-11-16 15:04:14', '2021-11-16 15:05:22'),
(4, 4, 1, 'TRK - 37187159', 1, 1565.59, 'Est arrival date: 21 Nov - 24 Nov', 2, 0, NULL, 0, 5, 1, 0, 960, '2021-11-16 15:07:54', '2021-11-16 15:08:30'),
(5, 5, 1, 'TRK - 40565934', 1, 0, 'Est arrival time: 12-24 hrs', 1, 1, NULL, 0, 0, NULL, 0, 0, '2021-11-16 15:16:00', '2021-11-16 15:16:19'),
(6, 6, 1, 'TRK - 34808605', 1, 15, 'Est arrival date: 21 Nov - 24 Nov', 2, 0, NULL, 0, 5, 1, 0, 2, '2021-11-16 15:43:41', '2021-11-16 15:52:50'),
(7, 7, 1, 'TRK - 17136314', 1, 15, 'Est arrival date: 21 Nov - 24 Nov', 2, 0, NULL, 0, 2, NULL, 0, 1.15, '2021-11-16 15:59:39', '2021-11-26 02:47:40'),
(8, 8, 1, 'TRK - 30908385', 1, 75, 'Est arrival date: 21 Nov - 24 Nov', 2, 0, NULL, 0, 5, 1, 0, 19.74, '2021-11-16 16:28:48', '2021-11-25 11:17:45'),
(9, 9, 1, 'TRK - 14081813', 1, 15, 'Est arrival date: 27 Nov - 30 Nov', 2, 0, NULL, 1, 5, 1, 0, 3, '2021-11-22 11:42:38', '2021-11-23 12:50:49'),
(10, 10, 1, 'TRK - 16187805', 1, 15, 'Est arrival date: 30 Nov - 03 Dec', 2, 0, NULL, 0, 5, 1, 0, 7.125, '2021-11-25 10:56:17', '2021-11-25 10:58:51'),
(11, 10, 1, 'TRK - 34667928', 1, 0, 'Est arrival time: 12-24 hrs', 1, 0, NULL, 0, 2, NULL, 0, 0, '2021-11-25 10:56:17', '2021-11-25 10:56:58'),
(12, 11, 1, 'TRK - 25475306', 1, 15, 'Est arrival date: 30 Nov - 03 Dec', 2, 0, NULL, 0, 5, 1, 0, 7.125, '2021-11-25 10:59:32', '2021-11-25 11:00:39'),
(13, 12, 1, 'TRK - 15654497', 1, 20, 'Est arrival date: 30 Nov - 03 Dec', 2, 0, NULL, 0, 5, 1, 0, 1.52, '2021-11-25 11:14:55', '2021-11-25 11:17:33'),
(14, 13, 1, 'TRK - 35476613', 1, 20, 'Est arrival date: 30 Nov - 03 Dec', 2, 0, NULL, 0, 5, 1, 0, 6.9, '2021-11-25 11:15:36', '2021-11-25 11:17:27'),
(15, 14, 1, 'TRK - 16476640', 2, 15, 'Est arrival date: 30 Nov - 03 Dec', 2, 0, NULL, 0, 5, 1, 0, 0, '2021-11-25 11:15:53', '2021-11-25 11:17:20'),
(16, 15, 1, 'TRK - 37724915', 1, 20, 'Est arrival date: 30 Nov - 03 Dec', 2, 0, NULL, 0, 5, 1, 0, 6.9, '2021-11-25 11:23:26', '2021-11-25 11:24:38'),
(17, 16, 1, 'TRK - 25529616', 1, 15, 'Est arrival date: 30 Nov - 03 Dec', 2, 0, NULL, 0, 5, 1, 0, 7.125, '2021-11-25 11:26:09', '2021-11-25 11:26:43'),
(18, 17, 1, 'TRK - 28543446', 2, 15, 'Est arrival date: 30 Nov - 03 Dec', 2, 0, NULL, 0, 5, 1, 0, 1.1115, '2021-11-25 11:27:34', '2021-11-25 11:28:07'),
(19, 18, 1, 'TRK - 19460568', 1, 15, 'Est arrival date: 30 Nov - 03 Dec', 2, 0, NULL, 0, 5, 1, 0, 1.1115, '2021-11-25 11:29:58', '2021-11-25 11:31:26'),
(20, 19, 1, 'TRK - 15663355', 1, 20, 'Est arrival date: 30 Nov - 03 Dec', 2, 0, NULL, 0, 5, 1, 0, 6.9, '2021-11-25 11:30:21', '2021-11-25 11:31:39'),
(21, 20, 1, 'TRK - 23315919', 1, 20, 'Est arrival date: 30 Nov - 03 Dec', 2, 0, NULL, 0, 5, 1, 0, 0, '2021-11-25 11:30:38', '2021-11-25 11:31:33'),
(22, 21, 1, 'TRK - 21853507', 2, 65, 'Est arrival date: 01 Dec - 04 Dec', 2, 0, NULL, 0, 0, NULL, 0, 961.25, '2021-11-26 15:24:55', '2021-11-26 15:24:55'),
(23, 22, 1, 'TRK - 39075044', 3, 60, 'Est arrival date: 03 Dec - 06 Dec', 2, 0, NULL, 0, 0, NULL, 0, 480, '2021-11-28 10:02:55', '2021-11-28 10:02:55'),
(24, 23, 1, 'TRK - 15398747', 1, 15, 'Est arrival date: 03 Dec - 06 Dec', 2, 0, NULL, 0, 2, NULL, 0, 43, '2021-11-28 14:35:53', '2021-11-28 14:41:19'),
(25, 25, 1, 'TRK - 10383890', 1, 15, 'Est arrival date: 03 Dec - 06 Dec', 2, 0, NULL, 0, 0, NULL, 0, 0, '2021-11-28 21:39:59', '2021-11-28 21:39:59'),
(26, 26, 1, 'TRK - 31520336', 1, 15, 'Est arrival date: 03 Dec - 06 Dec', 2, 0, NULL, 0, 0, NULL, 0, 3.35, '2021-11-28 21:40:03', '2021-11-28 21:40:03'),
(27, 27, 1, 'TRK - 7165551', 2, 0, 'Est arrival time: 12-24 hrs', 1, 1, 1, 0, 0, NULL, 0, 0, '2021-11-28 22:13:06', '2021-12-07 16:15:01'),
(28, 28, 1, 'TRK - 9282302', 1, 0, 'Est arrival time: 12-24 hrs', 1, 0, NULL, 0, 0, NULL, 0, 0, '2021-11-29 00:05:50', '2021-11-29 00:05:50'),
(29, 28, 1, 'TRK - 30619961', 1, 15, 'Est arrival date: 04 Dec - 07 Dec', 2, 0, NULL, 0, 0, NULL, 0, 0, '2021-11-29 00:05:50', '2021-11-29 00:05:50'),
(30, 29, 1, 'TRK - 6242134', 1, 20, 'Est arrival date: 04 Dec - 07 Dec', 2, 0, NULL, 0, 0, NULL, 0, 1.52, '2021-11-29 19:01:41', '2021-11-29 19:01:41'),
(31, 30, 1, 'TRK - 10839654', 1, 15, 'Est arrival date: 04 Dec - 07 Dec', 2, 0, NULL, 0, 2, NULL, 0, 23.75, '2021-11-29 19:02:55', '2021-12-09 20:41:35'),
(32, 31, 1, 'TRK - 15841188', 1, 15, 'Est arrival date: 04 Dec - 07 Dec', 2, 0, NULL, 0, 2, NULL, 0, 0, '2021-11-29 19:03:57', '2021-12-09 20:41:09'),
(33, 32, 1, 'TRK - 31899297', 1, 0, 'Est arrival time: 12-24 hrs', 1, 0, NULL, 0, 2, NULL, 0, 0, '2021-11-29 19:04:38', '2021-12-06 13:27:44'),
(34, 32, 1, 'TRK - 43105814', 1, 15, 'Est arrival date: 04 Dec - 07 Dec', 2, 0, NULL, 0, 2, NULL, 0, 48, '2021-11-29 19:04:38', '2021-12-06 13:27:44'),
(35, 33, 1, 'TRK - 22377278', 1, 15, 'Est arrival date: 04 Dec - 07 Dec', 2, 0, NULL, 0, 3, 1, 0, 0, '2021-11-29 19:07:14', '2021-11-29 19:11:34'),
(36, 34, 1, 'TRK - 40147815', 1, 15, 'Est arrival date: 04 Dec - 07 Dec', 2, 0, NULL, 0, 5, 1, 0, 0.7, '2021-11-29 19:13:09', '2021-11-29 19:17:05'),
(37, 35, 1, 'TRK - 40443724', 4, 15, 'Est arrival date: 07 Dec - 10 Dec', 2, 0, NULL, 0, 2, NULL, 0, 15.0115, '2021-12-02 15:04:51', '2021-12-09 20:10:49'),
(38, 36, 1, 'TRK - 8721270', 1, 0, 'Est arrival date: 10 Dec - 14 Dec', 3, 0, NULL, 0, 2, NULL, 0, 0.5, '2021-12-02 22:12:34', '2021-12-09 15:42:00'),
(39, 36, 1, 'TRK - 17117428', 1, 20, 'Est arrival date: 07 Dec - 10 Dec', 2, 0, NULL, 0, 2, NULL, 0, 3.9, '2021-12-02 22:12:34', '2021-12-09 15:42:00'),
(40, 37, 1, 'TRK - 22357015', 1, 15, 'Est arrival date: 07 Dec - 10 Dec', 2, 0, NULL, 0, 2, NULL, 0, 6, '2021-12-02 23:51:19', '2021-12-09 03:11:17'),
(41, 38, 1, 'TRK - 38001743', 1, 15, 'Est arrival date: 08 Dec - 11 Dec', 2, 0, NULL, 0, 2, NULL, 0, 0.7, '2021-12-03 02:44:24', '2021-12-09 03:10:16'),
(42, 39, 1, 'TRK - 22665206', 1, 5, 'Est arrival date: 11 Dec - 15 Dec', 3, 0, NULL, 0, 5, 1, 0, 2.475, '2021-12-03 05:51:44', '2021-12-03 22:26:23'),
(43, 40, 1, 'TRK - 23679080', 4, 35, 'Est arrival date: 11 Dec - 14 Dec', 2, 0, NULL, 0, 2, NULL, 0, 4.712, '2021-12-06 05:56:43', '2021-12-06 23:39:33'),
(44, 41, 1, 'TRK - 22975719', 2, 75, 'Est arrival date: 11 Dec - 14 Dec', 2, 0, NULL, 0, 2, NULL, 0, 20.85, '2021-12-06 06:55:22', '2021-12-06 13:26:59'),
(45, 42, 1, 'TRK - 13605429', 1, 15, 'Est arrival date: 14 Dec - 17 Dec', 2, 0, NULL, 0, 3, 1, 0, 1.11, '2021-12-09 18:29:53', '2021-12-09 21:02:19'),
(46, 43, 1, 'TRK - 28825524', 1, 45, 'Est arrival date: 14 Dec - 17 Dec', 2, 0, NULL, 0, 2, NULL, 0, 480, '2021-12-09 18:35:32', '2021-12-09 19:29:18'),
(47, 44, 1, 'TRK - 25218561', 1, 0, 'Est arrival date: 17 Dec - 21 Dec', 3, 0, NULL, 0, 0, NULL, 0, 1.65, '2021-12-09 20:58:59', '2021-12-09 20:58:59'),
(48, 45, 1, 'TRK - 27340482', 2, 15, 'Est arrival date: 14 Dec - 17 Dec', 2, 0, NULL, 0, 0, NULL, 0, 5.75, '2021-12-09 22:06:04', '2021-12-09 22:06:04'),
(49, 46, 1, 'TRK - 27172620', 2, 15, 'Est arrival date: 14 Dec - 17 Dec', 2, 0, NULL, 0, 3, 1, 0, 9, '2021-12-09 22:21:16', '2021-12-10 00:20:38'),
(50, 47, 1, 'TRK - 25901907', 1, 15, 'Est arrival date: 14 Dec - 17 Dec', 2, 0, NULL, 0, 2, NULL, 0, 4.75, '2021-12-09 22:41:48', '2021-12-10 00:19:30'),
(51, 48, 1, 'TRK - 18366363', 1, 115.5, 'Est arrival date: 14 Dec - 17 Dec', 2, 0, NULL, 0, 3, 1, 0, 17.46, '2021-12-09 23:13:56', '2021-12-09 23:22:56'),
(52, 49, 1, 'TRK - 27744718', 1, 15, 'Est arrival date: 15 Dec - 18 Dec', 2, 0, NULL, 0, 0, NULL, 0, 0, '2021-12-10 00:25:29', '2021-12-10 00:25:29'),
(53, 50, 1, 'TRK - 14072187', 2, 75, 'Est arrival date: 15 Dec - 18 Dec', 2, 0, NULL, 0, 0, NULL, 0, 59.22, '2021-12-10 01:19:22', '2021-12-10 01:19:22'),
(54, 51, 1, 'TRK - 43315893', 4, 75, 'Est arrival date: 15 Dec - 18 Dec', 2, 0, NULL, 0, 0, NULL, 0, 35.8515, '2021-12-10 02:47:54', '2021-12-10 02:47:54'),
(55, 52, 1, 'TRK - 22626575', 3, 15, 'Est arrival date: 15 Dec - 18 Dec', 2, 1, 1, 0, 2, NULL, 0, 10.9, '2021-12-10 02:51:55', '2021-12-10 09:40:47'),
(56, 53, 1, 'TRK - 41038471', 1, 0, 'Est arrival date: 18 Dec - 22 Dec', 3, 0, NULL, 0, 3, 1, 0, 0, '2021-12-10 03:29:26', '2021-12-10 08:52:12'),
(57, 54, 1, 'TRK - 26195790', 1, 15, 'Est arrival date: 15 Dec - 18 Dec', 2, 0, NULL, 0, 2, NULL, 0, 0, '2021-12-10 04:24:28', '2021-12-10 07:28:15'),
(58, 55, 1, 'TRK - 19198647', 3, 98, 'Est arrival date: 15 Dec - 18 Dec', 2, 0, NULL, 0, 0, NULL, 0, 1488, '2021-12-10 09:41:34', '2021-12-10 09:41:34'),
(59, 56, 1, 'TRK - 17802980', 1, 15, 'Est arrival date: 15 Dec - 18 Dec', 2, 0, NULL, 0, 0, NULL, 0, 9, '2021-12-10 10:35:08', '2021-12-10 10:35:08'),
(60, 57, 1, 'TRK - 29333652', 1, 15, 'Est arrival date: 15 Dec - 18 Dec', 2, 0, NULL, 0, 2, NULL, 0, 10.45, '2021-12-10 12:44:02', '2021-12-10 12:50:23'),
(61, 58, 1, 'TRK - 18676578', 1, 15, 'Est arrival date: 15 Dec - 18 Dec', 2, 0, NULL, 0, 0, NULL, 0, 0.7, '2021-12-10 13:21:45', '2021-12-10 13:21:45'),
(62, 59, 1, 'TRK - 27768955', 2, 15, 'Est arrival date: 15 Dec - 18 Dec', 2, 0, NULL, 0, 2, NULL, 0, 3.3345, '2021-12-10 17:04:30', '2021-12-10 19:03:56'),
(63, 60, 1, 'TRK - 19999257', 1, 15, 'Est arrival date: 15 Dec - 18 Dec', 2, 0, NULL, 0, 0, NULL, 0, 0, '2021-12-10 19:10:31', '2021-12-10 19:10:31'),
(64, 61, 1, 'TRK - 6630929', 1, 15, 'Est arrival date: 15 Dec - 18 Dec', 2, 0, NULL, 0, 0, NULL, 0, 0.7, '2021-12-10 19:43:21', '2021-12-10 19:43:21'),
(65, 62, 1, 'TRK - 40562017', 2, 15, 'Est arrival date: 15 Dec - 18 Dec', 2, 0, NULL, 0, 0, NULL, 0, 5.8615, '2021-12-10 21:09:38', '2021-12-10 21:09:38'),
(66, 63, 1, 'TRK - 33000978', 1, 15, 'Est arrival date: 15 Dec - 18 Dec', 2, 0, NULL, 0, 0, NULL, 0, 0, '2021-12-10 21:30:51', '2021-12-10 21:30:51'),
(67, 64, 1, 'TRK - 43212717', 1, 75, 'Est arrival date: 15 Dec - 18 Dec', 2, 0, NULL, 0, 2, NULL, 0, 19.74, '2021-12-10 21:36:11', '2021-12-10 22:54:56'),
(68, 65, 1, 'TRK - 11273048', 2, 80, 'Est arrival date: 16 Dec - 19 Dec', 2, 0, NULL, 0, 2, NULL, 0, 22.19, '2021-12-11 07:31:13', '2021-12-11 09:34:56'),
(69, 66, 1, 'TRK - 17134936', 3, 95, 'Est arrival date: 16 Dec - 19 Dec', 2, 0, NULL, 0, 2, NULL, 0, 3, '2021-12-11 23:44:24', '2021-12-12 09:51:48'),
(70, 67, 1, 'TRK - 12268349', 1, 15, 'Est arrival date: 17 Dec - 20 Dec', 2, 0, NULL, 0, 2, NULL, 0, 1.1115, '2021-12-12 00:06:47', '2021-12-12 15:08:50'),
(71, 68, 1, 'TRK - 25689405', 1, 15, 'Est arrival date: 17 Dec - 20 Dec', 2, 0, NULL, 0, 2, NULL, 0, 0.95, '2021-12-12 00:30:42', '2021-12-12 13:48:07');

-- --------------------------------------------------------

--
-- Table structure for table `order_package_gst`
--

CREATE TABLE `order_package_gst` (
  `id` bigint(20) UNSIGNED NOT NULL,
  `package_id` bigint(20) UNSIGNED NOT NULL,
  `gst_id` bigint(20) UNSIGNED NOT NULL,
  `amount` double(28,2) NOT NULL DEFAULT '0.00',
  `created_at` timestamp NULL DEFAULT NULL,
  `updated_at` timestamp NULL DEFAULT NULL
) ENGINE=InnoDB DEFAULT CHARSET=utf8mb4 COLLATE=utf8mb4_unicode_ci;

--
-- Dumping data for table `order_package_gst`
--

INSERT INTO `order_package_gst` (`id`, `package_id`, `gst_id`, `amount`, `created_at`, `updated_at`) VALUES
(1, 1, 2, 0.00, '2021-09-29 18:46:44', '2021-09-29 18:46:44'),
(2, 1, 3, 0.00, '2021-09-29 18:46:44', '2021-09-29 18:46:44'),
(3, 2, 3, 0.00, '2021-10-10 11:46:18', '2021-10-10 11:46:18'),
(4, 3, 1, 0.00, '2021-10-13 16:36:00', '2021-10-13 16:36:00'),
(5, 3, 2, 0.00, '2021-10-13 16:36:00', '2021-10-13 16:36:00'),
(6, 4, 1, 0.00, '2021-10-13 16:52:29', '2021-10-13 16:52:29'),
(7, 4, 2, 0.00, '2021-10-13 16:52:29', '2021-10-13 16:52:29'),
(8, 5, 1, 0.00, '2021-10-13 16:57:04', '2021-10-13 16:57:04'),
(9, 5, 2, 0.00, '2021-10-13 16:57:04', '2021-10-13 16:57:04'),
(10, 6, 1, 0.00, '2021-10-13 16:58:47', '2021-10-13 16:58:47'),
(11, 6, 2, 0.00, '2021-10-13 16:58:47', '2021-10-13 16:58:47'),
(14, 2, 1, 0.00, '2021-11-16 11:49:52', '2021-11-16 11:49:52'),
(15, 2, 2, 0.00, '2021-11-16 11:49:52', '2021-11-16 11:49:52'),
(16, 3, 1, 0.00, '2021-11-16 15:04:14', '2021-11-16 15:04:14'),
(17, 3, 2, 0.00, '2021-11-16 15:04:14', '2021-11-16 15:04:14'),
(18, 4, 1, 0.00, '2021-11-16 15:07:54', '2021-11-16 15:07:54'),
(19, 4, 2, 0.00, '2021-11-16 15:07:54', '2021-11-16 15:07:54'),
(20, 5, 1, 0.00, '2021-11-16 15:16:00', '2021-11-16 15:16:00'),
(21, 5, 2, 0.00, '2021-11-16 15:16:00', '2021-11-16 15:16:00'),
(22, 6, 1, 0.00, '2021-11-16 15:43:41', '2021-11-16 15:43:41'),
(23, 6, 2, 0.00, '2021-11-16 15:43:41', '2021-11-16 15:43:41'),
(24, 7, 1, 0.00, '2021-11-16 15:59:39', '2021-11-16 15:59:39'),
(25, 7, 2, 0.00, '2021-11-16 15:59:39', '2021-11-16 15:59:39'),
(26, 8, 3, 0.00, '2021-11-16 16:28:48', '2021-11-16 16:28:48'),
(27, 9, 1, 0.00, '2021-11-22 11:42:38', '2021-11-22 11:42:38'),
(28, 9, 2, 0.00, '2021-11-22 11:42:38', '2021-11-22 11:42:38'),
(29, 10, 1, 0.00, '2021-11-25 10:56:17', '2021-11-25 10:56:17'),
(30, 10, 2, 4.28, '2021-11-25 10:56:17', '2021-11-25 10:56:17'),
(31, 11, 1, 0.00, '2021-11-25 10:56:17', '2021-11-25 10:56:17'),
(32, 11, 2, 1.57, '2021-11-25 10:56:17', '2021-11-25 10:56:17'),
(33, 12, 1, 0.00, '2021-11-25 10:59:32', '2021-11-25 10:59:32'),
(34, 12, 2, 4.28, '2021-11-25 10:59:32', '2021-11-25 10:59:32'),
(35, 13, 1, 0.00, '2021-11-25 11:14:55', '2021-11-25 11:14:55'),
(36, 13, 2, 2.28, '2021-11-25 11:14:55', '2021-11-25 11:14:55'),
(37, 14, 1, 0.00, '2021-11-25 11:15:36', '2021-11-25 11:15:36'),
(38, 14, 2, 10.35, '2021-11-25 11:15:36', '2021-11-25 11:15:36'),
(39, 15, 1, 0.00, '2021-11-25 11:15:53', '2021-11-25 11:15:53'),
(40, 15, 2, 1.38, '2021-11-25 11:15:53', '2021-11-25 11:15:53'),
(41, 16, 1, 0.00, '2021-11-25 11:23:26', '2021-11-25 11:23:26'),
(42, 16, 2, 10.35, '2021-11-25 11:23:26', '2021-11-25 11:23:26'),
(43, 17, 1, 0.00, '2021-11-25 11:26:09', '2021-11-25 11:26:09'),
(44, 17, 2, 4.28, '2021-11-25 11:26:09', '2021-11-25 11:26:09'),
(45, 18, 1, 0.00, '2021-11-25 11:27:34', '2021-11-25 11:27:34'),
(46, 18, 2, 1.56, '2021-11-25 11:27:34', '2021-11-25 11:27:34'),
(47, 19, 1, 0.00, '2021-11-25 11:29:58', '2021-11-25 11:29:58'),
(48, 19, 2, 1.11, '2021-11-25 11:29:58', '2021-11-25 11:29:58'),
(49, 20, 1, 0.00, '2021-11-25 11:30:21', '2021-11-25 11:30:21'),
(50, 20, 2, 10.35, '2021-11-25 11:30:21', '2021-11-25 11:30:21'),
(51, 21, 1, 0.00, '2021-11-25 11:30:38', '2021-11-25 11:30:38'),
(52, 21, 2, 2.10, '2021-11-25 11:30:38', '2021-11-25 11:30:38'),
(53, 22, 1, 0.00, '2021-11-26 15:24:55', '2021-11-26 15:24:55'),
(54, 22, 2, 288.75, '2021-11-26 15:24:55', '2021-11-26 15:24:55'),
(55, 23, 1, 0.00, '2021-11-28 10:02:55', '2021-11-28 10:02:55'),
(56, 23, 2, 149.16, '2021-11-28 10:02:55', '2021-11-28 10:02:55'),
(57, 24, 1, 0.00, '2021-11-28 14:35:53', '2021-11-28 14:35:53'),
(58, 24, 2, 12.90, '2021-11-28 14:35:53', '2021-11-28 14:35:53'),
(59, 25, 1, 0.00, '2021-11-28 21:39:59', '2021-11-28 21:39:59'),
(60, 25, 2, 0.60, '2021-11-28 21:39:59', '2021-11-28 21:39:59'),
(61, 26, 1, 0.00, '2021-11-28 21:40:03', '2021-11-28 21:40:03'),
(62, 26, 2, 2.02, '2021-11-28 21:40:03', '2021-11-28 21:40:03'),
(63, 27, 1, 0.00, '2021-11-28 22:13:06', '2021-11-28 22:13:06'),
(64, 27, 2, 16.50, '2021-11-28 22:13:06', '2021-11-28 22:13:06'),
(65, 28, 1, 0.00, '2021-11-29 00:05:50', '2021-11-29 00:05:50'),
(66, 28, 2, 7.50, '2021-11-29 00:05:50', '2021-11-29 00:05:50'),
(67, 29, 1, 0.00, '2021-11-29 00:05:50', '2021-11-29 00:05:50'),
(68, 29, 2, 3.60, '2021-11-29 00:05:50', '2021-11-29 00:05:50'),
(69, 30, 1, 0.00, '2021-11-29 19:01:41', '2021-11-29 19:01:41'),
(70, 30, 2, 2.28, '2021-11-29 19:01:41', '2021-11-29 19:01:41'),
(71, 31, 3, 0.00, '2021-11-29 19:02:55', '2021-11-29 19:02:55'),
(72, 32, 1, 0.00, '2021-11-29 19:03:57', '2021-11-29 19:03:57'),
(73, 32, 2, 1.35, '2021-11-29 19:03:57', '2021-11-29 19:03:57'),
(74, 33, 3, 0.00, '2021-11-29 19:04:38', '2021-11-29 19:04:38'),
(75, 34, 3, 0.00, '2021-11-29 19:04:38', '2021-11-29 19:04:38'),
(76, 35, 1, 0.00, '2021-11-29 19:07:14', '2021-11-29 19:07:14'),
(77, 35, 2, 0.60, '2021-11-29 19:07:14', '2021-11-29 19:07:14'),
(78, 36, 1, 0.00, '2021-11-29 19:13:09', '2021-11-29 19:13:09'),
(79, 36, 2, 1.05, '2021-11-29 19:13:09', '2021-11-29 19:13:09'),
(80, 37, 1, 0.00, '2021-12-02 15:04:51', '2021-12-02 15:04:51'),
(81, 37, 2, 10.71, '2021-12-02 15:04:51', '2021-12-02 15:04:51'),
(82, 38, 1, 0.00, '2021-12-02 22:12:34', '2021-12-02 22:12:34'),
(83, 38, 2, 0.30, '2021-12-02 22:12:34', '2021-12-02 22:12:34'),
(84, 39, 1, 0.00, '2021-12-02 22:12:34', '2021-12-02 22:12:34'),
(85, 39, 2, 1.95, '2021-12-02 22:12:34', '2021-12-02 22:12:34'),
(86, 40, 1, 0.00, '2021-12-02 23:51:19', '2021-12-02 23:51:19'),
(87, 40, 2, 3.56, '2021-12-02 23:51:19', '2021-12-02 23:51:19'),
(88, 41, 3, 0.00, '2021-12-03 02:44:24', '2021-12-03 02:44:24'),
(89, 42, 1, 0.00, '2021-12-03 05:51:44', '2021-12-03 05:51:44'),
(90, 42, 2, 1.49, '2021-12-03 05:51:44', '2021-12-03 05:51:44'),
(91, 43, 1, 0.00, '2021-12-06 05:56:43', '2021-12-06 05:56:43'),
(92, 43, 2, 74.26, '2021-12-06 05:56:43', '2021-12-06 05:56:43'),
(93, 44, 1, 0.00, '2021-12-06 06:55:22', '2021-12-06 06:55:22'),
(94, 44, 2, 20.85, '2021-12-06 06:55:22', '2021-12-06 06:55:22'),
(95, 45, 1, 0.00, '2021-12-09 18:29:53', '2021-12-09 18:29:53'),
(96, 45, 2, 1.11, '2021-12-09 18:29:53', '2021-12-09 18:29:53'),
(97, 46, 1, 0.00, '2021-12-09 18:35:32', '2021-12-09 18:35:32'),
(98, 46, 2, 144.00, '2021-12-09 18:35:32', '2021-12-09 18:35:32'),
(99, 47, 1, 0.00, '2021-12-09 20:58:59', '2021-12-09 20:58:59'),
(100, 47, 2, 1.01, '2021-12-09 20:58:59', '2021-12-09 20:58:59'),
(101, 48, 1, 0.00, '2021-12-09 22:06:04', '2021-12-09 22:06:04'),
(102, 48, 2, 7.05, '2021-12-09 22:06:04', '2021-12-09 22:06:04'),
(103, 49, 1, 0.00, '2021-12-09 22:21:16', '2021-12-09 22:21:16'),
(104, 49, 2, 5.36, '2021-12-09 22:21:16', '2021-12-09 22:21:16'),
(105, 50, 1, 0.00, '2021-12-09 22:41:48', '2021-12-09 22:41:48'),
(106, 50, 2, 2.85, '2021-12-09 22:41:48', '2021-12-09 22:41:48'),
(107, 51, 1, 0.00, '2021-12-09 23:13:56', '2021-12-09 23:13:56'),
(108, 51, 2, 26.19, '2021-12-09 23:13:56', '2021-12-09 23:13:56'),
(109, 52, 3, 0.00, '2021-12-10 00:25:29', '2021-12-10 00:25:29'),
(110, 53, 1, 0.00, '2021-12-10 01:19:22', '2021-12-10 01:19:22'),
(111, 53, 2, 60.72, '2021-12-10 01:19:22', '2021-12-10 01:19:22'),
(112, 54, 1, 0.00, '2021-12-10 02:47:54', '2021-12-10 02:47:54'),
(113, 54, 2, 35.10, '2021-12-10 02:47:54', '2021-12-10 02:47:54'),
(114, 55, 1, 0.00, '2021-12-10 02:51:55', '2021-12-10 02:51:55'),
(115, 55, 2, 12.26, '2021-12-10 02:51:55', '2021-12-10 02:51:55'),
(116, 56, 1, 0.00, '2021-12-10 03:29:26', '2021-12-10 03:29:26'),
(117, 56, 2, 5.40, '2021-12-10 03:29:26', '2021-12-10 03:29:26'),
(118, 57, 1, 0.00, '2021-12-10 04:24:28', '2021-12-10 04:24:28'),
(119, 57, 2, 0.75, '2021-12-10 04:24:28', '2021-12-10 04:24:28'),
(120, 58, 1, 0.00, '2021-12-10 09:41:34', '2021-12-10 09:41:34'),
(121, 58, 2, 365.27, '2021-12-10 09:41:34', '2021-12-10 09:41:34'),
(122, 59, 1, 0.00, '2021-12-10 10:35:08', '2021-12-10 10:35:08'),
(123, 59, 2, 5.42, '2021-12-10 10:35:08', '2021-12-10 10:35:08'),
(124, 60, 1, 0.00, '2021-12-10 12:44:02', '2021-12-10 12:44:02'),
(125, 60, 2, 6.27, '2021-12-10 12:44:02', '2021-12-10 12:44:02'),
(126, 61, 3, 0.00, '2021-12-10 13:21:45', '2021-12-10 13:21:45'),
(127, 62, 1, 0.00, '2021-12-10 17:04:30', '2021-12-10 17:04:30'),
(128, 62, 2, 4.68, '2021-12-10 17:04:30', '2021-12-10 17:04:30'),
(129, 63, 1, 0.00, '2021-12-10 19:10:31', '2021-12-10 19:10:31'),
(130, 63, 2, 1.80, '2021-12-10 19:10:31', '2021-12-10 19:10:31'),
(131, 64, 1, 0.00, '2021-12-10 19:43:21', '2021-12-10 19:43:21'),
(132, 64, 2, 1.05, '2021-12-10 19:43:21', '2021-12-10 19:43:21'),
(133, 65, 1, 0.00, '2021-12-10 21:09:38', '2021-12-10 21:09:38'),
(134, 65, 2, 3.96, '2021-12-10 21:09:38', '2021-12-10 21:09:38'),
(135, 66, 1, 0.00, '2021-12-10 21:30:51', '2021-12-10 21:30:51'),
(136, 66, 2, 0.75, '2021-12-10 21:30:51', '2021-12-10 21:30:51'),
(137, 67, 1, 0.00, '2021-12-10 21:36:11', '2021-12-10 21:36:11'),
(138, 67, 2, 19.74, '2021-12-10 21:36:11', '2021-12-10 21:36:11'),
(139, 68, 1, 0.00, '2021-12-11 07:31:13', '2021-12-11 07:31:13'),
(140, 68, 2, 21.23, '2021-12-11 07:31:13', '2021-12-11 07:31:13'),
(141, 69, 1, 0.00, '2021-12-11 23:44:24', '2021-12-11 23:44:24'),
(142, 69, 2, 12.45, '2021-12-11 23:44:24', '2021-12-11 23:44:24'),
(143, 70, 1, 0.00, '2021-12-12 00:06:47', '2021-12-12 00:06:47'),
(144, 70, 2, 1.11, '2021-12-12 00:06:47', '2021-12-12 00:06:47'),
(145, 71, 1, 0.00, '2021-12-12 00:30:42', '2021-12-12 00:30:42'),
(146, 71, 2, 0.57, '2021-12-12 00:30:42', '2021-12-12 00:30:42');

-- --------------------------------------------------------

--
-- Table structure for table `order_payments`
--

CREATE TABLE `order_payments` (
  `id` bigint(20) UNSIGNED NOT NULL,
  `user_id` bigint(20) UNSIGNED DEFAULT NULL,
  `amount` double(28,2) NOT NULL DEFAULT '0.00',
  `payment_method` varchar(255) COLLATE utf8mb4_unicode_ci DEFAULT NULL,
  `payment_details` varchar(255) COLLATE utf8mb4_unicode_ci DEFAULT NULL,
  `txn_id` varchar(255) COLLATE utf8mb4_unicode_ci DEFAULT NULL,
  `status` tinyint(1) NOT NULL DEFAULT '0',
  `created_at` timestamp NULL DEFAULT NULL,
  `updated_at` timestamp NULL DEFAULT NULL
) ENGINE=InnoDB DEFAULT CHARSET=utf8mb4 COLLATE=utf8mb4_unicode_ci;

--
-- Dumping data for table `order_payments`
--

INSERT INTO `order_payments` (`id`, `user_id`, `amount`, `payment_method`, `payment_details`, `txn_id`, `status`, `created_at`, `updated_at`) VALUES
(1, NULL, 810.80, '1', NULL, 'none', 0, '2021-11-16 11:49:52', '2021-11-16 11:49:52'),
(2, 26, 81.15, '1', NULL, 'none', 0, '2021-11-16 15:04:14', '2021-11-16 15:04:14'),
(3, 26, 12125.59, '1', NULL, 'none', 0, '2021-11-16 15:07:54', '2021-11-16 15:07:54'),
(4, 26, 200.00, '2', NULL, 'none', 0, '2021-11-16 15:16:00', '2021-11-16 15:16:00'),
(5, 26, 57.00, '2', NULL, 'none', 0, '2021-11-16 15:43:41', '2021-11-16 15:43:41'),
(6, 26, 36.85, '2', NULL, 'none', 0, '2021-11-16 15:59:39', '2021-11-16 15:59:39'),
(7, NULL, 752.74, '1', NULL, 'none', 0, '2021-11-16 16:28:48', '2021-11-16 16:28:48'),
(8, 4, 62.00, '1', NULL, 'none', 0, '2021-11-22 11:42:38', '2021-11-22 11:42:38'),
(9, 34, 222.97, '2', NULL, 'none', 0, '2021-11-25 10:56:17', '2021-11-25 10:56:17'),
(10, 34, 168.90, '1', NULL, 'none', 0, '2021-11-25 10:59:32', '2021-11-25 10:59:32'),
(11, 34, 99.80, '1', NULL, 'none', 0, '2021-11-25 11:14:55', '2021-11-25 11:14:55'),
(12, 34, 382.25, '1', NULL, 'none', 0, '2021-11-25 11:15:36', '2021-11-25 11:15:36'),
(13, 34, 62.38, '1', NULL, 'none', 0, '2021-11-25 11:15:53', '2021-11-25 11:15:53'),
(14, 35, 382.25, '1', NULL, 'none', 0, '2021-11-25 11:23:27', '2021-11-25 11:23:27'),
(15, 35, 168.90, '1', NULL, 'none', 0, '2021-11-25 11:26:09', '2021-11-25 11:26:09'),
(16, 35, 69.72, '1', NULL, 'none', 0, '2021-11-25 11:27:34', '2021-11-25 11:27:34'),
(17, 36, 54.27, '1', NULL, 'none', 0, '2021-11-25 11:29:58', '2021-11-25 11:29:58'),
(18, 36, 382.25, '1', NULL, 'none', 0, '2021-11-25 11:30:21', '2021-11-25 11:30:21'),
(19, 36, 92.10, '1', NULL, 'none', 0, '2021-11-25 11:30:38', '2021-11-25 11:30:38'),
(20, 4, 10940.00, '1', NULL, 'none', 0, '2021-11-26 15:24:55', '2021-11-26 15:24:55'),
(21, 4, 5661.16, '1', NULL, 'none', 0, '2021-11-28 10:02:55', '2021-11-28 10:02:55'),
(22, NULL, 500.90, '1', NULL, 'none', 0, '2021-11-28 14:35:53', '2021-11-28 14:35:53'),
(23, NULL, 35.60, '1', NULL, 'none', 0, '2021-11-28 21:39:59', '2021-11-28 21:39:59'),
(24, NULL, 87.88, '1', NULL, 'none', 0, '2021-11-28 21:40:03', '2021-11-28 21:40:03'),
(25, 4, 566.50, '7', NULL, 'none', 0, '2021-11-28 22:13:02', '2021-11-28 22:13:02'),
(26, NULL, 99.80, '1', NULL, 'none', 0, '2021-11-29 19:01:41', '2021-11-29 19:01:41'),
(27, 19, 513.75, '1', NULL, 'none', 0, '2021-11-29 19:02:55', '2021-11-29 19:02:55'),
(28, 20, 61.35, '1', NULL, 'none', 0, '2021-11-29 19:03:57', '2021-11-29 19:03:57'),
(29, 19, 592.00, '2', NULL, 'none', 0, '2021-11-29 19:04:38', '2021-11-29 19:04:38'),
(30, 4, 35.60, '1', NULL, 'none', 0, '2021-11-29 19:07:14', '2021-11-29 19:07:14'),
(31, 4, 51.75, '7', NULL, 'none', 0, '2021-11-29 19:13:05', '2021-11-29 19:13:05'),
(32, 4, 397.77, '1', NULL, 'none', 0, '2021-12-02 15:04:52', '2021-12-02 15:04:52'),
(33, 4, 101.65, '1', NULL, 'none', 0, '2021-12-02 22:12:34', '2021-12-02 22:12:34'),
(34, 4, 143.36, '1', NULL, 'none', 0, '2021-12-02 23:51:19', '2021-12-02 23:51:19'),
(35, NULL, 50.70, '1', NULL, 'none', 0, '2021-12-03 02:44:24', '2021-12-03 02:44:24'),
(36, 4, 58.46, '1', NULL, 'none', 0, '2021-12-03 05:51:44', '2021-12-03 05:51:44'),
(37, 4, 2589.21, '1', NULL, 'none', 0, '2021-12-06 05:56:43', '2021-12-06 05:56:43'),
(38, NULL, 811.75, '1', NULL, 'none', 0, '2021-12-06 06:55:22', '2021-12-06 06:55:22'),
(39, NULL, 51.75, '10', NULL, '24708-21-12-08-98119', 0, '2021-12-08 18:39:43', '2021-12-08 18:39:43'),
(40, NULL, 117.60, '10', NULL, '40050-21-12-09-36768', 0, '2021-12-09 15:36:28', '2021-12-09 15:36:28'),
(41, 4, 11083.35, '10', NULL, '84286-21-12-09-4', 0, '2021-12-09 18:28:03', '2021-12-09 18:28:03'),
(42, NULL, 54.27, '7', NULL, 'none', 0, '2021-12-09 18:29:50', '2021-12-09 18:29:50'),
(43, NULL, 5469.00, '1', NULL, 'none', 0, '2021-12-09 18:35:32', '2021-12-09 18:35:32'),
(44, 4, 11141.81, '10', NULL, '42434-21-12-09-4', 0, '2021-12-09 18:58:57', '2021-12-09 18:58:57'),
(45, 4, 3954.83, '10', NULL, '63138-21-12-09-4', 0, '2021-12-09 20:26:09', '2021-12-09 20:26:09'),
(46, NULL, 41.25, '10', NULL, '64837-21-12-09-36582', 0, '2021-12-09 20:55:09', '2021-12-09 20:55:09'),
(47, NULL, 36.26, '1', NULL, 'none', 0, '2021-12-09 20:58:59', '2021-12-09 20:58:59'),
(48, 4, 54.27, '10', NULL, '37223-21-12-09-4', 0, '2021-12-09 21:53:17', '2021-12-09 21:53:17'),
(49, 4, 54.27, '10', NULL, '37223-21-12-09-4', 0, '2021-12-09 21:53:18', '2021-12-09 21:53:18'),
(50, 4, 249.21, '10', NULL, '43691-21-12-09-4', 0, '2021-12-09 22:00:23', '2021-12-09 22:00:23'),
(51, 4, 138.60, '10', NULL, '37117-21-12-09-4', 0, '2021-12-09 22:01:39', '2021-12-09 22:01:39'),
(52, 4, 208.16, '1', NULL, 'none', 0, '2021-12-09 22:21:17', '2021-12-09 22:21:17'),
(53, 4, 117.60, '1', NULL, 'none', 0, '2021-12-09 22:41:48', '2021-12-09 22:41:48'),
(54, NULL, 1032.15, '1', NULL, 'none', 0, '2021-12-09 23:13:56', '2021-12-09 23:13:56'),
(55, NULL, 135.00, '1', NULL, 'none', 0, '2021-12-10 00:25:29', '2021-12-10 00:25:29'),
(56, 4, 2218.94, '1', NULL, 'none', 0, '2021-12-10 01:19:22', '2021-12-10 01:19:22'),
(57, 4, 1316.00, '1', NULL, 'none', 0, '2021-12-10 02:47:54', '2021-12-10 02:47:54'),
(58, 4, 446.96, '1', NULL, 'none', 0, '2021-12-10 02:51:55', '2021-12-10 02:51:55'),
(59, 4, 185.40, '1', NULL, 'none', 0, '2021-12-10 03:29:26', '2021-12-10 03:29:26'),
(60, 4, 40.75, '1', NULL, 'none', 0, '2021-12-10 04:24:28', '2021-12-10 04:24:28'),
(61, 4, 11778.93, '10', NULL, '98829-21-12-10-4', 0, '2021-12-10 09:28:27', '2021-12-10 09:28:27'),
(62, 4, 14127.07, '1', NULL, 'none', 0, '2021-12-10 09:41:34', '2021-12-10 09:41:34'),
(63, NULL, 209.91, '10', NULL, '15072-21-12-10-18102', 0, '2021-12-10 10:33:36', '2021-12-10 10:33:36'),
(64, NULL, 209.91, '1', NULL, 'none', 0, '2021-12-10 10:35:08', '2021-12-10 10:35:08'),
(65, 4, 240.72, '1', NULL, 'none', 0, '2021-12-10 12:44:02', '2021-12-10 12:44:02'),
(66, NULL, 50.70, '1', NULL, 'none', 0, '2021-12-10 13:21:45', '2021-12-10 13:21:45'),
(67, 4, 179.17, '1', NULL, 'none', 0, '2021-12-10 17:04:30', '2021-12-10 17:04:30'),
(68, 4, 99.80, '10', NULL, '9117-21-12-10-4', 0, '2021-12-10 18:36:25', '2021-12-10 18:36:25'),
(69, 4, 76.80, '1', NULL, 'none', 0, '2021-12-10 19:10:31', '2021-12-10 19:10:31'),
(70, NULL, 51.75, '1', NULL, 'none', 0, '2021-12-10 19:43:21', '2021-12-10 19:43:21'),
(71, NULL, 40.75, '1', NULL, 'none', 0, '2021-12-10 21:30:51', '2021-12-10 21:30:51'),
(72, 4, 772.48, '1', NULL, 'none', 0, '2021-12-10 21:36:11', '2021-12-10 21:36:11'),
(73, 4, 830.91, '1', NULL, 'none', 0, '2021-12-11 07:31:13', '2021-12-11 07:31:13'),
(74, 4, 525.45, '1', NULL, 'none', 0, '2021-12-11 23:44:24', '2021-12-11 23:44:24'),
(75, 4, 54.27, '10', NULL, '22292-21-12-11-4', 0, '2021-12-11 23:45:54', '2021-12-11 23:45:54'),
(76, 4, 35.52, '1', NULL, 'none', 0, '2021-12-12 00:30:42', '2021-12-12 00:30:42'),
(77, 4, 154.05, '10', NULL, '61807-21-12-12-4', 0, '2021-12-12 08:35:05', '2021-12-12 08:35:05');

-- --------------------------------------------------------

--
-- Table structure for table `order_product_details`
--

CREATE TABLE `order_product_details` (
  `id` bigint(20) UNSIGNED NOT NULL,
  `package_id` bigint(20) UNSIGNED NOT NULL,
  `type` varchar(50) COLLATE utf8mb4_unicode_ci DEFAULT NULL,
  `product_sku_id` bigint(20) UNSIGNED NOT NULL,
  `qty` int(10) UNSIGNED NOT NULL DEFAULT '0',
  `price` double NOT NULL DEFAULT '0',
  `total_price` double NOT NULL DEFAULT '0',
  `tax_amount` double NOT NULL DEFAULT '0',
  `created_at` timestamp NULL DEFAULT NULL,
  `updated_at` timestamp NULL DEFAULT NULL
) ENGINE=InnoDB DEFAULT CHARSET=utf8mb4 COLLATE=utf8mb4_unicode_ci;

--
-- Dumping data for table `order_product_details`
--

INSERT INTO `order_product_details` (`id`, `package_id`, `type`, `product_sku_id`, `qty`, `price`, `total_price`, `tax_amount`, `created_at`, `updated_at`) VALUES
(1, 2, 'product', 144, 1, 54, 54, 3, '2021-11-16 11:49:52', '2021-11-16 11:49:52'),
(2, 2, 'product', 119, 2, 345, 690, 13.8, '2021-11-16 11:49:52', '2021-11-16 11:49:52'),
(3, 3, 'product', 2, 1, 23, 23, 1.15, '2021-11-16 15:04:14', '2021-11-16 15:04:14'),
(4, 3, 'product', 4, 1, 40, 40, 2, '2021-11-16 15:04:14', '2021-11-16 15:04:14'),
(5, 4, 'product', 145, 1, 9600, 9600, 960, '2021-11-16 15:07:54', '2021-11-16 15:07:54'),
(6, 5, 'gift_card', 12, 1, 200, 200, 0, '2021-11-16 15:16:00', '2021-11-16 15:16:00'),
(7, 6, 'product', 4, 1, 40, 40, 2, '2021-11-16 15:43:41', '2021-11-16 15:43:41'),
(8, 7, 'product', 2, 1, 23, 23, 1.15, '2021-11-16 15:59:39', '2021-11-16 15:59:39'),
(9, 8, 'product', 149, 1, 658, 658, 19.74, '2021-11-16 16:28:48', '2021-11-16 16:28:48'),
(10, 9, 'product', 142, 1, 44, 44, 3, '2021-11-22 11:42:38', '2021-11-22 11:42:38'),
(11, 10, 'product', 178, 1, 142.5, 142.5, 7.125, '2021-11-25 10:56:17', '2021-11-25 10:56:17'),
(12, 11, 'product', 194, 1, 52.5, 52.5, 0, '2021-11-25 10:56:17', '2021-11-25 10:56:17'),
(13, 12, 'product', 178, 1, 142.5, 142.5, 7.125, '2021-11-25 10:59:32', '2021-11-25 10:59:32'),
(14, 13, 'product', 186, 1, 76, 76, 1.52, '2021-11-25 11:14:55', '2021-11-25 11:14:55'),
(15, 14, 'product', 119, 1, 345, 345, 6.9, '2021-11-25 11:15:36', '2021-11-25 11:15:36'),
(16, 15, 'product', 176, 1, 31, 31, 0, '2021-11-25 11:15:53', '2021-11-25 11:15:53'),
(17, 15, 'product', 181, 1, 15, 15, 0, '2021-11-25 11:15:53', '2021-11-25 11:15:53'),
(18, 16, 'product', 119, 1, 345, 345, 6.9, '2021-11-25 11:23:27', '2021-11-25 11:23:27'),
(19, 17, 'product', 178, 1, 142.5, 142.5, 7.125, '2021-11-25 11:26:09', '2021-11-25 11:26:09'),
(20, 18, 'product', 181, 1, 15, 15, 0, '2021-11-25 11:27:34', '2021-11-25 11:27:34'),
(21, 18, 'product', 172, 1, 37.05, 37.05, 1.1115, '2021-11-25 11:27:34', '2021-11-25 11:27:34'),
(22, 19, 'product', 172, 1, 37.05, 37.05, 1.1115, '2021-11-25 11:29:58', '2021-11-25 11:29:58'),
(23, 20, 'product', 119, 1, 345, 345, 6.9, '2021-11-25 11:30:21', '2021-11-25 11:30:21'),
(24, 21, 'product', 182, 1, 70, 70, 0, '2021-11-25 11:30:38', '2021-11-25 11:30:38'),
(25, 22, 'product', 145, 1, 9600, 9600, 960, '2021-11-26 15:24:55', '2021-11-26 15:24:55'),
(26, 22, 'product', 166, 1, 25, 25, 1.25, '2021-11-26 15:24:55', '2021-11-26 15:24:55'),
(27, 23, 'product', 5, 1, 4800, 4800, 480, '2021-11-28 10:02:55', '2021-11-28 10:02:55'),
(28, 23, 'product', 141, 1, 52, 52, 0, '2021-11-28 10:02:55', '2021-11-28 10:02:55'),
(29, 23, 'product', 155, 1, 120, 120, 0, '2021-11-28 10:02:55', '2021-11-28 10:02:55'),
(30, 24, 'product', 192, 1, 430, 430, 43, '2021-11-28 14:35:53', '2021-11-28 14:35:53'),
(31, 25, 'product', 171, 1, 20, 20, 0, '2021-11-28 21:39:59', '2021-11-28 21:39:59'),
(32, 26, 'product', 20, 1, 67, 67.5, 3.35, '2021-11-28 21:40:03', '2021-11-28 21:40:03'),
(33, 27, 'gift_card', 14, 1, 250, 250, 0, '2021-11-28 22:13:06', '2021-11-28 22:13:06'),
(34, 27, 'gift_card', 13, 1, 300, 300, 0, '2021-11-28 22:13:06', '2021-11-28 22:13:06'),
(35, 28, 'gift_card', 14, 1, 250, 250, 0, '2021-11-29 00:05:50', '2021-11-29 00:05:50'),
(36, 29, 'product', 155, 1, 120, 120, 0, '2021-11-29 00:05:50', '2021-11-29 00:05:50'),
(37, 30, 'product', 186, 1, 76, 76, 1.52, '2021-11-29 19:01:41', '2021-11-29 19:01:41'),
(38, 31, 'product', 157, 1, 475, 475, 23.75, '2021-11-29 19:02:55', '2021-11-29 19:02:55'),
(39, 32, 'product', 174, 1, 45, 45, 0, '2021-11-29 19:03:57', '2021-11-29 19:03:57'),
(40, 33, 'product', 194, 1, 49, 49, 0, '2021-11-29 19:04:38', '2021-11-29 19:04:38'),
(41, 34, 'product', 193, 1, 480, 480, 48, '2021-11-29 19:04:38', '2021-11-29 19:04:38'),
(42, 35, 'product', 171, 1, 20, 20, 0, '2021-11-29 19:07:14', '2021-11-29 19:07:14'),
(43, 36, 'product', 173, 1, 35, 35, 0.7, '2021-11-29 19:13:09', '2021-11-29 19:13:09'),
(44, 37, 'product', 172, 1, 37.05, 37.05, 1.1115, '2021-12-02 15:04:52', '2021-12-02 15:04:52'),
(45, 37, 'product', 3, 1, 60, 60, 3, '2021-12-02 15:04:52', '2021-12-02 15:04:52'),
(46, 37, 'product', 173, 2, 35, 70, 1.4, '2021-12-02 15:04:52', '2021-12-02 15:04:52'),
(47, 37, 'product', 156, 1, 190, 190, 9.5, '2021-12-02 15:04:52', '2021-12-02 15:04:52'),
(48, 38, 'product', 1, 1, 10, 10, 0.5, '2021-12-02 22:12:34', '2021-12-02 22:12:34'),
(49, 39, 'product', 170, 1, 65, 65, 3.9, '2021-12-02 22:12:34', '2021-12-02 22:12:34'),
(50, 40, 'product', 200, 3, 39.6, 118.8, 6, '2021-12-02 23:51:19', '2021-12-02 23:51:19'),
(51, 41, 'product', 173, 1, 35, 35, 0.7, '2021-12-03 02:44:24', '2021-12-03 02:44:24'),
(52, 42, 'product', 169, 1, 49.5, 49.5, 2.475, '2021-12-03 05:51:44', '2021-12-03 05:51:44'),
(53, 43, 'product', 173, 1, 35, 35, 0.7, '2021-12-06 05:56:43', '2021-12-06 05:56:43'),
(54, 43, 'product', 130, 1, 2375, 2375, 3, '2021-12-06 05:56:43', '2021-12-06 05:56:43'),
(55, 43, 'product', 174, 1, 45, 45, 0, '2021-12-06 05:56:43', '2021-12-06 05:56:43'),
(56, 43, 'product', 2, 1, 20.24, 20.24, 1.012, '2021-12-06 05:56:43', '2021-12-06 05:56:43'),
(57, 44, 'product', 149, 1, 658, 658, 19.74, '2021-12-06 06:55:22', '2021-12-06 06:55:22'),
(58, 44, 'product', 172, 1, 37, 37.05, 1.11, '2021-12-06 06:55:22', '2021-12-06 06:55:22'),
(59, 45, 'product', 172, 1, 37, 37.05, 1.11, '2021-12-09 18:29:53', '2021-12-09 18:29:53'),
(60, 46, 'product', 5, 1, 4800, 4800, 480, '2021-12-09 18:35:32', '2021-12-09 18:35:32'),
(61, 47, 'product', 175, 1, 33, 33.6, 1.65, '2021-12-09 20:58:59', '2021-12-09 20:58:59'),
(62, 48, 'product', 155, 1, 120, 120, 0, '2021-12-09 22:06:04', '2021-12-09 22:06:04'),
(63, 48, 'product', 82, 1, 115, 115, 5.75, '2021-12-09 22:06:05', '2021-12-09 22:06:05'),
(64, 49, 'product', 200, 3, 39.6, 118.8, 6, '2021-12-09 22:21:16', '2021-12-09 22:21:16'),
(65, 49, 'product', 3, 1, 60, 60, 3, '2021-12-09 22:21:17', '2021-12-09 22:21:17'),
(66, 50, 'product', 16, 1, 95, 95, 4.75, '2021-12-09 22:41:48', '2021-12-09 22:41:48'),
(67, 51, 'product', 127, 3, 291, 873, 17.46, '2021-12-09 23:13:56', '2021-12-09 23:13:56'),
(68, 52, 'product', 155, 1, 120, 120, 0, '2021-12-10 00:25:29', '2021-12-10 00:25:29'),
(69, 53, 'product', 149, 3, 658, 1974, 59.22, '2021-12-10 01:19:22', '2021-12-10 01:19:22'),
(70, 53, 'product', 180, 2, 25, 50, 0, '2021-12-10 01:19:22', '2021-12-10 01:19:22'),
(71, 54, 'product', 190, 1, 180, 180.5, 9, '2021-12-10 02:47:54', '2021-12-10 02:47:54'),
(72, 54, 'product', 172, 1, 37.05, 37.05, 1.1115, '2021-12-10 02:47:54', '2021-12-10 02:47:54'),
(73, 54, 'product', 149, 1, 658, 658, 19.74, '2021-12-10 02:47:54', '2021-12-10 02:47:54'),
(74, 54, 'product', 132, 2, 147.25, 294.5, 6, '2021-12-10 02:47:54', '2021-12-10 02:47:54'),
(75, 55, 'product', 173, 7, 35, 245, 4.9, '2021-12-10 02:51:55', '2021-12-10 02:51:55'),
(76, 55, 'product', 174, 1, 45, 45, 0, '2021-12-10 02:51:55', '2021-12-10 02:51:55'),
(77, 55, 'product', 200, 3, 39.6, 118.8, 6, '2021-12-10 02:51:55', '2021-12-10 02:51:55'),
(78, 56, 'product', 174, 4, 45, 180, 0, '2021-12-10 03:29:26', '2021-12-10 03:29:26'),
(79, 57, 'product', 180, 1, 25, 25, 0, '2021-12-10 04:24:28', '2021-12-10 04:24:28'),
(80, 58, 'product', 176, 1, 31, 31, 0, '2021-12-10 09:41:34', '2021-12-10 09:41:34'),
(81, 58, 'product', 24, 1, 9900, 9900, 1485, '2021-12-10 09:41:34', '2021-12-10 09:41:34'),
(82, 58, 'product', 195, 1, 2244.8, 2244.8, 3, '2021-12-10 09:41:34', '2021-12-10 09:41:34'),
(83, 59, 'product', 190, 1, 180, 180.5, 9, '2021-12-10 10:35:08', '2021-12-10 10:35:08'),
(84, 60, 'product', 191, 1, 209, 209, 10.45, '2021-12-10 12:44:02', '2021-12-10 12:44:02'),
(85, 61, 'product', 173, 1, 35, 35, 0.7, '2021-12-10 13:21:45', '2021-12-10 13:21:45'),
(86, 62, 'product', 172, 3, 37.05, 111.15, 3.3345, '2021-12-10 17:04:30', '2021-12-10 17:04:30'),
(87, 62, 'product', 174, 1, 45, 45, 0, '2021-12-10 17:04:30', '2021-12-10 17:04:30'),
(88, 63, 'product', 76, 1, 60, 60, 0, '2021-12-10 19:10:31', '2021-12-10 19:10:31'),
(89, 64, 'product', 173, 1, 35, 35, 0.7, '2021-12-10 19:43:21', '2021-12-10 19:43:21'),
(90, 65, 'product', 172, 1, 37.05, 37.05, 1.1115, '2021-12-10 21:09:38', '2021-12-10 21:09:38'),
(91, 65, 'product', 16, 1, 95, 95, 4.75, '2021-12-10 21:09:38', '2021-12-10 21:09:38'),
(92, 66, 'product', 180, 1, 25, 25, 0, '2021-12-10 21:30:51', '2021-12-10 21:30:51'),
(93, 67, 'product', 149, 1, 658, 658, 19.74, '2021-12-10 21:36:11', '2021-12-10 21:36:11'),
(94, 68, 'product', 169, 1, 49, 49.5, 2.45, '2021-12-11 07:31:13', '2021-12-11 07:31:13'),
(95, 68, 'product', 149, 1, 658, 658, 19.74, '2021-12-11 07:31:13', '2021-12-11 07:31:13'),
(96, 69, 'product', 174, 1, 45, 45, 0, '2021-12-11 23:44:24', '2021-12-11 23:44:24'),
(97, 69, 'product', 155, 1, 120, 120, 0, '2021-12-11 23:44:24', '2021-12-11 23:44:24'),
(98, 69, 'product', 124, 1, 250, 250, 3, '2021-12-11 23:44:24', '2021-12-11 23:44:24'),
(99, 70, 'product', 172, 1, 37.05, 37.05, 1.1115, '2021-12-12 00:06:47', '2021-12-12 00:06:47'),
(100, 71, 'product', 34, 1, 19, 19, 0.95, '2021-12-12 00:30:42', '2021-12-12 00:30:42');

-- --------------------------------------------------------

--
-- Table structure for table `password_resets`
--

CREATE TABLE `password_resets` (
  `email` varchar(255) COLLATE utf8mb4_unicode_ci NOT NULL,
  `token` varchar(255) COLLATE utf8mb4_unicode_ci NOT NULL,
  `created_at` timestamp NULL DEFAULT NULL
) ENGINE=InnoDB DEFAULT CHARSET=utf8mb4 COLLATE=utf8mb4_unicode_ci;

-- --------------------------------------------------------

--
-- Table structure for table `payment_methods`
--

CREATE TABLE `payment_methods` (
  `id` bigint(20) UNSIGNED NOT NULL,
  `method` varchar(255) COLLATE utf8mb4_unicode_ci NOT NULL,
  `type` varchar(255) COLLATE utf8mb4_unicode_ci DEFAULT NULL,
  `active_status` tinyint(4) NOT NULL DEFAULT '1',
  `module_status` tinyint(4) NOT NULL DEFAULT '0',
  `logo` text COLLATE utf8mb4_unicode_ci,
  `created_by` int(10) UNSIGNED DEFAULT '1',
  `updated_by` int(10) UNSIGNED DEFAULT '1',
  `created_at` timestamp NULL DEFAULT NULL,
  `updated_at` timestamp NULL DEFAULT NULL
) ENGINE=InnoDB DEFAULT CHARSET=utf8mb4 COLLATE=utf8mb4_unicode_ci;

--
-- Dumping data for table `payment_methods`
--

INSERT INTO `payment_methods` (`id`, `method`, `type`, `active_status`, `module_status`, `logo`, `created_by`, `updated_by`, `created_at`, `updated_at`) VALUES
(1, 'Cash On Delivery', 'System', 1, 1, 'payment_gateway/cod.jpg', 1, 1, '2021-09-25 18:32:57', '2021-10-10 11:03:35'),
(2, 'Wallet', 'System', 1, 1, 'payment_gateway/cod.jpg', 1, 1, '2021-09-25 18:32:57', '2021-10-10 11:03:33'),
(3, 'PayPal', 'System', 1, 1, 'payment_gateway/paypal.png', 1, 1, '2021-09-25 18:32:57', '2021-11-22 12:53:32'),
(4, 'Stripe', 'System', 1, 1, 'payment_gateway/stripe.png', 1, 1, '2021-09-25 18:32:57', '2021-10-27 04:42:33'),
(5, 'PayStack', 'System', 1, 1, 'payment_gateway/paystack.png', 1, 1, '2021-09-25 18:32:57', '2021-10-27 04:42:36'),
(6, 'RazorPay', 'System', 1, 1, 'payment_gateway/razorpay.png', 1, 1, '2021-09-25 18:32:57', '2021-10-12 12:06:14'),
(7, 'Bank Payment', 'System', 1, 1, 'payment_gateway/bank_payment.png', 1, 1, '2021-09-25 18:32:57', '2021-10-27 04:42:38'),
(8, 'Instamojo', 'System', 1, 1, 'payment_gateway/intamojo.png', 1, 1, '2021-09-25 18:32:57', '2021-10-27 04:42:39'),
(9, 'PayTM', 'System', 1, 1, 'payment_gateway/paytm.jpg', 1, 1, '2021-09-25 18:32:57', '2021-10-27 04:42:41'),
(10, 'Midtrans', 'System', 1, 1, 'payment_gateway/midtrans.jpg', 1, 1, '2021-09-25 18:32:57', '2021-10-27 04:42:42'),
(11, 'PayUMoney', 'System', 1, 1, 'payment_gateway/payumoney-logo.jpg', 1, 1, '2021-09-25 18:32:57', '2021-10-27 04:42:46'),
(12, 'JazzCash', 'System', 1, 1, 'payment_gateway/JazzCash.jpg', 1, 1, '2021-09-25 18:32:57', '2021-10-27 04:42:47'),
(13, 'Google Pay', 'System', 1, 1, 'payment_gateway/GooglePay.png', 1, 1, '2021-09-25 18:32:57', '2021-09-30 10:25:20'),
(14, 'FlutterWave', 'System', 1, 1, 'payment_gateway/flutterWavePayment.png', 1, 1, '2021-09-25 18:32:57', '2021-10-27 04:42:50');

-- --------------------------------------------------------

--
-- Table structure for table `payu_transactions`
--

CREATE TABLE `payu_transactions` (
  `id` bigint(20) UNSIGNED NOT NULL,
  `paid_for_id` bigint(20) UNSIGNED DEFAULT NULL,
  `paid_for_type` varchar(255) COLLATE utf8mb4_unicode_ci DEFAULT NULL,
  `transaction_id` varchar(255) COLLATE utf8mb4_unicode_ci NOT NULL,
  `gateway` text COLLATE utf8mb4_unicode_ci NOT NULL,
  `body` text COLLATE utf8mb4_unicode_ci NOT NULL,
  `destination` varchar(255) COLLATE utf8mb4_unicode_ci NOT NULL,
  `hash` text COLLATE utf8mb4_unicode_ci NOT NULL,
  `response` text COLLATE utf8mb4_unicode_ci,
  `status` enum('pending','failed','successful','invalid') COLLATE utf8mb4_unicode_ci NOT NULL DEFAULT 'pending',
  `verified_at` timestamp NULL DEFAULT NULL,
  `deleted_at` timestamp NULL DEFAULT NULL,
  `created_at` timestamp NULL DEFAULT NULL,
  `updated_at` timestamp NULL DEFAULT NULL
) ENGINE=InnoDB DEFAULT CHARSET=utf8mb4 COLLATE=utf8mb4_unicode_ci;

-- --------------------------------------------------------

--
-- Table structure for table `permissions`
--

CREATE TABLE `permissions` (
  `id` int(11) NOT NULL,
  `module_id` int(11) DEFAULT NULL,
  `parent_id` int(11) DEFAULT NULL,
  `name` varchar(191) COLLATE utf8mb4_unicode_ci DEFAULT NULL,
  `route` varchar(191) COLLATE utf8mb4_unicode_ci DEFAULT NULL,
  `status` tinyint(4) NOT NULL DEFAULT '1',
  `created_by` int(10) UNSIGNED NOT NULL DEFAULT '1',
  `updated_by` int(10) UNSIGNED NOT NULL DEFAULT '1',
  `type` int(11) DEFAULT NULL COMMENT '1 for main menu, 2 for sub menu , 3 action',
  `module` varchar(191) COLLATE utf8mb4_unicode_ci DEFAULT NULL,
  `created_at` timestamp NULL DEFAULT NULL,
  `updated_at` timestamp NULL DEFAULT NULL
) ENGINE=InnoDB DEFAULT CHARSET=utf8mb4 COLLATE=utf8mb4_unicode_ci;

--
-- Dumping data for table `permissions`
--

INSERT INTO `permissions` (`id`, `module_id`, `parent_id`, `name`, `route`, `status`, `created_by`, `updated_by`, `type`, `module`, `created_at`, `updated_at`) VALUES
(1, 1, NULL, 'Dashboard', 'admin.dashboard', 1, 1, 1, 1, NULL, NULL, NULL),
(2, 1, 1, 'Widget', 'widget_card', 1, 1, 1, 2, NULL, NULL, NULL),
(577, 1, 2, 'Total Product', 'widget_total_product', 1, 1, 1, 3, NULL, NULL, NULL),
(579, 1, 2, 'Total Customer', 'widget_total_customer', 1, 1, 1, 3, NULL, NULL, NULL),
(580, 1, 2, 'Visitor', 'widget_visitor', 1, 1, 1, 3, NULL, NULL, NULL),
(581, 1, 2, 'Total Order', 'widget_total_order', 1, 1, 1, 3, NULL, NULL, NULL),
(582, 1, 2, 'Total Pending Order', 'widget_total_pending_order', 1, 1, 1, 3, NULL, NULL, NULL),
(583, 1, 2, 'Total Completed Order', 'widget_total_completed_order', 1, 1, 1, 3, NULL, NULL, NULL),
(584, 1, 2, 'Total Sale', 'widget_total_sale', 1, 1, 1, 3, NULL, NULL, NULL),
(585, 1, 2, 'Total Review', 'widget_total_review', 1, 1, 1, 3, NULL, NULL, NULL),
(586, 1, 2, 'Total Revenue', 'widget_total_revenue', 1, 1, 1, 3, NULL, NULL, NULL),
(587, 1, 2, 'Active Customer', 'widget_active_customer', 1, 1, 1, 3, NULL, NULL, NULL),
(588, 1, 2, 'Total Subcriber', 'widget_total_subcriber', 1, 1, 1, 3, NULL, NULL, NULL),
(589, 1, 1, 'Graph', 'dashboard_graph', 1, 1, 1, 2, NULL, NULL, NULL),
(590, 1, 589, 'Products', 'dashboard_graph_products', 1, 1, 1, 3, NULL, NULL, NULL),
(591, 1, 589, 'Orders Summary', 'dashboard_graph_orders_summary', 1, 1, 1, 3, NULL, NULL, NULL),
(593, 1, 589, 'Guest/Authorized Order Today', 'dashboard_graph_gueast_authorize_order_today', 1, 1, 1, 3, NULL, NULL, NULL),
(594, 1, 589, 'Today Order summary', 'dashboard_graph_today_order_summary', 1, 1, 1, 3, NULL, NULL, NULL),
(595, 1, 589, 'Site Analytics', 'dashboard_graph_site_analytics', 1, 1, 1, 3, NULL, NULL, NULL),
(596, 1, 1, 'Top Ten Product', 'dashboard_top_ten_product', 1, 1, 1, 2, NULL, NULL, NULL),
(598, 1, 1, 'Category Wise Product Qty', 'dashboard_category_wise_product_qty', 1, 1, 1, 2, NULL, NULL, NULL),
(599, 1, 1, 'Category Wise Product Sale', 'dashboard_category_wise_product_sale', 1, 1, 1, 2, NULL, NULL, NULL),
(600, 1, 1, 'Coupon Wise Sale', 'dashboard_coupon_wise_sale', 1, 1, 1, 2, NULL, NULL, NULL),
(601, 1, 1, 'New Customers', 'dashboard_new_customers', 1, 1, 1, 2, NULL, NULL, NULL),
(602, 1, 1, 'Recently Added Products', 'dashboard_recently_added_products', 1, 1, 1, 2, NULL, NULL, NULL),
(603, 1, 1, 'Top Refferers', 'dashboard_top_refferers', 1, 1, 1, 2, NULL, NULL, NULL),
(604, 1, 1, 'Latest Order', 'dashboard_latest_order', 1, 1, 1, 2, NULL, NULL, NULL),
(605, 1, 1, 'Latest Search Keyword', 'dashboard_latest_search_keyword', 1, 1, 1, 2, NULL, NULL, NULL),
(606, 1, 1, 'Appealed Disputed', 'dashboard_appealed_disputed', 1, 1, 1, 2, NULL, NULL, NULL),
(607, 1, 1, 'Recent Reviews', 'dashboard_recent_reviews', 1, 1, 1, 2, NULL, NULL, NULL),
(4, 1, 68, 'Dashboard Setup', 'appearance.dashoboard.index', 1, 1, 1, 2, NULL, NULL, NULL),
(5, 1, 4, 'Update', 'appearance.dashoboard.status_update', 1, 1, 1, 3, NULL, NULL, NULL),
(26, 3, NULL, 'Frontend CMS', 'frontend_cms', 1, 1, 1, 1, NULL, NULL, NULL),
(27, 3, 26, 'Homepage', 'frontendcms.widget.index', 1, 1, 1, 2, NULL, NULL, NULL),
(28, 3, 27, 'Update', 'frontendcms.homepage.update', 1, 1, 1, 3, NULL, NULL, NULL),
(29, 3, 26, 'Feature List', 'frontendcms.features.index', 1, 1, 1, 2, NULL, NULL, NULL),
(30, 3, 29, 'Create', 'frontendcms.features.store', 1, 1, 1, 3, NULL, NULL, NULL),
(31, 3, 29, 'Update', 'frontendcms.features.update', 1, 1, 1, 3, NULL, NULL, NULL),
(32, 3, 29, 'Destroy', 'frontendcms.features.delete', 1, 1, 1, 3, NULL, NULL, NULL),
(40, 3, 26, 'Return Exchange', 'frontendcms.return-exchange.index', 1, 1, 1, 2, NULL, NULL, NULL),
(41, 3, 40, 'Return Exchange Update', 'frontendcms.return-exchange.update', 1, 1, 1, 3, NULL, NULL, NULL),
(42, 3, 26, 'Contact-Content', 'frontendcms.contact-content.index', 1, 1, 1, 2, NULL, NULL, NULL),
(43, 3, 42, 'Contact-Content Update', 'frontendcms.contact-content.update', 1, 1, 1, 3, NULL, NULL, NULL),
(44, 3, 42, 'Query Create', 'frontendcms.query.store', 1, 1, 1, 3, NULL, NULL, NULL),
(45, 3, 42, 'Query Update', 'frontendcms.query.update', 1, 1, 1, 3, NULL, NULL, NULL),
(46, 3, 42, 'Query Destroy', 'frontendcms.query.delete', 1, 1, 1, 3, NULL, NULL, NULL),
(47, 3, 42, 'Query Status Change', 'frontendcms.query.status', 1, 1, 1, 3, NULL, NULL, NULL),
(48, 3, 26, 'Dynamic Page', 'frontendcms.dynamic-page.index', 1, 1, 1, 2, NULL, NULL, NULL),
(49, 3, 48, 'Create', 'frontendcms.dynamic-page.store', 1, 1, 1, 3, NULL, NULL, NULL),
(50, 3, 48, 'Update', 'frontendcms.dynamic-page.update', 1, 1, 1, 3, NULL, NULL, NULL),
(51, 3, 48, 'Destroy', 'frontendcms.dynamic-page.delete', 1, 1, 1, 3, NULL, NULL, NULL),
(52, 3, 48, 'Status Change', 'frontendcms.dynamic-page.status', 1, 1, 1, 3, NULL, NULL, NULL),
(53, 3, 26, 'Footer Settings', 'footerSetting.footer.index', 1, 1, 1, 2, NULL, NULL, NULL),
(54, 3, 53, 'Copyright Content Update', 'copyright_content_update', 1, 1, 1, 3, NULL, NULL, NULL),
(55, 3, 53, 'About Content Update', 'about_content_update', 1, 1, 1, 3, NULL, NULL, NULL),
(56, 3, 53, 'Company Content Update', 'company_content_update', 1, 1, 1, 3, NULL, NULL, NULL),
(57, 3, 53, 'Account Content Update', 'account_content_update', 1, 1, 1, 3, NULL, NULL, NULL),
(58, 3, 53, 'Service Content Update', 'service_content_update', 1, 1, 1, 3, NULL, NULL, NULL),
(59, 3, 53, 'Create Page', 'footerSetting.footer.widget-store', 1, 1, 1, 3, NULL, NULL, NULL),
(60, 3, 53, 'Update Page', 'footerSetting.footer.widget-update', 1, 1, 1, 3, NULL, NULL, NULL),
(61, 3, 53, 'Destroy Page', 'footer.widget-delete', 1, 1, 1, 3, NULL, NULL, NULL),
(62, 3, 26, 'Subscription', 'frontendcms.subscribe-content.index', 1, 1, 1, 2, NULL, NULL, NULL),
(63, 3, 62, 'Subscription Content Update', 'frontendcms.subscribe-content.update', 1, 1, 1, 3, NULL, NULL, NULL),
(630, 3, 26, 'POP-UP', 'frontendcms.popup-content.index', 1, 1, 1, 2, NULL, NULL, NULL),
(64, 3, 26, 'About-us Content', 'frontendcms.about-us.index', 1, 1, 1, 2, NULL, NULL, NULL),
(65, 3, 64, 'About-us Content Update', 'frontendcms.about-us.update', 1, 1, 1, 3, NULL, NULL, NULL),
(66, 3, 26, 'Title', 'frontendcms.title_index', 1, 1, 1, 2, NULL, NULL, NULL),
(67, 3, 66, 'Title Update', 'frontendcms.title_settings.update', 1, 1, 1, 3, NULL, NULL, NULL),
(68, 4, NULL, 'Appearance', 'appearance', 1, 1, 1, 1, NULL, NULL, NULL),
(69, 4, 68, 'Theme', 'appearance.themes.index', 1, 1, 1, 2, NULL, NULL, NULL),
(70, 4, 69, 'Add New', 'appearance.themes.store', 1, 1, 1, 3, NULL, NULL, NULL),
(71, 4, 69, 'Make Active', 'appearance.themes.active', 1, 1, 1, 3, NULL, NULL, NULL),
(72, 4, 69, 'Show', 'appearance.themes.show', 1, 1, 1, 3, NULL, NULL, NULL),
(73, 4, 68, 'Menus', 'menu.manage', 1, 1, 1, 2, NULL, NULL, NULL),
(74, 4, 73, 'Create', 'menu.store', 1, 1, 1, 3, NULL, NULL, NULL),
(75, 4, 73, 'Update', 'menu.edit', 1, 1, 1, 3, NULL, NULL, NULL),
(76, 4, 73, 'Delete', 'menu.delete', 1, 1, 1, 3, NULL, NULL, NULL),
(77, 4, 73, 'Status Change', 'menu.status', 1, 1, 1, 3, NULL, NULL, NULL),
(78, 4, 73, 'Setup', 'menu.setup', 1, 1, 1, 3, NULL, NULL, NULL),
(79, 4, 68, 'Header', 'appearance.slider.index', 1, 1, 1, 2, NULL, NULL, NULL),
(80, 4, 79, 'Status Change', 'appearance.header.update_status', 1, 1, 1, 3, NULL, NULL, NULL),
(81, 4, 79, 'Setup', 'appearance.header.setup', 1, 1, 1, 3, NULL, NULL, NULL),
(553, 4, 68, 'Dashboard Color', 'appearance.color.index', 1, 1, 1, 2, NULL, NULL, NULL),
(554, 4, 553, 'Create', 'appearance.color.create', 1, 1, 1, 3, NULL, NULL, NULL),
(555, 4, 553, 'Store', 'appearance.color.store', 1, 1, 1, 3, NULL, NULL, NULL),
(556, 4, 553, 'Delete', 'appearance.color.delete', 1, 1, 1, 3, NULL, NULL, NULL),
(557, 4, 553, 'Activate', 'appearance.color.activate', 1, 1, 1, 3, NULL, NULL, NULL),
(558, 4, 553, 'Clone', 'appearance.color.clone', 1, 1, 1, 3, NULL, NULL, NULL),
(559, 4, 553, 'Edit', 'appearance.color.edit', 1, 1, 1, 3, NULL, NULL, NULL),
(560, 4, 553, 'Update', 'appearance.color.update', 1, 1, 1, 3, NULL, NULL, NULL),
(561, 4, 68, 'Color Scheme', 'themeColor.index', 1, 1, 1, 2, NULL, NULL, NULL),
(562, 4, 561, 'Update', 'themeColor.update', 1, 1, 1, 3, NULL, NULL, NULL),
(563, 4, 561, 'Activate', 'themeColor.activate', 1, 1, 1, 3, NULL, NULL, NULL),
(82, 5, NULL, 'Customer', 'cusotmer.list_active', 1, 1, 1, 1, NULL, NULL, NULL),
(83, 5, 82, 'Active Status Change', 'customer.update_active_status', 1, 1, 1, 2, NULL, NULL, NULL),
(84, 5, 82, 'Details', 'customer.show_details', 1, 1, 1, 2, NULL, NULL, NULL),
(85, 5, 82, 'In-active List', 'customer.list_inactive', 1, 1, 1, 2, NULL, NULL, NULL),
(86, 6, NULL, 'Blog Module', 'blog_module', 1, 1, 1, 1, NULL, NULL, NULL),
(87, 6, 86, 'Blog', 'blog.post.get-data', 1, 1, 1, 2, NULL, NULL, NULL),
(88, 6, 87, 'Create', 'blog.posts.create', 1, 1, 1, 3, NULL, NULL, NULL),
(89, 6, 87, 'Update', 'blog.posts.edit', 1, 1, 1, 3, NULL, NULL, NULL),
(90, 6, 87, 'Destroy', 'blog.posts.delete', 1, 1, 1, 3, NULL, NULL, NULL),
(91, 6, 87, 'Status Change', 'blog.post.status.update', 1, 1, 1, 3, NULL, NULL, NULL),
(92, 6, 87, 'Approval Change', 'blog.post.approval', 1, 1, 1, 3, NULL, NULL, NULL),
(93, 6, 86, 'Blog Category', 'blog.categories.index', 1, 1, 1, 2, NULL, NULL, NULL),
(94, 6, 93, 'Create', 'blog.categories.store', 1, 1, 1, 3, NULL, NULL, NULL),
(95, 6, 93, 'Update', 'blog.categories.edit', 1, 1, 1, 3, NULL, NULL, NULL),
(96, 6, 93, 'Delete', 'blog.categories.destroy', 1, 1, 1, 3, NULL, NULL, NULL),
(112, 8, NULL, 'Wallet Manage', 'wallet_manage', 1, 1, 1, 1, NULL, NULL, NULL),
(113, 8, 112, 'Recharge Approval', 'wallet_recharge.get-data', 1, 1, 1, 2, NULL, NULL, NULL),
(114, 8, 113, 'Appeoval Status', 'wallet_charge.update_status', 1, 1, 1, 3, NULL, NULL, NULL),
(564, 8, 112, 'Bank Recharge', 'bank_recharge.index', 1, 1, 1, 2, NULL, NULL, NULL),
(115, 8, 112, 'Offline Recharge', 'wallet_recharge.offline_index_get_data', 1, 1, 1, 2, NULL, NULL, NULL),
(116, 8, 115, 'Recharge', 'wallet_recharge.offline', 1, 1, 1, 3, NULL, NULL, NULL),
(117, 8, 112, 'Withdraw Request', 'wallet.withdraw_requests.get_data', 1, 1, 1, 2, NULL, NULL, NULL),
(118, 8, 117, 'Show Details', 'wallet.withdraw_requests.show', 1, 1, 1, 3, NULL, NULL, NULL),
(119, 8, 117, 'Approval', 'wallet.withdraw_request_status_update', 1, 1, 1, 3, NULL, NULL, NULL),
(565, 8, 112, 'Configuration', 'wallet.wallet_configuration', 1, 1, 1, 2, NULL, NULL, NULL),
(566, 8, 565, 'Update', 'wallet.wallet_configuration_update', 1, 1, 1, 3, NULL, NULL, NULL),
(497, 25, NULL, 'My Wallet', 'my_wallet', 1, 1, 1, 1, NULL, NULL, NULL),
(569, 25, 497, 'Transections', 'my-wallet.index', 1, 1, 1, 2, NULL, NULL, NULL),
(570, 25, 569, 'Recharge', 'my-wallet.store', 1, 1, 1, 3, NULL, NULL, NULL),
(571, 25, 497, 'Withdraw', 'my-wallet.withdraw_index', 1, 1, 1, 2, NULL, NULL, NULL),
(572, 25, 571, 'Send Request', 'my-wallet.withdraw_request_sent', 1, 1, 1, 3, NULL, NULL, NULL),
(573, 25, 571, 'Update Send Request', 'my-wallet.withdraw_request_update', 1, 1, 1, 3, NULL, NULL, NULL),
(120, 9, NULL, 'Contact Request', 'contact_request', 1, 1, 1, 1, NULL, NULL, NULL),
(513, 9, 120, 'Contact Request List', 'contactrequest.contact.index', 1, 1, 1, 2, NULL, NULL, NULL),
(121, 9, 120, 'Delete', 'contactrequest.contact.delete', 1, 1, 1, 2, NULL, NULL, NULL),
(122, 10, NULL, 'Marketing', 'marketing_module', 1, 1, 1, 1, NULL, NULL, NULL),
(123, 10, 122, 'Flash Deal', 'marketing.flash-deals', 1, 1, 1, 2, NULL, NULL, NULL),
(124, 10, 123, 'Create', 'marketing.flash-deals.create', 1, 1, 1, 3, NULL, NULL, NULL),
(125, 10, 123, 'Update', 'marketing.flash-deals.edit', 1, 1, 1, 3, NULL, NULL, NULL),
(126, 10, 123, 'Delete', 'marketing.flash-deals.delete', 1, 1, 1, 3, NULL, NULL, NULL),
(127, 10, 123, 'Status Change', 'marketing.flash-deals.status', 1, 1, 1, 3, NULL, NULL, NULL),
(128, 10, 123, 'Featured Enable', 'marketing.flash-deals.featured', 1, 1, 1, 3, NULL, NULL, NULL),
(129, 10, 122, 'Coupon', 'marketing.coupon.get-data', 1, 1, 1, 2, NULL, NULL, NULL),
(130, 10, 129, 'Create', 'marketing.coupon.store', 1, 1, 1, 3, NULL, NULL, NULL),
(131, 10, 129, 'Update', 'marketing.coupon.update', 1, 1, 1, 3, NULL, NULL, NULL),
(132, 10, 129, 'Delete', 'marketing.coupon.delete', 1, 1, 1, 3, NULL, NULL, NULL),
(133, 10, 122, 'New User Zone', 'marketing.new-user-zone', 1, 1, 1, 2, NULL, NULL, NULL),
(134, 10, 133, 'Create', 'marketing.new-user-zone.create', 1, 1, 1, 3, NULL, NULL, NULL),
(135, 10, 133, 'Update', 'marketing.new-user-zone.edit', 1, 1, 1, 3, NULL, NULL, NULL),
(136, 10, 133, 'Delete', 'marketing.new-user-zone.delete', 1, 1, 1, 3, NULL, NULL, NULL),
(137, 10, 133, 'Status Change', 'marketing.new-user-zone.status', 1, 1, 1, 3, NULL, NULL, NULL),
(138, 10, 133, 'Featured Enable', 'marketing.new-user-zone.featured', 1, 1, 1, 3, NULL, NULL, NULL),
(139, 10, 122, 'News-Letter', 'marketing.news-letter.get-data', 1, 1, 1, 2, NULL, NULL, NULL),
(140, 10, 139, 'Create', 'marketing.news-letter.create', 1, 1, 1, 3, NULL, NULL, NULL),
(141, 10, 139, 'Update', 'marketing.news-letter.edit', 1, 1, 1, 3, NULL, NULL, NULL),
(142, 10, 139, 'Delete', 'marketing.news-letter.delete', 1, 1, 1, 3, NULL, NULL, NULL),
(143, 10, 122, 'Bulk SMS', 'marketing.bulk-sms.get-data', 1, 1, 1, 2, NULL, NULL, NULL),
(144, 10, 143, 'Create', 'marketing.bulk-sms.store', 1, 1, 1, 3, NULL, NULL, NULL),
(145, 10, 143, 'Update', 'marketing.bulk-sms.edit', 1, 1, 1, 3, NULL, NULL, NULL),
(146, 10, 143, 'Delete', 'marketing.bulk-sms.delete', 1, 1, 1, 3, NULL, NULL, NULL),
(147, 10, 122, 'Subscriber', 'marketing.subscriber.get-data', 1, 1, 1, 2, NULL, NULL, NULL),
(148, 10, 147, 'Delete', 'marketing.subscriber.delete', 1, 1, 1, 3, NULL, NULL, NULL),
(149, 10, 147, 'Status Change', 'marketing.subscriber.status', 1, 1, 1, 3, NULL, NULL, NULL),
(150, 10, 122, 'Referal Code', 'marketing.referral-code.get-data', 1, 1, 1, 2, NULL, NULL, NULL),
(151, 10, 150, 'Update', 'marketing.referral-code.update-setup', 1, 1, 1, 3, NULL, NULL, NULL),
(152, 10, 150, 'Status Change', 'marketing.referral-code.status', 1, 1, 1, 3, NULL, NULL, NULL),
(168, 13, NULL, 'Gift Card', 'gift_card_manage', 1, 1, 1, 1, NULL, NULL, NULL),
(169, 13, 168, 'Gift Card', 'admin.giftcard.index', 1, 1, 1, 2, NULL, NULL, NULL),
(170, 13, 169, 'List', 'admin.giftcard.get-data', 1, 1, 1, 3, NULL, NULL, NULL),
(171, 13, 169, 'Create', 'admin.giftcard.create', 1, 1, 1, 3, NULL, NULL, NULL),
(172, 13, 169, 'Update', 'admin.giftcard.edit', 1, 1, 1, 3, NULL, NULL, NULL),
(173, 13, 169, 'Delete', 'admin.giftcard.delete', 1, 1, 1, 3, NULL, NULL, NULL),
(174, 13, 169, 'Status Change', 'admin.giftcard.status', 1, 1, 1, 3, NULL, NULL, NULL),
(175, 14, NULL, 'Product Module', 'product_module', 1, 1, 1, 1, NULL, NULL, NULL),
(176, 14, 175, 'Category', 'product.category.index', 1, 1, 1, 2, NULL, NULL, NULL),
(177, 14, 176, 'List', 'product.category.index', 1, 1, 1, 3, NULL, NULL, NULL),
(178, 14, 176, 'Create', 'product.category.store', 1, 1, 1, 3, NULL, NULL, NULL),
(179, 14, 176, 'Update', 'product.category.edit', 1, 1, 1, 3, NULL, NULL, NULL),
(180, 14, 176, 'Delete', 'product.category.delete', 1, 1, 1, 3, NULL, NULL, NULL),
(181, 14, 175, 'Brand', 'product.brands.index', 1, 1, 1, 2, NULL, NULL, NULL),
(182, 14, 181, 'List', 'product.load_more_brands', 1, 1, 1, 3, NULL, NULL, NULL),
(183, 14, 181, 'Create', 'product.brand.create', 1, 1, 1, 3, NULL, NULL, NULL),
(184, 14, 181, 'Update', 'product.brand.edit', 1, 1, 1, 3, NULL, NULL, NULL),
(185, 14, 181, 'Delete', 'product.brand.destroy', 1, 1, 1, 3, NULL, NULL, NULL),
(186, 14, 181, 'Status', 'product.brand.update_active_status', 1, 1, 1, 3, NULL, NULL, NULL),
(187, 14, 181, 'Featured', 'product.brand.update_active_feature', 1, 1, 1, 3, NULL, NULL, NULL),
(188, 14, 175, 'Attribute', 'product.attribute.index', 1, 1, 1, 2, NULL, NULL, NULL),
(189, 14, 188, 'List', 'product.attribute.get_list', 1, 1, 1, 3, NULL, NULL, NULL),
(190, 14, 188, 'Create', 'product.attribute.store', 1, 1, 1, 3, NULL, NULL, NULL),
(191, 14, 188, 'Update', 'product.attribute.edit', 1, 1, 1, 3, NULL, NULL, NULL),
(192, 14, 188, 'Delete', 'product.attribute.destroy', 1, 1, 1, 3, NULL, NULL, NULL),
(193, 14, 175, 'Units', 'product.units.index', 1, 1, 1, 2, NULL, NULL, NULL),
(194, 14, 193, 'List', 'product.units.get_list', 1, 1, 1, 3, NULL, NULL, NULL),
(195, 14, 193, 'Create', 'product.units.store', 1, 1, 1, 3, NULL, NULL, NULL),
(196, 14, 193, 'Update', 'product.units.update', 1, 1, 1, 3, NULL, NULL, NULL),
(197, 14, 193, 'Delete', 'product.units.destroy', 1, 1, 1, 3, NULL, NULL, NULL),
(198, 14, 175, 'Products', 'product.index', 1, 1, 1, 2, NULL, NULL, NULL),
(199, 14, 198, 'List', 'product.get-data', 1, 1, 1, 3, NULL, NULL, NULL),
(200, 14, 198, 'Create', 'product.create', 1, 1, 1, 3, NULL, NULL, NULL),
(201, 14, 198, 'Update', 'product.edit', 1, 1, 1, 3, NULL, NULL, NULL),
(202, 14, 198, 'Clone', 'product.clone', 1, 1, 1, 3, NULL, NULL, NULL),
(203, 14, 198, 'Delete', 'product.destroy', 1, 1, 1, 3, NULL, NULL, NULL),
(205, 14, 198, 'Product By SKU', 'product.get-data-sku', 1, 1, 1, 3, NULL, NULL, NULL),
(206, 14, 198, 'Product Status', 'product.update_active_status', 1, 1, 1, 3, NULL, NULL, NULL),
(207, 14, 198, 'Product Status By SKU', 'product.sku.status', 1, 1, 1, 3, NULL, NULL, NULL),
(209, 14, 198, 'ProductSKu Update', 'product.sku.update', 1, 1, 1, 3, NULL, NULL, NULL),
(210, 14, 198, 'ProductSKu Delete', 'product.sku.delete', 1, 1, 1, 3, NULL, NULL, NULL),
(211, 14, 175, 'Recent Viewed', 'product.recent_view_product_config', 1, 1, 1, 2, NULL, NULL, NULL),
(212, 14, 211, 'Update', 'product.recent_view_product_config_update', 1, 1, 1, 3, NULL, NULL, NULL),
(281, 15, NULL, 'Review', 'review_module', 1, 1, 1, 1, NULL, NULL, NULL),
(282, 15, 281, 'Product Review', 'review.product.index', 1, 1, 1, 2, NULL, NULL, NULL),
(283, 15, 282, 'Approve All', 'review.product.approve-all', 1, 1, 1, 3, NULL, NULL, NULL),
(284, 15, 282, 'Review Delete', 'review.product.delete', 1, 1, 1, 3, NULL, NULL, NULL),
(285, 15, 282, 'Approve Single', 'review.product.approve', 1, 1, 1, 3, NULL, NULL, NULL),
(286, 15, 282, 'All List', 'review.product.get-all-data', 1, 1, 1, 3, NULL, NULL, NULL),
(287, 15, 282, 'Pending List', 'review.product.get-pending-data', 1, 1, 1, 3, NULL, NULL, NULL),
(288, 15, 282, 'Declined List', 'review.product.get-declined-data', 1, 1, 1, 3, NULL, NULL, NULL),
(482, 15, 281, 'Sold By Review', 'review.seller.index', 1, 1, 1, 2, NULL, NULL, NULL),
(483, 15, 482, 'Approve All', 'review.seller.approve-all', 1, 1, 1, 3, NULL, NULL, NULL),
(484, 15, 482, 'Review Delete', 'review.seller.delete', 1, 1, 1, 3, NULL, NULL, NULL),
(485, 15, 482, 'Approve Single', 'review.seller.approve', 1, 1, 1, 3, NULL, NULL, NULL),
(486, 15, 482, 'All List', 'review.seller.get-all-data', 1, 1, 1, 3, NULL, NULL, NULL),
(487, 15, 482, 'Pending List', 'review.seller.get-pending-data', 1, 1, 1, 3, NULL, NULL, NULL),
(488, 15, 482, 'declined List', 'review.seller.get-declined-data', 1, 1, 1, 3, NULL, NULL, NULL),
(489, 15, 281, 'My Product Review', 'seller.product-reviews.index', 1, 1, 1, 2, NULL, NULL, NULL),
(490, 15, 489, 'Reply', 'seller.product-reviews.reply', 1, 1, 1, 3, NULL, NULL, NULL),
(491, 15, 489, 'List', 'seller.product-reviews.get-data', 1, 1, 1, 3, NULL, NULL, NULL),
(498, 15, 281, 'My Reviews', 'my-reviews.index', 1, 1, 1, 2, NULL, NULL, NULL),
(567, 15, 281, 'Configuration', 'review.review_configuration', 1, 1, 1, 2, NULL, NULL, NULL),
(568, 15, 567, 'Update', 'review.review_configuration.update', 1, 1, 1, 3, NULL, NULL, NULL),
(290, 16, NULL, 'Admin Order Manage', 'order_manage', 1, 1, 1, 1, NULL, NULL, NULL),
(291, 16, 290, 'Order Manage', 'order_manage.total_sales_get_data', 1, 1, 1, 2, NULL, NULL, NULL),
(292, 16, 291, 'Pending', 'pending_orders', 1, 1, 1, 3, NULL, NULL, NULL),
(293, 16, 291, 'Confirmed', 'confirmed_orders', 1, 1, 1, 3, NULL, NULL, NULL),
(294, 16, 291, 'Completed', 'completed_orders', 1, 1, 1, 3, NULL, NULL, NULL),
(295, 16, 291, 'Pending Payment', 'pending_payment_orders', 1, 1, 1, 3, NULL, NULL, NULL),
(296, 16, 291, 'Cancelled', 'cancelled_orders', 1, 1, 1, 3, NULL, NULL, NULL),
(298, 16, 291, 'Order Status', 'order_manage.order_update_info', 1, 1, 1, 3, NULL, NULL, NULL),
(299, 16, 291, 'Order Details', 'order_manage.show_details', 1, 1, 1, 3, NULL, NULL, NULL),
(300, 16, 290, 'Delivery Process', 'order_manage.process_index', 1, 1, 1, 2, NULL, NULL, NULL),
(301, 16, 300, 'List', 'order_manage.process_list', 1, 1, 1, 3, NULL, NULL, NULL),
(302, 16, 300, 'Create', 'order_manage.process_store', 1, 1, 1, 3, NULL, NULL, NULL),
(303, 16, 300, 'Edit', 'order_manage.process_update', 1, 1, 1, 3, NULL, NULL, NULL),
(304, 16, 300, 'Delete', 'order_manage.process_destroy', 1, 1, 1, 3, NULL, NULL, NULL),
(464, 16, 290, 'Cancel Reason', 'order_manage.cancel_reason_index', 1, 1, 1, 2, NULL, NULL, NULL),
(465, 16, 464, 'List', 'order_manage.cancel_reason_list', 1, 1, 1, 3, NULL, NULL, NULL),
(466, 16, 465, 'Create', 'order_manage.cancel_reason_store', 1, 1, 1, 3, NULL, NULL, NULL),
(467, 16, 465, 'Edit', 'order_manage.cancel_reason_update', 1, 1, 1, 3, NULL, NULL, NULL),
(468, 16, 465, 'Delete', 'order_manage.cancel_reason_destroy', 1, 1, 1, 3, NULL, NULL, NULL),
(312, 17, NULL, 'Refund Manage', 'refund_manage', 1, 1, 1, 1, NULL, NULL, NULL),
(313, 17, 312, 'Pending List', 'refund.total_refund_list', 1, 1, 1, 2, NULL, NULL, NULL),
(314, 17, 312, 'Details', 'refund.refund_show_details', 1, 1, 1, 2, NULL, NULL, NULL),
(315, 17, 312, 'Update Status', 'refund.update_refund_request_by_admin', 1, 1, 1, 2, NULL, NULL, NULL),
(316, 17, 312, 'Confirmed List', 'refund.confirmed_refund_requests', 1, 1, 1, 2, NULL, NULL, NULL),
(318, 17, 312, 'Update Refund Process', 'refund.update_refund_detail_state_by_seller', 1, 1, 1, 2, NULL, NULL, NULL),
(319, 17, 312, 'Refund Reasons', 'refund.reasons_list', 1, 1, 1, 2, NULL, NULL, NULL),
(320, 17, 319, 'Create', 'refund.reasons_store', 1, 1, 1, 3, NULL, NULL, NULL),
(321, 17, 319, 'Update', 'refund.reasons_update', 1, 1, 1, 3, NULL, NULL, NULL),
(322, 17, 319, 'Delete', 'refund.destroy', 1, 1, 1, 3, NULL, NULL, NULL),
(323, 17, 312, 'Refund Process', 'refund.process_index', 1, 1, 1, 2, NULL, NULL, NULL),
(324, 17, 323, 'Create', 'refund.process_store', 1, 1, 1, 3, NULL, NULL, NULL),
(325, 17, 323, 'Update', 'refund.process_update', 1, 1, 1, 3, NULL, NULL, NULL),
(326, 17, 323, 'Delete', 'refund.process_destroy', 1, 1, 1, 3, NULL, NULL, NULL),
(327, 17, 312, 'Configuration', 'refund.config', 1, 1, 1, 2, NULL, NULL, NULL),
(328, 17, 327, 'Update', 'refund.refund_config_store', 1, 1, 1, 3, NULL, NULL, NULL),
(329, 18, NULL, 'System Settings', 'system_settings', 1, 1, 1, 1, NULL, NULL, NULL),
(330, 18, 329, 'General Settings', 'generalsetting.index', 1, 1, 1, 2, NULL, NULL, NULL),
(331, 18, 330, 'Activations', 'generalsetting.activation_index', 1, 1, 1, 3, NULL, NULL, NULL),
(332, 18, 330, 'General', 'general_info', 1, 1, 1, 3, NULL, NULL, NULL),
(333, 18, 330, 'Company Info', 'company_info', 1, 1, 1, 3, NULL, NULL, NULL),
(334, 18, 330, 'SMTP', 'smtp_info', 1, 1, 1, 3, NULL, NULL, NULL),
(335, 18, 330, 'SMS', 'sms_info', 1, 1, 1, 3, NULL, NULL, NULL),
(336, 18, 330, 'Activation Update', 'update_activation_status', 1, 1, 1, 3, NULL, NULL, NULL),
(337, 18, 330, 'Company Info Save', 'company_information_update', 1, 1, 1, 3, NULL, NULL, NULL),
(338, 18, 330, 'SMTP Update', 'smtp_gateway_credentials_update', 1, 1, 1, 3, NULL, NULL, NULL),
(339, 18, 330, 'SMS Update', 'sms_gateway_credentials_update', 1, 1, 1, 3, NULL, NULL, NULL),
(340, 18, 330, 'General Update', 'company_information_update', 1, 1, 1, 3, NULL, NULL, NULL),
(341, 18, 329, 'Email Template Settings', 'email_templates.index', 1, 1, 1, 2, NULL, NULL, NULL),
(342, 18, 341, 'Create', 'email_templates.create', 1, 1, 1, 3, NULL, NULL, NULL),
(343, 18, 341, 'Manage', 'email_templates.manage', 1, 1, 1, 3, NULL, NULL, NULL),
(344, 18, 341, 'Status Update', 'email_templates.update_status', 1, 1, 1, 3, NULL, NULL, NULL),
(626, 18, 329, 'SMS Template Settings', 'sms_templates.index', 1, 1, 1, 2, NULL, NULL, NULL),
(627, 18, 626, 'Create', 'sms_templates.create', 1, 1, 1, 3, NULL, NULL, NULL),
(628, 18, 626, 'Manage', 'sms_templates.manage', 1, 1, 1, 3, NULL, NULL, NULL),
(629, 18, 626, 'Status Update', 'sms_templates.update_status', 1, 1, 1, 3, NULL, NULL, NULL),
(537, 18, 329, 'Maintenance mode', 'maintenance.index', 1, 1, 1, 2, NULL, NULL, NULL),
(538, 18, 537, 'Maintenance mode update', 'maintenance.update', 1, 1, 1, 3, NULL, NULL, NULL),
(539, 18, 329, 'Update System', 'generalsetting.updatesystem', 1, 1, 1, 2, NULL, NULL, NULL),
(540, 18, 539, 'Update System Submit', 'generalsetting.updatesystem.submit', 1, 1, 1, 3, NULL, NULL, NULL),
(541, 18, 329, 'Module Manager', 'modulemanager.index', 1, 1, 1, 2, NULL, NULL, NULL),
(542, 18, 541, 'Module Upload', 'modulemanager.uploadModule', 1, 1, 1, 3, NULL, NULL, NULL),
(543, 18, 541, 'Module Delete', 'deleteModule', 1, 1, 1, 3, NULL, NULL, NULL),
(544, 18, 541, 'Module Enable', 'moduleAddOnsEnable', 1, 1, 1, 3, NULL, NULL, NULL),
(545, 18, 541, 'Module Disable', 'moduleAddOnsDisable', 1, 1, 1, 3, NULL, NULL, NULL),
(550, 18, 329, 'Notification Setting', 'notificationsetting.index', 1, 1, 1, 2, NULL, NULL, NULL),
(551, 18, 550, 'Notification Edit', 'notificationsetting.edit', 1, 1, 1, 3, NULL, NULL, NULL),
(552, 18, 550, 'Notification Update', 'notificationsetting.update', 1, 1, 1, 3, NULL, NULL, NULL),
(345, 19, NULL, 'Payment Gateways', 'payment_gateway.index', 1, 1, 1, 1, NULL, NULL, NULL),
(346, 19, 345, 'Enabling', 'update_payment_activation_status', 1, 1, 1, 2, NULL, NULL, NULL),
(347, 20, NULL, 'Setup Module', 'setup_module', 1, 1, 1, 1, NULL, NULL, NULL),
(348, 20, 347, 'Language', 'languages.index', 1, 1, 1, 2, NULL, NULL, NULL),
(349, 20, 348, 'Create', 'languages.store', 1, 1, 1, 3, NULL, NULL, NULL),
(350, 20, 348, 'Update', 'languages.update', 1, 1, 1, 3, NULL, NULL, NULL),
(351, 20, 348, 'Delete', 'languages.destroy', 1, 1, 1, 3, NULL, NULL, NULL),
(352, 20, 348, 'Translation', 'language.translate_view', 1, 1, 1, 3, NULL, NULL, NULL),
(353, 20, 348, 'RTL', 'languages.update_rtl_status', 1, 1, 1, 3, NULL, NULL, NULL),
(354, 20, 348, 'Activate', 'languages.update_active_status', 1, 1, 1, 3, NULL, NULL, NULL),
(355, 20, 347, 'currency', 'currencies.index', 1, 1, 1, 2, NULL, NULL, NULL),
(356, 20, 355, 'Create', 'currencies.store', 1, 1, 1, 3, NULL, NULL, NULL),
(357, 20, 355, 'Update', 'currencies.update', 1, 1, 1, 3, NULL, NULL, NULL),
(358, 20, 355, 'Delete', 'currencies.destroy', 1, 1, 1, 3, NULL, NULL, NULL),
(359, 20, 355, 'Activate', 'currencies.update_active_status', 1, 1, 1, 3, NULL, NULL, NULL),
(360, 20, 347, 'Analytics', 'setup.analytics.index', 1, 1, 1, 2, NULL, NULL, NULL),
(361, 20, 360, 'Google Analytics Update', 'setup.google-analytics-update', 1, 1, 1, 3, NULL, NULL, NULL),
(362, 20, 360, 'Facebook pixel Update', 'setup.facebook-pixel-update', 1, 1, 1, 3, NULL, NULL, NULL),
(363, 20, 347, 'Shipping Method', 'shipping_methods.index', 1, 1, 1, 2, NULL, NULL, NULL),
(364, 20, 363, 'Create', 'shipping_methods.store', 1, 1, 1, 3, NULL, NULL, NULL),
(365, 20, 363, 'Update', 'shipping_methods.update', 1, 1, 1, 3, NULL, NULL, NULL),
(366, 20, 363, 'Delete', 'shipping_methods.destroy', 1, 1, 1, 3, NULL, NULL, NULL),
(367, 20, 363, 'Enabling', 'shipping_methods.update_status', 1, 1, 1, 3, NULL, NULL, NULL),
(368, 20, 363, 'Approve', 'shipping_methods.update_approve_status', 1, 1, 1, 3, NULL, NULL, NULL),
(97, 20, 347, 'Tag', 'tags.index', 1, 1, 1, 2, NULL, NULL, NULL),
(98, 20, 97, 'Create', 'tags.create', 1, 1, 1, 3, NULL, NULL, NULL),
(99, 20, 97, 'Update', 'tags.edit', 1, 1, 1, 3, NULL, NULL, NULL),
(100, 20, 97, 'Delete', 'tags.destroy', 1, 1, 1, 3, NULL, NULL, NULL),
(369, 21, NULL, 'Location', 'location_manage', 1, 1, 1, 1, NULL, NULL, NULL),
(370, 21, 369, 'Country', 'setup.country.index', 1, 1, 1, 2, NULL, NULL, NULL),
(371, 21, 370, 'Create', 'setup.country.store', 1, 1, 1, 3, NULL, NULL, NULL),
(372, 21, 370, 'Update', 'setup.country.update', 1, 1, 1, 3, NULL, NULL, NULL),
(373, 21, 370, 'Enable', 'setup.country.status', 1, 1, 1, 3, NULL, NULL, NULL),
(374, 21, 369, 'State', 'setup.state.index', 1, 1, 1, 2, NULL, NULL, NULL),
(375, 21, 374, 'Create', 'setup.state.store', 1, 1, 1, 3, NULL, NULL, NULL),
(376, 21, 374, 'Update', 'setup.state.update', 1, 1, 1, 3, NULL, NULL, NULL),
(377, 21, 374, 'Enable', 'setup.state.status', 1, 1, 1, 3, NULL, NULL, NULL),
(378, 21, 369, 'City', 'setup.city.index', 1, 1, 1, 2, NULL, NULL, NULL),
(379, 21, 378, 'Create', 'setup.city.store', 1, 1, 1, 3, NULL, NULL, NULL),
(380, 21, 378, 'Update', 'setup.city.update', 1, 1, 1, 3, NULL, NULL, NULL),
(381, 21, 378, 'Enable', 'setup.city.status', 1, 1, 1, 3, NULL, NULL, NULL),
(382, 22, NULL, 'GST Setup', 'gst_setup', 1, 1, 1, 1, NULL, NULL, NULL),
(383, 22, 382, 'List', 'gst_tax.index', 1, 1, 1, 2, NULL, NULL, NULL),
(384, 22, 383, 'Create', 'gst_tax.store', 1, 1, 1, 3, NULL, NULL, NULL),
(385, 22, 383, 'Update', 'gst_tax.update', 1, 1, 1, 3, NULL, NULL, NULL),
(386, 22, 383, 'Delete', 'gst_tax.destroy', 1, 1, 1, 3, NULL, NULL, NULL),
(387, 22, 382, 'Configuration', 'gst_tax.configuration_index', 1, 1, 1, 2, NULL, NULL, NULL),
(388, 22, 387, 'Update', 'gst_tax.configuration_update', 1, 1, 1, 3, NULL, NULL, NULL),
(389, 23, NULL, 'Accounting', 'account_module', 1, 1, 1, 1, NULL, NULL, NULL),
(390, 23, 389, 'Chart of Account', 'account.chart-of-accounts.index', 1, 1, 1, 2, NULL, NULL, NULL),
(391, 23, 390, 'Create', 'account.chart-of-accounts.store', 1, 1, 1, 3, NULL, NULL, NULL),
(392, 23, 390, 'Update', 'account.chart-of-accounts.edit', 1, 1, 1, 3, NULL, NULL, NULL),
(393, 23, 390, 'Delete', 'account.chart-of-accounts.destroy', 1, 1, 1, 3, NULL, NULL, NULL),
(394, 23, 389, 'Bank Account', 'account.bank-accounts.index', 1, 1, 1, 2, NULL, NULL, NULL),
(395, 23, 394, 'Create', 'account.bank-accounts.store', 1, 1, 1, 3, NULL, NULL, NULL),
(396, 23, 394, 'Update', 'account.bank-accounts.edit', 1, 1, 1, 3, NULL, NULL, NULL),
(397, 23, 394, 'Delete', 'account.bank-accounts.destroy', 1, 1, 1, 3, NULL, NULL, NULL),
(398, 23, 394, 'Show', 'account.bank.statement', 1, 1, 1, 3, NULL, NULL, NULL),
(457, 23, 389, 'Income', 'account.incomes.index', 1, 1, 1, 2, NULL, NULL, NULL),
(458, 23, 457, 'Create', 'account.incomes.store', 1, 1, 1, 3, NULL, NULL, NULL),
(459, 23, 457, 'Update', 'account.incomes.edit', 1, 1, 1, 3, NULL, NULL, NULL),
(460, 23, 457, 'Delete', 'account.incomes.destroy', 1, 1, 1, 3, NULL, NULL, NULL),
(461, 23, 389, 'Expense', 'account.expenses.index', 1, 1, 1, 2, NULL, NULL, NULL),
(462, 23, 461, 'Create', 'account.expenses.store', 1, 1, 1, 3, NULL, NULL, NULL),
(400, 23, 461, 'Update', 'account.expenses.edit', 1, 1, 1, 3, NULL, NULL, NULL),
(401, 23, 461, 'Delete', 'account.expenses.destroy', 1, 1, 1, 3, NULL, NULL, NULL),
(402, 23, 389, 'Profit', 'account.profit', 1, 1, 1, 2, NULL, NULL, NULL),
(403, 23, 389, 'Transaction', 'account.transaction', 1, 1, 1, 2, NULL, NULL, NULL),
(404, 23, 403, 'List', 'account.transaction_dtbl', 1, 1, 1, 3, NULL, NULL, NULL),
(405, 23, 389, 'Statement', 'account.statement', 1, 1, 1, 2, NULL, NULL, NULL),
(406, 23, 405, 'List', 'account.statement_dtbl', 1, 1, 1, 3, NULL, NULL, NULL),
(407, 31, NULL, 'Support Ticket', 'support_tickets', 1, 1, 1, 1, NULL, NULL, NULL),
(408, 31, 407, 'Ticket', 'ticket.tickets.index', 1, 1, 1, 2, NULL, NULL, NULL),
(409, 31, 408, 'List', 'ticket.tickets.get-data', 1, 1, 1, 3, NULL, NULL, NULL),
(410, 31, 408, 'Create', 'ticket.tickets.create', 1, 1, 1, 3, NULL, NULL, NULL),
(411, 31, 408, 'Update', 'ticket.tickets.edit', 1, 1, 1, 3, NULL, NULL, NULL),
(412, 31, 408, 'Assign Ticket', 'ticket.my_ticket', 1, 1, 1, 3, NULL, NULL, NULL),
(413, 31, 408, 'Show', 'ticket.tickets.show', 1, 1, 1, 3, NULL, NULL, NULL),
(414, 31, 408, 'Delete', 'ticket.tickets.destroy', 1, 1, 1, 3, NULL, NULL, NULL),
(415, 31, 407, 'Category', 'ticket.category.index', 1, 1, 1, 2, NULL, NULL, NULL),
(416, 31, 415, 'List', 'ticket.category.index', 1, 1, 1, 3, NULL, NULL, NULL),
(417, 31, 415, 'Create', 'ticket.category.store', 1, 1, 1, 3, NULL, NULL, NULL),
(418, 31, 415, 'Update', 'ticket.category.update', 1, 1, 1, 3, NULL, NULL, NULL),
(419, 31, 415, 'Delete', 'ticket.category.delete', 1, 1, 1, 3, NULL, NULL, NULL),
(420, 31, 415, 'Status', 'ticket.category.status', 1, 1, 1, 3, NULL, NULL, NULL),
(421, 31, 407, 'Priority', 'ticket.priority.index', 1, 1, 1, 2, NULL, NULL, NULL),
(422, 31, 421, 'List', 'ticket.priority.index', 1, 1, 1, 3, NULL, NULL, NULL),
(423, 31, 421, 'Create', 'ticket.priority.store', 1, 1, 1, 3, NULL, NULL, NULL),
(424, 31, 421, 'Update', 'ticket.priority.update', 1, 1, 1, 3, NULL, NULL, NULL),
(425, 31, 421, 'Delete', 'ticket.priority.delete', 1, 1, 1, 3, NULL, NULL, NULL),
(426, 31, 421, 'Status', 'ticket.priority.status', 1, 1, 1, 3, NULL, NULL, NULL),
(427, 31, 407, 'Status', 'ticket.status.index', 1, 1, 1, 2, NULL, NULL, NULL),
(428, 31, 427, 'List', 'ticket.status.index', 1, 1, 1, 3, NULL, NULL, NULL),
(429, 31, 427, 'Create', 'ticket.status.store', 1, 1, 1, 3, NULL, NULL, NULL),
(430, 31, 427, 'Update', 'ticket.status.update', 1, 1, 1, 3, NULL, NULL, NULL),
(431, 31, 427, 'Delete', 'ticket.status.delete', 1, 1, 1, 3, NULL, NULL, NULL),
(432, 31, 427, 'Status', 'ticket.status.status', 1, 1, 1, 3, NULL, NULL, NULL),
(433, 30, NULL, 'HR Module', 'human_resource', 1, 1, 1, 1, NULL, NULL, NULL),
(434, 30, 433, 'Staff', 'staffs.index', 1, 1, 1, 2, NULL, NULL, NULL),
(435, 30, 434, 'List', 'staffs.index', 1, 1, 1, 3, NULL, NULL, NULL),
(436, 30, 434, 'Create', 'staffs.store', 1, 1, 1, 3, NULL, NULL, NULL),
(437, 30, 434, 'Update', 'staffs.edit', 1, 1, 1, 3, NULL, NULL, NULL),
(438, 30, 434, 'Details', 'staffs.view', 1, 1, 1, 3, NULL, NULL, NULL),
(439, 30, 434, 'Enable', 'staffs.update_active_status', 1, 1, 1, 3, NULL, NULL, NULL),
(440, 30, 434, 'Delete', 'staffs.destroy', 1, 1, 1, 3, NULL, NULL, NULL),
(441, 30, 433, 'Role', 'permission.roles.index', 1, 1, 1, 2, NULL, NULL, NULL),
(442, 30, 441, 'List', 'permission.roles.index', 1, 1, 1, 3, NULL, NULL, NULL),
(443, 30, 441, 'Create', 'permission.roles.store', 1, 1, 1, 3, NULL, NULL, NULL),
(444, 30, 441, 'Update', 'permission.roles.edit', 1, 1, 1, 3, NULL, NULL, NULL),
(445, 30, 441, 'Delete', 'permission.roles.destroy', 1, 1, 1, 3, NULL, NULL, NULL),
(446, 30, 441, 'Assign permission', 'permission.permissions.index', 1, 1, 1, 3, NULL, NULL, NULL),
(447, 30, 441, 'Permission Store', 'permission.permissions.store', 1, 1, 1, 3, NULL, NULL, NULL),
(448, 30, 433, 'Department', 'departments.index', 1, 1, 1, 2, NULL, NULL, NULL),
(449, 30, 448, 'List', 'departments.index', 1, 1, 1, 3, NULL, NULL, NULL),
(450, 30, 448, 'Create', 'departments.store', 1, 1, 1, 3, NULL, NULL, NULL),
(451, 30, 448, 'Update', 'departments.edit', 1, 1, 1, 3, NULL, NULL, NULL),
(452, 30, 448, 'Delete', 'departments.delete', 1, 1, 1, 3, NULL, NULL, NULL),
(448, 30, 433, 'Attendance Report', 'attendance_report.index', 1, 1, 1, 2, NULL, NULL, NULL),
(449, 30, 433, 'Attendance', 'attendances.index', 1, 1, 1, 2, NULL, NULL, NULL),
(450, 30, 449, 'Store', 'attendances.store', 1, 1, 1, 3, NULL, NULL, NULL),
(453, 30, 433, 'Event', 'events.index', 1, 1, 1, 2, NULL, NULL, NULL),
(454, 30, 453, 'List', 'events.index', 1, 1, 1, 3, NULL, NULL, NULL),
(455, 30, 453, 'Create', 'events.store', 1, 1, 1, 3, NULL, NULL, NULL),
(456, 30, 453, 'Update', 'events.update', 1, 1, 1, 3, NULL, NULL, NULL),
(457, 30, 453, 'Delete', 'events.delete', 1, 1, 1, 3, NULL, NULL, NULL),
(453, 30, 433, 'Holiday Setup', 'holidays.index', 1, 1, 1, 2, NULL, NULL, NULL),
(454, 30, 453, 'List', 'holidays.index', 1, 1, 1, 3, NULL, NULL, NULL),
(455, 30, 453, 'Store', 'holidays.store', 1, 1, 1, 3, NULL, NULL, NULL),
(456, 30, 453, 'Copy', 'last.year.data', 1, 1, 1, 3, NULL, NULL, NULL),
(469, 32, NULL, 'Bulk Upload', 'bulk_upload', 1, 1, 1, 1, NULL, NULL, NULL),
(470, 32, 469, 'Gift Card', 'admin.giftcard.bulk_gift_card_upload_page', 1, 1, 1, 2, NULL, NULL, NULL),
(471, 32, 470, 'Upload', 'admin.giftcard.bulk_gift_card_store', 1, 1, 1, 3, NULL, NULL, NULL),
(472, 32, 469, 'Product', 'product.bulk_product_upload_page', 1, 1, 1, 2, NULL, NULL, NULL),
(473, 32, 472, 'Upload', 'product.bulk_product_store', 1, 1, 1, 3, NULL, NULL, NULL),
(474, 32, 469, 'Brand', 'product.bulk_brand_upload_page', 1, 1, 1, 2, NULL, NULL, NULL),
(475, 32, 474, 'Upload', 'product.bulk_brand_store', 1, 1, 1, 3, NULL, NULL, NULL),
(476, 32, 469, 'Category', 'product.bulk_category_upload_page', 1, 1, 1, 2, NULL, NULL, NULL),
(477, 32, 476, 'Upload', 'product.bulk_category_upload', 1, 1, 1, 3, NULL, NULL, NULL),
(478, 33, NULL, 'Export CSV', 'export_csv', 1, 1, 1, 1, NULL, NULL, NULL),
(479, 33, 478, 'Brand', 'product.csv_brand_download', 1, 1, 1, 2, NULL, NULL, NULL),
(480, 33, 478, 'Category', 'product.csv_category_download', 1, 1, 1, 2, NULL, NULL, NULL),
(481, 33, 478, 'Unit type', 'product.csv_unit_download', 1, 1, 1, 2, NULL, NULL, NULL),
(496, 24, NULL, 'Sidebar Manager', 'sidebar-manager.index', 1, 1, 1, 1, NULL, NULL, NULL),
(499, 26, NULL, 'Log Activity', 'activity_logs', 1, 1, 1, 1, NULL, NULL, NULL),
(500, 26, 499, 'All activity Log', 'activity_log', 1, 1, 1, 2, NULL, NULL, NULL),
(575, 26, 500, 'Clear activity Log', 'activity_log.destroy_all', 1, 1, 1, 3, NULL, NULL, NULL),
(501, 26, 499, 'Login Activity', 'activity_log.login', 1, 1, 1, 2, NULL, NULL, NULL),
(576, 26, 501, 'Clear Login Activity', 'activity_log.login.destroy_all', 1, 1, 1, 3, NULL, NULL, NULL),
(502, 27, NULL, 'Visitors Setup', 'visitors_setup', 1, 1, 1, 1, NULL, NULL, NULL),
(503, 27, 502, 'Ignore IP List', 'ignore_ip_list', 1, 1, 1, 2, NULL, NULL, NULL),
(504, 28, NULL, 'Customer Panel', 'customer_panel', 1, 1, 1, 1, NULL, NULL, NULL),
(505, 28, 504, 'My Purchased Orders', 'frontend.my_purchase_order_list', 1, 1, 1, 2, NULL, NULL, NULL),
(506, 28, 504, 'My Purchased Giftcards', 'frontend.purchased-gift-card', 1, 1, 1, 2, NULL, NULL, NULL),
(507, 28, 504, 'My Purchased Digital Products', 'frontend.digital_product', 1, 1, 1, 2, NULL, NULL, NULL),
(508, 28, 504, 'My Wishlists', 'frontend.my-wishlist', 1, 1, 1, 2, NULL, NULL, NULL),
(509, 28, 504, 'My Refund & Desputes', 'refund.frontend.index', 1, 1, 1, 2, NULL, NULL, NULL),
(510, 28, 504, 'My Coupon Lists', 'customer_panel.coupon', 1, 1, 1, 2, NULL, NULL, NULL),
(511, 28, 504, 'My Accounts', 'frontend.customer_profile', 1, 1, 1, 2, NULL, NULL, NULL),
(574, 28, 504, 'My Referral', 'customer_panel.referral', 1, 1, 1, 2, NULL, NULL, NULL),
(516, 34, NULL, 'Admin Report', 'admin_report', 1, 1, 1, 1, NULL, NULL, NULL),
(518, 34, 516, 'User Searches', 'report.user_searches', 1, 1, 1, 2, NULL, NULL, NULL),
(519, 34, 516, 'Visitor Report', 'report.visitor_report', 1, 1, 1, 2, NULL, NULL, NULL),
(520, 34, 516, 'Inhouse Product Sale', 'report.inhouse_product_sale', 1, 1, 1, 2, NULL, NULL, NULL),
(521, 34, 516, 'Product Stock', 'report.product_stock', 1, 1, 1, 2, NULL, NULL, NULL),
(522, 34, 516, 'Wishlist Report', 'report.wishlist', 1, 1, 1, 2, NULL, NULL, NULL),
(523, 34, 516, 'Wallet Recharge History', 'report.wallet_recharge_history', 1, 1, 1, 2, NULL, NULL, NULL),
(525, 34, 516, 'Top Customers', 'report.top_customer', 1, 1, 1, 2, NULL, NULL, NULL),
(526, 34, 516, 'Top Selling Items', 'report.top_selling_item', 1, 1, 1, 2, NULL, NULL, NULL),
(527, 34, 516, 'Orders', 'report.order', 1, 1, 1, 2, NULL, NULL, NULL),
(528, 34, 516, 'Payments', 'report.payment', 1, 1, 1, 2, NULL, NULL, NULL),
(529, 34, 516, 'Product Reviews', 'report.product_review', 1, 1, 1, 2, NULL, NULL, NULL),
(530, 34, 516, 'Seller Reviews', 'report.seller_review', 1, 1, 1, 2, NULL, NULL, NULL),
(546, 36, NULL, 'Backup', 'backup.index', 1, 1, 1, 1, NULL, NULL, NULL),
(547, 36, 546, 'Create', 'backup.create', 1, 1, 1, 2, NULL, NULL, NULL),
(548, 36, 546, 'Delete', 'backup.delete', 1, 1, 1, 2, NULL, NULL, NULL),
(549, 36, 546, 'Import', 'backup.import', 1, 1, 1, 2, NULL, NULL, NULL),
(631, 38, NULL, 'Utilities', 'utilities.index', 1, 1, 1, 1, NULL, NULL, NULL),
(632, 38, 631, 'Clear Cache', 'utilities_clear_cache', 1, 1, 1, 2, NULL, NULL, NULL),
(633, 38, 631, 'Clear Log', 'utilities_clear_log', 1, 1, 1, 2, NULL, NULL, NULL),
(634, 38, 631, 'Change Debug mode', 'utilities_change_debug_mode', 1, 1, 1, 2, NULL, NULL, NULL),
(635, 38, 631, 'Change Force HTTPS', 'utilities_change_force_https', 1, 1, 1, 2, NULL, NULL, NULL),
(636, 38, 631, 'Reset Database', 'utilities_change_reset_database', 1, 1, 1, 2, NULL, NULL, NULL),
(637, 38, 631, 'XML Sitemap', 'utilities_xml_sitemap', 1, 1, 1, 2, NULL, NULL, NULL),
(642, 18, 329, 'Social Configuration', 'generalsetting.social_login_configuration', 1, 1, 1, 2, NULL, NULL, NULL),
(643, 18, 642, 'Social Login Update', 'generalsetting.social_login_configuration.update', 1, 1, 1, 3, NULL, NULL, NULL),
(644, 18, 642, 'Messanger Chat Update', 'generalsetting.messangerChat.update', 1, 1, 1, 3, NULL, NULL, NULL),
(645, 5, 82, 'Create', 'admin.customer.create', 1, 1, 1, 2, NULL, NULL, NULL),
(646, 5, 82, 'Update', 'admin.customer.edit', 1, 1, 1, 2, NULL, NULL, NULL),
(647, 5, 82, 'Delete', 'admin.customer.destroy', 1, 1, 1, 2, NULL, NULL, NULL);

-- --------------------------------------------------------

--
-- Table structure for table `personal_access_tokens`
--

CREATE TABLE `personal_access_tokens` (
  `id` bigint(20) UNSIGNED NOT NULL,
  `tokenable_type` varchar(255) COLLATE utf8mb4_unicode_ci NOT NULL,
  `tokenable_id` bigint(20) UNSIGNED NOT NULL,
  `name` varchar(255) COLLATE utf8mb4_unicode_ci NOT NULL,
  `token` varchar(64) COLLATE utf8mb4_unicode_ci NOT NULL,
  `abilities` text COLLATE utf8mb4_unicode_ci,
  `last_used_at` timestamp NULL DEFAULT NULL,
  `created_at` timestamp NULL DEFAULT NULL,
  `updated_at` timestamp NULL DEFAULT NULL
) ENGINE=InnoDB DEFAULT CHARSET=utf8mb4 COLLATE=utf8mb4_unicode_ci;

--
-- Dumping data for table `personal_access_tokens`
--

INSERT INTO `personal_access_tokens` (`id`, `tokenable_type`, `tokenable_id`, `name`, `token`, `abilities`, `last_used_at`, `created_at`, `updated_at`) VALUES
(1, 'App\\Models\\User', 4, 'my_token', '6472c3164877a0de04636e1c7bc1e576a59809da329d3837fc848692735f21bf', '[\"*\"]', '2021-09-28 16:36:45', '2021-09-28 15:52:26', '2021-09-28 16:36:45'),
(3, 'App\\Models\\User', 4, 'my_token', '617c2fbc6d16758ea5a44ce81728635daf31482ae792024b0dd161d4d0e6cb59', '[\"*\"]', '2021-09-30 11:02:03', '2021-09-29 18:38:42', '2021-09-30 11:02:03'),
(4, 'App\\Models\\User', 18, 'my_token', '2d83256752e6f8ea05b4ec417ad6b068379351ed64207c6837d47c6b47fd4341', '[\"*\"]', NULL, '2021-09-29 18:42:08', '2021-09-29 18:42:08'),
(5, 'App\\Models\\User', 18, 'my_token', '983800030a9ce5bd157faafdcdc262301d0bdea35ce3b6f8f06971fa1aaf760f', '[\"*\"]', '2021-10-03 16:30:49', '2021-09-29 18:42:08', '2021-10-03 16:30:49'),
(6, 'App\\Models\\User', 18, 'my_token', '86a32d1ec91272f1bf92e7cfd312b1c2cc64c8b740bd2e871a023ea22ef36bd5', '[\"*\"]', '2021-10-03 16:18:37', '2021-09-30 11:02:11', '2021-10-03 16:18:37'),
(7, 'App\\Models\\User', 18, 'my_token', 'ccd21210db68783872f0e7b207329bde9bf9d51b00312286a2f8f225dd32ef92', '[\"*\"]', '2021-09-30 13:26:45', '2021-09-30 12:07:52', '2021-09-30 13:26:45'),
(8, 'App\\Models\\User', 4, 'my_token', '82a68f518f30f807bf92f58726bdd25ae26e02fb3fdf26627b6e516d2a5adff9', '[\"*\"]', '2021-10-06 19:23:10', '2021-10-06 18:55:12', '2021-10-06 19:23:10'),
(9, 'App\\Models\\User', 4, 'my_token', 'cd3d297ce0bea472f47c9ea5884e5ed8ef9bedef739facea6910c9f9c299a3d3', '[\"*\"]', '2021-10-17 15:53:22', '2021-10-07 11:30:49', '2021-10-17 15:53:22'),
(10, 'App\\Models\\User', 21, 'my_token', '195e5a7405e5fd7ff90d9aaa7a73deea63b648f99f94b1f282165066645aaff1', '[\"*\"]', NULL, '2021-10-17 18:13:14', '2021-10-17 18:13:14'),
(11, 'App\\Models\\User', 21, 'my_token', '917a08b9b5de5b1b0f84223a567200298b8ee7006896d1197a9bf31b09e67e11', '[\"*\"]', '2021-10-19 19:03:53', '2021-10-17 18:13:16', '2021-10-19 19:03:53');

-- --------------------------------------------------------

--
-- Table structure for table `policies`
--

CREATE TABLE `policies` (
  `id` bigint(20) UNSIGNED NOT NULL,
  `user_id` bigint(20) UNSIGNED DEFAULT NULL,
  `title` varchar(255) COLLATE utf8mb4_unicode_ci NOT NULL,
  `slug` varchar(255) COLLATE utf8mb4_unicode_ci NOT NULL,
  `description` longtext COLLATE utf8mb4_unicode_ci NOT NULL,
  `status` tinyint(1) NOT NULL,
  `created_at` timestamp NULL DEFAULT NULL,
  `updated_at` timestamp NULL DEFAULT NULL
) ENGINE=InnoDB DEFAULT CHARSET=utf8mb4 COLLATE=utf8mb4_unicode_ci;

-- --------------------------------------------------------

--
-- Table structure for table `pricings`
--

CREATE TABLE `pricings` (
  `id` bigint(20) UNSIGNED NOT NULL,
  `user_id` bigint(20) UNSIGNED DEFAULT NULL,
  `name` varchar(255) COLLATE utf8mb4_unicode_ci NOT NULL,
  `monthly_cost` double NOT NULL DEFAULT '0',
  `yearly_cost` double NOT NULL DEFAULT '0',
  `team_size` int(10) UNSIGNED DEFAULT NULL,
  `stock_limit` double(8,2) DEFAULT NULL,
  `transaction_fee` double(8,2) NOT NULL,
  `best_for` varchar(255) COLLATE utf8mb4_unicode_ci DEFAULT NULL,
  `is_monthly` tinyint(1) NOT NULL DEFAULT '1',
  `is_yearly` tinyint(1) NOT NULL DEFAULT '0',
  `status` tinyint(1) NOT NULL DEFAULT '1',
  `is_featured` tinyint(1) NOT NULL DEFAULT '0',
  `created_at` timestamp NULL DEFAULT NULL,
  `updated_at` timestamp NULL DEFAULT NULL
) ENGINE=InnoDB DEFAULT CHARSET=utf8mb4 COLLATE=utf8mb4_unicode_ci;

--
-- Dumping data for table `pricings`
--

INSERT INTO `pricings` (`id`, `user_id`, `name`, `monthly_cost`, `yearly_cost`, `team_size`, `stock_limit`, `transaction_fee`, `best_for`, `is_monthly`, `is_yearly`, `status`, `is_featured`, `created_at`, `updated_at`) VALUES
(1, NULL, 'Business', 20, 220, 20, 150.00, 1.00, NULL, 1, 0, 1, 0, '2021-09-28 10:50:14', '2021-09-28 10:50:14'),
(2, NULL, 'Individual', 10, 110, 5, 50.00, 1.00, NULL, 1, 0, 1, 0, '2021-09-28 10:51:11', '2021-09-28 10:51:11'),
(3, NULL, 'Premium', 15, 170, 15, 100.00, 1.00, NULL, 1, 0, 1, 1, '2021-09-28 10:52:01', '2021-09-28 10:52:01');

-- --------------------------------------------------------

--
-- Table structure for table `products`
--

CREATE TABLE `products` (
  `id` bigint(20) UNSIGNED NOT NULL,
  `product_name` varchar(255) COLLATE utf8mb4_unicode_ci DEFAULT NULL,
  `product_type` bigint(20) UNSIGNED DEFAULT NULL COMMENT '1 => single_product, 2 => variant_product',
  `unit_type_id` bigint(20) UNSIGNED DEFAULT NULL,
  `brand_id` bigint(20) UNSIGNED DEFAULT NULL,
  `thumbnail_image_source` varchar(255) COLLATE utf8mb4_unicode_ci DEFAULT NULL,
  `barcode_type` varchar(255) COLLATE utf8mb4_unicode_ci DEFAULT NULL,
  `model_number` varchar(255) COLLATE utf8mb4_unicode_ci DEFAULT NULL,
  `shipping_type` int(11) NOT NULL DEFAULT '0' COMMENT '1 => free_shipping, 2 => flat_rate',
  `shipping_cost` double(16,2) NOT NULL DEFAULT '0.00',
  `discount_type` varchar(50) COLLATE utf8mb4_unicode_ci DEFAULT NULL,
  `discount` double(16,2) NOT NULL DEFAULT '0.00',
  `tax_type` varchar(50) COLLATE utf8mb4_unicode_ci DEFAULT NULL,
  `tax` double(16,2) NOT NULL DEFAULT '0.00',
  `pdf` varchar(255) COLLATE utf8mb4_unicode_ci DEFAULT NULL,
  `video_provider` varchar(255) COLLATE utf8mb4_unicode_ci DEFAULT NULL,
  `video_link` varchar(255) COLLATE utf8mb4_unicode_ci DEFAULT NULL,
  `description` longtext COLLATE utf8mb4_unicode_ci,
  `specification` longtext COLLATE utf8mb4_unicode_ci,
  `minimum_order_qty` int(11) DEFAULT NULL,
  `max_order_qty` int(11) DEFAULT NULL,
  `meta_title` varchar(255) COLLATE utf8mb4_unicode_ci DEFAULT NULL,
  `meta_description` longtext COLLATE utf8mb4_unicode_ci,
  `meta_image` varchar(255) COLLATE utf8mb4_unicode_ci DEFAULT NULL,
  `is_physical` tinyint(1) NOT NULL DEFAULT '0',
  `is_approved` tinyint(1) NOT NULL DEFAULT '0',
  `status` tinyint(3) UNSIGNED NOT NULL DEFAULT '1',
  `display_in_details` tinyint(4) NOT NULL DEFAULT '0',
  `requested_by` int(10) UNSIGNED DEFAULT NULL,
  `created_by` bigint(20) UNSIGNED DEFAULT NULL,
  `slug` varchar(255) COLLATE utf8mb4_unicode_ci DEFAULT NULL,
  `stock_manage` tinyint(1) NOT NULL DEFAULT '0',
  `updated_by` bigint(20) UNSIGNED DEFAULT NULL,
  `created_at` timestamp NULL DEFAULT NULL,
  `updated_at` timestamp NULL DEFAULT NULL
) ENGINE=InnoDB DEFAULT CHARSET=utf8mb4 COLLATE=utf8mb4_unicode_ci;

--
-- Dumping data for table `products`
--

INSERT INTO `products` (`id`, `product_name`, `product_type`, `unit_type_id`, `brand_id`, `thumbnail_image_source`, `barcode_type`, `model_number`, `shipping_type`, `shipping_cost`, `discount_type`, `discount`, `tax_type`, `tax`, `pdf`, `video_provider`, `video_link`, `description`, `specification`, `minimum_order_qty`, `max_order_qty`, `meta_title`, `meta_description`, `meta_image`, `is_physical`, `is_approved`, `status`, `display_in_details`, `requested_by`, `created_by`, `slug`, `stock_manage`, `updated_by`, `created_at`, `updated_at`) VALUES
(1, 'Exclusive Bag 1', 1, 1, 3, 'uploads/images/23-11-2021/619cc75f84a1e.png', 'C39', 'bg-001', 0, 0.00, '1', 0.00, '0', 5.00, NULL, 'youtube', NULL, '<p style=\"margin-right: 0px; margin-bottom: 15px; margin-left: 0px; padding: 0px; text-align: justify; color: rgb(0, 0, 0); font-family: &quot;Open Sans&quot;, Arial, sans-serif; background-color: rgb(255, 255, 255);\">Contrary to popular belief, Lorem Ipsum is not simply random text. It has roots in a piece of classical Latin literature from 45 BC, making it over 2000 years old. Richard McClintock, a Latin professor at Hampden-Sydney College in Virginia, looked up one of the more obscure Latin words, consectetur, from a Lorem Ipsum passage, and going through the cites of the word in classical literature, discovered the undoubtable source. Lorem Ipsum comes from sections 1.10.32 and 1.10.33 of \"de Finibus Bonorum et Malorum\" (The Extremes of Good and Evil) by Cicero, written in 45 BC. This book is a treatise on the theory of ethics, very popular during the Renaissance. The first line of Lorem Ipsum, \"Lorem ipsum dolor sit amet..\", comes from a line in section 1.10.32.</p><p style=\"margin-right: 0px; margin-bottom: 15px; margin-left: 0px; padding: 0px; text-align: justify; color: rgb(0, 0, 0); font-family: &quot;Open Sans&quot;, Arial, sans-serif; background-color: rgb(255, 255, 255);\">The standard chunk of Lorem Ipsum used since the 1500s is reproduced below for those interested. Sections 1.10.32 and 1.10.33 from \"de Finibus Bonorum et Malorum\" by Cicero are also reproduced in their exact original form, accompanied by English versions from the 1914 translation by H. Rackham.</p>', '<p style=\"margin-right: 0px; margin-bottom: 15px; margin-left: 0px; padding: 0px; text-align: justify; color: rgb(0, 0, 0); font-family: &quot;Open Sans&quot;, Arial, sans-serif; background-color: rgb(255, 255, 255);\">Contrary to popular belief, Lorem Ipsum is not simply random text. It has roots in a piece of classical Latin literature from 45 BC, making it over 2000 years old. Richard McClintock, a Latin professor at Hampden-Sydney College in Virginia, looked up one of the more obscure Latin words, consectetur, from a Lorem Ipsum passage, and going through the cites of the word in classical literature, discovered the undoubtable source. Lorem Ipsum comes from sections 1.10.32 and 1.10.33 of \"de Finibus Bonorum et Malorum\" (The Extremes of Good and Evil) by Cicero, written in 45 BC. This book is a treatise on the theory of ethics, very popular during the Renaissance. The first line of Lorem Ipsum, \"Lorem ipsum dolor sit amet..\", comes from a line in section 1.10.32.</p><p style=\"margin-right: 0px; margin-bottom: 15px; margin-left: 0px; padding: 0px; text-align: justify; color: rgb(0, 0, 0); font-family: &quot;Open Sans&quot;, Arial, sans-serif; background-color: rgb(255, 255, 255);\">The standard chunk of Lorem Ipsum used since the 1500s is reproduced below for those interested. Sections 1.10.32 and 1.10.33 from \"de Finibus Bonorum et Malorum\" by Cicero are also reproduced in their exact original form, accompanied by English versions from the 1914 translation by H. Rackham.</p>', 1, 10, NULL, NULL, NULL, 1, 1, 1, 1, 1, 1, 'exclusive-bag-1', 0, 1, '2021-09-26 11:57:31', '2021-11-23 18:28:09'),
(2, 'Exclsive Bag 2', 1, 1, 3, 'uploads/images/23-11-2021/619cc87d7070e.png', 'C39', 'bg-002', 0, 0.00, '0', 0.00, '0', 0.00, NULL, 'youtube', NULL, '<p style=\"margin-right: 0px; margin-bottom: 15px; margin-left: 0px; padding: 0px; text-align: justify; color: rgb(0, 0, 0); font-family: &quot;Open Sans&quot;, Arial, sans-serif; background-color: rgb(255, 255, 255);\">Contrary to popular belief, Lorem Ipsum is not simply random text. It has roots in a piece of classical Latin literature from 45 BC, making it over 2000 years old. Richard McClintock, a Latin professor at Hampden-Sydney College in Virginia, looked up one of the more obscure Latin words, consectetur, from a Lorem Ipsum passage, and going through the cites of the word in classical literature, discovered the undoubtable source. Lorem Ipsum comes from sections 1.10.32 and 1.10.33 of \"de Finibus Bonorum et Malorum\" (The Extremes of Good and Evil) by Cicero, written in 45 BC. This book is a treatise on the theory of ethics, very popular during the Renaissance. The first line of Lorem Ipsum, \"Lorem ipsum dolor sit amet..\", comes from a line in section 1.10.32.</p><p style=\"margin-right: 0px; margin-bottom: 15px; margin-left: 0px; padding: 0px; text-align: justify; color: rgb(0, 0, 0); font-family: &quot;Open Sans&quot;, Arial, sans-serif; background-color: rgb(255, 255, 255);\">The standard chunk of Lorem Ipsum used since the 1500s is reproduced below for those interested. Sections 1.10.32 and 1.10.33 from \"de Finibus Bonorum et Malorum\" by Cicero are also reproduced in their exact original form, accompanied by English versions from the 1914 translation by H. Rackham.</p>', '<p style=\"margin-right: 0px; margin-bottom: 15px; margin-left: 0px; padding: 0px; text-align: justify; color: rgb(0, 0, 0); font-family: &quot;Open Sans&quot;, Arial, sans-serif; background-color: rgb(255, 255, 255);\">Contrary to popular belief, Lorem Ipsum is not simply random text. It has roots in a piece of classical Latin literature from 45 BC, making it over 2000 years old. Richard McClintock, a Latin professor at Hampden-Sydney College in Virginia, looked up one of the more obscure Latin words, consectetur, from a Lorem Ipsum passage, and going through the cites of the word in classical literature, discovered the undoubtable source. Lorem Ipsum comes from sections 1.10.32 and 1.10.33 of \"de Finibus Bonorum et Malorum\" (The Extremes of Good and Evil) by Cicero, written in 45 BC. This book is a treatise on the theory of ethics, very popular during the Renaissance. The first line of Lorem Ipsum, \"Lorem ipsum dolor sit amet..\", comes from a line in section 1.10.32.</p><p style=\"margin-right: 0px; margin-bottom: 15px; margin-left: 0px; padding: 0px; text-align: justify; color: rgb(0, 0, 0); font-family: &quot;Open Sans&quot;, Arial, sans-serif; background-color: rgb(255, 255, 255);\">The standard chunk of Lorem Ipsum used since the 1500s is reproduced below for those interested. Sections 1.10.32 and 1.10.33 from \"de Finibus Bonorum et Malorum\" by Cicero are also reproduced in their exact original form, accompanied by English versions from the 1914 translation by H. Rackham.</p>', 1, NULL, NULL, NULL, NULL, 1, 1, 1, 1, 1, 1, 'exclsive-bag-2', 0, 1, '2021-09-26 11:59:33', '2021-11-23 16:54:53'),
(3, 'Exclusive watch 1', 1, 1, 2, 'uploads/images/23-11-2021/619cc910dc4c9.png', 'C39', 'watch-001', 0, 0.00, '0', 0.00, '0', 0.00, NULL, 'youtube', NULL, '<p style=\"margin-right: 0px; margin-bottom: 15px; margin-left: 0px; padding: 0px; text-align: justify; color: rgb(0, 0, 0); font-family: &quot;Open Sans&quot;, Arial, sans-serif; background-color: rgb(255, 255, 255);\">Contrary to popular belief, Lorem Ipsum is not simply random text. It has roots in a piece of classical Latin literature from 45 BC, making it over 2000 years old. Richard McClintock, a Latin professor at Hampden-Sydney College in Virginia, looked up one of the more obscure Latin words, consectetur, from a Lorem Ipsum passage, and going through the cites of the word in classical literature, discovered the undoubtable source. Lorem Ipsum comes from sections 1.10.32 and 1.10.33 of \"de Finibus Bonorum et Malorum\" (The Extremes of Good and Evil) by Cicero, written in 45 BC. This book is a treatise on the theory of ethics, very popular during the Renaissance. The first line of Lorem Ipsum, \"Lorem ipsum dolor sit amet..\", comes from a line in section 1.10.32.</p><p style=\"margin-right: 0px; margin-bottom: 15px; margin-left: 0px; padding: 0px; text-align: justify; color: rgb(0, 0, 0); font-family: &quot;Open Sans&quot;, Arial, sans-serif; background-color: rgb(255, 255, 255);\">The standard chunk of Lorem Ipsum used since the 1500s is reproduced below for those interested. Sections 1.10.32 and 1.10.33 from \"de Finibus Bonorum et Malorum\" by Cicero are also reproduced in their exact original form, accompanied by English versions from the 1914 translation by H. Rackham.</p>', '<p style=\"margin-right: 0px; margin-bottom: 15px; margin-left: 0px; padding: 0px; text-align: justify; color: rgb(0, 0, 0); font-family: &quot;Open Sans&quot;, Arial, sans-serif; background-color: rgb(255, 255, 255);\">Contrary to popular belief, Lorem Ipsum is not simply random text. It has roots in a piece of classical Latin literature from 45 BC, making it over 2000 years old. Richard McClintock, a Latin professor at Hampden-Sydney College in Virginia, looked up one of the more obscure Latin words, consectetur, from a Lorem Ipsum passage, and going through the cites of the word in classical literature, discovered the undoubtable source. Lorem Ipsum comes from sections 1.10.32 and 1.10.33 of \"de Finibus Bonorum et Malorum\" (The Extremes of Good and Evil) by Cicero, written in 45 BC. This book is a treatise on the theory of ethics, very popular during the Renaissance. The first line of Lorem Ipsum, \"Lorem ipsum dolor sit amet..\", comes from a line in section 1.10.32.</p><p style=\"margin-right: 0px; margin-bottom: 15px; margin-left: 0px; padding: 0px; text-align: justify; color: rgb(0, 0, 0); font-family: &quot;Open Sans&quot;, Arial, sans-serif; background-color: rgb(255, 255, 255);\">The standard chunk of Lorem Ipsum used since the 1500s is reproduced below for those interested. Sections 1.10.32 and 1.10.33 from \"de Finibus Bonorum et Malorum\" by Cicero are also reproduced in their exact original form, accompanied by English versions from the 1914 translation by H. Rackham.</p>', 1, NULL, NULL, NULL, NULL, 1, 1, 1, 1, 1, 1, 'exclusive-watch-1', 0, 1, '2021-09-26 12:02:10', '2021-11-23 16:57:21'),
(4, 'Exclisive watch 2', 1, 1, 2, 'uploads/images/23-11-2021/619cc97a56fd9.png', 'C39', 'watch-002', 0, 0.00, '0', 0.00, '0', 5.00, NULL, 'youtube', NULL, '<h2 style=\"margin-right: 0px; margin-bottom: 10px; margin-left: 0px; padding: 0px; font-weight: 400; font-family: DauphinPlain; font-size: 24px; line-height: 24px; color: rgb(0, 0, 0); background-color: rgb(255, 255, 255);\">Where can I get some?</h2><p style=\"margin-right: 0px; margin-bottom: 15px; margin-left: 0px; padding: 0px; text-align: justify; color: rgb(0, 0, 0); font-family: &quot;Open Sans&quot;, Arial, sans-serif; background-color: rgb(255, 255, 255);\">There are many variations of passages of Lorem Ipsum available, but the majority have suffered alteration in some form, by injected humour, or randomised words which don\'t look even slightly believable. If you are going to use a passage of Lorem Ipsum, you need to be sure there isn\'t anything embarrassing hidden in the middle of text. All the Lorem Ipsum generators on the Internet tend to repeat predefined chunks as necessary, making this the first true generator on the Internet. It uses a dictionary of over 200 Latin words, combined with a handful of model sentence structures, to generate Lorem Ipsum which looks reasonable. The generated Lorem Ipsum is therefore always free from repetition, injected humour, or non-characteristic words etc.</p>', '<h2 style=\"margin-right: 0px; margin-bottom: 10px; margin-left: 0px; padding: 0px; font-weight: 400; font-family: DauphinPlain; font-size: 24px; line-height: 24px; color: rgb(0, 0, 0); background-color: rgb(255, 255, 255);\">Where can I get some?</h2><p style=\"margin-right: 0px; margin-bottom: 15px; margin-left: 0px; padding: 0px; text-align: justify; color: rgb(0, 0, 0); font-family: &quot;Open Sans&quot;, Arial, sans-serif; background-color: rgb(255, 255, 255);\">There are many variations of passages of Lorem Ipsum available, but the majority have suffered alteration in some form, by injected humour, or randomised words which don\'t look even slightly believable. If you are going to use a passage of Lorem Ipsum, you need to be sure there isn\'t anything embarrassing hidden in the middle of text. All the Lorem Ipsum generators on the Internet tend to repeat predefined chunks as necessary, making this the first true generator on the Internet. It uses a dictionary of over 200 Latin words, combined with a handful of model sentence structures, to generate Lorem Ipsum which looks reasonable. The generated Lorem Ipsum is therefore always free from repetition, injected humour, or non-characteristic words etc.</p>', 1, NULL, NULL, NULL, NULL, 1, 1, 1, 2, 1, 1, 'exclisive-watch-2', 0, 1, '2021-09-26 12:04:19', '2021-11-23 16:59:06'),
(5, 'KTM RC 390', 1, 1, 4, 'uploads/images/25-11-2021/619f87c36058c.png', 'C39', 'ktm-rc-390', 0, 0.00, '1', 0.00, '0', 10.00, NULL, 'youtube', NULL, '<h2 style=\"margin-right: 0px; margin-bottom: 10px; margin-left: 0px; padding: 0px; font-weight: 400; font-family: DauphinPlain; font-size: 24px; line-height: 24px; color: rgb(0, 0, 0); background-color: rgb(255, 255, 255);\">Where can I get some?</h2><p style=\"margin-right: 0px; margin-bottom: 15px; margin-left: 0px; padding: 0px; text-align: justify; color: rgb(0, 0, 0); font-family: &quot;Open Sans&quot;, Arial, sans-serif; background-color: rgb(255, 255, 255);\">There are many variations of passages of Lorem Ipsum available, but the majority have suffered alteration in some form, by injected humour, or randomised words which don\'t look even slightly believable. If you are going to use a passage of Lorem Ipsum, you need to be sure there isn\'t anything embarrassing hidden in the middle of text. All the Lorem Ipsum generators on the Internet tend to repeat predefined chunks as necessary, making this the first true generator on the Internet. It uses a dictionary of over 200 Latin words, combined with a handful of model sentence structures, to generate Lorem Ipsum which looks reasonable. The generated Lorem Ipsum is therefore always free from repetition, injected humour, or non-characteristic words etc.</p>', '<h2 style=\"margin-right: 0px; margin-bottom: 10px; margin-left: 0px; padding: 0px; font-weight: 400; font-family: DauphinPlain; font-size: 24px; line-height: 24px; color: rgb(0, 0, 0); background-color: rgb(255, 255, 255);\">Where can I get some?</h2><p style=\"margin-right: 0px; margin-bottom: 15px; margin-left: 0px; padding: 0px; text-align: justify; color: rgb(0, 0, 0); font-family: &quot;Open Sans&quot;, Arial, sans-serif; background-color: rgb(255, 255, 255);\">There are many variations of passages of Lorem Ipsum available, but the majority have suffered alteration in some form, by injected humour, or randomised words which don\'t look even slightly believable. If you are going to use a passage of Lorem Ipsum, you need to be sure there isn\'t anything embarrassing hidden in the middle of text. All the Lorem Ipsum generators on the Internet tend to repeat predefined chunks as necessary, making this the first true generator on the Internet. It uses a dictionary of over 200 Latin words, combined with a handful of model sentence structures, to generate Lorem Ipsum which looks reasonable. The generated Lorem Ipsum is therefore always free from repetition, injected humour, or non-characteristic words etc.</p>', 1, 10, NULL, NULL, NULL, 1, 1, 1, 1, 1, 1, 'ktm-rc-390', 0, 1, '2021-09-26 12:28:57', '2021-11-25 19:59:02'),
(6, 'New Fashion Women Bag', 2, 1, 3, 'uploads/images/23-11-2021/619ccb8bec7e2.png', 'C39', 'bg-002', 0, 0.00, '0', 0.00, '0', 5.00, NULL, 'youtube', NULL, '<h2 class=\"pdp-mod-section-title outer-title\" data-spm-anchor-id=\"a2a0e.pdp.0.i1.625cWnzXWnzXDa\" style=\"margin-right: 0px; margin-bottom: 0px; margin-left: 0px; padding: 0px 24px; font-weight: 500; font-family: Roboto-Medium; font-size: 16px; line-height: 52px; color: rgb(33, 33, 33); overflow: hidden; text-overflow: ellipsis; white-space: nowrap; height: 52px; background-image: initial; background-position: initial; background-size: initial; background-repeat: initial; background-attachment: initial; background-origin: initial; background-clip: initial;\">Product details of Look Fashion Women Handbag Leather Women Messenger Bags With Ball Toy Female Shoulder Bags Ladies Party Handbags new model bags parts/Hand Bags/Ladies Bag</h2><div class=\"pdp-product-detail\" data-spm=\"product_detail\" style=\"margin: 0px; padding: 0px; position: relative; font-family: Roboto, -apple-system, BlinkMacSystemFont, &quot;Helvetica Neue&quot;, Helvetica, sans-serif; font-size: 12px; background-color: rgb(255, 255, 255);\"><div class=\"pdp-product-desc \" style=\"margin: 0px; padding: 5px 14px 5px 24px; height: auto; overflow-y: hidden;\"><div class=\"html-content pdp-product-highlights\" style=\"margin: 0px; padding: 11px 0px 16px; word-break: break-word; border-bottom: 1px solid rgb(239, 240, 245); overflow: hidden;\"><ul class=\"\" style=\"list-style: none; overflow: hidden; columns: auto 2; column-gap: 32px;\"><li class=\"\" style=\"margin: 0px; padding: 0px 0px 0px 15px; position: relative; font-size: 14px; line-height: 18px; text-align: left; word-break: break-word; break-inside: avoid;\">Product Type: Woman Hand Bag</li><li class=\"\" style=\"margin: 0px; padding: 0px 0px 0px 15px; position: relative; font-size: 14px; line-height: 18px; text-align: left; word-break: break-word; break-inside: avoid;\">Stylish and Fashionable</li><li class=\"\" style=\"margin: 0px; padding: 0px 0px 0px 15px; position: relative; font-size: 14px; line-height: 18px; text-align: left; word-break: break-word; break-inside: avoid;\">Bag colour: As given picture</li><li class=\"\" style=\"margin: 0px; padding: 0px 0px 0px 15px; position: relative; font-size: 14px; line-height: 18px; text-align: left; word-break: break-word; break-inside: avoid;\">Closure: Type Zipper</li><li class=\"\" style=\"margin: 0px; padding: 0px 0px 0px 15px; position: relative; font-size: 14px; line-height: 18px; text-align: left; word-break: break-word; break-inside: avoid;\">Main Material: Pu Leather</li><li class=\"\" style=\"margin: 0px; padding: 0px 0px 0px 15px; position: relative; font-size: 14px; line-height: 18px; text-align: left; word-break: break-word; break-inside: avoid;\">Size:L-32cm, H-20cm, W-16cm.</li><li class=\"\" style=\"margin: 0px; padding: 0px 0px 0px 15px; position: relative; font-size: 14px; line-height: 18px; text-align: left; word-break: break-word; break-inside: avoid;\">Suitable for wearing to many occasions make you full of personality.</li><li class=\"\" style=\"margin: 0px; padding: 0px 0px 0px 15px; position: relative; font-size: 14px; line-height: 18px; text-align: left; word-break: break-word; break-inside: avoid;\">Easy to carry large capacitySimple and generous</li><li class=\"\" style=\"margin: 0px; padding: 0px 0px 0px 15px; position: relative; font-size: 14px; line-height: 18px; text-align: left; word-break: break-word; break-inside: avoid;\">Imported From China</li><li class=\"\" style=\"margin: 0px; padding: 0px 0px 0px 15px; position: relative; font-size: 14px; line-height: 18px; text-align: left; word-break: break-word; break-inside: avoid;\">This is a This is a Kelly bag.Handbag Single Shoulder Bag</li><li class=\"\" style=\"margin: 0px; padding: 0px 0px 0px 15px; position: relative; font-size: 14px; line-height: 18px; text-align: left; word-break: break-word; break-inside: avoid;\">Simple and fashion design shows the upscale quality</li><li class=\"\" data-spm-anchor-id=\"a2a0e.pdp.product_detail.i1.625cWnzXWnzXDa\" style=\"margin: 0px; padding: 0px 0px 0px 15px; position: relative; font-size: 14px; line-height: 18px; text-align: left; word-break: break-word; break-inside: avoid;\">Fine workmanship perfect quality stylish appearance....</li></ul></div></div></div>', '<h2 class=\"pdp-mod-section-title outer-title\" data-spm-anchor-id=\"a2a0e.pdp.0.i1.625cWnzXWnzXDa\" style=\"margin-right: 0px; margin-bottom: 0px; margin-left: 0px; padding: 0px 24px; font-weight: 500; font-family: Roboto-Medium; font-size: 16px; line-height: 52px; color: rgb(33, 33, 33); overflow: hidden; text-overflow: ellipsis; white-space: nowrap; height: 52px; background-image: initial; background-position: initial; background-size: initial; background-repeat: initial; background-attachment: initial; background-origin: initial; background-clip: initial;\">Product details of Look Fashion Women Handbag Leather Women Messenger Bags With Ball Toy Female Shoulder Bags Ladies Party Handbags new model bags parts/Hand Bags/Ladies Bag</h2><div class=\"pdp-product-detail\" data-spm=\"product_detail\" style=\"margin: 0px; padding: 0px; position: relative; font-family: Roboto, -apple-system, BlinkMacSystemFont, &quot;Helvetica Neue&quot;, Helvetica, sans-serif; font-size: 12px; background-color: rgb(255, 255, 255);\"><div class=\"pdp-product-desc \" style=\"margin: 0px; padding: 5px 14px 5px 24px; height: auto; overflow-y: hidden;\"><div class=\"html-content pdp-product-highlights\" style=\"margin: 0px; padding: 11px 0px 16px; word-break: break-word; border-bottom: 1px solid rgb(239, 240, 245); overflow: hidden;\"><ul class=\"\" style=\"list-style: none; overflow: hidden; columns: auto 2; column-gap: 32px;\"><li class=\"\" style=\"margin: 0px; padding: 0px 0px 0px 15px; position: relative; font-size: 14px; line-height: 18px; text-align: left; word-break: break-word; break-inside: avoid;\">Product Type: Woman Hand Bag</li><li class=\"\" style=\"margin: 0px; padding: 0px 0px 0px 15px; position: relative; font-size: 14px; line-height: 18px; text-align: left; word-break: break-word; break-inside: avoid;\">Stylish and Fashionable</li><li class=\"\" style=\"margin: 0px; padding: 0px 0px 0px 15px; position: relative; font-size: 14px; line-height: 18px; text-align: left; word-break: break-word; break-inside: avoid;\">Bag colour: As given picture</li><li class=\"\" style=\"margin: 0px; padding: 0px 0px 0px 15px; position: relative; font-size: 14px; line-height: 18px; text-align: left; word-break: break-word; break-inside: avoid;\">Closure: Type Zipper</li><li class=\"\" style=\"margin: 0px; padding: 0px 0px 0px 15px; position: relative; font-size: 14px; line-height: 18px; text-align: left; word-break: break-word; break-inside: avoid;\">Main Material: Pu Leather</li><li class=\"\" style=\"margin: 0px; padding: 0px 0px 0px 15px; position: relative; font-size: 14px; line-height: 18px; text-align: left; word-break: break-word; break-inside: avoid;\">Size:L-32cm, H-20cm, W-16cm.</li><li class=\"\" style=\"margin: 0px; padding: 0px 0px 0px 15px; position: relative; font-size: 14px; line-height: 18px; text-align: left; word-break: break-word; break-inside: avoid;\">Suitable for wearing to many occasions make you full of personality.</li><li class=\"\" style=\"margin: 0px; padding: 0px 0px 0px 15px; position: relative; font-size: 14px; line-height: 18px; text-align: left; word-break: break-word; break-inside: avoid;\">Easy to carry large capacitySimple and generous</li><li class=\"\" style=\"margin: 0px; padding: 0px 0px 0px 15px; position: relative; font-size: 14px; line-height: 18px; text-align: left; word-break: break-word; break-inside: avoid;\">Imported From China</li><li class=\"\" style=\"margin: 0px; padding: 0px 0px 0px 15px; position: relative; font-size: 14px; line-height: 18px; text-align: left; word-break: break-word; break-inside: avoid;\">This is a This is a Kelly bag.Handbag Single Shoulder Bag</li><li class=\"\" style=\"margin: 0px; padding: 0px 0px 0px 15px; position: relative; font-size: 14px; line-height: 18px; text-align: left; word-break: break-word; break-inside: avoid;\">Simple and fashion design shows the upscale quality</li><li class=\"\" data-spm-anchor-id=\"a2a0e.pdp.product_detail.i1.625cWnzXWnzXDa\" style=\"margin: 0px; padding: 0px 0px 0px 15px; position: relative; font-size: 14px; line-height: 18px; text-align: left; word-break: break-word; break-inside: avoid;\">Fine workmanship perfect quality stylish appearance....</li></ul></div></div></div>', 1, 15, NULL, NULL, 'uploads/images/23-11-2021/619ccb8cb01b7.png', 1, 1, 1, 1, 1, 1, 'new-fashion-women-bag', 0, 1, '2021-09-28 10:16:06', '2021-11-23 17:07:56'),
(7, 'New Look Casual Shoe', 1, 1, 6, 'uploads/images/23-11-2021/619ccc242de83.png', 'C39', NULL, 0, 0.00, '0', 10.00, '0', 5.00, NULL, 'youtube', NULL, '<div class=\"co8aDb\" aria-level=\"3\" role=\"heading\" style=\"margin-bottom: 12px; color: rgb(32, 33, 36); font-family: arial, sans-serif; font-size: 16px; background-color: rgb(255, 255, 255);\"><b>You should check if the shoe has the following features.</b></div><div class=\"RqBzHd\" style=\"padding: 0px 20px; color: rgb(32, 33, 36); font-family: arial, sans-serif; font-size: 16px; background-color: rgb(255, 255, 255);\"><ul class=\"i8Z77e\"><li class=\"TrT0Xe\" style=\"margin: 0px 0px 4px; padding: 0px; list-style-type: disc;\">Adjustable. There should be an adjustable strap such as laces or Velcro which allows for adjustment depending on an individual\'s needs.</li><li class=\"TrT0Xe\" style=\"margin: 0px 0px 4px; padding: 0px; list-style-type: disc;\">Stable. ...</li><li class=\"TrT0Xe\" style=\"margin: 0px 0px 4px; padding: 0px; list-style-type: disc;\">Roomy enough. ...</li><li class=\"TrT0Xe\" style=\"margin: 0px 0px 4px; padding: 0px; list-style-type: disc;\">Max 2.5cm (1 inch) heel. ...</li><li class=\"TrT0Xe\" style=\"margin: 0px 0px 4px; padding: 0px; list-style-type: disc;\">In good condition.</li></ul></div>', '<div class=\"co8aDb\" aria-level=\"3\" role=\"heading\" style=\"margin-bottom: 12px; color: rgb(32, 33, 36); font-family: arial, sans-serif; font-size: 16px; background-color: rgb(255, 255, 255);\"><b>You should check if the shoe has the following features.</b></div><div class=\"RqBzHd\" style=\"padding: 0px 20px; color: rgb(32, 33, 36); font-family: arial, sans-serif; font-size: 16px; background-color: rgb(255, 255, 255);\"><ul class=\"i8Z77e\"><li class=\"TrT0Xe\" style=\"margin: 0px 0px 4px; padding: 0px; list-style-type: disc;\">Adjustable. There should be an adjustable strap such as laces or Velcro which allows for adjustment depending on an individual\'s needs.</li><li class=\"TrT0Xe\" style=\"margin: 0px 0px 4px; padding: 0px; list-style-type: disc;\">Stable. ...</li><li class=\"TrT0Xe\" style=\"margin: 0px 0px 4px; padding: 0px; list-style-type: disc;\">Roomy enough. ...</li><li class=\"TrT0Xe\" style=\"margin: 0px 0px 4px; padding: 0px; list-style-type: disc;\">Max 2.5cm (1 inch) heel. ...</li><li class=\"TrT0Xe\" style=\"margin: 0px 0px 4px; padding: 0px; list-style-type: disc;\">In good condition.</li></ul></div>', 1, NULL, NULL, NULL, 'uploads/images/23-11-2021/619ccc245cfc9.png', 1, 1, 1, 2, 1, 1, 'new-look-casual-shoe', 0, 1, '2021-09-28 10:47:15', '2021-11-23 20:20:29'),
(9, 'Living Room Sofa 001', 2, 1, 7, 'uploads/images/03-10-2021/6159b76b5d2b9.png', 'C39', 'sofa-001', 0, 0.00, '0', 0.00, '0', 5.00, NULL, 'youtube', NULL, '<h2 class=\"pdp-mod-section-title outer-title\" data-spm-anchor-id=\"a2a0e.pdp.0.i1.6c26LkImLkImH0\" style=\"margin-right: 0px; margin-bottom: 0px; margin-left: 0px; padding: 0px 24px; font-weight: 500; font-family: Roboto-Medium; font-size: 16px; line-height: 52px; color: rgb(33, 33, 33); overflow: hidden; text-overflow: ellipsis; white-space: nowrap; height: 52px; background-image: initial; background-position: initial; background-size: initial; background-repeat: initial; background-attachment: initial; background-origin: initial; background-clip: initial;\">Product details of Living Room Sofa 004</h2><div class=\"pdp-product-detail\" data-spm=\"product_detail\" style=\"margin: 0px; padding: 0px; position: relative; font-family: Roboto, -apple-system, BlinkMacSystemFont, &quot;Helvetica Neue&quot;, Helvetica, sans-serif; font-size: 12px; background-color: rgb(255, 255, 255);\"><div class=\"pdp-product-desc \" style=\"margin: 0px; padding: 5px 14px 5px 24px; height: auto; overflow-y: hidden;\"><div class=\"html-content pdp-product-highlights\" data-spm-anchor-id=\"a2a0e.pdp.product_detail.i0.6c26LkImLkImH0\" style=\"margin: 0px; padding: 11px 0px 16px; word-break: break-word; border-bottom: 1px solid rgb(239, 240, 245); overflow: hidden;\"><ul class=\"\" style=\"list-style: none; overflow: hidden; columns: auto 2; column-gap: 32px;\"><li class=\"\" style=\"margin: 0px; padding: 0px 0px 0px 15px; position: relative; font-size: 14px; line-height: 18px; text-align: left; word-break: break-word; break-inside: avoid;\">Product type : Wooden Double Seater Sofa</li><li class=\"\" style=\"margin: 0px; padding: 0px 0px 0px 15px; position: relative; font-size: 14px; line-height: 18px; text-align: left; word-break: break-word; break-inside: avoid;\">Colour ; Picture Colour / Any</li><li class=\"\" style=\"margin: 0px; padding: 0px 0px 0px 15px; position: relative; font-size: 14px; line-height: 18px; text-align: left; word-break: break-word; break-inside: avoid;\">Finest quality imported accessories ensure the strong structure</li><li class=\"\" style=\"margin: 0px; padding: 0px 0px 0px 15px; position: relative; font-size: 14px; line-height: 18px; text-align: left; word-break: break-word; break-inside: avoid;\">Contemporary, flared arms and plush feel</li><li class=\"\" style=\"margin: 0px; padding: 0px 0px 0px 15px; position: relative; font-size: 14px; line-height: 18px; text-align: left; word-break: break-word; break-inside: avoid;\">Black wooden feet ensure a sturdy and stable foundation</li><li class=\"\" style=\"margin: 0px; padding: 0px 0px 0px 15px; position: relative; font-size: 14px; line-height: 18px; text-align: left; word-break: break-word; break-inside: avoid;\">Cushions are filled with high-density foam</li><li class=\"\" style=\"margin: 0px; padding: 0px 0px 0px 15px; position: relative; font-size: 14px; line-height: 18px; text-align: left; word-break: break-word; break-inside: avoid;\">Product delivery duration may vary due to availability in stock</li><li class=\"\" style=\"margin: 0px; padding: 0px 0px 0px 15px; position: relative; font-size: 14px; line-height: 18px; text-align: left; word-break: break-word; break-inside: avoid;\">Condition Apply</li><li class=\"\" style=\"margin: 0px; padding: 0px 0px 0px 15px; position: relative; font-size: 14px; line-height: 18px; text-align: left; word-break: break-word; break-inside: avoid;\">Stock Limited</li><li class=\"\" style=\"margin: 0px; padding: 0px 0px 0px 15px; position: relative; font-size: 14px; line-height: 18px; text-align: left; word-break: break-word; break-inside: avoid;\">Leather Soft upholstery for superior strength and softness</li><li class=\"\" style=\"margin: 0px; padding: 0px 0px 0px 15px; position: relative; font-size: 14px; line-height: 18px; text-align: left; word-break: break-word; break-inside: avoid;\">Easy to wipe down and clean</li><li class=\"\" style=\"margin: 0px; padding: 0px 0px 0px 15px; position: relative; font-size: 14px; line-height: 18px; text-align: left; word-break: break-word; break-inside: avoid;\">Major Materials: Mahogany Wood, Full Rubber Foam, Rexine, Artificial&nbsp;</li></ul></div></div></div>', '<h2 class=\"pdp-mod-section-title \" data-spm-anchor-id=\"a2a0e.pdp.product_detail.i2.6c26LkImLkImH0\" style=\"margin-right: 0px; margin-bottom: 0px; margin-left: 0px; padding: 0px; font-weight: 500; font-family: Roboto-Medium; font-size: 16px; line-height: 19px; color: rgb(33, 33, 33); overflow: hidden; text-overflow: ellipsis; white-space: nowrap; background-color: rgb(255, 255, 255);\">Specifications of Living Room Sofa 004</h2><div class=\"pdp-general-features\" style=\"margin: 0px; padding: 0px; font-family: Roboto, -apple-system, BlinkMacSystemFont, &quot;Helvetica Neue&quot;, Helvetica, sans-serif; font-size: 14px; background-color: rgb(255, 255, 255);\"><ul class=\"specification-keys\" style=\"margin-top: 16px; margin-right: -15px; margin-left: -15px; list-style: none; height: auto;\"><li class=\"key-li\" style=\"margin: 0px 0px 8px; padding: 0px 15px; display: inline-block; width: 490px; vertical-align: top; line-height: 18px;\"><span class=\"key-title\" style=\"margin: 0px 18px 0px 0px; padding: 0px; display: inline-block; width: 140px; vertical-align: top; color: rgb(117, 117, 117); word-break: break-word;\">Brand</span><div class=\"html-content key-value\" style=\"margin: 0px; padding: 0px; word-break: break-word; display: inline-block; width: 306px;\">Otobi</div></li><li class=\"key-li\" style=\"margin: 0px 0px 8px; padding: 0px 15px; display: inline-block; width: 490px; vertical-align: top; line-height: 18px;\"><span class=\"key-title\" style=\"margin: 0px 18px 0px 0px; padding: 0px; display: inline-block; width: 140px; vertical-align: top; color: rgb(117, 117, 117); word-break: break-word;\">material</span><div class=\"html-content key-value\" style=\"margin: 0px; padding: 0px; word-break: break-word; display: inline-block; width: 306px;\">Artificial Leather</div></li><li class=\"key-li\" style=\"margin: 0px 0px 8px; padding: 0px 15px; display: inline-block; width: 490px; vertical-align: top; line-height: 18px;\"><span class=\"key-title\" style=\"margin: 0px 18px 0px 0px; padding: 0px; display: inline-block; width: 140px; vertical-align: top; color: rgb(117, 117, 117); word-break: break-word;\">Style</span><div class=\"html-content key-value\" style=\"margin: 0px; padding: 0px; word-break: break-word; display: inline-block; width: 306px;\">Modern,Classical,Stylish</div></li><li class=\"key-li\" style=\"margin: 0px 0px 8px; padding: 0px 15px; display: inline-block; width: 490px; vertical-align: top; line-height: 18px;\"><span class=\"key-title\" style=\"margin: 0px 18px 0px 0px; padding: 0px; display: inline-block; width: 140px; vertical-align: top; color: rgb(117, 117, 117); word-break: break-word;\">Number of Seats</span><div class=\"html-content key-value\" style=\"margin: 0px; padding: 0px; word-break: break-word; display: inline-block; width: 306px;\">3-Seater</div></li><li class=\"key-li\" style=\"margin: 0px 0px 8px; padding: 0px 15px; display: inline-block; width: 490px; vertical-align: top; line-height: 18px;\"><span class=\"key-title\" style=\"margin: 0px 18px 0px 0px; padding: 0px; display: inline-block; width: 140px; vertical-align: top; color: rgb(117, 117, 117); word-break: break-word;\">Upholstery</span><div class=\"html-content key-value\" style=\"margin: 0px; padding: 0px; word-break: break-word; display: inline-block; width: 306px;\">Faux Leather</div></li><li class=\"key-li\" style=\"margin: 0px 0px 8px; padding: 0px 15px; display: inline-block; width: 490px; vertical-align: top; line-height: 18px;\"><span class=\"key-title\" style=\"margin: 0px 18px 0px 0px; padding: 0px; display: inline-block; width: 140px; vertical-align: top; color: rgb(117, 117, 117); word-break: break-word;\">Pattern</span><div class=\"html-content key-value\" style=\"margin: 0px; padding: 0px; word-break: break-word; display: inline-block; width: 306px;\">New</div></li><li class=\"key-li\" style=\"margin: 0px 0px 8px; padding: 0px 15px; display: inline-block; width: 490px; vertical-align: top; line-height: 18px;\"><span class=\"key-title\" style=\"margin: 0px 18px 0px 0px; padding: 0px; display: inline-block; width: 140px; vertical-align: top; color: rgb(117, 117, 117); word-break: break-word;\">Model</span><div class=\"html-content key-value\" style=\"margin: 0px; padding: 0px; word-break: break-word; display: inline-block; width: 306px;\">Sofa 004</div></li><li class=\"key-li\" style=\"margin: 0px 0px 8px; padding: 0px 15px; display: inline-block; width: 490px; vertical-align: top; line-height: 18px;\"><span class=\"key-title\" style=\"margin: 0px 18px 0px 0px; padding: 0px; display: inline-block; width: 140px; vertical-align: top; color: rgb(117, 117, 117); word-break: break-word;\">Furniture Features</span><div class=\"html-content key-value\" style=\"margin: 0px; padding: 0px; word-break: break-word; display: inline-block; width: 306px;\">Ready To Assemble</div></li><li class=\"key-li\" style=\"margin: 0px 0px 8px; padding: 0px 15px; display: inline-block; width: 490px; vertical-align: top; line-height: 18px;\"><span class=\"key-title\" style=\"margin: 0px 18px 0px 0px; padding: 0px; display: inline-block; width: 140px; vertical-align: top; color: rgb(117, 117, 117); word-break: break-word;\">Sofa Type</span><div class=\"html-content key-value\" style=\"margin: 0px; padding: 0px; word-break: break-word; display: inline-block; width: 306px;\">Sofa Set</div></li></ul></div><div class=\"box-content\" data-spm-anchor-id=\"a2a0e.pdp.product_detail.i1.6c26LkImLkImH0\" style=\"margin: 28px 0px 0px; padding: 0px; font-family: Roboto, -apple-system, BlinkMacSystemFont, &quot;Helvetica Neue&quot;, Helvetica, sans-serif; font-size: 14px; background-color: rgb(255, 255, 255);\"><span class=\"key-title\" style=\"margin: 0px; padding: 0px; display: table-cell; width: 140px; color: rgb(117, 117, 117); word-break: break-word;\">What’s in the box</span><div class=\"html-content box-content-html\" style=\"margin: 0px; padding: 0px 0px 0px 18px; word-break: break-word; display: table-cell;\">Living Room Sofa 004</div></div>', 1, 10, NULL, NULL, 'uploads/images/28-09-2021/6152a9385ab8e.png', 1, 1, 1, 1, 1, 1, 'living-room-sofa-001', 0, 1, '2021-09-28 11:33:44', '2021-10-03 20:00:11'),
(10, 'Single Size Sofa', 2, 1, 7, 'uploads/images/25-11-2021/619f82d1c1e74.png', 'C39', 'sofa-002', 0, 0.00, '1', 0.00, '1', 0.00, NULL, 'youtube', NULL, '<h2 class=\"pdp-mod-section-title outer-title\" data-spm-anchor-id=\"a2a0e.pdp.0.i1.6c26LkImLkImH0\" style=\"margin-right: 0px; margin-bottom: 0px; margin-left: 0px; padding: 0px 24px; font-weight: 500; font-family: Roboto-Medium; font-size: 16px; line-height: 52px; color: rgb(33, 33, 33); overflow: hidden; text-overflow: ellipsis; white-space: nowrap; height: 52px; background-image: initial; background-position: initial; background-size: initial; background-repeat: initial; background-attachment: initial; background-origin: initial; background-clip: initial;\">Product details of Living Room Sofa 004</h2><div class=\"pdp-product-detail\" data-spm=\"product_detail\" style=\"margin: 0px; padding: 0px; position: relative; font-family: Roboto, -apple-system, BlinkMacSystemFont, &quot;Helvetica Neue&quot;, Helvetica, sans-serif; font-size: 12px; background-color: rgb(255, 255, 255);\"><div class=\"pdp-product-desc \" style=\"margin: 0px; padding: 5px 14px 5px 24px; height: auto; overflow-y: hidden;\"><div class=\"html-content pdp-product-highlights\" data-spm-anchor-id=\"a2a0e.pdp.product_detail.i0.6c26LkImLkImH0\" style=\"margin: 0px; padding: 11px 0px 16px; word-break: break-word; border-bottom: 1px solid rgb(239, 240, 245); overflow: hidden;\"><ul class=\"\" data-spm-anchor-id=\"a2a0e.pdp.product_detail.i5.6c26LkImLkImH0\" style=\"list-style: none; overflow: hidden; columns: auto 2; column-gap: 32px;\"><li class=\"\" style=\"margin: 0px; padding: 0px 0px 0px 15px; position: relative; font-size: 14px; line-height: 18px; text-align: left; word-break: break-word; break-inside: avoid;\">Product type : Wooden Double Seater Sofa</li><li class=\"\" style=\"margin: 0px; padding: 0px 0px 0px 15px; position: relative; font-size: 14px; line-height: 18px; text-align: left; word-break: break-word; break-inside: avoid;\">Colour ; Picture Colour / Any</li><li class=\"\" style=\"margin: 0px; padding: 0px 0px 0px 15px; position: relative; font-size: 14px; line-height: 18px; text-align: left; word-break: break-word; break-inside: avoid;\">Finest quality imported accessories ensure the strong structure</li><li class=\"\" style=\"margin: 0px; padding: 0px 0px 0px 15px; position: relative; font-size: 14px; line-height: 18px; text-align: left; word-break: break-word; break-inside: avoid;\">Contemporary, flared arms and plush feel</li><li class=\"\" style=\"margin: 0px; padding: 0px 0px 0px 15px; position: relative; font-size: 14px; line-height: 18px; text-align: left; word-break: break-word; break-inside: avoid;\">Black wooden feet ensure a sturdy and stable foundation</li><li class=\"\" style=\"margin: 0px; padding: 0px 0px 0px 15px; position: relative; font-size: 14px; line-height: 18px; text-align: left; word-break: break-word; break-inside: avoid;\">Cushions are filled with high-density foam</li><li class=\"\" data-spm-anchor-id=\"a2a0e.pdp.product_detail.i3.6c26LkImLkImH0\" style=\"margin: 0px; padding: 0px 0px 0px 15px; position: relative; font-size: 14px; line-height: 18px; text-align: left; word-break: break-word; break-inside: avoid;\">Product delivery duration may vary due to availability in stock</li><li class=\"\" style=\"margin: 0px; padding: 0px 0px 0px 15px; position: relative; font-size: 14px; line-height: 18px; text-align: left; word-break: break-word; break-inside: avoid;\">Condition Apply</li><li class=\"\" style=\"margin: 0px; padding: 0px 0px 0px 15px; position: relative; font-size: 14px; line-height: 18px; text-align: left; word-break: break-word; break-inside: avoid;\">Stock Limited</li><li class=\"\" style=\"margin: 0px; padding: 0px 0px 0px 15px; position: relative; font-size: 14px; line-height: 18px; text-align: left; word-break: break-word; break-inside: avoid;\">Leather Soft upholstery for superior strength and softness</li><li class=\"\" style=\"margin: 0px; padding: 0px 0px 0px 15px; position: relative; font-size: 14px; line-height: 18px; text-align: left; word-break: break-word; break-inside: avoid;\">Easy to wipe down and clean</li><li class=\"\" style=\"margin: 0px; padding: 0px 0px 0px 15px; position: relative; font-size: 14px; line-height: 18px; text-align: left; word-break: break-word; break-inside: avoid;\">Major Materials: Mahogany Wood, Full Rubber Foam, Rexine, Artificial Leader , Engineering wood</li></ul></div></div></div>', '<h2 class=\"pdp-mod-section-title \" data-spm-anchor-id=\"a2a0e.pdp.product_detail.i2.6c26LkImLkImH0\" style=\"margin-right: 0px; margin-bottom: 0px; margin-left: 0px; padding: 0px; font-weight: 500; font-family: Roboto-Medium; font-size: 16px; line-height: 19px; color: rgb(33, 33, 33); overflow: hidden; text-overflow: ellipsis; white-space: nowrap; background-color: rgb(255, 255, 255);\">Living Room Sofa 004</h2><p></p><div class=\"box-content\" data-spm-anchor-id=\"a2a0e.pdp.product_detail.i1.6c26LkImLkImH0\" style=\"margin: 28px 0px 0px; padding: 0px; color: rgb(0, 0, 0); font-family: Roboto, -apple-system, BlinkMacSystemFont, &quot;Helvetica Neue&quot;, Helvetica, sans-serif; background-color: rgb(255, 255, 255);\"></div><p></p><div class=\"pdp-general-features\" style=\"margin: 0px; padding: 0px; font-family: Roboto, -apple-system, BlinkMacSystemFont, &quot;Helvetica Neue&quot;, Helvetica, sans-serif; font-size: 14px; font-style: normal; font-variant-ligatures: normal; font-variant-caps: normal; font-weight: 400; letter-spacing: normal; orphans: 2; text-align: start; text-indent: 0px; text-transform: none; white-space: normal; widows: 2; word-spacing: 0px; -webkit-text-stroke-width: 0px; background-color: rgb(255, 255, 255); text-decoration-thickness: initial; text-decoration-style: initial; text-decoration-color: initial;\"><ul class=\"specification-keys\" style=\"margin: 16px -15px 0px; padding: 0px; list-style: none; height: auto; box-sizing: border-box; font-size: 14px;\"><li class=\"key-li\" style=\"margin: 0px 0px 8px; padding: 0px 15px; display: inline-block; box-sizing: border-box; width: 490px; vertical-align: top; line-height: 18px;\"><span class=\"key-title\" style=\"color: rgb(117, 117, 117); margin: 0px 18px 0px 0px; padding: 0px; display: inline-block; width: 140px; vertical-align: top; word-break: break-word; font-size: 14px;\">Brand</span><span class=\"key-title\" style=\"margin: 0px 18px 0px 0px; padding: 0px; display: inline-block; width: 140px; vertical-align: top; word-break: break-word; font-size: 14px;\">&nbsp;Otobi</span></li><li class=\"key-li\" style=\"color: rgb(0, 0, 0); margin: 0px 0px 8px; padding: 0px 15px; display: inline-block; box-sizing: border-box; width: 490px; vertical-align: top; line-height: 18px;\"><span class=\"key-title\" style=\"margin: 0px 18px 0px 0px; padding: 0px; display: inline-block; width: 140px; vertical-align: top; color: rgb(117, 117, 117); word-break: break-word; font-size: 14px;\"><br></span></li><li class=\"key-li\" style=\"color: rgb(0, 0, 0); margin: 0px 0px 8px; padding: 0px 15px; display: inline-block; box-sizing: border-box; width: 490px; vertical-align: top; line-height: 18px;\"><span class=\"key-title\" style=\"margin: 0px 18px 0px 0px; padding: 0px; display: inline-block; width: 140px; vertical-align: top; color: rgb(117, 117, 117); word-break: break-word; font-size: 14px;\">material</span><div class=\"html-content key-value\" style=\"margin: 0px; padding: 0px; word-break: break-word; display: inline-block; width: 306px;\">Artificial Leather</div></li><li class=\"key-li\" style=\"color: rgb(0, 0, 0); margin: 0px 0px 8px; padding: 0px 15px; display: inline-block; box-sizing: border-box; width: 490px; vertical-align: top; line-height: 18px;\"><span class=\"key-title\" style=\"margin: 0px 18px 0px 0px; padding: 0px; display: inline-block; width: 140px; vertical-align: top; color: rgb(117, 117, 117); word-break: break-word; font-size: 14px;\">Style</span><div class=\"html-content key-value\" style=\"margin: 0px; padding: 0px; word-break: break-word; display: inline-block; width: 306px;\">Modern,Classical,Stylish</div></li><li class=\"key-li\" style=\"color: rgb(0, 0, 0); margin: 0px 0px 8px; padding: 0px 15px; display: inline-block; box-sizing: border-box; width: 490px; vertical-align: top; line-height: 18px;\"><span class=\"key-title\" style=\"margin: 0px 18px 0px 0px; padding: 0px; display: inline-block; width: 140px; vertical-align: top; color: rgb(117, 117, 117); word-break: break-word; font-size: 14px;\">Number of Seats</span><div class=\"html-content key-value\" style=\"margin: 0px; padding: 0px; word-break: break-word; display: inline-block; width: 306px;\">3-Seater</div></li><li class=\"key-li\" style=\"color: rgb(0, 0, 0); margin: 0px 0px 8px; padding: 0px 15px; display: inline-block; box-sizing: border-box; width: 490px; vertical-align: top; line-height: 18px;\"><span class=\"key-title\" style=\"margin: 0px 18px 0px 0px; padding: 0px; display: inline-block; width: 140px; vertical-align: top; color: rgb(117, 117, 117); word-break: break-word; font-size: 14px;\">Upholstery</span><div class=\"html-content key-value\" style=\"margin: 0px; padding: 0px; word-break: break-word; display: inline-block; width: 306px;\">Faux Leather</div></li><li class=\"key-li\" style=\"color: rgb(0, 0, 0); margin: 0px 0px 8px; padding: 0px 15px; display: inline-block; box-sizing: border-box; width: 490px; vertical-align: top; line-height: 18px;\"><span class=\"key-title\" style=\"margin: 0px 18px 0px 0px; padding: 0px; display: inline-block; width: 140px; vertical-align: top; color: rgb(117, 117, 117); word-break: break-word; font-size: 14px;\">Pattern</span><div class=\"html-content key-value\" style=\"margin: 0px; padding: 0px; word-break: break-word; display: inline-block; width: 306px;\">New</div></li><li class=\"key-li\" style=\"color: rgb(0, 0, 0); margin: 0px 0px 8px; padding: 0px 15px; display: inline-block; box-sizing: border-box; width: 490px; vertical-align: top; line-height: 18px;\"><span class=\"key-title\" style=\"margin: 0px 18px 0px 0px; padding: 0px; display: inline-block; width: 140px; vertical-align: top; color: rgb(117, 117, 117); word-break: break-word; font-size: 14px;\">Model</span><div class=\"html-content key-value\" style=\"margin: 0px; padding: 0px; word-break: break-word; display: inline-block; width: 306px;\">Sofa 004</div></li><li class=\"key-li\" style=\"color: rgb(0, 0, 0); margin: 0px 0px 8px; padding: 0px 15px; display: inline-block; box-sizing: border-box; width: 490px; vertical-align: top; line-height: 18px;\"><span class=\"key-title\" style=\"margin: 0px 18px 0px 0px; padding: 0px; display: inline-block; width: 140px; vertical-align: top; color: rgb(117, 117, 117); word-break: break-word; font-size: 14px;\">Furniture Features</span><div class=\"html-content key-value\" style=\"margin: 0px; padding: 0px; word-break: break-word; display: inline-block; width: 306px;\">Ready To Assemble</div></li><li class=\"key-li\" style=\"color: rgb(0, 0, 0); margin: 0px 0px 8px; padding: 0px 15px; display: inline-block; box-sizing: border-box; width: 490px; vertical-align: top; line-height: 18px;\"><span class=\"key-title\" style=\"margin: 0px 18px 0px 0px; padding: 0px; display: inline-block; width: 140px; vertical-align: top; color: rgb(117, 117, 117); word-break: break-word; font-size: 14px;\">Sofa Type</span><div class=\"html-content key-value\" data-spm-anchor-id=\"a2a0e.pdp.product_detail.i6.6c26LkImLkImH0\" style=\"margin: 0px; padding: 0px; word-break: break-word; display: inline-block; width: 306px;\">Sofa Set</div></li></ul></div>', 1, NULL, NULL, NULL, 'uploads/images/25-11-2021/619f82d23c76d.png', 1, 1, 1, 1, 1, 1, 'single-size-sofa', 0, 1, '2021-09-28 11:42:18', '2021-11-25 18:34:26');
INSERT INTO `products` (`id`, `product_name`, `product_type`, `unit_type_id`, `brand_id`, `thumbnail_image_source`, `barcode_type`, `model_number`, `shipping_type`, `shipping_cost`, `discount_type`, `discount`, `tax_type`, `tax`, `pdf`, `video_provider`, `video_link`, `description`, `specification`, `minimum_order_qty`, `max_order_qty`, `meta_title`, `meta_description`, `meta_image`, `is_physical`, `is_approved`, `status`, `display_in_details`, `requested_by`, `created_by`, `slug`, `stock_manage`, `updated_by`, `created_at`, `updated_at`) VALUES
(11, 'Men Casual Watch 005', 2, 1, 2, 'uploads/images/25-11-2021/619f8b3e3225f.png', 'C39', 'watch-005', 0, 0.00, '1', 0.00, '0', 5.00, NULL, 'youtube', NULL, '<h2 class=\"pdp-mod-section-title outer-title\" data-spm-anchor-id=\"a2a0e.pdp.0.i1.62daVXBQVXBQaB\" style=\"margin-right: 0px; margin-bottom: 0px; margin-left: 0px; padding: 0px 24px; font-weight: 500; font-family: Roboto-Medium; font-size: 16px; line-height: 52px; color: rgb(33, 33, 33); overflow: hidden; text-overflow: ellipsis; white-space: nowrap; height: 52px; background-image: initial; background-position: initial; background-size: initial; background-repeat: initial; background-attachment: initial; background-origin: initial; background-clip: initial;\">Product details of Naviforce NF9117 - Coffee PU Leather Analog Watch for Men - Silver &amp; Coffee</h2><div class=\"pdp-product-detail\" data-spm=\"product_detail\" style=\"margin: 0px; padding: 0px; position: relative; font-family: Roboto, -apple-system, BlinkMacSystemFont, &quot;Helvetica Neue&quot;, Helvetica, sans-serif; font-size: 12px; background-color: rgb(255, 255, 255);\"><div class=\"pdp-product-desc \" style=\"margin: 0px; padding: 5px 14px 5px 24px; height: auto; overflow-y: hidden;\"><div class=\"html-content pdp-product-highlights\" style=\"margin: 0px; padding: 11px 0px 16px; word-break: break-word; border-bottom: 1px solid rgb(239, 240, 245); overflow: hidden;\"><ul class=\"\" style=\"list-style: none; overflow: hidden; columns: auto 2; column-gap: 32px;\"><li class=\"\" style=\"margin: 0px; padding: 0px 0px 0px 15px; position: relative; font-size: 14px; line-height: 18px; text-align: left; word-break: break-word; break-inside: avoid;\">Product Type: Watch</li><li class=\"\" style=\"margin: 0px; padding: 0px 0px 0px 15px; position: relative; font-size: 14px; line-height: 18px; text-align: left; word-break: break-word; break-inside: avoid;\">Movement: Analog Quartz Movement</li><li class=\"\" style=\"margin: 0px; padding: 0px 0px 0px 15px; position: relative; font-size: 14px; line-height: 18px; text-align: left; word-break: break-word; break-inside: avoid;\">Dial Shape: Round</li><li class=\"\" style=\"margin: 0px; padding: 0px 0px 0px 15px; position: relative; font-size: 14px; line-height: 18px; text-align: left; word-break: break-word; break-inside: avoid;\">Diameter: 4.5 cm</li><li class=\"\" style=\"margin: 0px; padding: 0px 0px 0px 15px; position: relative; font-size: 14px; line-height: 18px; text-align: left; word-break: break-word; break-inside: avoid;\">Window Material: Hardlex Glass</li><li class=\"\" data-spm-anchor-id=\"a2a0e.pdp.product_detail.i0.62daVXBQVXBQaB\" style=\"margin: 0px; padding: 0px 0px 0px 15px; position: relative; font-size: 14px; line-height: 18px; text-align: left; word-break: break-word; break-inside: avoid;\">Case Thickness: 1.3 cm</li><li class=\"\" style=\"margin: 0px; padding: 0px 0px 0px 15px; position: relative; font-size: 14px; line-height: 18px; text-align: left; word-break: break-word; break-inside: avoid;\">Case Material: Alloy</li><li class=\"\" style=\"margin: 0px; padding: 0px 0px 0px 15px; position: relative; font-size: 14px; line-height: 18px; text-align: left; word-break: break-word; break-inside: avoid;\">Band Material: PU Leather</li><li class=\"\" style=\"margin: 0px; padding: 0px 0px 0px 15px; position: relative; font-size: 14px; line-height: 18px; text-align: left; word-break: break-word; break-inside: avoid;\">Band Length: 24cm</li><li class=\"\" style=\"margin: 0px; padding: 0px 0px 0px 15px; position: relative; font-size: 14px; line-height: 18px; text-align: left; word-break: break-word; break-inside: avoid;\">Band Width: 2.2cm</li><li class=\"\" data-spm-anchor-id=\"a2a0e.pdp.product_detail.i2.62daVXBQVXBQaB\" style=\"margin: 0px; padding: 0px 0px 0px 15px; position: relative; font-size: 14px; line-height: 18px; text-align: left; word-break: break-word; break-inside: avoid;\">Water Resistance: 30M</li></ul></div></div></div>', '<ul class=\"specification-keys\" style=\"margin-top: 16px; margin-right: -15px; margin-left: -15px; list-style: none; height: auto; font-size: 14px; font-family: Roboto, -apple-system, BlinkMacSystemFont, &quot;Helvetica Neue&quot;, Helvetica, sans-serif; background-color: rgb(255, 255, 255);\"><li class=\"key-li\" style=\"margin: 0px 0px 8px; padding: 0px 15px; display: inline-block; width: 490px; vertical-align: top; line-height: 18px;\"><span class=\"key-title\" data-spm-anchor-id=\"a2a0e.pdp.product_detail.i4.62daVXBQVXBQaB\" style=\"margin: 0px 18px 0px 0px; padding: 0px; display: inline-block; width: 140px; vertical-align: top; color: rgb(117, 117, 117); word-break: break-word;\">Brand</span><div class=\"html-content key-value\" style=\"margin: 0px; padding: 0px; word-break: break-word; display: inline-block; width: 306px;\">Casio</div></li><li class=\"key-li\" style=\"margin: 0px 0px 8px; padding: 0px 15px; display: inline-block; width: 490px; vertical-align: top; line-height: 18px;\"><span class=\"key-title\" style=\"margin: 0px 18px 0px 0px; padding: 0px; display: inline-block; width: 140px; vertical-align: top; color: rgb(117, 117, 117); word-break: break-word;\">SKU</span><div class=\"html-content key-value\" style=\"margin: 0px; padding: 0px; word-break: break-word; display: inline-block; width: 306px;\">NA670AC0M4KE0NAFAMZ-934651</div></li><li class=\"key-li\" style=\"margin: 0px 0px 8px; padding: 0px 15px; display: inline-block; width: 490px; vertical-align: top; line-height: 18px;\"><span class=\"key-title\" style=\"margin: 0px 18px 0px 0px; padding: 0px; display: inline-block; width: 140px; vertical-align: top; color: rgb(117, 117, 117); word-break: break-word;\">Watch Type</span><div class=\"html-content key-value\" style=\"margin: 0px; padding: 0px; word-break: break-word; display: inline-block; width: 306px;\">Analouge</div></li><li class=\"key-li\" style=\"margin: 0px 0px 8px; padding: 0px 15px; display: inline-block; width: 490px; vertical-align: top; line-height: 18px;\"><span class=\"key-title\" style=\"margin: 0px 18px 0px 0px; padding: 0px; display: inline-block; width: 140px; vertical-align: top; color: rgb(117, 117, 117); word-break: break-word;\">Strap Material</span><div class=\"html-content key-value\" style=\"margin: 0px; padding: 0px; word-break: break-word; display: inline-block; width: 306px;\">Artificial Leather</div></li><li class=\"key-li\" style=\"margin: 0px 0px 8px; padding: 0px 15px; display: inline-block; width: 490px; vertical-align: top; line-height: 18px;\"><span class=\"key-title\" style=\"margin: 0px 18px 0px 0px; padding: 0px; display: inline-block; width: 140px; vertical-align: top; color: rgb(117, 117, 117); word-break: break-word;\">Model</span><div class=\"html-content key-value\" style=\"margin: 0px; padding: 0px; word-break: break-word; display: inline-block; width: 306px;\">NF9117</div></li><li class=\"key-li\" style=\"margin: 0px 0px 8px; padding: 0px 15px; display: inline-block; width: 490px; vertical-align: top; line-height: 18px;\"><span class=\"key-title\" style=\"margin: 0px 18px 0px 0px; padding: 0px; display: inline-block; width: 140px; vertical-align: top; color: rgb(117, 117, 117); word-break: break-word;\">Warranty Policy EN</span><div class=\"html-content key-value\" data-spm-anchor-id=\"a2a0e.pdp.product_detail.i3.62daVXBQVXBQaB\" style=\"margin: 0px; padding: 0px; word-break: break-word; display: inline-block; width: 306px;\">1 Year Battery Guarantee, 1 Year free service warranty on the movement of the watch. Warranty policy does not cover damages resulting from batteries consume, misuse, accidents/physical damage, normal wear of strap and plating problems, color fading or unauthorized repairs.</div></li></ul>', 1, NULL, NULL, NULL, 'uploads/images/28-09-2021/6152b14790f38.jpeg', 1, 1, 1, 1, 1, 1, 'men-casual-watch-005', 0, 1, '2021-09-28 12:08:07', '2021-11-25 19:10:22'),
(13, 'Premium Sports Car', 2, 1, 8, 'uploads/images/03-10-2021/6159b7b5daa82.jpeg', 'C39', 'car-001', 0, 0.00, '1', 0.00, '0', 15.00, NULL, 'youtube', NULL, '<p><span style=\"color: rgb(32, 33, 36); font-family: arial, sans-serif; font-size: 16px; background-color: rgb(255, 255, 255);\">A car (or automobile) is&nbsp;</span><b style=\"color: rgb(32, 33, 36); font-family: arial, sans-serif; font-size: 16px; background-color: rgb(255, 255, 255);\">a wheeled motor vehicle used for transportation</b><span style=\"color: rgb(32, 33, 36); font-family: arial, sans-serif; font-size: 16px; background-color: rgb(255, 255, 255);\">. Most definitions of cars say that they run primarily on roads, seat one-to-eight people, have four wheels and mainly transport people rather than goods. ... Cars have controls for driving, parking, passenger comfort, and a variety of lights.</span><br></p>', '<p><span style=\"color: rgb(32, 33, 36); font-family: arial, sans-serif; font-size: 16px; background-color: rgb(255, 255, 255);\">A car (or automobile) is&nbsp;</span><b style=\"color: rgb(32, 33, 36); font-family: arial, sans-serif; font-size: 16px; background-color: rgb(255, 255, 255);\">a wheeled motor vehicle used for transportation</b><span style=\"color: rgb(32, 33, 36); font-family: arial, sans-serif; font-size: 16px; background-color: rgb(255, 255, 255);\">. Most definitions of cars say that they run primarily on roads, seat one-to-eight people, have four wheels and mainly transport people rather than goods. ... Cars have controls for driving, parking, passenger comfort, and a variety of lights.</span><br></p>', 1, 5, NULL, NULL, 'uploads/images/28-09-2021/6152b6c425feb.jpeg', 1, 1, 1, 1, 1, 1, 'premium-sports-car', 0, 1, '2021-09-28 12:31:32', '2021-10-03 20:01:25'),
(14, 'Casual Sun Glass', 2, 1, 10, 'uploads/images/03-10-2021/6159b7fa8faae.jpeg', 'C39', 'csg-001', 0, 0.00, '1', 0.00, '1', 0.00, NULL, 'youtube', NULL, '<ul class=\"\" style=\"list-style: none; overflow: hidden; columns: auto 2; column-gap: 32px; font-family: Roboto, -apple-system, BlinkMacSystemFont, &quot;Helvetica Neue&quot;, Helvetica, sans-serif; font-size: 12px; background-color: rgb(255, 255, 255);\"><li class=\"\" style=\"margin: 0px; padding: 0px 0px 0px 15px; position: relative; font-size: 14px; line-height: 18px; text-align: left; word-break: break-word; break-inside: avoid;\">Origin:CN(Origin)</li><li class=\"\" data-spm-anchor-id=\"a2a0e.pdp.product_detail.i2.7f9cDWPcDWPcDF\" style=\"margin: 0px; padding: 0px 0px 0px 15px; position: relative; font-size: 14px; line-height: 18px; text-align: left; word-break: break-word; break-inside: avoid;\">Gender:WOMEN</li><li class=\"\" style=\"margin: 0px; padding: 0px 0px 0px 15px; position: relative; font-size: 14px; line-height: 18px; text-align: left; word-break: break-word; break-inside: avoid;\">Lenses Material:Resin</li><li class=\"\" style=\"margin: 0px; padding: 0px 0px 0px 15px; position: relative; font-size: 14px; line-height: 18px; text-align: left; word-break: break-word; break-inside: avoid;\">Style:Rectangle</li><li class=\"\" style=\"margin: 0px; padding: 0px 0px 0px 15px; position: relative; font-size: 14px; line-height: 18px; text-align: left; word-break: break-word; break-inside: avoid;\">Department Name:Adult</li><li class=\"\" style=\"margin: 0px; padding: 0px 0px 0px 15px; position: relative; font-size: 14px; line-height: 18px; text-align: left; word-break: break-word; break-inside: avoid;\">Frame Material:Plastic</li><li class=\"\" style=\"margin: 0px; padding: 0px 0px 0px 15px; position: relative; font-size: 14px; line-height: 18px; text-align: left; word-break: break-word; break-inside: avoid;\">Certification:None</li><li class=\"\" style=\"margin: 0px; padding: 0px 0px 0px 15px; position: relative; font-size: 14px; line-height: 18px; text-align: left; word-break: break-word; break-inside: avoid;\">Lenses Optical Attribute:UV400</li><li class=\"\" style=\"margin: 0px; padding: 0px 0px 0px 15px; position: relative; font-size: 14px; line-height: 18px; text-align: left; word-break: break-word; break-inside: avoid;\">Eyewear Type:Sunglasses</li><li class=\"\" data-spm-anchor-id=\"a2a0e.pdp.product_detail.i1.7f9cDWPcDWPcDF\" style=\"margin: 0px; padding: 0px 0px 0px 15px; position: relative; font-size: 14px; line-height: 18px; text-align: left; word-break: break-word; break-inside: avoid;\">Lens Height:41mm</li><li class=\"\" style=\"margin: 0px; padding: 0px 0px 0px 15px; position: relative; font-size: 14px; line-height: 18px; text-align: left; word-break: break-word; break-inside: avoid;\">Model Number:SH05110</li><li class=\"\" style=\"margin: 0px; padding: 0px 0px 0px 15px; position: relative; font-size: 14px; line-height: 18px; text-align: left; word-break: break-word; break-inside: avoid;\">Item Type:Eyewear</li><li class=\"\" style=\"margin: 0px; padding: 0px 0px 0px 15px; position: relative; font-size: 14px; line-height: 18px; text-align: left; word-break: break-word; break-inside: avoid;\">Lens Width:65mm</li><li class=\"\" style=\"margin: 0px; padding: 0px 0px 0px 15px; position: relative; font-size: 14px; line-height: 18px; text-align: left; word-break: break-word; break-inside: avoid;\">Usage scope:shopping travel T-show outdoor</li><li class=\"\" style=\"margin: 0px; padding: 0px 0px 0px 15px; position: relative; font-size: 14px; line-height: 18px; text-align: left; word-break: break-word; break-inside: avoid;\">Function:100% UV 400 Protection against harmful</li><li class=\"\" style=\"margin: 0px; padding: 0px 0px 0px 15px; position: relative; font-size: 14px; line-height: 18px; text-align: left; word-break: break-word; break-inside: avoid;\">Sunglasses Style:Fashion Vintage Retro Style Sun Glasses, Elegant Vogue Style</li><li class=\"\" style=\"margin: 0px; padding: 0px 0px 0px 15px; position: relative; font-size: 14px; line-height: 18px; text-align: left; word-break: break-word; break-inside: avoid;\">Item Name:gafas oculos de sol masculino lunette de soleil sonnenbrille zonnebril</li><li class=\"\" style=\"margin: 0px; padding: 0px 0px 0px 15px; position: relative; font-size: 14px; line-height: 18px; text-align: left; word-break: break-word; break-inside: avoid;\">Gender:Female,Male,Men,femme,Homme,feminino,masculino</li><li class=\"\" style=\"margin: 0px; padding: 0px 0px 0px 15px; position: relative; font-size: 14px; line-height: 18px; text-align: left; word-break: break-word; break-inside: avoid;\">Wholesales:DHL/Fedex/Aramex......</li><li class=\"\" style=\"margin: 0px; padding: 0px 0px 0px 15px; position: relative; font-size: 14px; line-height: 18px; text-align: left; word-break: break-word; break-inside: avoid;\">Drop-shipping:Custom making</li><li class=\"\" data-spm-anchor-id=\"a2a0e.pdp.product_detail.i0.7f9cDWPcDWPcDF\" style=\"margin: 0px; padding: 0px 0px 0px 15px; position: relative; font-size: 14px; line-height: 18px; text-align: left; word-break: break-word; break-inside: avoid;\">After-Sales Service:Refund or Re-Sending</li></ul>', '<ul class=\"\" style=\"list-style: none; overflow: hidden; columns: auto 2; column-gap: 32px; font-family: Roboto, -apple-system, BlinkMacSystemFont, &quot;Helvetica Neue&quot;, Helvetica, sans-serif; font-size: 12px; background-color: rgb(255, 255, 255);\"><li class=\"\" style=\"margin: 0px; padding: 0px 0px 0px 15px; position: relative; font-size: 14px; line-height: 18px; text-align: left; word-break: break-word; break-inside: avoid;\">Origin:CN(Origin)</li><li class=\"\" data-spm-anchor-id=\"a2a0e.pdp.product_detail.i2.7f9cDWPcDWPcDF\" style=\"margin: 0px; padding: 0px 0px 0px 15px; position: relative; font-size: 14px; line-height: 18px; text-align: left; word-break: break-word; break-inside: avoid;\">Gender:WOMEN</li><li class=\"\" style=\"margin: 0px; padding: 0px 0px 0px 15px; position: relative; font-size: 14px; line-height: 18px; text-align: left; word-break: break-word; break-inside: avoid;\">Lenses Material:Resin</li><li class=\"\" style=\"margin: 0px; padding: 0px 0px 0px 15px; position: relative; font-size: 14px; line-height: 18px; text-align: left; word-break: break-word; break-inside: avoid;\">Style:Rectangle</li><li class=\"\" style=\"margin: 0px; padding: 0px 0px 0px 15px; position: relative; font-size: 14px; line-height: 18px; text-align: left; word-break: break-word; break-inside: avoid;\">Department Name:Adult</li><li class=\"\" style=\"margin: 0px; padding: 0px 0px 0px 15px; position: relative; font-size: 14px; line-height: 18px; text-align: left; word-break: break-word; break-inside: avoid;\">Frame Material:Plastic</li><li class=\"\" style=\"margin: 0px; padding: 0px 0px 0px 15px; position: relative; font-size: 14px; line-height: 18px; text-align: left; word-break: break-word; break-inside: avoid;\">Certification:None</li><li class=\"\" style=\"margin: 0px; padding: 0px 0px 0px 15px; position: relative; font-size: 14px; line-height: 18px; text-align: left; word-break: break-word; break-inside: avoid;\">Lenses Optical Attribute:UV400</li><li class=\"\" style=\"margin: 0px; padding: 0px 0px 0px 15px; position: relative; font-size: 14px; line-height: 18px; text-align: left; word-break: break-word; break-inside: avoid;\">Eyewear Type:Sunglasses</li><li class=\"\" data-spm-anchor-id=\"a2a0e.pdp.product_detail.i1.7f9cDWPcDWPcDF\" style=\"margin: 0px; padding: 0px 0px 0px 15px; position: relative; font-size: 14px; line-height: 18px; text-align: left; word-break: break-word; break-inside: avoid;\">Lens Height:41mm</li><li class=\"\" style=\"margin: 0px; padding: 0px 0px 0px 15px; position: relative; font-size: 14px; line-height: 18px; text-align: left; word-break: break-word; break-inside: avoid;\">Model Number:SH05110</li><li class=\"\" style=\"margin: 0px; padding: 0px 0px 0px 15px; position: relative; font-size: 14px; line-height: 18px; text-align: left; word-break: break-word; break-inside: avoid;\">Item Type:Eyewear</li><li class=\"\" style=\"margin: 0px; padding: 0px 0px 0px 15px; position: relative; font-size: 14px; line-height: 18px; text-align: left; word-break: break-word; break-inside: avoid;\">Lens Width:65mm</li><li class=\"\" style=\"margin: 0px; padding: 0px 0px 0px 15px; position: relative; font-size: 14px; line-height: 18px; text-align: left; word-break: break-word; break-inside: avoid;\">Usage scope:shopping travel T-show outdoor</li><li class=\"\" style=\"margin: 0px; padding: 0px 0px 0px 15px; position: relative; font-size: 14px; line-height: 18px; text-align: left; word-break: break-word; break-inside: avoid;\">Function:100% UV 400 Protection against harmful</li><li class=\"\" style=\"margin: 0px; padding: 0px 0px 0px 15px; position: relative; font-size: 14px; line-height: 18px; text-align: left; word-break: break-word; break-inside: avoid;\">Sunglasses Style:Fashion Vintage Retro Style Sun Glasses, Elegant Vogue Style</li><li class=\"\" style=\"margin: 0px; padding: 0px 0px 0px 15px; position: relative; font-size: 14px; line-height: 18px; text-align: left; word-break: break-word; break-inside: avoid;\">Item Name:gafas oculos de sol masculino lunette de soleil sonnenbrille zonnebril</li><li class=\"\" style=\"margin: 0px; padding: 0px 0px 0px 15px; position: relative; font-size: 14px; line-height: 18px; text-align: left; word-break: break-word; break-inside: avoid;\">Gender:Female,Male,Men,femme,Homme,feminino,masculino</li><li class=\"\" style=\"margin: 0px; padding: 0px 0px 0px 15px; position: relative; font-size: 14px; line-height: 18px; text-align: left; word-break: break-word; break-inside: avoid;\">Wholesales:DHL/Fedex/Aramex......</li><li class=\"\" style=\"margin: 0px; padding: 0px 0px 0px 15px; position: relative; font-size: 14px; line-height: 18px; text-align: left; word-break: break-word; break-inside: avoid;\">Drop-shipping:Custom making</li><li class=\"\" data-spm-anchor-id=\"a2a0e.pdp.product_detail.i0.7f9cDWPcDWPcDF\" style=\"margin: 0px; padding: 0px 0px 0px 15px; position: relative; font-size: 14px; line-height: 18px; text-align: left; word-break: break-word; break-inside: avoid;\">After-Sales Service:Refund or Re-Sending</li></ul>', 1, NULL, NULL, NULL, 'uploads/images/28-09-2021/6152ba09ecbd5.jpeg', 1, 1, 1, 1, 1, 1, 'casual-sun-glass', 0, 1, '2021-09-28 12:45:29', '2021-10-03 20:02:34'),
(15, 'MT Thunder 3 helmet', 2, 1, 11, 'uploads/images/03-10-2021/6159b82b44337.png', 'C39', 'mt-thunder-3', 0, 0.00, '0', 0.00, '0', 5.00, NULL, 'youtube', NULL, '<ul class=\"\" style=\"list-style: none; overflow: hidden; columns: auto 2; column-gap: 32px; font-family: Roboto, -apple-system, BlinkMacSystemFont, &quot;Helvetica Neue&quot;, Helvetica, sans-serif; font-size: 12px; background-color: rgb(255, 255, 255);\"><li class=\"\" data-spm-anchor-id=\"a2a0e.pdp.product_detail.i1.58afhigShigSfJ\" style=\"margin: 0px; padding: 0px 0px 0px 15px; position: relative; font-size: 14px; line-height: 18px; text-align: left; word-break: break-word; break-inside: avoid;\">SHARP:One of the safest helmets in the market, with a high score of 4 stars in the prestigious SHARP test.</li><li class=\"\" style=\"margin: 0px; padding: 0px 0px 0px 15px; position: relative; font-size: 14px; line-height: 18px; text-align: left; word-break: break-word; break-inside: avoid;\">Vision:Improved 100% Max Vision Pinlock ready and sun visor.</li><li class=\"\" style=\"margin: 0px; padding: 0px 0px 0px 15px; position: relative; font-size: 14px; line-height: 18px; text-align: left; word-break: break-word; break-inside: avoid;\">Anti Scratch visor in optical polycarbonate</li><li class=\"\" style=\"margin: 0px; padding: 0px 0px 0px 15px; position: relative; font-size: 14px; line-height: 18px; text-align: left; word-break: break-word; break-inside: avoid;\">Fast Removing Visor</li><li class=\"\" style=\"margin: 0px; padding: 0px 0px 0px 15px; position: relative; font-size: 14px; line-height: 18px; text-align: left; word-break: break-word; break-inside: avoid;\">Inner sun visor</li><li class=\"\" style=\"margin: 0px; padding: 0px 0px 0px 15px; position: relative; font-size: 14px; line-height: 18px; text-align: left; word-break: break-word; break-inside: avoid;\">MT-V-12</li><li class=\"\" style=\"margin: 0px; padding: 0px 0px 0px 15px; position: relative; font-size: 14px; line-height: 18px; text-align: left; word-break: break-word; break-inside: avoid;\">Pinlock</li><li class=\"\" style=\"margin: 0px; padding: 0px 0px 0px 15px; position: relative; font-size: 14px; line-height: 18px; text-align: left; word-break: break-word; break-inside: avoid;\">ReadyInterior:Removable and washable pads</li><li class=\"\" style=\"margin: 0px; padding: 0px 0px 0px 15px; position: relative; font-size: 14px; line-height: 18px; text-align: left; word-break: break-word; break-inside: avoid;\">Inner shell with Hi-impact absortion</li><li class=\"\" style=\"margin: 0px; padding: 0px 0px 0px 15px; position: relative; font-size: 14px; line-height: 18px; text-align: left; word-break: break-word; break-inside: avoid;\">Multiple density inner polyestirene</li><li class=\"\" style=\"margin: 0px; padding: 0px 0px 0px 15px; position: relative; font-size: 14px; line-height: 18px; text-align: left; word-break: break-word; break-inside: avoid;\">Fire Retardant Fabric Lining</li><li class=\"\" style=\"margin: 0px; padding: 0px 0px 0px 15px; position: relative; font-size: 14px; line-height: 18px; text-align: left; word-break: break-word; break-inside: avoid;\">Specifications:Weight: 1500gr</li><li class=\"\" style=\"margin: 0px; padding: 0px 0px 0px 15px; position: relative; font-size: 14px; line-height: 18px; text-align: left; word-break: break-word; break-inside: avoid;\">Technology:Aerodynamic Shape</li><li class=\"\" style=\"margin: 0px; padding: 0px 0px 0px 15px; position: relative; font-size: 14px; line-height: 18px; text-align: left; word-break: break-word; break-inside: avoid;\">Air inputs</li><li class=\"\" style=\"margin: 0px; padding: 0px 0px 0px 15px; position: relative; font-size: 14px; line-height: 18px; text-align: left; word-break: break-word; break-inside: avoid;\">Optimum Visor Closing</li><li class=\"\" style=\"margin: 0px; padding: 0px 0px 0px 15px; position: relative; font-size: 14px; line-height: 18px; text-align: left; word-break: break-word; break-inside: avoid;\">Homologated front protection “P”</li><li class=\"\" data-spm-anchor-id=\"a2a0e.pdp.product_detail.i0.58afhigShigSfJ\" style=\"margin: 0px; padding: 0px 0px 0px 15px; position: relative; font-size: 14px; line-height: 18px; text-align: left; word-break: break-word; break-inside: avoid;\">Quick Release Micrometric Bucket</li></ul>', '<h2 class=\"pdp-mod-section-title \" style=\"margin-right: 0px; margin-bottom: 0px; margin-left: 0px; padding: 0px; font-weight: 500; font-family: Roboto-Medium; font-size: 16px; line-height: 19px; color: rgb(33, 33, 33); overflow: hidden; text-overflow: ellipsis; white-space: nowrap; background-color: rgb(255, 255, 255);\">Specifications of MT Full Face Helmet Thunder 3 SV Slang A2 matt grey</h2><div class=\"pdp-general-features\" style=\"margin: 0px; padding: 0px; font-family: Roboto, -apple-system, BlinkMacSystemFont, &quot;Helvetica Neue&quot;, Helvetica, sans-serif; font-size: 14px; background-color: rgb(255, 255, 255);\"><ul class=\"specification-keys\" style=\"margin-top: 16px; margin-right: -15px; margin-left: -15px; list-style: none; height: auto;\"><li class=\"key-li\" data-spm-anchor-id=\"a2a0e.pdp.product_detail.i3.58afhigShigSfJ\" style=\"margin: 0px 0px 8px; padding: 0px 15px; display: inline-block; width: 490px; vertical-align: top; line-height: 18px;\"><span class=\"key-title\" style=\"margin: 0px 18px 0px 0px; padding: 0px; display: inline-block; width: 140px; vertical-align: top; color: rgb(117, 117, 117); word-break: break-word;\">Brand</span><div class=\"html-content key-value\" style=\"margin: 0px; padding: 0px; word-break: break-word; display: inline-block; width: 306px;\">MT</div></li><li class=\"key-li\" style=\"margin: 0px 0px 8px; padding: 0px 15px; display: inline-block; width: 490px; vertical-align: top; line-height: 18px;\"><span class=\"key-title\" style=\"margin: 0px 18px 0px 0px; padding: 0px; display: inline-block; width: 140px; vertical-align: top; color: rgb(117, 117, 117); word-break: break-word;\">SKU</span><div class=\"html-content key-value\" style=\"margin: 0px; padding: 0px; word-break: break-word; display: inline-block; width: 306px;\">183815047_BD-1128359403</div></li><li class=\"key-li\" style=\"margin: 0px 0px 8px; padding: 0px 15px; display: inline-block; width: 490px; vertical-align: top; line-height: 18px;\"><span class=\"key-title\" style=\"margin: 0px 18px 0px 0px; padding: 0px; display: inline-block; width: 140px; vertical-align: top; color: rgb(117, 117, 117); word-break: break-word;\">Availability of Sun Visor</span><div class=\"html-content key-value\" style=\"margin: 0px; padding: 0px; word-break: break-word; display: inline-block; width: 306px;\">YES</div></li><li class=\"key-li\" style=\"margin: 0px 0px 8px; padding: 0px 15px; display: inline-block; width: 490px; vertical-align: top; line-height: 18px;\"><span class=\"key-title\" style=\"margin: 0px 18px 0px 0px; padding: 0px; display: inline-block; width: 140px; vertical-align: top; color: rgb(117, 117, 117); word-break: break-word;\">Availability of Pin-lock</span><div class=\"html-content key-value\" style=\"margin: 0px; padding: 0px; word-break: break-word; display: inline-block; width: 306px;\">Yes</div></li><li class=\"key-li\" style=\"margin: 0px 0px 8px; padding: 0px 15px; display: inline-block; width: 490px; vertical-align: top; line-height: 18px;\"><span class=\"key-title\" style=\"margin: 0px 18px 0px 0px; padding: 0px; display: inline-block; width: 140px; vertical-align: top; color: rgb(117, 117, 117); word-break: break-word;\">Style Helmet</span><div class=\"html-content key-value\" style=\"margin: 0px; padding: 0px; word-break: break-word; display: inline-block; width: 306px;\">Full-face</div></li><li class=\"key-li\" style=\"margin: 0px 0px 8px; padding: 0px 15px; display: inline-block; width: 490px; vertical-align: top; line-height: 18px;\"><span class=\"key-title\" style=\"margin: 0px 18px 0px 0px; padding: 0px; display: inline-block; width: 140px; vertical-align: top; color: rgb(117, 117, 117); word-break: break-word;\">Quality Certification</span><div class=\"html-content key-value\" style=\"margin: 0px; padding: 0px; word-break: break-word; display: inline-block; width: 306px;\">ECE,DOT</div></li><li class=\"key-li\" style=\"margin: 0px 0px 8px; padding: 0px 15px; display: inline-block; width: 490px; vertical-align: top; line-height: 18px;\"><span class=\"key-title\" data-spm-anchor-id=\"a2a0e.pdp.product_detail.i4.58afhigShigSfJ\" style=\"margin: 0px 18px 0px 0px; padding: 0px; display: inline-block; width: 140px; vertical-align: top; color: rgb(117, 117, 117); word-break: break-word;\">Model</span><div class=\"html-content key-value\" data-spm-anchor-id=\"a2a0e.pdp.product_detail.i2.58afhigShigSfJ\" style=\"margin: 0px; padding: 0px; word-break: break-word; display: inline-block; width: 306px;\">Thunder Slang</div></li></ul></div>', 1, 15, NULL, NULL, 'uploads/images/28-09-2021/6152c1b58ac18.png', 1, 1, 1, 1, 1, 1, 'mt-thunder-3', 0, 1, '2021-09-28 13:18:13', '2021-11-24 17:10:09'),
(16, 'Ryzen 3 3200G', 1, 1, 12, 'uploads/images/25-11-2021/619f88b333c12.png', 'C39', NULL, 0, 0.00, '1', 5.00, '0', 2.00, NULL, 'youtube', NULL, NULL, NULL, 1, 5, NULL, NULL, NULL, 1, 1, 1, 1, 1, 1, 'ryzen-3-3200g', 0, 1, '2021-09-28 17:17:53', '2021-11-25 18:59:31'),
(17, 'Intel Pentium Gold G6400 10th Gen PC', 1, 1, 13, 'uploads/images/25-11-2021/619f8955862e6.png', 'C39', 'Intel 17416', 0, 0.00, '0', 2.00, '0', 3.00, NULL, 'youtube', NULL, '<ul style=\"font-family: &quot;Trebuchet MS&quot;, sans-serif; font-size: 14px;\"><li style=\"margin: 0px; padding: 0px 0px 10px; display: block; line-height: 20px;\">Model: Intel Pentium Gold G6400 10th Gen</li><li style=\"margin: 0px; padding: 0px 0px 10px; display: block; line-height: 20px;\">Intel Pentium Gold G6400 10th gen Coffee Lake Processor</li><li style=\"margin: 0px; padding: 0px 0px 10px; display: block; line-height: 20px;\">ASRock H470M-HDV M-ATX Motherboard</li><li style=\"margin: 0px; padding: 0px 0px 10px; display: block; line-height: 20px;\">Adata 4 RAM + Toshiba 1TB HDD</li><li style=\"margin: 0px; padding: 0px 0px 10px; display: block; line-height: 20px;\">MaxGreen Casing + Keyboard Mouse Combo</li></ul>', '<table class=\"data-table flex-table\" cellpadding=\"0\" cellspacing=\"0\" style=\"margin: -20px 0px 0px; padding: 0px; display: flex; flex-direction: column; width: 719px; font-family: &quot;Trebuchet MS&quot;, sans-serif; font-size: 14px;\"><tbody style=\"margin: 0px; padding: 0px;\"><tr style=\"margin: 0px; padding: 0px; display: flex;\"><td class=\"name\" style=\"margin: 0px; padding: 10px 20px; flex: 0 0 250px; display: flex; line-height: 22px; border-bottom: 1px solid rgb(236, 237, 239); color: rgb(102, 102, 102);\">Processor</td><td class=\"value\" style=\"margin: 0px; padding: 10px 20px; flex: 1 1 auto; display: flex; line-height: 22px; border-bottom: 1px solid rgb(236, 237, 239);\">Intel Pentium Gold G6400 10th gen Coffee Lake Processor<br style=\"margin: 0px; padding: 0px;\"></td></tr><tr style=\"margin: 0px; padding: 0px; display: flex;\"><td class=\"name\" style=\"margin: 0px; padding: 10px 20px; flex: 0 0 250px; display: flex; line-height: 22px; border-bottom: 1px solid rgb(236, 237, 239); color: rgb(102, 102, 102);\">Motherboard</td><td class=\"value\" style=\"margin: 0px; padding: 10px 20px; flex: 1 1 auto; display: flex; line-height: 22px; border-bottom: 1px solid rgb(236, 237, 239);\">ASRock H470M-HDV 10th Gen Intel M-ATX Motherboard<br style=\"margin: 0px; padding: 0px;\"></td></tr><tr style=\"margin: 0px; padding: 0px; display: flex;\"><td class=\"name\" style=\"margin: 0px; padding: 10px 20px; flex: 0 0 250px; display: flex; line-height: 22px; border-bottom: 1px solid rgb(236, 237, 239); color: rgb(102, 102, 102);\">RAM</td><td class=\"value\" style=\"margin: 0px; padding: 10px 20px; flex: 1 1 auto; display: flex; line-height: 22px; border-bottom: 1px solid rgb(236, 237, 239);\">Adata 4 GB DDR4 2666 BUS Desktop RAM<br style=\"margin: 0px; padding: 0px;\"></td></tr><tr style=\"margin: 0px; padding: 0px; display: flex;\"><td class=\"name\" style=\"margin: 0px; padding: 10px 20px; flex: 0 0 250px; display: flex; line-height: 22px; border-bottom: 1px solid rgb(236, 237, 239); color: rgb(102, 102, 102);\">Storage</td><td class=\"value\" style=\"margin: 0px; padding: 10px 20px; flex: 1 1 auto; display: flex; line-height: 22px; border-bottom: 1px solid rgb(236, 237, 239);\">Toshiba P300 1TB Desktop PC Internal Hard Drive<br style=\"margin: 0px; padding: 0px;\"></td></tr><tr style=\"margin: 0px; padding: 0px; display: flex;\"><td class=\"name\" style=\"margin: 0px; padding: 10px 20px; flex: 0 0 250px; display: flex; line-height: 22px; border-bottom: 1px solid rgb(236, 237, 239); color: rgb(102, 102, 102);\">Casing</td><td class=\"value\" style=\"margin: 0px; padding: 10px 20px; flex: 1 1 auto; display: flex; line-height: 22px; border-bottom: 1px solid rgb(236, 237, 239);\">MaxGreen 5909BB Casing</td></tr></tbody><thead style=\"margin: 0px; padding: 0px;\"><tr style=\"margin: 0px; padding: 0px; display: flex;\"><td class=\"heading-row\" colspan=\"3\" style=\"margin: 30px 0px 0px; padding: 6px 20px; flex: 1 1 auto; display: flex; background: rgba(55, 73, 187, 0.05); color: rgb(55, 73, 187); font-size: 16px; line-height: 30px; font-weight: bold; border-radius: 5px;\">Input Devices</td></tr></thead><tbody style=\"margin: 0px; padding: 0px;\"><tr style=\"margin: 0px; padding: 0px; display: flex;\"><td class=\"name\" style=\"margin: 0px; padding: 10px 20px; flex: 0 0 250px; display: flex; line-height: 22px; border-bottom: 1px solid rgb(236, 237, 239); color: rgb(102, 102, 102);\">Keyboard</td><td class=\"value\" style=\"margin: 0px; padding: 10px 20px; flex: 1 1 auto; display: flex; line-height: 22px; border-bottom: 1px solid rgb(236, 237, 239);\">Gigabyte KM6300 USB Multimedia Keyboard Mouse Combo Black</td></tr></tbody></table>', 1, 100, NULL, NULL, NULL, 1, 1, 1, 1, 1, 1, 'intel-pentium-gold-g6400-10th-gen-pc', 0, 1, '2021-09-28 17:41:41', '2021-11-25 19:02:13'),
(18, '10th Gen Core i3 10100', 1, 1, 13, 'uploads/images/25-11-2021/619f8c3f214d8.png', 'C39', 'i3 10th gen', 0, 0.00, '0', 3.00, '0', 2.00, NULL, 'youtube', NULL, '<h2 style=\"margin: 16px 0px; padding: 0px; font-weight: normal; font-size: 18px; line-height: 26px; color: rgb(0, 0, 0); font-family: &quot;Trebuchet MS&quot;, sans-serif;\">Key Features</h2><ul style=\"font-family: &quot;Trebuchet MS&quot;, sans-serif; font-size: 15px;\"><li style=\"margin: 0px; padding: 0px 0px 10px; display: block; line-height: 20px;\">Model: Intel Pentium Gold G6400 10th Gen</li><li style=\"margin: 0px; padding: 0px 0px 10px; display: block; line-height: 20px;\">Intel Pentium Gold G6400 10th gen Coffee Lake Processor</li><li style=\"margin: 0px; padding: 0px 0px 10px; display: block; line-height: 20px;\">ASRock H470M-HDV M-ATX Motherboard</li><li style=\"margin: 0px; padding: 0px 0px 10px; display: block; line-height: 20px;\">Adata 4 RAM + Toshiba 1TB HDD</li><li style=\"margin: 0px; padding: 0px 0px 10px; display: block; line-height: 20px;\">MaxGreen Casing + Keyboard Mouse Combo</li></ul>', '<table class=\"data-table flex-table\" cellpadding=\"0\" cellspacing=\"0\" style=\"margin: -20px 0px 0px; padding: 0px; display: flex; flex-direction: column; width: 920px; font-family: &quot;Trebuchet MS&quot;, sans-serif; font-size: 15px;\"><tbody style=\"margin: 0px; padding: 0px;\"><tr style=\"margin: 0px; padding: 0px; display: flex;\"><td class=\"name\" style=\"margin: 0px; padding: 10px 20px; flex: 0 0 250px; display: flex; line-height: 22px; border-bottom: 1px solid rgb(236, 237, 239); color: rgb(102, 102, 102);\">Processor</td><td class=\"value\" style=\"margin: 0px; padding: 10px 20px; flex: 1 1 auto; display: flex; line-height: 22px; border-bottom: 1px solid rgb(236, 237, 239);\">Intel Pentium Gold G6400 10th gen Coffee Lake Processor<br style=\"margin: 0px; padding: 0px;\"></td></tr><tr style=\"margin: 0px; padding: 0px; display: flex;\"><td class=\"name\" style=\"margin: 0px; padding: 10px 20px; flex: 0 0 250px; display: flex; line-height: 22px; border-bottom: 1px solid rgb(236, 237, 239); color: rgb(102, 102, 102);\">Motherboard</td><td class=\"value\" style=\"margin: 0px; padding: 10px 20px; flex: 1 1 auto; display: flex; line-height: 22px; border-bottom: 1px solid rgb(236, 237, 239);\">ASRock H470M-HDV 10th Gen Intel M-ATX Motherboard<br style=\"margin: 0px; padding: 0px;\"></td></tr><tr style=\"margin: 0px; padding: 0px; display: flex; background: rgb(250, 251, 252);\"><td class=\"name\" style=\"margin: 0px; padding: 10px 20px; flex: 0 0 250px; display: flex; line-height: 22px; border-bottom: 1px solid rgb(236, 237, 239); color: rgb(102, 102, 102);\">RAM</td><td class=\"value\" style=\"margin: 0px; padding: 10px 20px; flex: 1 1 auto; display: flex; line-height: 22px; border-bottom: 1px solid rgb(236, 237, 239);\">Adata 4 GB DDR4 2666 BUS Desktop RAM<br style=\"margin: 0px; padding: 0px;\"></td></tr><tr style=\"margin: 0px; padding: 0px; display: flex;\"><td class=\"name\" style=\"margin: 0px; padding: 10px 20px; flex: 0 0 250px; display: flex; line-height: 22px; border-bottom: 1px solid rgb(236, 237, 239); color: rgb(102, 102, 102);\">Storage</td><td class=\"value\" style=\"margin: 0px; padding: 10px 20px; flex: 1 1 auto; display: flex; line-height: 22px; border-bottom: 1px solid rgb(236, 237, 239);\">Toshiba P300 1TB Desktop PC Internal Hard Drive<br style=\"margin: 0px; padding: 0px;\"></td></tr><tr style=\"margin: 0px; padding: 0px; display: flex;\"><td class=\"name\" style=\"margin: 0px; padding: 10px 20px; flex: 0 0 250px; display: flex; line-height: 22px; border-bottom: 1px solid rgb(236, 237, 239); color: rgb(102, 102, 102);\">Casing</td><td class=\"value\" style=\"margin: 0px; padding: 10px 20px; flex: 1 1 auto; display: flex; line-height: 22px; border-bottom: 1px solid rgb(236, 237, 239);\">MaxGreen 5909BB Casing</td></tr></tbody></table>', 1, 5, NULL, NULL, NULL, 1, 1, 1, 1, 1, 1, 'intel-pentium-gold-g6400-10th-gen-pc', 0, 1, '2021-09-28 17:48:23', '2021-11-25 19:14:39'),
(19, 'AMD Ryzen 5 3600X Gaming PC', 1, 1, 12, 'uploads/images/25-11-2021/619f8c0d33b0f.png', 'C39', 'Ryzen 5 3600X', 0, 0.00, '0', 5.00, '0', 3.00, NULL, 'youtube', NULL, NULL, '<h2 style=\"margin-right: 0px; margin-bottom: 5px; margin-left: 0px; padding: 0px; line-height: 26px; color: rgb(0, 0, 0); font-family: &quot;Trebuchet MS&quot;, sans-serif; background-color: rgb(255, 255, 255);\">AMD Ryzen 5 3600X Gaming PC</h2><p style=\"margin-right: 0px; margin-bottom: 10px; margin-left: 0px; padding: 0px; font-size: 15px; color: rgb(1, 19, 45); line-height: 26px; font-family: &quot;Trebuchet MS&quot;, sans-serif; background-color: rgb(255, 255, 255);\"></p><ul style=\"padding-top: 10px; padding-bottom: 10px; padding-left: 16px; font-family: &quot;Trebuchet MS&quot;, sans-serif; font-size: 15px; background-color: rgb(255, 255, 255);\"><li style=\"margin: 0px 0px 5px; padding: 0px;\">AMD Ryzen 5 3600X Processor</li><li style=\"margin: 0px 0px 5px; padding: 0px;\">Asrock B450M Pro4-F AMD Motherboard</li><li style=\"margin: 0px 0px 5px; padding: 0px;\">Team Elite Plus 8GB 3200MHz DDR4 U-DIMM Desktop RAM</li><li style=\"margin: 0px 0px 5px; padding: 0px;\">TEAM CX2 2.5\" SATA 256GB SSD</li><li style=\"margin: 0px 0px 5px; padding: 0px;\">EVGA GeForce GTX 1660 SUPER SC ULTRA GAMING 6GB GDDR6 Graphics Card</li><li style=\"margin: 0px 0px 5px; padding: 0px;\">Antec VP650 Plus 650W Non Modular Power Supply</li><li style=\"margin: 0px 0px 5px; padding: 0px;\">MaxGreen A363BK ATX Casing<br style=\"margin: 0px; padding: 0px;\"></li><li style=\"margin: 0px 0px 5px; padding: 0px;\">03 years Limited Warranty</li></ul>', 1, 5, NULL, NULL, NULL, 1, 1, 1, 2, 1, 1, 'amd-ryzen-5-3600x-gaming-pc', 0, 1, '2021-09-28 18:03:17', '2021-11-25 19:13:49');
INSERT INTO `products` (`id`, `product_name`, `product_type`, `unit_type_id`, `brand_id`, `thumbnail_image_source`, `barcode_type`, `model_number`, `shipping_type`, `shipping_cost`, `discount_type`, `discount`, `tax_type`, `tax`, `pdf`, `video_provider`, `video_link`, `description`, `specification`, `minimum_order_qty`, `max_order_qty`, `meta_title`, `meta_description`, `meta_image`, `is_physical`, `is_approved`, `status`, `display_in_details`, `requested_by`, `created_by`, `slug`, `stock_manage`, `updated_by`, `created_at`, `updated_at`) VALUES
(20, 'LG 22MK600M 21.5 inch IPS Full HD LED Monitor', 1, 2, 14, 'uploads/images/25-11-2021/619f8cf342f1d.png', 'C39', 'LG-2828', 0, 0.00, '1', 5.00, '1', 3.00, NULL, 'youtube', NULL, '<table class=\"data-table flex-table\" cellpadding=\"0\" cellspacing=\"0\" style=\"margin: -20px 0px 0px; padding: 0px; display: flex; flex-direction: column; width: 920px; font-family: &quot;Trebuchet MS&quot;, sans-serif; font-size: 15px;\"><tbody style=\"margin: 0px; padding: 0px;\"><tr style=\"margin: 0px; padding: 0px; display: flex;\"><td class=\"name\" style=\"margin: 0px; padding: 10px 20px; flex: 0 0 250px; display: flex; line-height: 22px; border-bottom: 1px solid rgb(236, 237, 239); color: rgb(102, 102, 102);\">Screen Size</td><td class=\"value\" style=\"margin: 0px; padding: 10px 20px; flex: 1 1 auto; display: flex; line-height: 22px; border-bottom: 1px solid rgb(236, 237, 239);\">21.5\"</td></tr><tr style=\"margin: 0px; padding: 0px; display: flex;\"><td class=\"name\" style=\"margin: 0px; padding: 10px 20px; flex: 0 0 250px; display: flex; line-height: 22px; border-bottom: 1px solid rgb(236, 237, 239); color: rgb(102, 102, 102);\">Display Type</td><td class=\"value\" style=\"margin: 0px; padding: 10px 20px; flex: 1 1 auto; display: flex; line-height: 22px; border-bottom: 1px solid rgb(236, 237, 239);\">IPS</td></tr><tr style=\"margin: 0px; padding: 0px; display: flex;\"><td class=\"name\" style=\"margin: 0px; padding: 10px 20px; flex: 0 0 250px; display: flex; line-height: 22px; border-bottom: 1px solid rgb(236, 237, 239); color: rgb(102, 102, 102);\">Resolution</td><td class=\"value\" style=\"margin: 0px; padding: 10px 20px; flex: 1 1 auto; display: flex; line-height: 22px; border-bottom: 1px solid rgb(236, 237, 239);\">1920 X 1080<br style=\"margin: 0px; padding: 0px;\"><br style=\"margin: 0px; padding: 0px;\"></td></tr><tr style=\"margin: 0px; padding: 0px; display: flex;\"><td class=\"name\" style=\"margin: 0px; padding: 10px 20px; flex: 0 0 250px; display: flex; line-height: 22px; border-bottom: 1px solid rgb(236, 237, 239); color: rgb(102, 102, 102);\">Brightness</td><td class=\"value\" style=\"margin: 0px; padding: 10px 20px; flex: 1 1 auto; display: flex; line-height: 22px; border-bottom: 1px solid rgb(236, 237, 239);\">250cd/m2(Typ.) 200cd/m2(Min.)<br style=\"margin: 0px; padding: 0px;\"><br style=\"margin: 0px; padding: 0px;\"></td></tr><tr style=\"margin: 0px; padding: 0px; display: flex;\"><td class=\"name\" style=\"margin: 0px; padding: 10px 20px; flex: 0 0 250px; display: flex; line-height: 22px; border-bottom: 1px solid rgb(236, 237, 239); color: rgb(102, 102, 102);\">Response Time</td><td class=\"value\" style=\"margin: 0px; padding: 10px 20px; flex: 1 1 auto; display: flex; line-height: 22px; border-bottom: 1px solid rgb(236, 237, 239);\">5ms(Faster)<br style=\"margin: 0px; padding: 0px;\"><br style=\"margin: 0px; padding: 0px;\"></td></tr><tr style=\"margin: 0px; padding: 0px; display: flex;\"><td class=\"name\" style=\"margin: 0px; padding: 10px 20px; flex: 0 0 250px; display: flex; line-height: 22px; border-bottom: 1px solid rgb(236, 237, 239); color: rgb(102, 102, 102);\">Viewing Angle</td><td class=\"value\" style=\"margin: 0px; padding: 10px 20px; flex: 1 1 auto; display: flex; line-height: 22px; border-bottom: 1px solid rgb(236, 237, 239);\">178/178<br style=\"margin: 0px; padding: 0px;\"><br style=\"margin: 0px; padding: 0px;\"></td></tr><tr style=\"margin: 0px; padding: 0px; display: flex;\"><td class=\"name\" style=\"margin: 0px; padding: 10px 20px; flex: 0 0 250px; display: flex; line-height: 22px; border-bottom: 1px solid rgb(236, 237, 239); color: rgb(102, 102, 102);\">Contrast Ratio</td><td class=\"value\" style=\"margin: 0px; padding: 10px 20px; flex: 1 1 auto; display: flex; line-height: 22px; border-bottom: 1px solid rgb(236, 237, 239);\">1000:1(Typ.)<br style=\"margin: 0px; padding: 0px;\"><br style=\"margin: 0px; padding: 0px;\"></td></tr><tr style=\"margin: 0px; padding: 0px; display: flex;\"><td class=\"name\" style=\"margin: 0px; padding: 10px 20px; flex: 0 0 250px; display: flex; line-height: 22px; border-bottom: 1px solid rgb(236, 237, 239); color: rgb(102, 102, 102);\">Aspect Ratio</td><td class=\"value\" style=\"margin: 0px; padding: 10px 20px; flex: 1 1 auto; display: flex; line-height: 22px; border-bottom: 1px solid rgb(236, 237, 239);\">16:9<br style=\"margin: 0px; padding: 0px;\"><br style=\"margin: 0px; padding: 0px;\"></td></tr><tr style=\"margin: 0px; padding: 0px; display: flex;\"><td class=\"name\" style=\"margin: 0px; padding: 10px 20px; flex: 0 0 250px; display: flex; line-height: 22px; border-bottom: 1px solid rgb(236, 237, 239); color: rgb(102, 102, 102);\">Color Support</td><td class=\"value\" style=\"margin: 0px; padding: 10px 20px; flex: 1 1 auto; display: flex; line-height: 22px; border-bottom: 1px solid rgb(236, 237, 239);\">16.7M colors<br style=\"margin: 0px; padding: 0px;\"><br style=\"margin: 0px; padding: 0px;\"></td></tr><tr style=\"margin: 0px; padding: 0px; display: flex; background: rgb(250, 251, 252);\"><td class=\"name\" style=\"margin: 0px; padding: 10px 20px; flex: 0 0 250px; display: flex; line-height: 22px; border-bottom: 1px solid rgb(236, 237, 239); color: rgb(102, 102, 102);\">Refresh Rate</td><td class=\"value\" style=\"margin: 0px; padding: 10px 20px; flex: 1 1 auto; display: flex; line-height: 22px; border-bottom: 1px solid rgb(236, 237, 239);\">75Hz</td></tr></tbody></table>', '<table class=\"data-table flex-table\" cellpadding=\"0\" cellspacing=\"0\" style=\"margin: -20px 0px 0px; padding: 0px; display: flex; flex-direction: column; width: 920px; font-family: &quot;Trebuchet MS&quot;, sans-serif; font-size: 15px;\"><tbody style=\"margin: 0px; padding: 0px;\"><tr style=\"margin: 0px; padding: 0px; display: flex;\"><td class=\"name\" style=\"margin: 0px; padding: 10px 20px; flex: 0 0 250px; display: flex; line-height: 22px; border-bottom: 1px solid rgb(236, 237, 239); color: rgb(102, 102, 102);\">Screen Size</td><td class=\"value\" style=\"margin: 0px; padding: 10px 20px; flex: 1 1 auto; display: flex; line-height: 22px; border-bottom: 1px solid rgb(236, 237, 239);\">21.5\"</td></tr><tr style=\"margin: 0px; padding: 0px; display: flex;\"><td class=\"name\" style=\"margin: 0px; padding: 10px 20px; flex: 0 0 250px; display: flex; line-height: 22px; border-bottom: 1px solid rgb(236, 237, 239); color: rgb(102, 102, 102);\">Display Type</td><td class=\"value\" style=\"margin: 0px; padding: 10px 20px; flex: 1 1 auto; display: flex; line-height: 22px; border-bottom: 1px solid rgb(236, 237, 239);\">IPS</td></tr><tr style=\"margin: 0px; padding: 0px; display: flex;\"><td class=\"name\" style=\"margin: 0px; padding: 10px 20px; flex: 0 0 250px; display: flex; line-height: 22px; border-bottom: 1px solid rgb(236, 237, 239); color: rgb(102, 102, 102);\">Resolution</td><td class=\"value\" style=\"margin: 0px; padding: 10px 20px; flex: 1 1 auto; display: flex; line-height: 22px; border-bottom: 1px solid rgb(236, 237, 239);\">1920 X 1080<br style=\"margin: 0px; padding: 0px;\"><br style=\"margin: 0px; padding: 0px;\"></td></tr><tr style=\"margin: 0px; padding: 0px; display: flex;\"><td class=\"name\" style=\"margin: 0px; padding: 10px 20px; flex: 0 0 250px; display: flex; line-height: 22px; border-bottom: 1px solid rgb(236, 237, 239); color: rgb(102, 102, 102);\">Brightness</td><td class=\"value\" style=\"margin: 0px; padding: 10px 20px; flex: 1 1 auto; display: flex; line-height: 22px; border-bottom: 1px solid rgb(236, 237, 239);\">250cd/m2(Typ.) 200cd/m2(Min.)<br style=\"margin: 0px; padding: 0px;\"><br style=\"margin: 0px; padding: 0px;\"></td></tr><tr style=\"margin: 0px; padding: 0px; display: flex;\"><td class=\"name\" style=\"margin: 0px; padding: 10px 20px; flex: 0 0 250px; display: flex; line-height: 22px; border-bottom: 1px solid rgb(236, 237, 239); color: rgb(102, 102, 102);\">Response Time</td><td class=\"value\" style=\"margin: 0px; padding: 10px 20px; flex: 1 1 auto; display: flex; line-height: 22px; border-bottom: 1px solid rgb(236, 237, 239);\">5ms(Faster)<br style=\"margin: 0px; padding: 0px;\"><br style=\"margin: 0px; padding: 0px;\"></td></tr><tr style=\"margin: 0px; padding: 0px; display: flex;\"><td class=\"name\" style=\"margin: 0px; padding: 10px 20px; flex: 0 0 250px; display: flex; line-height: 22px; border-bottom: 1px solid rgb(236, 237, 239); color: rgb(102, 102, 102);\">Viewing Angle</td><td class=\"value\" style=\"margin: 0px; padding: 10px 20px; flex: 1 1 auto; display: flex; line-height: 22px; border-bottom: 1px solid rgb(236, 237, 239);\">178/178<br style=\"margin: 0px; padding: 0px;\"><br style=\"margin: 0px; padding: 0px;\"></td></tr><tr style=\"margin: 0px; padding: 0px; display: flex;\"><td class=\"name\" style=\"margin: 0px; padding: 10px 20px; flex: 0 0 250px; display: flex; line-height: 22px; border-bottom: 1px solid rgb(236, 237, 239); color: rgb(102, 102, 102);\">Contrast Ratio</td><td class=\"value\" style=\"margin: 0px; padding: 10px 20px; flex: 1 1 auto; display: flex; line-height: 22px; border-bottom: 1px solid rgb(236, 237, 239);\">1000:1(Typ.)<br style=\"margin: 0px; padding: 0px;\"><br style=\"margin: 0px; padding: 0px;\"></td></tr><tr style=\"margin: 0px; padding: 0px; display: flex;\"><td class=\"name\" style=\"margin: 0px; padding: 10px 20px; flex: 0 0 250px; display: flex; line-height: 22px; border-bottom: 1px solid rgb(236, 237, 239); color: rgb(102, 102, 102);\">Aspect Ratio</td><td class=\"value\" style=\"margin: 0px; padding: 10px 20px; flex: 1 1 auto; display: flex; line-height: 22px; border-bottom: 1px solid rgb(236, 237, 239);\">16:9<br style=\"margin: 0px; padding: 0px;\"><br style=\"margin: 0px; padding: 0px;\"></td></tr><tr style=\"margin: 0px; padding: 0px; display: flex;\"><td class=\"name\" style=\"margin: 0px; padding: 10px 20px; flex: 0 0 250px; display: flex; line-height: 22px; border-bottom: 1px solid rgb(236, 237, 239); color: rgb(102, 102, 102);\">Color Support</td><td class=\"value\" style=\"margin: 0px; padding: 10px 20px; flex: 1 1 auto; display: flex; line-height: 22px; border-bottom: 1px solid rgb(236, 237, 239);\">16.7M colors<br style=\"margin: 0px; padding: 0px;\"><br style=\"margin: 0px; padding: 0px;\"></td></tr><tr style=\"margin: 0px; padding: 0px; display: flex; background: rgb(250, 251, 252);\"><td class=\"name\" style=\"margin: 0px; padding: 10px 20px; flex: 0 0 250px; display: flex; line-height: 22px; border-bottom: 1px solid rgb(236, 237, 239); color: rgb(102, 102, 102);\">Refresh Rate</td><td class=\"value\" style=\"margin: 0px; padding: 10px 20px; flex: 1 1 auto; display: flex; line-height: 22px; border-bottom: 1px solid rgb(236, 237, 239);\">75Hz</td></tr></tbody></table>', 1, 10, NULL, NULL, NULL, 1, 1, 1, 1, 1, 1, 'lg-22mk600m-21.5-inch-ips-full-hd-led-monitor', 0, 1, '2021-09-28 18:09:11', '2021-11-25 19:17:39'),
(21, 'LG 24GN600-B 23.8\" UltraGear Full HD IPS 144Hz Gaming Monitor', 1, 1, 14, 'uploads/images/25-11-2021/619f8df209121.png', 'C39', NULL, 0, 0.00, '0', 3.00, '0', 2.00, NULL, 'youtube', NULL, '<ul style=\"font-family: &quot;Trebuchet MS&quot;, sans-serif; font-size: 15px;\"><li style=\"margin: 0px; padding: 0px 0px 10px; display: block; line-height: 20px;\">Model: 24GN600-B</li><li style=\"margin: 0px; padding: 0px 0px 10px; display: block; line-height: 20px;\">23.8 inch FHD (1920 X 1080) 144Hz IPS Display</li><li style=\"margin: 0px; padding: 0px 0px 10px; display: block; line-height: 20px;\">IPS 1ms (GtG) Response Time</li><li style=\"margin: 0px; padding: 0px 0px 10px; display: block; line-height: 20px;\">Fluid Gaming Motion</li><li style=\"margin: 0px; padding: 0px 0px 10px; display: block; line-height: 20px;\">AMD FreeSync Premium</li></ul>', '<ul style=\"font-family: &quot;Trebuchet MS&quot;, sans-serif; font-size: 15px;\"><li style=\"margin: 0px; padding: 0px 0px 10px; display: block; line-height: 20px;\">Model: 24GN600-B</li><li style=\"margin: 0px; padding: 0px 0px 10px; display: block; line-height: 20px;\">23.8 inch FHD (1920 X 1080) 144Hz IPS Display</li><li style=\"margin: 0px; padding: 0px 0px 10px; display: block; line-height: 20px;\">IPS 1ms (GtG) Response Time</li><li style=\"margin: 0px; padding: 0px 0px 10px; display: block; line-height: 20px;\">Fluid Gaming Motion</li><li style=\"margin: 0px; padding: 0px 0px 10px; display: block; line-height: 20px;\">AMD FreeSync Premium</li></ul>', 3, 6, NULL, NULL, NULL, 1, 1, 1, 1, 1, 1, 'lg-24gn600-b-23.8\"-ultragear-full-hd-ips-144hz-gaming-monitor', 0, 1, '2021-09-28 18:13:26', '2021-11-25 19:21:54'),
(22, 'HP 15s-gr515AU AMD Athlon 3050U 15.6\" HD Laptop', 1, 2, 14, 'uploads/images/25-11-2021/619f8eb926772.png', 'C39', NULL, 0, 0.00, '1', 3.50, '0', 3.00, NULL, 'youtube', NULL, '<ul style=\"font-family: &quot;Trebuchet MS&quot;, sans-serif; font-size: 15px;\"><li style=\"margin: 0px; padding: 0px 0px 10px; display: block; line-height: 20px;\">MPN: 4D4U5PA</li><li style=\"margin: 0px; padding: 0px 0px 10px; display: block; line-height: 20px;\">Model: 15s-gr515AU</li><li style=\"margin: 0px; padding: 0px 0px 10px; display: block; line-height: 20px;\">AMD Athlon Silver 3050U (2.3 GHz up to 3.2GHz) Processor</li><li style=\"margin: 0px; padding: 0px 0px 10px; display: block; line-height: 20px;\">4GB DDR4 2400Mhz RAM</li><li style=\"margin: 0px; padding: 0px 0px 10px; display: block; line-height: 20px;\">1TB 5400rpm SATA HDD</li><li style=\"margin: 0px; padding: 0px 0px 10px; display: block; line-height: 20px;\">15.6\" HD (1366 x 720) Display</li></ul>', '<ul style=\"font-family: &quot;Trebuchet MS&quot;, sans-serif; font-size: 15px;\"><li style=\"margin: 0px; padding: 0px 0px 10px; display: block; line-height: 20px;\">MPN: 4D4U5PA</li><li style=\"margin: 0px; padding: 0px 0px 10px; display: block; line-height: 20px;\">Model: 15s-gr515AU</li><li style=\"margin: 0px; padding: 0px 0px 10px; display: block; line-height: 20px;\">AMD Athlon Silver 3050U (2.3 GHz up to 3.2GHz) Processor</li><li style=\"margin: 0px; padding: 0px 0px 10px; display: block; line-height: 20px;\">4GB DDR4 2400Mhz RAM</li><li style=\"margin: 0px; padding: 0px 0px 10px; display: block; line-height: 20px;\">1TB 5400rpm SATA HDD</li><li style=\"margin: 0px; padding: 0px 0px 10px; display: block; line-height: 20px;\">15.6\" HD (1366 x 720) Display</li></ul>', 1, 10, NULL, NULL, NULL, 1, 1, 1, 1, 1, 1, 'hp-15s-gr515au-amd-athlon-3050u-15.6\"-hd-laptop', 0, 1, '2021-09-28 18:28:30', '2021-11-25 19:25:13'),
(23, 'Lenovo IdeaPad Slim 3i Core i3 10th Gen 14\" Full HD Abyss Blue Color Laptop', 1, 1, 15, 'uploads/images/25-11-2021/619f8fb490849.png', 'C39', NULL, 0, 0.00, '0', 3.00, '1', 3.00, NULL, 'youtube', NULL, '<ul style=\"font-family: &quot;Trebuchet MS&quot;, sans-serif; font-size: 15px;\"><li style=\"margin: 0px; padding: 0px 0px 10px; display: block; line-height: 20px;\">MPN: 81WD004RIN</li><li style=\"margin: 0px; padding: 0px 0px 10px; display: block; line-height: 20px;\">Model: IdeaPad Slim 3i</li><li style=\"margin: 0px; padding: 0px 0px 10px; display: block; line-height: 20px;\">Intel Core i3-1005G1 Processor (4M Cache,1.20 GHz up to 3.40 GHz)</li><li style=\"margin: 0px; padding: 0px 0px 10px; display: block; line-height: 20px;\">4GB DDR4 RAM + 1TB HDD</li><li style=\"margin: 0px; padding: 0px 0px 10px; display: block; line-height: 20px;\">14 \"FHD (1920x1080) IPS Display</li><li style=\"margin: 0px; padding: 0px 0px 10px; display: block; line-height: 20px;\">Windows 10 Home</li></ul>', '<ul style=\"font-family: &quot;Trebuchet MS&quot;, sans-serif; font-size: 15px;\"><li style=\"margin: 0px; padding: 0px 0px 10px; display: block; line-height: 20px;\">MPN: 81WD004RIN</li><li style=\"margin: 0px; padding: 0px 0px 10px; display: block; line-height: 20px;\">Model: IdeaPad Slim 3i</li><li style=\"margin: 0px; padding: 0px 0px 10px; display: block; line-height: 20px;\">Intel Core i3-1005G1 Processor (4M Cache,1.20 GHz up to 3.40 GHz)</li><li style=\"margin: 0px; padding: 0px 0px 10px; display: block; line-height: 20px;\">4GB DDR4 RAM + 1TB HDD</li><li style=\"margin: 0px; padding: 0px 0px 10px; display: block; line-height: 20px;\">14 \"FHD (1920x1080) IPS Display</li><li style=\"margin: 0px; padding: 0px 0px 10px; display: block; line-height: 20px;\">Windows 10 Home</li></ul>', 1, 25, NULL, NULL, NULL, 1, 1, 1, 1, 1, 1, 'lenovo-ideapad-slim-3i-core-i3-10th-gen-14\"-full-hd-abyss-blue-color-laptop', 0, 1, '2021-09-28 18:40:02', '2021-11-25 19:29:24'),
(24, 'Addlink S20 120GB 2.5\" SATA III 6Gb/s 3D Nand SSD', 1, 1, 16, 'uploads/images/25-11-2021/619f91508163b.png', 'C39', 'S20', 0, 0.00, '0', 3.00, '0', 1.00, NULL, 'youtube', NULL, '<ul style=\"font-family: &quot;Trebuchet MS&quot;, sans-serif; font-size: 15px;\"><li style=\"margin: 0px; padding: 0px 0px 10px; display: block; line-height: 20px;\"><h2 style=\"margin-right: 0px; margin-bottom: 5px; margin-left: 0px; padding: 0px; line-height: 26px; color: rgb(0, 0, 0); font-family: &quot;Trebuchet MS&quot;, sans-serif; background-color: rgb(255, 255, 255); text-align: justify;\">Addlink S20 120GB 2.5\" SATA III 6Gb/s 3D Nand SSD</h2><p style=\"margin-right: 0px; margin-bottom: 10px; margin-left: 0px; padding: 0px; font-size: 15px; color: rgb(1, 19, 45); line-height: 26px; font-family: &quot;Trebuchet MS&quot;, sans-serif; background-color: rgb(255, 255, 255); text-align: justify;\">Addlink S20 SSD comes with 120GB 2.5\" SATA III 6Gb/s capacity and built in with 3D NAND flash technology. The Addlink S20 achieves exceptional transfer speeds of up to 510MB/s read and 400MB/s write. Easy upgrade for speeding up computer performance. This Addlink SSD has built-in SmartECC and SmartRefresh for state of the art data retention and ensures continued reliable data transfer.</p><h3 style=\"margin-right: 0px; margin-bottom: 5px; margin-left: 0px; padding: 0px; font-weight: bold; font-size: 18px; line-height: 24px; color: rgb(0, 0, 0); font-family: &quot;Trebuchet MS&quot;, sans-serif; background-color: rgb(255, 255, 255); text-align: justify;\">Exceptional Performance</h3><p style=\"margin-right: 0px; margin-bottom: 10px; margin-left: 0px; padding: 0px; font-size: 15px; color: rgb(1, 19, 45); line-height: 26px; font-family: &quot;Trebuchet MS&quot;, sans-serif; background-color: rgb(255, 255, 255); text-align: justify;\">This Addlink S20 SSD gives you Exceptional Performance with the taking full advantage of the SATA III 6Gb/s interface and built in with 3D NAND flash, and also the S20 SSD achieves exceptional transfer speeds of up to 510MB/s read and 400MB/s write.</p><h3 style=\"margin-right: 0px; margin-bottom: 5px; margin-left: 0px; padding: 0px; font-weight: bold; font-size: 18px; line-height: 24px; color: rgb(0, 0, 0); font-family: &quot;Trebuchet MS&quot;, sans-serif; background-color: rgb(255, 255, 255); text-align: justify;\">S20 SATA III 6Gb/s:</h3><p style=\"margin-right: 0px; margin-bottom: 10px; margin-left: 0px; padding: 0px; font-size: 15px; color: rgb(1, 19, 45); line-height: 26px; font-family: &quot;Trebuchet MS&quot;, sans-serif; background-color: rgb(255, 255, 255); text-align: justify;\">Addlink S20 SSD comes with the latest 3D NAND technology that features vertical expansion of storage cells. By using only high-quality flash chips and enhanced firmware algorithms, the S20 SSD is guaranteed to provide greater performance and reliability.</p><h3 style=\"margin-right: 0px; margin-bottom: 5px; margin-left: 0px; padding: 0px; font-weight: bold; font-size: 18px; line-height: 24px; color: rgb(0, 0, 0); font-family: &quot;Trebuchet MS&quot;, sans-serif; background-color: rgb(255, 255, 255); text-align: justify;\">The latest 3D NAND Technology</h3><p style=\"margin-right: 0px; margin-bottom: 10px; margin-left: 0px; padding: 0px; font-size: 15px; color: rgb(1, 19, 45); line-height: 26px; font-family: &quot;Trebuchet MS&quot;, sans-serif; background-color: rgb(255, 255, 255); text-align: justify;\">This Addlink SSD featured with 3D NAND technology. The 3D NAND flash is a type of flash memory, where the memory cells are stacked vertically in multiple layers. This 3D NAND is developed to break through density limitations of the 2D planar NAND, that deliver a greater level of performance and endurance.</p><p style=\"margin-right: 0px; margin-bottom: 10px; margin-left: 0px; padding: 0px; font-size: 15px; color: rgb(1, 19, 45); line-height: 26px; font-family: &quot;Trebuchet MS&quot;, sans-serif; background-color: rgb(255, 255, 255); text-align: justify;\">The latest Addlink S20 120GB 2.5\" SATA III 6Gb/s 3D Nand SSDcomes with 03 years warranty.</p></li></ul>', '<table class=\"data-table flex-table\" cellpadding=\"0\" cellspacing=\"0\" style=\"margin: -20px 0px 0px; padding: 0px; display: flex; flex-direction: column; width: 920px; font-family: &quot;Trebuchet MS&quot;, sans-serif; font-size: 15px;\"><tbody style=\"margin: 0px; padding: 0px;\"><tr style=\"margin: 0px; padding: 0px; display: flex;\"><td class=\"name\" style=\"margin: 0px; padding: 10px 20px; flex: 0 0 250px; display: flex; line-height: 22px; border-bottom: 1px solid rgb(236, 237, 239); color: rgb(102, 102, 102);\">Capacity</td><td class=\"value\" style=\"margin: 0px; padding: 10px 20px; flex: 1 1 auto; display: flex; line-height: 22px; border-bottom: 1px solid rgb(236, 237, 239);\">120GB</td></tr><tr style=\"margin: 0px; padding: 0px; display: flex;\"><td class=\"name\" style=\"margin: 0px; padding: 10px 20px; flex: 0 0 250px; display: flex; line-height: 22px; border-bottom: 1px solid rgb(236, 237, 239); color: rgb(102, 102, 102);\">Form Factor</td><td class=\"value\" style=\"margin: 0px; padding: 10px 20px; flex: 1 1 auto; display: flex; line-height: 22px; border-bottom: 1px solid rgb(236, 237, 239);\">7mm height, 2.5\"</td></tr><tr style=\"margin: 0px; padding: 0px; display: flex;\"><td class=\"name\" style=\"margin: 0px; padding: 10px 20px; flex: 0 0 250px; display: flex; line-height: 22px; border-bottom: 1px solid rgb(236, 237, 239); color: rgb(102, 102, 102);\">Flash Type</td><td class=\"value\" style=\"margin: 0px; padding: 10px 20px; flex: 1 1 auto; display: flex; line-height: 22px; border-bottom: 1px solid rgb(236, 237, 239);\">3D NAND technology</td></tr><tr style=\"margin: 0px; padding: 0px; display: flex;\"><td class=\"name\" style=\"margin: 0px; padding: 10px 20px; flex: 0 0 250px; display: flex; line-height: 22px; border-bottom: 1px solid rgb(236, 237, 239); color: rgb(102, 102, 102);\">Interface</td><td class=\"value\" style=\"margin: 0px; padding: 10px 20px; flex: 1 1 auto; display: flex; line-height: 22px; border-bottom: 1px solid rgb(236, 237, 239);\">2.5” SATA III 6Gb/s, compatible with SATA I and SATA II</td></tr><tr style=\"margin: 0px; padding: 0px; display: flex;\"><td class=\"name\" style=\"margin: 0px; padding: 10px 20px; flex: 0 0 250px; display: flex; line-height: 22px; border-bottom: 1px solid rgb(236, 237, 239); color: rgb(102, 102, 102);\">Sequential R/W</td><td class=\"value\" style=\"margin: 0px; padding: 10px 20px; flex: 1 1 auto; display: flex; line-height: 22px; border-bottom: 1px solid rgb(236, 237, 239);\">Sequential Read Speed: 510 MB/s,<br style=\"margin: 0px; padding: 0px;\">Sequential Write Speed: 400 MB/s,</td></tr></tbody><thead style=\"margin: 0px; padding: 0px;\"><tr style=\"margin: 0px; padding: 0px; display: flex;\"><td class=\"heading-row\" colspan=\"3\" style=\"margin: 30px 0px 0px; padding: 6px 20px; flex: 1 1 auto; display: flex; background: rgba(55, 73, 187, 0.05); color: rgb(55, 73, 187); font-size: 16px; line-height: 30px; font-weight: bold; border-radius: 5px;\">Physical Specification</td></tr></thead><tbody style=\"margin: 0px; padding: 0px;\"><tr style=\"margin: 0px; padding: 0px; display: flex;\"><td class=\"name\" style=\"margin: 0px; padding: 10px 20px; flex: 0 0 250px; display: flex; line-height: 22px; border-bottom: 1px solid rgb(236, 237, 239); color: rgb(102, 102, 102);\">Dimension</td><td class=\"value\" style=\"margin: 0px; padding: 10px 20px; flex: 1 1 auto; display: flex; line-height: 22px; border-bottom: 1px solid rgb(236, 237, 239);\">13.43 cm x 14.95 cm x 3.52 cm</td></tr><tr style=\"margin: 0px; padding: 0px; display: flex;\"><td class=\"name\" style=\"margin: 0px; padding: 10px 20px; flex: 0 0 250px; display: flex; line-height: 22px; border-bottom: 1px solid rgb(236, 237, 239); color: rgb(102, 102, 102);\">Weight</td><td class=\"value\" style=\"margin: 0px; padding: 10px 20px; flex: 1 1 auto; display: flex; line-height: 22px; border-bottom: 1px solid rgb(236, 237, 239);\">0.25 Kg</td></tr></tbody><thead style=\"margin: 0px; padding: 0px;\"><tr style=\"margin: 0px; padding: 0px; display: flex;\"><td class=\"heading-row\" colspan=\"3\" style=\"margin: 30px 0px 0px; padding: 6px 20px; flex: 1 1 auto; display: flex; background: rgba(55, 73, 187, 0.05); color: rgb(55, 73, 187); font-size: 16px; line-height: 30px; font-weight: bold; border-radius: 5px;\">Warranty</td></tr></thead><tbody style=\"margin: 0px; padding: 0px;\"><tr style=\"margin: 0px; padding: 0px; display: flex; background: rgb(250, 251, 252);\"><td class=\"name\" style=\"margin: 0px; padding: 10px 20px; flex: 0 0 250px; display: flex; line-height: 22px; border-bottom: 1px solid rgb(236, 237, 239); color: rgb(102, 102, 102);\">Manufacturing Warranty</td><td class=\"value\" style=\"margin: 0px; padding: 10px 20px; flex: 1 1 auto; display: flex; line-height: 22px; border-bottom: 1px solid rgb(236, 237, 239);\">03 years warranty</td></tr></tbody></table>', 1, 15, NULL, NULL, NULL, 1, 1, 1, 1, 1, 1, 'addlink-s20-120gb-2.5\"-sata-iii-6gb/s-3d-nand-ssd', 0, 1, '2021-09-29 11:33:41', '2021-11-25 19:36:16'),
(25, 'Transcend SSD220S 2.5\" SSD SATA III 6Gb/s Internal 120GB SSD', 1, 1, 17, 'uploads/images/25-11-2021/619f9038e2f24.png', 'C39', 'Transcend 7726', 0, 0.00, '0', 5.00, '1', 3.00, NULL, 'youtube', NULL, '<h2 style=\"margin-right: 0px; margin-bottom: 5px; margin-left: 0px; padding: 0px; line-height: 26px;\">Transcend SSD220S 2.5\" SSD SATA III 6Gb/s Internal 120GB SSD<br style=\"margin: 0px; padding: 0px;\"></h2><p style=\"margin-right: 0px; margin-bottom: 10px; margin-left: 0px; padding: 0px; font-size: 15px; color: rgb(1, 19, 45); line-height: 26px;\">Transcend SSD220S 2.5\" from factor best entry-level SATA solid state drive(SSD) has the capacity of 120GB &amp; enormous speed up to 500MB/s providing the greater competency of the performance usually for laptop or notebooks. This ultra-slim internal storage device has used TLC NAND flash technology with a powerful ECC algorithm called LDPC (Low-Density Parity Check) coding for giving higher security that ensures greater reliability. This ultra-portable device having 6.8mm height and only 63g weight makes it compatible with ultra-thin notebooks &amp; ultrabooks along with regular PC. Last but not the least with the full assistance of of SATA device sleep mode (DevSleep) it consumes less power to provide longer power backup and durability.</p><p style=\"margin-right: 0px; margin-bottom: 10px; margin-left: 0px; padding: 0px; font-size: 15px; color: rgb(1, 19, 45); line-height: 26px;\">This SSD is currently available at best price in Rangpur, Dhaka, Chattagram, Khulna &amp; Sylhet and you can also get this best deal through ordering online with EMI facility. So, experience this extraordinary speed and secured storage for your convenience.&nbsp;</p><div style=\"margin: 0px; padding: 0px;\"><br style=\"margin: 0px; padding: 0px; font-family: &quot;Trebuchet MS&quot;, sans-serif; font-size: 15px; background-color: rgb(255, 255, 255);\"></div>', '<table class=\"data-table flex-table\" cellpadding=\"0\" cellspacing=\"0\" style=\"margin: -20px 0px 0px; padding: 0px; display: flex; flex-direction: column; width: 920px; font-family: &quot;Trebuchet MS&quot;, sans-serif; font-size: 15px;\"><thead style=\"margin: 0px; padding: 0px;\"><tr style=\"margin: 0px; padding: 0px; display: flex;\"><td class=\"heading-row\" colspan=\"3\" style=\"margin: 30px 0px 0px; padding: 6px 20px; flex: 1 1 auto; display: flex; background: rgba(55, 73, 187, 0.05); color: rgb(55, 73, 187); font-size: 16px; line-height: 30px; font-weight: bold; border-radius: 5px;\">Key Features</td></tr></thead><tbody style=\"margin: 0px; padding: 0px;\"><tr style=\"margin: 0px; padding: 0px; display: flex;\"><td class=\"name\" style=\"margin: 0px; padding: 10px 20px; flex: 0 0 250px; display: flex; line-height: 22px; border-bottom: 1px solid rgb(236, 237, 239); color: rgb(102, 102, 102);\">Capacity</td><td class=\"value\" style=\"margin: 0px; padding: 10px 20px; flex: 1 1 auto; display: flex; line-height: 22px; border-bottom: 1px solid rgb(236, 237, 239);\">120 GB</td></tr><tr style=\"margin: 0px; padding: 0px; display: flex;\"><td class=\"name\" style=\"margin: 0px; padding: 10px 20px; flex: 0 0 250px; display: flex; line-height: 22px; border-bottom: 1px solid rgb(236, 237, 239); color: rgb(102, 102, 102);\">Form Factor</td><td class=\"value\" style=\"margin: 0px; padding: 10px 20px; flex: 1 1 auto; display: flex; line-height: 22px; border-bottom: 1px solid rgb(236, 237, 239);\">2.5\"</td></tr><tr style=\"margin: 0px; padding: 0px; display: flex;\"><td class=\"name\" style=\"margin: 0px; padding: 10px 20px; flex: 0 0 250px; display: flex; line-height: 22px; border-bottom: 1px solid rgb(236, 237, 239); color: rgb(102, 102, 102);\">Flash Type</td><td class=\"value\" style=\"margin: 0px; padding: 10px 20px; flex: 1 1 auto; display: flex; line-height: 22px; border-bottom: 1px solid rgb(236, 237, 239);\">3D NAND flash</td></tr><tr style=\"margin: 0px; padding: 0px; display: flex;\"><td class=\"name\" style=\"margin: 0px; padding: 10px 20px; flex: 0 0 250px; display: flex; line-height: 22px; border-bottom: 1px solid rgb(236, 237, 239); color: rgb(102, 102, 102);\">Interface</td><td class=\"value\" style=\"margin: 0px; padding: 10px 20px; flex: 1 1 auto; display: flex; line-height: 22px; border-bottom: 1px solid rgb(236, 237, 239);\">SATA III 6Gb/s</td></tr><tr style=\"margin: 0px; padding: 0px; display: flex;\"><td class=\"name\" style=\"margin: 0px; padding: 10px 20px; flex: 0 0 250px; display: flex; line-height: 22px; border-bottom: 1px solid rgb(236, 237, 239); color: rgb(102, 102, 102);\">Sequential R/W</td><td class=\"value\" style=\"margin: 0px; padding: 10px 20px; flex: 1 1 auto; display: flex; line-height: 22px; border-bottom: 1px solid rgb(236, 237, 239);\">Read Speed (Max.) 500 MB/s<br style=\"margin: 0px; padding: 0px;\">Write Speed (Max.) 300 MB/s</td></tr></tbody><thead style=\"margin: 0px; padding: 0px;\"><tr style=\"margin: 0px; padding: 0px; display: flex;\"><td class=\"heading-row\" colspan=\"3\" style=\"margin: 30px 0px 0px; padding: 6px 20px; flex: 1 1 auto; display: flex; background: rgba(55, 73, 187, 0.05); color: rgb(55, 73, 187); font-size: 16px; line-height: 30px; font-weight: bold; border-radius: 5px;\">Physical Specification</td></tr></thead><tbody style=\"margin: 0px; padding: 0px;\"><tr style=\"margin: 0px; padding: 0px; display: flex;\"><td class=\"name\" style=\"margin: 0px; padding: 10px 20px; flex: 0 0 250px; display: flex; line-height: 22px; border-bottom: 1px solid rgb(236, 237, 239); color: rgb(102, 102, 102);\">Dimension</td><td class=\"value\" style=\"margin: 0px; padding: 10px 20px; flex: 1 1 auto; display: flex; line-height: 22px; border-bottom: 1px solid rgb(236, 237, 239);\">100 mm x 69.85 mm x 6.8 mm (3.94\" x 2.75\" x 0.28\")</td></tr><tr style=\"margin: 0px; padding: 0px; display: flex;\"><td class=\"name\" style=\"margin: 0px; padding: 10px 20px; flex: 0 0 250px; display: flex; line-height: 22px; border-bottom: 1px solid rgb(236, 237, 239); color: rgb(102, 102, 102);\">Weight</td><td class=\"value\" style=\"margin: 0px; padding: 10px 20px; flex: 1 1 auto; display: flex; line-height: 22px; border-bottom: 1px solid rgb(236, 237, 239);\">63 g (2.22 oz)</td></tr></tbody><thead style=\"margin: 0px; padding: 0px;\"><tr style=\"margin: 0px; padding: 0px; display: flex;\"><td class=\"heading-row\" colspan=\"3\" style=\"margin: 30px 0px 0px; padding: 6px 20px; flex: 1 1 auto; display: flex; background: rgba(55, 73, 187, 0.05); color: rgb(55, 73, 187); font-size: 16px; line-height: 30px; font-weight: bold; border-radius: 5px;\">Temperature</td></tr></thead><tbody style=\"margin: 0px; padding: 0px;\"><tr style=\"margin: 0px; padding: 0px; display: flex;\"><td class=\"name\" style=\"margin: 0px; padding: 10px 20px; flex: 0 0 250px; display: flex; line-height: 22px; border-bottom: 1px solid rgb(236, 237, 239); color: rgb(102, 102, 102);\">Operating Temperature</td><td class=\"value\" style=\"margin: 0px; padding: 10px 20px; flex: 1 1 auto; display: flex; line-height: 22px; border-bottom: 1px solid rgb(236, 237, 239);\">0°C (32°F) ~ 60°C (140°F)</td></tr></tbody><thead style=\"margin: 0px; padding: 0px;\"><tr style=\"margin: 0px; padding: 0px; display: flex;\"><td class=\"heading-row\" colspan=\"3\" style=\"margin: 30px 0px 0px; padding: 6px 20px; flex: 1 1 auto; display: flex; background: rgba(55, 73, 187, 0.05); color: rgb(55, 73, 187); font-size: 16px; line-height: 30px; font-weight: bold; border-radius: 5px;\">Warranty</td></tr></thead><tbody style=\"margin: 0px; padding: 0px;\"><tr style=\"margin: 0px; padding: 0px; display: flex; background: rgb(250, 251, 252);\"><td class=\"name\" style=\"margin: 0px; padding: 10px 20px; flex: 0 0 250px; display: flex; line-height: 22px; border-bottom: 1px solid rgb(236, 237, 239); color: rgb(102, 102, 102);\">Manufacturing Warranty</td><td class=\"value\" style=\"margin: 0px; padding: 10px 20px; flex: 1 1 auto; display: flex; line-height: 22px; border-bottom: 1px solid rgb(236, 237, 239);\">03 years</td></tr></tbody></table>', 2, 10, NULL, NULL, NULL, 1, 1, 1, 1, 1, 1, 'transcend-ssd220s-2.5\"-ssd-sata-iii-6gb/s-internal-120gb-ssd', 0, 1, '2021-09-29 11:38:29', '2021-11-25 19:31:37'),
(26, 'Adata SU 650 120 GB Solid State Drive', 1, 1, 18, 'uploads/images/25-11-2021/619f90d33caa6.png', 'C39', 'Adata  7115', 0, 0.00, '0', 4.00, '1', 3.00, NULL, 'youtube', NULL, '<p><span style=\"margin: 0px; padding: 0px; color: rgb(0, 0, 0); font-family: &quot;Trebuchet MS&quot;, sans-serif; font-size: 15px; background-color: rgb(255, 255, 255); font-weight: 700;\">Adata SU 650 120 GB Solid State Drive</span><br style=\"margin: 0px; padding: 0px; color: rgb(0, 0, 0); font-family: &quot;Trebuchet MS&quot;, sans-serif; font-size: 15px; background-color: rgb(255, 255, 255);\"></p><div style=\"margin: 0px; padding: 0px; font-family: &quot;Trebuchet MS&quot;, sans-serif; font-size: 15px; background-color: rgb(255, 255, 255);\">The Ultimate SU650 solid state drive implements 3D NAND Flash and a high speed controller, offering capacities up to 480GB. It delivers read/write performance up to 520/450MB/s and greater reliability than 2D NAND SSDs. The SU650 features SLC caching and advanced error correction technologies to ensure optimized data performance and integrity. For those who want to experience a clear PC upgrade, the SU650 is an excellent choice with a great cost-performance ratio.<br style=\"margin: 0px; padding: 0px;\"><div style=\"margin: 0px; padding: 0px;\"><span style=\"margin: 0px; padding: 0px; font-weight: bold;\">3D NAND in an easy PC upgrade</span></div><div style=\"margin: 0px; padding: 0px;\">With 3D NAND Flash, the SU650 features higher efficiency and increased reliability compared to 2D NAND SSDs with an improved cost-performance ratio.<br style=\"margin: 0px; padding: 0px;\"><div style=\"margin: 0px; padding: 0px;\"><span style=\"margin: 0px; padding: 0px; font-weight: bold;\">Faster performance</span></div><div style=\"margin: 0px; padding: 0px;\">The intelligent SLC caching algorithm allows NAND Flash memory to operate in single-level cell mode and boosts performance, helping sustain peak SU650 read/write speeds up to 520/450MB per second for smoother and faster boot, file transfers, and downloads.<br style=\"margin: 0px; padding: 0px;\"><div style=\"margin: 0px; padding: 0px;\"><span style=\"margin: 0px; padding: 0px; font-weight: bold;\">Advanced error correction code</span></div><div style=\"margin: 0px; padding: 0px;\">With the support for ECC (error correction code) technology, the SU650 can detect and fix errors to ensure data integrity and help to extend SSD lifespan Its MTBF (mean time between failures) is up to 2 million hours, or 25% more than 2D NAND SSDs.<br style=\"margin: 0px; padding: 0px;\"><div style=\"margin: 0px; padding: 0px;\"><span style=\"margin: 0px; padding: 0px; font-weight: bold;\">Tougher , quieter , and more reliable</span></div><div style=\"margin: 0px; padding: 0px;\">There\'s no mechanical component inside SSDs, so they outperform traditional HDDs with higher resistance to shock, vibration (1500G/0.5ms) and extreme temperatures (0°C-70°C). They are also completely silent and consume very little power, all while better protecting your data.<br style=\"margin: 0px; padding: 0px;\"><div style=\"margin: 0px; padding: 0px;\"><span style=\"margin: 0px; padding: 0px; font-weight: bold;\">For notebooks and desktops</span></div><div style=\"margin: 0px; padding: 0px;\">Just 7mm thick, the SU650 is an easy fit in ultrabooks. A 2.5mm spacer is bundled for use in 9.5mm drive bays, allowing compatibility with virtually every notebook, desktop, and console.</div></div></div></div></div></div>', '<table class=\"data-table flex-table\" cellpadding=\"0\" cellspacing=\"0\" style=\"margin: -20px 0px 0px; padding: 0px; display: flex; flex-direction: column; width: 920px; font-family: &quot;Trebuchet MS&quot;, sans-serif; font-size: 15px;\"><thead style=\"margin: 0px; padding: 0px;\"><tr style=\"margin: 0px; padding: 0px; display: flex;\"><td class=\"heading-row\" colspan=\"3\" style=\"margin: 30px 0px 0px; padding: 6px 20px; flex: 1 1 auto; display: flex; background: rgba(55, 73, 187, 0.05); color: rgb(55, 73, 187); font-size: 16px; line-height: 30px; font-weight: bold; border-radius: 5px;\">Key Features</td></tr></thead><tbody style=\"margin: 0px; padding: 0px;\"><tr style=\"margin: 0px; padding: 0px; display: flex;\"><td class=\"name\" style=\"margin: 0px; padding: 10px 20px; flex: 0 0 250px; display: flex; line-height: 22px; border-bottom: 1px solid rgb(236, 237, 239); color: rgb(102, 102, 102);\">Capacity</td><td class=\"value\" style=\"margin: 0px; padding: 10px 20px; flex: 1 1 auto; display: flex; line-height: 22px; border-bottom: 1px solid rgb(236, 237, 239);\">120GB</td></tr><tr style=\"margin: 0px; padding: 0px; display: flex;\"><td class=\"name\" style=\"margin: 0px; padding: 10px 20px; flex: 0 0 250px; display: flex; line-height: 22px; border-bottom: 1px solid rgb(236, 237, 239); color: rgb(102, 102, 102);\">Form Factor</td><td class=\"value\" style=\"margin: 0px; padding: 10px 20px; flex: 1 1 auto; display: flex; line-height: 22px; border-bottom: 1px solid rgb(236, 237, 239);\">2.5\"</td></tr><tr style=\"margin: 0px; padding: 0px; display: flex;\"><td class=\"name\" style=\"margin: 0px; padding: 10px 20px; flex: 0 0 250px; display: flex; line-height: 22px; border-bottom: 1px solid rgb(236, 237, 239); color: rgb(102, 102, 102);\">Flash Type</td><td class=\"value\" style=\"margin: 0px; padding: 10px 20px; flex: 1 1 auto; display: flex; line-height: 22px; border-bottom: 1px solid rgb(236, 237, 239);\">3D NAND</td></tr><tr style=\"margin: 0px; padding: 0px; display: flex;\"><td class=\"name\" style=\"margin: 0px; padding: 10px 20px; flex: 0 0 250px; display: flex; line-height: 22px; border-bottom: 1px solid rgb(236, 237, 239); color: rgb(102, 102, 102);\">Interface</td><td class=\"value\" style=\"margin: 0px; padding: 10px 20px; flex: 1 1 auto; display: flex; line-height: 22px; border-bottom: 1px solid rgb(236, 237, 239);\">SATA 6Gb/s</td></tr><tr style=\"margin: 0px; padding: 0px; display: flex;\"><td class=\"name\" style=\"margin: 0px; padding: 10px 20px; flex: 0 0 250px; display: flex; line-height: 22px; border-bottom: 1px solid rgb(236, 237, 239); color: rgb(102, 102, 102);\">Sequential R/W</td><td class=\"value\" style=\"margin: 0px; padding: 10px 20px; flex: 1 1 auto; display: flex; line-height: 22px; border-bottom: 1px solid rgb(236, 237, 239);\">Up to 520 / 450MB/s</td></tr><tr style=\"margin: 0px; padding: 0px; display: flex;\"><td class=\"name\" style=\"margin: 0px; padding: 10px 20px; flex: 0 0 250px; display: flex; line-height: 22px; border-bottom: 1px solid rgb(236, 237, 239); color: rgb(102, 102, 102);\">MTBF</td><td class=\"value\" style=\"margin: 0px; padding: 10px 20px; flex: 1 1 auto; display: flex; line-height: 22px; border-bottom: 1px solid rgb(236, 237, 239);\">2,000,000 hours</td></tr></tbody><thead style=\"margin: 0px; padding: 0px;\"><tr style=\"margin: 0px; padding: 0px; display: flex;\"><td class=\"heading-row\" colspan=\"3\" style=\"margin: 30px 0px 0px; padding: 6px 20px; flex: 1 1 auto; display: flex; background: rgba(55, 73, 187, 0.05); color: rgb(55, 73, 187); font-size: 16px; line-height: 30px; font-weight: bold; border-radius: 5px;\">Physical Specification</td></tr></thead><tbody style=\"margin: 0px; padding: 0px;\"><tr style=\"margin: 0px; padding: 0px; display: flex;\"><td class=\"name\" style=\"margin: 0px; padding: 10px 20px; flex: 0 0 250px; display: flex; line-height: 22px; border-bottom: 1px solid rgb(236, 237, 239); color: rgb(102, 102, 102);\">Dimension</td><td class=\"value\" style=\"margin: 0px; padding: 10px 20px; flex: 1 1 auto; display: flex; line-height: 22px; border-bottom: 1px solid rgb(236, 237, 239);\">100.45 x 69.85 x 7mm</td></tr><tr style=\"margin: 0px; padding: 0px; display: flex;\"><td class=\"name\" style=\"margin: 0px; padding: 10px 20px; flex: 0 0 250px; display: flex; line-height: 22px; border-bottom: 1px solid rgb(236, 237, 239); color: rgb(102, 102, 102);\">Weight</td><td class=\"value\" style=\"margin: 0px; padding: 10px 20px; flex: 1 1 auto; display: flex; line-height: 22px; border-bottom: 1px solid rgb(236, 237, 239);\">47.5g</td></tr></tbody><thead style=\"margin: 0px; padding: 0px;\"><tr style=\"margin: 0px; padding: 0px; display: flex;\"><td class=\"heading-row\" colspan=\"3\" style=\"margin: 30px 0px 0px; padding: 6px 20px; flex: 1 1 auto; display: flex; background: rgba(55, 73, 187, 0.05); color: rgb(55, 73, 187); font-size: 16px; line-height: 30px; font-weight: bold; border-radius: 5px;\">Temperature</td></tr></thead><tbody style=\"margin: 0px; padding: 0px;\"><tr style=\"margin: 0px; padding: 0px; display: flex;\"><td class=\"name\" style=\"margin: 0px; padding: 10px 20px; flex: 0 0 250px; display: flex; line-height: 22px; border-bottom: 1px solid rgb(236, 237, 239); color: rgb(102, 102, 102);\">Operating Temperature</td><td class=\"value\" style=\"margin: 0px; padding: 10px 20px; flex: 1 1 auto; display: flex; line-height: 22px; border-bottom: 1px solid rgb(236, 237, 239);\">0°C - 70°C</td></tr><tr style=\"margin: 0px; padding: 0px; display: flex;\"><td class=\"name\" style=\"margin: 0px; padding: 10px 20px; flex: 0 0 250px; display: flex; line-height: 22px; border-bottom: 1px solid rgb(236, 237, 239); color: rgb(102, 102, 102);\">Storage Temperature</td><td class=\"value\" style=\"margin: 0px; padding: 10px 20px; flex: 1 1 auto; display: flex; line-height: 22px; border-bottom: 1px solid rgb(236, 237, 239);\">-40°C - 85°C</td></tr><tr style=\"margin: 0px; padding: 0px; display: flex;\"><td class=\"name\" style=\"margin: 0px; padding: 10px 20px; flex: 0 0 250px; display: flex; line-height: 22px; border-bottom: 1px solid rgb(236, 237, 239); color: rgb(102, 102, 102);\">Shock resistance</td><td class=\"value\" style=\"margin: 0px; padding: 10px 20px; flex: 1 1 auto; display: flex; line-height: 22px; border-bottom: 1px solid rgb(236, 237, 239);\">1500G / 0.5ms</td></tr></tbody><thead style=\"margin: 0px; padding: 0px;\"><tr style=\"margin: 0px; padding: 0px; display: flex;\"><td class=\"heading-row\" colspan=\"3\" style=\"margin: 30px 0px 0px; padding: 6px 20px; flex: 1 1 auto; display: flex; background: rgba(55, 73, 187, 0.05); color: rgb(55, 73, 187); font-size: 16px; line-height: 30px; font-weight: bold; border-radius: 5px;\">Warranty</td></tr></thead><tbody style=\"margin: 0px; padding: 0px;\"><tr style=\"margin: 0px; padding: 0px; display: flex;\"><td class=\"name\" style=\"margin: 0px; padding: 10px 20px; flex: 0 0 250px; display: flex; line-height: 22px; border-bottom: 1px solid rgb(236, 237, 239); color: rgb(102, 102, 102);\">Manufacturing Warranty</td><td class=\"value\" style=\"margin: 0px; padding: 10px 20px; flex: 1 1 auto; display: flex; line-height: 22px; border-bottom: 1px solid rgb(236, 237, 239);\">03 years warranty</td></tr></tbody></table>', 1, 165, NULL, NULL, NULL, 1, 1, 1, 1, 1, 1, 'adata-su-650-120-gb-solid-state-drive', 0, 1, '2021-09-29 11:42:43', '2021-11-25 19:34:11'),
(27, 'Racing Edition Single Disk Glossy Black -001', 1, 1, 19, 'uploads/images/23-11-2021/619cf1428f07e.png', 'C39', NULL, 0, 0.00, '0', 3.00, '0', 2.00, NULL, 'youtube', NULL, '<p><span style=\"color: rgb(31, 41, 55); font-family: &quot;Uni Neue&quot;, -apple-system, BlinkMacSystemFont, &quot;Segoe UI&quot;, &quot;Helvetica Neue&quot;, Arial, &quot;Noto Sans&quot;, sans-serif, &quot;Apple Color Emoji&quot;, &quot;Segoe UI Emoji&quot;, &quot;Segoe UI Symbol&quot;, &quot;Noto Color Emoji&quot;; white-space: pre-line; background-color: rgb(255, 255, 255);\">ENGINE\r\nType: 4 stroke, air cooled, single cylinder OHC\r\nClyinder bore: 62 mm\r\nStroke: 52.5 mm\r\nPiston displacement: 159.7 cc\r\nCompression ratio: 9.5 : 1\r\nCarburettor: Ucal BS-26\r\nAir filter: Double Polyurethane foam filter element\r\nOil filter: Wire mesh and micronic paper filter\r\nLubrication system: Forced wet sump\r\nMaximum power in kW: 11.19(15.2 bhp)@8500 rpm\r\nMaximum torque in Nm: 13.1 @ 6000 rpm\r\nMaximum speed: 118 km/hr\r\nEngine idling rpm: 1400 ± 100 rpm\r\nStarting system: Kick starter/Electric starter\r\n\r\nTRANSMISSION\r\nClutch: Wet – Multi plate type\r\nGear shift pattern: 1 down and 4 up\r\nPrimary transmission: Helical gears\r\nSecondary transmission: Chain and sprockets\r\n\r\nDIMENSIONS\r\n\r\nOverall length: 2085 mm\r\nOverall width: 730 mm\r\nOverall height: 1105 mm\r\nSeat height: 790 mm\r\nGround clearance: 165 mm\r\nWheel base: 1300 mm\r\nKerb weight(with toolkit and 90% fuel): 137 kg\r\nPay load: 130 kg\r\nMaximum laden weight: 267 kg\r\nSteering angle: 36 Degree\r\nCaster angle: 25.5 Degree\r\n\r\nGEAR RATIOS\r\n\r\nI gear: 2.917:1\r\nII gear: 1.857:1\r\nIII gear: 1.333:1\r\nIV gear: 1.050:1\r\nV gear: 0.880:1\r\nPrimary reduction: 3.095:1\r\nFinal reduction: 3.385:1</span><br></p>', NULL, 1, 5, NULL, NULL, NULL, 1, 1, 1, 1, 1, 1, 'tvs-apache-rtr-160-racing-edition-single-disk-glossy-black', 0, 1, '2021-09-29 12:14:31', '2021-11-23 19:48:50'),
(28, 'Radeon 110cc Motor Bike -088', 1, 1, 19, 'uploads/images/25-11-2021/619f86759f026.png', 'C39', 'readon-999', 0, 0.00, '0', 5.00, '1', 3.00, NULL, 'youtube', NULL, '<p><span style=\"color: rgb(31, 41, 55); font-family: &quot;Uni Neue&quot;, -apple-system, BlinkMacSystemFont, &quot;Segoe UI&quot;, &quot;Helvetica Neue&quot;, Arial, &quot;Noto Sans&quot;, sans-serif, &quot;Apple Color Emoji&quot;, &quot;Segoe UI Emoji&quot;, &quot;Segoe UI Symbol&quot;, &quot;Noto Color Emoji&quot;; white-space: pre-line; background-color: rgb(255, 255, 255);\">Engine CC: 109.7 cc\r\nNo Of Cylinder: 1\r\nMax Power: 8.2 bhp @ 7000 rpm\r\nMax Torque: 8.7 Nm @ 5000 rpm\r\nValves Per Cylinder: 2\r\n\r\nCooling System: Air Cooled\r\nStarting Mechanism: Electric Start\r\n\r\nKerb Weight: 112 kg\r\nLength: 2006 mm\r\nWidth: 705 mm\r\nHeight: 1070 mm\r\nWheelbase: 1265 mm\r\nGround Clearance: 180 mm\r\n\r\nChassis Type: Single Cradle Tubular Frame\r\nFront Suspension: Telescopic Oil Damped Front Suspension\r\nRear Suspension: Telescopic Oil Damped Front Suspension\r\n\r\nWheel Size: 18 inches\r\nWheel Type: Alloy\r\nFront Tyre: 2.75 X 18 (tubeless)\r\nRear Tyre: 3.00 X 18 (tubeless)\r\n\r\nFuel Tank Capacity: 10 L\r\nReserve Fuel Capacity: 1.5 L\r\nMileage: 69.3 Kmpl\r\nOverall Riding Range: 693 km\r\n\r\nNo. Of Gears: 4 Gears\r\nClutch: Wet Multiplate\r\n\r\nFront Brake Type: Drum\r\nRear Brake Type: Drum\r\nFront Disc/Drum Size: 130 mm\r\nRear Disc/Drum Size: 110 mm</span><br></p>', NULL, 1, 5, NULL, NULL, NULL, 1, 1, 1, 1, 1, 1, 'tvs-radeon-110cc-motor-bike', 0, 1, '2021-09-29 12:21:33', '2021-11-25 18:49:57');
INSERT INTO `products` (`id`, `product_name`, `product_type`, `unit_type_id`, `brand_id`, `thumbnail_image_source`, `barcode_type`, `model_number`, `shipping_type`, `shipping_cost`, `discount_type`, `discount`, `tax_type`, `tax`, `pdf`, `video_provider`, `video_link`, `description`, `specification`, `minimum_order_qty`, `max_order_qty`, `meta_title`, `meta_description`, `meta_image`, `is_physical`, `is_approved`, `status`, `display_in_details`, `requested_by`, `created_by`, `slug`, `stock_manage`, `updated_by`, `created_at`, `updated_at`) VALUES
(29, 'new Pulsar NS160 ABS Motor Bike -007', 1, 1, 20, 'uploads/images/25-11-2021/619f858355193.png', 'C39', 'n3878498', 0, 0.00, '0', 4.00, '0', 2.00, NULL, 'youtube', NULL, '<ul><li><div>Product Type</div><div>Motor Bike</div></li><li><div>Bike Type</div><div>Naked</div></li><li><div>Engine</div><div>Single Cylinder, 4-Stroke, 4-Valve, SOHC, DTS-i Engine</div></li><li><div>Engine Displacement (CC)</div><div>160</div></li><li><div>Mileage</div><div>40 Kmpl (approx)</div></li><li><div>Maximum Power</div><div>15.3 BHP @ 8500 rpm</div></li><li><div>Maximum Torque</div><div>14.6 NM @ 6500 rpm</div></li><li><div>Gear</div><div>5 Speed</div></li><li><div>No. of Cylinders</div><div>1</div></li><li><div>Top Speed</div><div>130 Kmph</div></li><li><div>Wheels Type</div><div>Alloy</div></li><li><div>Kerb Weight</div><div>142 KG</div></li><li><div>Fuel Capacity</div><div>11 Litres</div></li></ul>', '<ul><li><div>Product Type</div><div>Motor Bike</div></li><li><div>Bike Type</div><div>Naked</div></li><li><div>Engine</div><div>Single Cylinder, 4-Stroke, 4-Valve, SOHC, DTS-i Engine</div></li><li><div>Engine Displacement (CC)</div><div>160</div></li><li><div>Mileage</div><div>40 Kmpl (approx)</div></li><li><div>Maximum Power</div><div>15.3 BHP @ 8500 rpm</div></li><li><div>Maximum Torque</div><div>14.6 NM @ 6500 rpm</div></li><li><div>Gear</div><div>5 Speed</div></li><li><div>No. of Cylinders</div><div>1</div></li><li><div>Top Speed</div><div>130 Kmph</div></li><li><div>Wheels Type</div><div>Alloy</div></li><li><div>Kerb Weight</div><div>142 KG</div></li><li><div>Fuel Capacity</div><div>11 Litres</div></li></ul>', 1, 10, NULL, NULL, NULL, 1, 1, 1, 1, 1, 1, 'bajaj-pulsar-ns160-(car)-abs-motor-bike', 0, 1, '2021-09-29 12:34:04', '2021-11-25 18:45:55'),
(30, 'new Platina ES 100 Motor Bike-009', 1, 1, 20, 'uploads/images/25-11-2021/619f84c315d5a.png', 'C39', 'new-platina-0998485', 0, 0.00, '0', 2.00, '0', 3.00, NULL, 'youtube', NULL, '<ul><li><div>Type</div><div>Single cyl, 2-valve, DTS-I with ExhausTEC</div></li><li><div>Displacement(cc)</div><div>102 cc</div></li><li><div>Transmission</div><div>4 speed All down</div></li><li><div>Top Speed</div><div>90 Kmph (internally tested)</div></li><li><div>Weight</div><div>111 kg</div></li><li><div>Fuel Tank Capacity</div><div>11.5 Litres</div></li></ul>', '<p><span class=\"key-title\" data-spm-anchor-id=\"a2a0e.pdp.product_detail.i2.77b4k75dk75d1R\" style=\"margin: 0px; padding: 0px; display: table-cell; width: 140px; color: rgb(117, 117, 117); word-break: break-word; font-family: Roboto, -apple-system, BlinkMacSystemFont, &quot;Helvetica Neue&quot;, Helvetica, sans-serif; background-color: rgb(255, 255, 255);\">What’s in the box</span></p><div class=\"html-content box-content-html\" style=\"margin: 0px; padding: 0px 0px 0px 18px; word-break: break-word; display: table-cell; font-family: Roboto, -apple-system, BlinkMacSystemFont, &quot;Helvetica Neue&quot;, Helvetica, sans-serif; font-size: 14px; background-color: rgb(255, 255, 255);\">Decathlon Men\'s RUN 100 M Running bike- Red</div>', 1, 11, NULL, NULL, NULL, 1, 1, 1, 1, 1, 1, 'bajaj-platina-es-100-motor-bike', 0, 1, '2021-09-29 12:43:43', '2021-11-25 18:42:43'),
(31, 'new Galaxy A51 - Android 10', 1, 1, 21, 'uploads/images/03-10-2021/6159ba5514826.jpeg', 'C39', 'a51', 0, 0.00, '0', 5.00, '1', 3.00, NULL, 'youtube', NULL, '<ul class=\"\" style=\"list-style: none; overflow: hidden; columns: auto 2; column-gap: 32px; font-family: Roboto, -apple-system, BlinkMacSystemFont, &quot;Helvetica Neue&quot;, Helvetica, sans-serif; font-size: 12px; background-color: rgb(255, 255, 255);\"><li class=\"\" data-spm-anchor-id=\"a2a0e.pdp.product_detail.i0.3575MiqrMiqrBI\" style=\"margin: 0px; padding: 0px 0px 0px 15px; position: relative; font-size: 14px; line-height: 18px; text-align: left; word-break: break-word; break-inside: avoid;\">NO RETURN applicable if the seal is broken</li><li class=\"\" style=\"margin: 0px; padding: 0px 0px 0px 15px; position: relative; font-size: 14px; line-height: 18px; text-align: left; word-break: break-word; break-inside: avoid;\">Display Size: 6.5 inches,Super AMOLED capacitive touchscreen, 16M colors</li><li class=\"\" style=\"margin: 0px; padding: 0px 0px 0px 15px; position: relative; font-size: 14px; line-height: 18px; text-align: left; word-break: break-word; break-inside: avoid;\">Resolution:1080 x 2400 pixels, 20:9 ratio (~405 ppi density)</li><li class=\"\" style=\"margin: 0px; padding: 0px 0px 0px 15px; position: relative; font-size: 14px; line-height: 18px; text-align: left; word-break: break-word; break-inside: avoid;\">OS: Android 10.0; One UI 2,Chipset:Exynos 9611 (10nm)</li><li class=\"\" style=\"margin: 0px; padding: 0px 0px 0px 15px; position: relative; font-size: 14px; line-height: 18px; text-align: left; word-break: break-word; break-inside: avoid;\">CPU:Octa-core (4x2.3 GHz Cortex-A73 &amp; 4x1.7 GHz Cortex-A53)</li><li class=\"\" style=\"margin: 0px; padding: 0px 0px 0px 15px; position: relative; font-size: 14px; line-height: 18px; text-align: left; word-break: break-word; break-inside: avoid;\">GPU:Mali-G72 MP3</li><li class=\"\" style=\"margin: 0px; padding: 0px 0px 0px 15px; position: relative; font-size: 14px; line-height: 18px; text-align: left; word-break: break-word; break-inside: avoid;\">Main Camera:48MP + 12MP + 5MP + 5MP</li><li class=\"\" style=\"margin: 0px; padding: 0px 0px 0px 15px; position: relative; font-size: 14px; line-height: 18px; text-align: left; word-break: break-word; break-inside: avoid;\">Front: 32MP</li><li class=\"\" style=\"margin: 0px; padding: 0px 0px 0px 15px; position: relative; font-size: 14px; line-height: 18px; text-align: left; word-break: break-word; break-inside: avoid;\">RAM: 6GB</li><li class=\"\" style=\"margin: 0px; padding: 0px 0px 0px 15px; position: relative; font-size: 14px; line-height: 18px; text-align: left; word-break: break-word; break-inside: avoid;\">Inbuilt Storage (in GB) ROM:128GB</li><li class=\"\" style=\"margin: 0px; padding: 0px 0px 0px 15px; position: relative; font-size: 14px; line-height: 18px; text-align: left; word-break: break-word; break-inside: avoid;\">Expandable Memory Slot:Upto 512 GB</li><li class=\"\" style=\"margin: 0px; padding: 0px 0px 0px 15px; position: relative; font-size: 14px; line-height: 18px; text-align: left; word-break: break-word; break-inside: avoid;\">Sound: Loudspeaker, 3.5mm jack</li><li class=\"\" style=\"margin: 0px; padding: 0px 0px 0px 15px; position: relative; font-size: 14px; line-height: 18px; text-align: left; word-break: break-word; break-inside: avoid;\">Non-removable Li-Po 4000 mAh battery</li><li class=\"\" style=\"margin: 0px; padding: 0px 0px 0px 15px; position: relative; font-size: 14px; line-height: 18px; text-align: left; word-break: break-word; break-inside: avoid;\">SIM Card:Single SIM (Nano-SIM) or Dual SIM (Nano-SIM, dual stand-by)</li><li class=\"\" style=\"margin: 0px; padding: 0px 0px 0px 15px; position: relative; font-size: 14px; line-height: 18px; text-align: left; word-break: break-word; break-inside: avoid;\">Sensor:Fingerprint (under display, optical), accelerometer, gyro, proximity, compass,ANT+</li></ul>', '<p><span class=\"key-title\" data-spm-anchor-id=\"a2a0e.pdp.product_detail.i2.77b4k75dk75d1R\" style=\"margin: 0px; padding: 0px; display: table-cell; width: 140px; color: rgb(117, 117, 117); word-break: break-word; font-family: Roboto, -apple-system, BlinkMacSystemFont, &quot;Helvetica Neue&quot;, Helvetica, sans-serif; background-color: rgb(255, 255, 255);\">What’s in the box</span></p><div class=\"html-content box-content-html\" style=\"margin: 0px; padding: 0px 0px 0px 18px; word-break: break-word; display: table-cell; font-family: Roboto, -apple-system, BlinkMacSystemFont, &quot;Helvetica Neue&quot;, Helvetica, sans-serif; font-size: 14px; background-color: rgb(255, 255, 255);\">Decathlon Men\'s RUN 100 M Running mobile- Grey</div>', 1, 5, NULL, NULL, NULL, 1, 1, 1, 1, 1, 1, 'samsung-galaxy-a51---android-10', 0, 1, '2021-09-29 12:56:26', '2021-11-25 14:16:47'),
(32, 'Samsung Galaxy Note 20 - 6.7\" (1080x2040 pixels) - 64MP Camera - 8GB RAM - Exynos 990 - 4,300 mAh Battery', 1, 1, 21, 'uploads/images/03-10-2021/6159ba942c2dd.png', 'C39', NULL, 0, 0.00, '0', 5.00, '1', 3.00, NULL, 'youtube', NULL, '<ul class=\"\" style=\"list-style: none; overflow: hidden; columns: auto 2; column-gap: 32px; font-family: Roboto, -apple-system, BlinkMacSystemFont, &quot;Helvetica Neue&quot;, Helvetica, sans-serif; font-size: 12px; background-color: rgb(255, 255, 255);\"><li class=\"\" data-spm-anchor-id=\"a2a0e.pdp.product_detail.i0.5f55hrLPhrLP0R\" style=\"margin: 0px; padding: 0px 0px 0px 15px; position: relative; font-size: 14px; line-height: 18px; text-align: left; word-break: break-word; break-inside: avoid;\">NO RETURN applicable if the seal is broken</li><li class=\"\" style=\"margin: 0px; padding: 0px 0px 0px 15px; position: relative; font-size: 14px; line-height: 18px; text-align: left; word-break: break-word; break-inside: avoid;\">Deliveries to start from 20thSeptember</li><li class=\"\" style=\"margin: 0px; padding: 0px 0px 0px 15px; position: relative; font-size: 14px; line-height: 18px; text-align: left; word-break: break-word; break-inside: avoid;\">Dimensions: 161.6 x 75.2 x 8.3 mm (6.36 x 2.96 x 0.33 in)</li><li class=\"\" style=\"margin: 0px; padding: 0px 0px 0px 15px; position: relative; font-size: 14px; line-height: 18px; text-align: left; word-break: break-word; break-inside: avoid;\">Weight: 192 g (Sub6 5G), 194 g (mmWave 5G) (6.77 oz)</li><li class=\"\" style=\"margin: 0px; padding: 0px 0px 0px 15px; position: relative; font-size: 14px; line-height: 18px; text-align: left; word-break: break-word; break-inside: avoid;\">Build:Glass front (Gorilla Glass 5), plastic back</li><li class=\"\" style=\"margin: 0px; padding: 0px 0px 0px 15px; position: relative; font-size: 14px; line-height: 18px; text-align: left; word-break: break-word; break-inside: avoid;\">SIM: Hybrid Dual SIM (Nano-SIM, dual stand-by)</li><li class=\"\" style=\"margin: 0px; padding: 0px 0px 0px 15px; position: relative; font-size: 14px; line-height: 18px; text-align: left; word-break: break-word; break-inside: avoid;\">Stylus, 26ms latency (Bluetooth integration, accelerometer, gyro)</li><li class=\"\" style=\"margin: 0px; padding: 0px 0px 0px 15px; position: relative; font-size: 14px; line-height: 18px; text-align: left; word-break: break-word; break-inside: avoid;\">DisplayType:Super AMOLED Plus capacitive touchscreen, 16M colors</li><li class=\"\" style=\"margin: 0px; padding: 0px 0px 0px 15px; position: relative; font-size: 14px; line-height: 18px; text-align: left; word-break: break-word; break-inside: avoid;\">Display Size: 6.7 inches, 108.4 cm2 (~89.2% screen-to-body ratio)</li><li class=\"\" style=\"margin: 0px; padding: 0px 0px 0px 15px; position: relative; font-size: 14px; line-height: 18px; text-align: left; word-break: break-word; break-inside: avoid;\">Resolution:1080 x 2400 pixels, 20:9 ratio (~393 ppi density)</li><li class=\"\" style=\"margin: 0px; padding: 0px 0px 0px 15px; position: relative; font-size: 14px; line-height: 18px; text-align: left; word-break: break-word; break-inside: avoid;\">OS:Android 10, One UI 2.5</li><li class=\"\" style=\"margin: 0px; padding: 0px 0px 0px 15px; position: relative; font-size: 14px; line-height: 18px; text-align: left; word-break: break-word; break-inside: avoid;\">Chipset: Exynos 990</li><li class=\"\" style=\"margin: 0px; padding: 0px 0px 0px 15px; position: relative; font-size: 14px; line-height: 18px; text-align: left; word-break: break-word; break-inside: avoid;\">Qualcomm SM8250 Snapdragon 865+</li><li class=\"\" style=\"margin: 0px; padding: 0px 0px 0px 15px; position: relative; font-size: 14px; line-height: 18px; text-align: left; word-break: break-word; break-inside: avoid;\">CPU:Octa-core (2x2.73 GHz Mongoose M5 &amp; 2x2.50 GHz Cortex-A76 &amp; 4x2.0 GHz Cortex-A55)</li><li class=\"\" style=\"margin: 0px; padding: 0px 0px 0px 15px; position: relative; font-size: 14px; line-height: 18px; text-align: left; word-break: break-word; break-inside: avoid;\">Octa-core (1x3.0 GHz Kryo 585 &amp; 3x2.42 GHz Kryo 585 &amp; 4x1.8 GHz Kryo 585)</li><li class=\"\" style=\"margin: 0px; padding: 0px 0px 0px 15px; position: relative; font-size: 14px; line-height: 18px; text-align: left; word-break: break-word; break-inside: avoid;\">GPU: Mali-G77 MP11</li><li class=\"\" style=\"margin: 0px; padding: 0px 0px 0px 15px; position: relative; font-size: 14px; line-height: 18px; text-align: left; word-break: break-word; break-inside: avoid;\">Adreno 650</li><li class=\"\" style=\"margin: 0px; padding: 0px 0px 0px 15px; position: relative; font-size: 14px; line-height: 18px; text-align: left; word-break: break-word; break-inside: avoid;\">128GB ROM/ 8GB RAM</li><li class=\"\" style=\"margin: 0px; padding: 0px 0px 0px 15px; position: relative; font-size: 14px; line-height: 18px; text-align: left; word-break: break-word; break-inside: avoid;\">MAIN CAMERA(Triple): 12 MP,64 MP, 12 MP</li><li class=\"\" style=\"margin: 0px; padding: 0px 0px 0px 15px; position: relative; font-size: 14px; line-height: 18px; text-align: left; word-break: break-word; break-inside: avoid;\">Features:LED flash, auto-HDR, panorama</li><li class=\"\" style=\"margin: 0px; padding: 0px 0px 0px 15px; position: relative; font-size: 14px; line-height: 18px; text-align: left; word-break: break-word; break-inside: avoid;\">Video 8K@24fps, 4K@30/60fps, 1080p@30/60/240fps, 720p@960fps, HDR10+, stereo sound rec., gyro-EIS &amp; OIS</li><li class=\"\" style=\"margin: 0px; padding: 0px 0px 0px 15px; position: relative; font-size: 14px; line-height: 18px; text-align: left; word-break: break-word; break-inside: avoid;\">SELFIE CAMERA (Single):10 MP</li><li class=\"\" style=\"margin: 0px; padding: 0px 0px 0px 15px; position: relative; font-size: 14px; line-height: 18px; text-align: left; word-break: break-word; break-inside: avoid;\">Features:Dual video call, Auto-HDR</li><li class=\"\" style=\"margin: 0px; padding: 0px 0px 0px 15px; position: relative; font-size: 14px; line-height: 18px; text-align: left; word-break: break-word; break-inside: avoid;\">Video: 4K@30/60fps, 1080p@30fps</li><li class=\"\" style=\"margin: 0px; padding: 0px 0px 0px 15px; position: relative; font-size: 14px; line-height: 18px; text-align: left; word-break: break-word; break-inside: avoid;\">Loudspeaker, with stereo speakers</li><li class=\"\" style=\"margin: 0px; padding: 0px 0px 0px 15px; position: relative; font-size: 14px; line-height: 18px; text-align: left; word-break: break-word; break-inside: avoid;\">3.5mm jack, No</li><li class=\"\" style=\"margin: 0px; padding: 0px 0px 0px 15px; position: relative; font-size: 14px; line-height: 18px; text-align: left; word-break: break-word; break-inside: avoid;\">WLAN, Wi-Fi 802.11 a/b/g/n/ac/6, dual-band, Wi-Fi Direct, hotspot</li><li class=\"\" style=\"margin: 0px; padding: 0px 0px 0px 15px; position: relative; font-size: 14px; line-height: 18px; text-align: left; word-break: break-word; break-inside: avoid;\">Bluetooth:5.0, A2DP, LE, aptX</li><li class=\"\" style=\"margin: 0px; padding: 0px 0px 0px 15px; position: relative; font-size: 14px; line-height: 18px; text-align: left; word-break: break-word; break-inside: avoid;\">GPS:Yes, with A-GPS, GLONASS, BDS, GALILEO</li><li class=\"\" style=\"margin: 0px; padding: 0px 0px 0px 15px; position: relative; font-size: 14px; line-height: 18px; text-align: left; word-break: break-word; break-inside: avoid;\">NFC: Yes</li><li class=\"\" style=\"margin: 0px; padding: 0px 0px 0px 15px; position: relative; font-size: 14px; line-height: 18px; text-align: left; word-break: break-word; break-inside: avoid;\">Radio:FM radio (Snapdragon model only; market/operator dependent)</li><li class=\"\" style=\"margin: 0px; padding: 0px 0px 0px 15px; position: relative; font-size: 14px; line-height: 18px; text-align: left; word-break: break-word; break-inside: avoid;\">USB:3.2, Type-C 1.0 reversible connector, USB On-The-Go</li><li class=\"\" style=\"margin: 0px; padding: 0px 0px 0px 15px; position: relative; font-size: 14px; line-height: 18px; text-align: left; word-break: break-word; break-inside: avoid;\">Sensors:Fingerprint (under display, ultrasonic), accelerometer, gyro, proximity, compass, barometer</li><li class=\"\" style=\"margin: 0px; padding: 0px 0px 0px 15px; position: relative; font-size: 14px; line-height: 18px; text-align: left; word-break: break-word; break-inside: avoid;\">Samsung Wireless DeX (desktop experience support)</li><li class=\"\" style=\"margin: 0px; padding: 0px 0px 0px 15px; position: relative; font-size: 14px; line-height: 18px; text-align: left; word-break: break-word; break-inside: avoid;\">ANT+</li><li class=\"\" style=\"margin: 0px; padding: 0px 0px 0px 15px; position: relative; font-size: 14px; line-height: 18px; text-align: left; word-break: break-word; break-inside: avoid;\">Bixby natural language commands and dictation</li><li class=\"\" style=\"margin: 0px; padding: 0px 0px 0px 15px; position: relative; font-size: 14px; line-height: 18px; text-align: left; word-break: break-word; break-inside: avoid;\">Non-removable Li-Ion 4300 mAh battery</li><li class=\"\" style=\"margin: 0px; padding: 0px 0px 0px 15px; position: relative; font-size: 14px; line-height: 18px; text-align: left; word-break: break-word; break-inside: avoid;\">Fast charging 25W</li><li class=\"\" style=\"margin: 0px; padding: 0px 0px 0px 15px; position: relative; font-size: 14px; line-height: 18px; text-align: left; word-break: break-word; break-inside: avoid;\">USB Power Delivery 3.0</li><li class=\"\" style=\"margin: 0px; padding: 0px 0px 0px 15px; position: relative; font-size: 14px; line-height: 18px; text-align: left; word-break: break-word; break-inside: avoid;\">Fast Qi/PMA wireless charging</li><li class=\"\" style=\"margin: 0px; padding: 0px 0px 0px 15px; position: relative; font-size: 14px; line-height: 18px; text-align: left; word-break: break-word; break-inside: avoid;\">Reverse wireless charging 9W</li></ul>', '<ul class=\"\" style=\"list-style: none; overflow: hidden; columns: auto 2; column-gap: 32px; font-family: Roboto, -apple-system, BlinkMacSystemFont, &quot;Helvetica Neue&quot;, Helvetica, sans-serif; font-size: 12px; background-color: rgb(255, 255, 255);\"><li class=\"\" data-spm-anchor-id=\"a2a0e.pdp.product_detail.i0.5f55hrLPhrLP0R\" style=\"margin: 0px; padding: 0px 0px 0px 15px; position: relative; font-size: 14px; line-height: 18px; text-align: left; word-break: break-word; break-inside: avoid;\">NO RETURN applicable if the seal is broken</li><li class=\"\" style=\"margin: 0px; padding: 0px 0px 0px 15px; position: relative; font-size: 14px; line-height: 18px; text-align: left; word-break: break-word; break-inside: avoid;\">Deliveries to start from 20thSeptember</li><li class=\"\" style=\"margin: 0px; padding: 0px 0px 0px 15px; position: relative; font-size: 14px; line-height: 18px; text-align: left; word-break: break-word; break-inside: avoid;\">Dimensions: 161.6 x 75.2 x 8.3 mm (6.36 x 2.96 x 0.33 in)</li><li class=\"\" style=\"margin: 0px; padding: 0px 0px 0px 15px; position: relative; font-size: 14px; line-height: 18px; text-align: left; word-break: break-word; break-inside: avoid;\">Weight: 192 g (Sub6 5G), 194 g (mmWave 5G) (6.77 oz)</li><li class=\"\" style=\"margin: 0px; padding: 0px 0px 0px 15px; position: relative; font-size: 14px; line-height: 18px; text-align: left; word-break: break-word; break-inside: avoid;\">Build:Glass front (Gorilla Glass 5), plastic back</li><li class=\"\" style=\"margin: 0px; padding: 0px 0px 0px 15px; position: relative; font-size: 14px; line-height: 18px; text-align: left; word-break: break-word; break-inside: avoid;\">SIM: Hybrid Dual SIM (Nano-SIM, dual stand-by)</li><li class=\"\" style=\"margin: 0px; padding: 0px 0px 0px 15px; position: relative; font-size: 14px; line-height: 18px; text-align: left; word-break: break-word; break-inside: avoid;\">Stylus, 26ms latency (Bluetooth integration, accelerometer, gyro)</li><li class=\"\" style=\"margin: 0px; padding: 0px 0px 0px 15px; position: relative; font-size: 14px; line-height: 18px; text-align: left; word-break: break-word; break-inside: avoid;\">DisplayType:Super AMOLED Plus capacitive touchscreen, 16M colors</li><li class=\"\" style=\"margin: 0px; padding: 0px 0px 0px 15px; position: relative; font-size: 14px; line-height: 18px; text-align: left; word-break: break-word; break-inside: avoid;\">Display Size: 6.7 inches, 108.4 cm2 (~89.2% screen-to-body ratio)</li><li class=\"\" style=\"margin: 0px; padding: 0px 0px 0px 15px; position: relative; font-size: 14px; line-height: 18px; text-align: left; word-break: break-word; break-inside: avoid;\">Resolution:1080 x 2400 pixels, 20:9 ratio (~393 ppi density)</li><li class=\"\" style=\"margin: 0px; padding: 0px 0px 0px 15px; position: relative; font-size: 14px; line-height: 18px; text-align: left; word-break: break-word; break-inside: avoid;\">OS:Android 10, One UI 2.5</li><li class=\"\" style=\"margin: 0px; padding: 0px 0px 0px 15px; position: relative; font-size: 14px; line-height: 18px; text-align: left; word-break: break-word; break-inside: avoid;\">Chipset: Exynos 990</li><li class=\"\" style=\"margin: 0px; padding: 0px 0px 0px 15px; position: relative; font-size: 14px; line-height: 18px; text-align: left; word-break: break-word; break-inside: avoid;\">Qualcomm SM8250 Snapdragon 865+</li><li class=\"\" style=\"margin: 0px; padding: 0px 0px 0px 15px; position: relative; font-size: 14px; line-height: 18px; text-align: left; word-break: break-word; break-inside: avoid;\">CPU:Octa-core (2x2.73 GHz Mongoose M5 &amp; 2x2.50 GHz Cortex-A76 &amp; 4x2.0 GHz Cortex-A55)</li><li class=\"\" style=\"margin: 0px; padding: 0px 0px 0px 15px; position: relative; font-size: 14px; line-height: 18px; text-align: left; word-break: break-word; break-inside: avoid;\">Octa-core (1x3.0 GHz Kryo 585 &amp; 3x2.42 GHz Kryo 585 &amp; 4x1.8 GHz Kryo 585)</li><li class=\"\" style=\"margin: 0px; padding: 0px 0px 0px 15px; position: relative; font-size: 14px; line-height: 18px; text-align: left; word-break: break-word; break-inside: avoid;\">GPU: Mali-G77 MP11</li><li class=\"\" style=\"margin: 0px; padding: 0px 0px 0px 15px; position: relative; font-size: 14px; line-height: 18px; text-align: left; word-break: break-word; break-inside: avoid;\">Adreno 650</li><li class=\"\" style=\"margin: 0px; padding: 0px 0px 0px 15px; position: relative; font-size: 14px; line-height: 18px; text-align: left; word-break: break-word; break-inside: avoid;\">128GB ROM/ 8GB RAM</li><li class=\"\" style=\"margin: 0px; padding: 0px 0px 0px 15px; position: relative; font-size: 14px; line-height: 18px; text-align: left; word-break: break-word; break-inside: avoid;\">MAIN CAMERA(Triple): 12 MP,64 MP, 12 MP</li><li class=\"\" style=\"margin: 0px; padding: 0px 0px 0px 15px; position: relative; font-size: 14px; line-height: 18px; text-align: left; word-break: break-word; break-inside: avoid;\">Features:LED flash, auto-HDR, panorama</li><li class=\"\" style=\"margin: 0px; padding: 0px 0px 0px 15px; position: relative; font-size: 14px; line-height: 18px; text-align: left; word-break: break-word; break-inside: avoid;\">Video 8K@24fps, 4K@30/60fps, 1080p@30/60/240fps, 720p@960fps, HDR10+, stereo sound rec., gyro-EIS &amp; OIS</li><li class=\"\" style=\"margin: 0px; padding: 0px 0px 0px 15px; position: relative; font-size: 14px; line-height: 18px; text-align: left; word-break: break-word; break-inside: avoid;\">SELFIE CAMERA (Single):10 MP</li><li class=\"\" style=\"margin: 0px; padding: 0px 0px 0px 15px; position: relative; font-size: 14px; line-height: 18px; text-align: left; word-break: break-word; break-inside: avoid;\">Features:Dual video call, Auto-HDR</li><li class=\"\" style=\"margin: 0px; padding: 0px 0px 0px 15px; position: relative; font-size: 14px; line-height: 18px; text-align: left; word-break: break-word; break-inside: avoid;\">Video: 4K@30/60fps, 1080p@30fps</li><li class=\"\" style=\"margin: 0px; padding: 0px 0px 0px 15px; position: relative; font-size: 14px; line-height: 18px; text-align: left; word-break: break-word; break-inside: avoid;\">Loudspeaker, with stereo speakers</li><li class=\"\" style=\"margin: 0px; padding: 0px 0px 0px 15px; position: relative; font-size: 14px; line-height: 18px; text-align: left; word-break: break-word; break-inside: avoid;\">3.5mm jack, No</li><li class=\"\" style=\"margin: 0px; padding: 0px 0px 0px 15px; position: relative; font-size: 14px; line-height: 18px; text-align: left; word-break: break-word; break-inside: avoid;\">WLAN, Wi-Fi 802.11 a/b/g/n/ac/6, dual-band, Wi-Fi Direct, hotspot</li><li class=\"\" style=\"margin: 0px; padding: 0px 0px 0px 15px; position: relative; font-size: 14px; line-height: 18px; text-align: left; word-break: break-word; break-inside: avoid;\">Bluetooth:5.0, A2DP, LE, aptX</li><li class=\"\" style=\"margin: 0px; padding: 0px 0px 0px 15px; position: relative; font-size: 14px; line-height: 18px; text-align: left; word-break: break-word; break-inside: avoid;\">GPS:Yes, with A-GPS, GLONASS, BDS, GALILEO</li><li class=\"\" style=\"margin: 0px; padding: 0px 0px 0px 15px; position: relative; font-size: 14px; line-height: 18px; text-align: left; word-break: break-word; break-inside: avoid;\">NFC: Yes</li><li class=\"\" style=\"margin: 0px; padding: 0px 0px 0px 15px; position: relative; font-size: 14px; line-height: 18px; text-align: left; word-break: break-word; break-inside: avoid;\">Radio:FM radio (Snapdragon model only; market/operator dependent)</li><li class=\"\" style=\"margin: 0px; padding: 0px 0px 0px 15px; position: relative; font-size: 14px; line-height: 18px; text-align: left; word-break: break-word; break-inside: avoid;\">USB:3.2, Type-C 1.0 reversible connector, USB On-The-Go</li><li class=\"\" style=\"margin: 0px; padding: 0px 0px 0px 15px; position: relative; font-size: 14px; line-height: 18px; text-align: left; word-break: break-word; break-inside: avoid;\">Sensors:Fingerprint (under display, ultrasonic), accelerometer, gyro, proximity, compass, barometer</li><li class=\"\" style=\"margin: 0px; padding: 0px 0px 0px 15px; position: relative; font-size: 14px; line-height: 18px; text-align: left; word-break: break-word; break-inside: avoid;\">Samsung Wireless DeX (desktop experience support)</li><li class=\"\" style=\"margin: 0px; padding: 0px 0px 0px 15px; position: relative; font-size: 14px; line-height: 18px; text-align: left; word-break: break-word; break-inside: avoid;\">ANT+</li><li class=\"\" style=\"margin: 0px; padding: 0px 0px 0px 15px; position: relative; font-size: 14px; line-height: 18px; text-align: left; word-break: break-word; break-inside: avoid;\">Bixby natural language commands and dictation</li><li class=\"\" style=\"margin: 0px; padding: 0px 0px 0px 15px; position: relative; font-size: 14px; line-height: 18px; text-align: left; word-break: break-word; break-inside: avoid;\">Non-removable Li-Ion 4300 mAh battery</li><li class=\"\" style=\"margin: 0px; padding: 0px 0px 0px 15px; position: relative; font-size: 14px; line-height: 18px; text-align: left; word-break: break-word; break-inside: avoid;\">Fast charging 25W</li><li class=\"\" style=\"margin: 0px; padding: 0px 0px 0px 15px; position: relative; font-size: 14px; line-height: 18px; text-align: left; word-break: break-word; break-inside: avoid;\">USB Power Delivery 3.0</li><li class=\"\" style=\"margin: 0px; padding: 0px 0px 0px 15px; position: relative; font-size: 14px; line-height: 18px; text-align: left; word-break: break-word; break-inside: avoid;\">Fast Qi/PMA wireless charging</li><li class=\"\" style=\"margin: 0px; padding: 0px 0px 0px 15px; position: relative; font-size: 14px; line-height: 18px; text-align: left; word-break: break-word; break-inside: avoid;\">Reverse wireless charging 9W</li></ul>', 1, 15, NULL, NULL, NULL, 1, 1, 1, 1, 1, 1, 'samsung-galaxy-note-20---6.7\"-(1080x2040-pixels)---64mp-camera---8gb-ram---exynos-990---4,300-mah-battery', 0, 1, '2021-09-29 13:03:35', '2021-11-25 14:17:06'),
(33, 'Samsung Galaxy A32 - 6GB/128GB', 1, 2, 21, 'uploads/images/03-10-2021/6159babd71949.jpeg', 'C39', NULL, 0, 0.00, '1', 5.00, '1', 3.00, NULL, 'youtube', NULL, '<ul class=\"\" style=\"list-style: none; overflow: hidden; columns: auto 2; column-gap: 32px; font-family: Roboto, -apple-system, BlinkMacSystemFont, &quot;Helvetica Neue&quot;, Helvetica, sans-serif; font-size: 12px; background-color: rgb(255, 255, 255);\"><li class=\"\" data-spm-anchor-id=\"a2a0e.pdp.product_detail.i0.3cd5Q9RUQ9RUqF\" style=\"margin: 0px; padding: 0px 0px 0px 15px; position: relative; font-size: 14px; line-height: 18px; text-align: left; word-break: break-word; break-inside: avoid;\">NO RETURN applicable if the seal is broken</li><li class=\"\" style=\"margin: 0px; padding: 0px 0px 0px 15px; position: relative; font-size: 14px; line-height: 18px; text-align: left; word-break: break-word; break-inside: avoid;\">Dimensions:158.9 x 73.6 x 8.4 mm (6.26 x 2.90 x 0.33 in)</li><li class=\"\" style=\"margin: 0px; padding: 0px 0px 0px 15px; position: relative; font-size: 14px; line-height: 18px; text-align: left; word-break: break-word; break-inside: avoid;\">Weight: 184 g (6.49 oz)</li><li class=\"\" style=\"margin: 0px; padding: 0px 0px 0px 15px; position: relative; font-size: 14px; line-height: 18px; text-align: left; word-break: break-word; break-inside: avoid;\">Build:Glass front, plastic frame, plastic back</li><li class=\"\" style=\"margin: 0px; padding: 0px 0px 0px 15px; position: relative; font-size: 14px; line-height: 18px; text-align: left; word-break: break-word; break-inside: avoid;\">SIM: Single SIM (Nano-SIM) or Dual SIM (Nano-SIM, dual stand-by)</li><li class=\"\" style=\"margin: 0px; padding: 0px 0px 0px 15px; position: relative; font-size: 14px; line-height: 18px; text-align: left; word-break: break-word; break-inside: avoid;\">DISPLAY:Type Super AMOLED, 90Hz, 800 nits</li><li class=\"\" style=\"margin: 0px; padding: 0px 0px 0px 15px; position: relative; font-size: 14px; line-height: 18px; text-align: left; word-break: break-word; break-inside: avoid;\">Size:6.4 inches, 98.9 cm2 (~84.6% screen-to-body ratio)</li><li class=\"\" style=\"margin: 0px; padding: 0px 0px 0px 15px; position: relative; font-size: 14px; line-height: 18px; text-align: left; word-break: break-word; break-inside: avoid;\">Resolution:1080 x 2400 pixels, 20:9 ratio (~411 ppi density)</li><li class=\"\" style=\"margin: 0px; padding: 0px 0px 0px 15px; position: relative; font-size: 14px; line-height: 18px; text-align: left; word-break: break-word; break-inside: avoid;\">OS: Android 11, One UI 3.1</li><li class=\"\" style=\"margin: 0px; padding: 0px 0px 0px 15px; position: relative; font-size: 14px; line-height: 18px; text-align: left; word-break: break-word; break-inside: avoid;\">Chipset: Mediatek Helio G80 (12 nm)</li><li class=\"\" style=\"margin: 0px; padding: 0px 0px 0px 15px; position: relative; font-size: 14px; line-height: 18px; text-align: left; word-break: break-word; break-inside: avoid;\">CPU:Octa-core (2x2.0 GHz Cortex-A75 &amp; 6x1.8 GHz Cortex-A55)</li><li class=\"\" style=\"margin: 0px; padding: 0px 0px 0px 15px; position: relative; font-size: 14px; line-height: 18px; text-align: left; word-break: break-word; break-inside: avoid;\">GPU:Mali-G52 MC2</li><li class=\"\" style=\"margin: 0px; padding: 0px 0px 0px 15px; position: relative; font-size: 14px; line-height: 18px; text-align: left; word-break: break-word; break-inside: avoid;\">MEMORY Card slot: microSDXC (dedicated slot)</li><li class=\"\" style=\"margin: 0px; padding: 0px 0px 0px 15px; position: relative; font-size: 14px; line-height: 18px; text-align: left; word-break: break-word; break-inside: avoid;\">6GB RAM, 128GB ROM</li><li class=\"\" style=\"margin: 0px; padding: 0px 0px 0px 15px; position: relative; font-size: 14px; line-height: 18px; text-align: left; word-break: break-word; break-inside: avoid;\">MAIN CAMERA (Quad):64 MP, 8 MP,5 MP,5 MP, f/2.4, (depth)</li><li class=\"\" style=\"margin: 0px; padding: 0px 0px 0px 15px; position: relative; font-size: 14px; line-height: 18px; text-align: left; word-break: break-word; break-inside: avoid;\">Features: LED flash, panorama, HDR</li><li class=\"\" style=\"margin: 0px; padding: 0px 0px 0px 15px; position: relative; font-size: 14px; line-height: 18px; text-align: left; word-break: break-word; break-inside: avoid;\">Video:1080p@30fps</li><li class=\"\" style=\"margin: 0px; padding: 0px 0px 0px 15px; position: relative; font-size: 14px; line-height: 18px; text-align: left; word-break: break-word; break-inside: avoid;\">SELFIE CAMERA (Single):20 MP, f/2.2, (wide)</li><li class=\"\" style=\"margin: 0px; padding: 0px 0px 0px 15px; position: relative; font-size: 14px; line-height: 18px; text-align: left; word-break: break-word; break-inside: avoid;\">Video: 1080p@30fps</li><li class=\"\" style=\"margin: 0px; padding: 0px 0px 0px 15px; position: relative; font-size: 14px; line-height: 18px; text-align: left; word-break: break-word; break-inside: avoid;\">SOUND Loudspeaker: Yes</li><li class=\"\" style=\"margin: 0px; padding: 0px 0px 0px 15px; position: relative; font-size: 14px; line-height: 18px; text-align: left; word-break: break-word; break-inside: avoid;\">3.5mm jack</li><li class=\"\" style=\"margin: 0px; padding: 0px 0px 0px 15px; position: relative; font-size: 14px; line-height: 18px; text-align: left; word-break: break-word; break-inside: avoid;\">COMMS WLAN:Wi-Fi 802.11 a/b/g/n/ac, dual-band, Wi-Fi Direct, hotspot</li><li class=\"\" style=\"margin: 0px; padding: 0px 0px 0px 15px; position: relative; font-size: 14px; line-height: 18px; text-align: left; word-break: break-word; break-inside: avoid;\">Bluetooth: 5.0, A2DP, LE</li><li class=\"\" style=\"margin: 0px; padding: 0px 0px 0px 15px; position: relative; font-size: 14px; line-height: 18px; text-align: left; word-break: break-word; break-inside: avoid;\">GPS: Yes, with A-GPS, GLONASS, BDS, GALILEO</li><li class=\"\" style=\"margin: 0px; padding: 0px 0px 0px 15px; position: relative; font-size: 14px; line-height: 18px; text-align: left; word-break: break-word; break-inside: avoid;\">NFC:Yes (market/region dependent)</li><li class=\"\" style=\"margin: 0px; padding: 0px 0px 0px 15px; position: relative; font-size: 14px; line-height: 18px; text-align: left; word-break: break-word; break-inside: avoid;\">Radio:FM radio, RDS, recording</li><li class=\"\" style=\"margin: 0px; padding: 0px 0px 0px 15px; position: relative; font-size: 14px; line-height: 18px; text-align: left; word-break: break-word; break-inside: avoid;\">USB Type-C 2.0, USB On-The-Go</li><li class=\"\" style=\"margin: 0px; padding: 0px 0px 0px 15px; position: relative; font-size: 14px; line-height: 18px; text-align: left; word-break: break-word; break-inside: avoid;\">Sensors: Fingerprint (under display, optical), accelerometer, gyro, proximity, compass</li><li class=\"\" style=\"margin: 0px; padding: 0px 0px 0px 15px; position: relative; font-size: 14px; line-height: 18px; text-align: left; word-break: break-word; break-inside: avoid;\">BATTERY Type: Li-Ion 5000 mAh, non-removable</li><li class=\"\" style=\"margin: 0px; padding: 0px 0px 0px 15px; position: relative; font-size: 14px; line-height: 18px; text-align: left; word-break: break-word; break-inside: avoid;\">Charging: Fast charging 15W</li></ul>', NULL, 1, 6, NULL, NULL, NULL, 1, 1, 1, 1, 1, 1, 'samsung-galaxy-a32---6gb/128gb', 0, 1, '2021-09-29 13:10:09', '2021-10-03 20:14:21'),
(34, 'Men Casual Watch 006', 1, 2, 2, 'uploads/images/04-10-2021/615a6b81eff2d.jpeg', 'C39', NULL, 0, 0.00, '1', 4.00, '1', 2.00, NULL, 'youtube', NULL, '<h2 class=\"pdp-mod-section-title outer-title\" data-spm-anchor-id=\"a2a0e.pdp.0.i1.62daVXBQVXBQaB\" style=\"margin-right: 0px; margin-bottom: 0px; margin-left: 0px; font-family: Roboto-Medium; font-weight: 500; line-height: 52px; color: rgb(33, 33, 33); font-size: 16px; padding: 0px 24px; overflow: hidden; text-overflow: ellipsis; white-space: nowrap; height: 52px; background-image: initial; background-position: initial; background-size: initial; background-repeat: initial; background-attachment: initial; background-origin: initial; background-clip: initial;\">Product details of Naviforce NF9117 - Coffee PU Leather Analog Watch for Men - Silver &amp; Coffee</h2><div class=\"pdp-product-detail\" data-spm=\"product_detail\" style=\"color: rgb(130, 139, 178); background-color: rgb(255, 255, 255); margin: 0px; padding: 0px; position: relative; font-family: Roboto, -apple-system, BlinkMacSystemFont, &quot;Helvetica Neue&quot;, Helvetica, sans-serif; font-size: 12px;\"><div class=\"pdp-product-desc \" style=\"margin: 0px; padding: 5px 14px 5px 24px; height: auto; overflow-y: hidden;\"><div class=\"html-content pdp-product-highlights\" style=\"margin: 0px; padding: 11px 0px 16px; word-break: break-word; border-bottom: 1px solid rgb(239, 240, 245); overflow: hidden;\"><ul class=\"\" style=\"list-style: none; overflow: hidden; columns: auto 2; column-gap: 32px;\"><li class=\"\" style=\"margin: 0px; padding: 0px 0px 0px 15px; position: relative; font-size: 14px; line-height: 18px; text-align: left; word-break: break-word; break-inside: avoid;\">Product Type: Watch</li><li class=\"\" style=\"margin: 0px; padding: 0px 0px 0px 15px; position: relative; font-size: 14px; line-height: 18px; text-align: left; word-break: break-word; break-inside: avoid;\">Movement: Analog Quartz Movement</li><li class=\"\" style=\"margin: 0px; padding: 0px 0px 0px 15px; position: relative; font-size: 14px; line-height: 18px; text-align: left; word-break: break-word; break-inside: avoid;\">Dial Shape: Round</li><li class=\"\" style=\"margin: 0px; padding: 0px 0px 0px 15px; position: relative; font-size: 14px; line-height: 18px; text-align: left; word-break: break-word; break-inside: avoid;\">Diameter: 4.5 cm</li><li class=\"\" style=\"margin: 0px; padding: 0px 0px 0px 15px; position: relative; font-size: 14px; line-height: 18px; text-align: left; word-break: break-word; break-inside: avoid;\">Window Material: Hardlex Glass</li><li class=\"\" data-spm-anchor-id=\"a2a0e.pdp.product_detail.i0.62daVXBQVXBQaB\" style=\"margin: 0px; padding: 0px 0px 0px 15px; position: relative; font-size: 14px; line-height: 18px; text-align: left; word-break: break-word; break-inside: avoid;\">Case Thickness: 1.3 cm</li><li class=\"\" style=\"margin: 0px; padding: 0px 0px 0px 15px; position: relative; font-size: 14px; line-height: 18px; text-align: left; word-break: break-word; break-inside: avoid;\">Case Material: Alloy</li><li class=\"\" style=\"margin: 0px; padding: 0px 0px 0px 15px; position: relative; font-size: 14px; line-height: 18px; text-align: left; word-break: break-word; break-inside: avoid;\">Band Material: PU Leather</li><li class=\"\" style=\"margin: 0px; padding: 0px 0px 0px 15px; position: relative; font-size: 14px; line-height: 18px; text-align: left; word-break: break-word; break-inside: avoid;\">Band Length: 24cm</li><li class=\"\" style=\"margin: 0px; padding: 0px 0px 0px 15px; position: relative; font-size: 14px; line-height: 18px; text-align: left; word-break: break-word; break-inside: avoid;\">Band Width: 2.2cm</li><li class=\"\" data-spm-anchor-id=\"a2a0e.pdp.product_detail.i2.62daVXBQVXBQaB\" style=\"margin: 0px; padding: 0px 0px 0px 15px; position: relative; font-size: 14px; line-height: 18px; text-align: left; word-break: break-word; break-inside: avoid;\">Water Resistance: 30M</li></ul></div></div></div>', NULL, 2, 8, NULL, NULL, NULL, 1, 1, 1, 1, 1, 1, 'men-casual-watch-006', 0, 1, '2021-09-29 14:58:48', '2021-11-25 15:21:04'),
(35, 'Exclusive watch 007', 1, 1, 2, 'uploads/images/04-10-2021/615a6b99baed9.jpeg', 'C39', NULL, 0, 0.00, '0', 4.00, '0', 3.00, NULL, 'youtube', NULL, '<p style=\"margin-right: 0px; margin-bottom: 15px; margin-left: 0px; color: rgb(0, 0, 0); font-family: &quot;Open Sans&quot;, Arial, sans-serif; background-color: rgb(255, 255, 255); padding: 0px; text-align: justify;\">Contrary to popular belief, Lorem Ipsum is not simply random text. It has roots in a piece of classical Latin literature from 45 BC, making it over 2000 years old. Richard McClintock, a Latin professor at Hampden-Sydney College in Virginia, looked up one of the more obscure Latin words, consectetur, from a Lorem Ipsum passage, and going through the cites of the word in classical literature, discovered the undoubtable source. Lorem Ipsum comes from sections 1.10.32 and 1.10.33 of \"de Finibus Bonorum et Malorum\" (The Extremes of Good and Evil) by Cicero, written in 45 BC. This book is a treatise on the theory of ethics, very popular during the Renaissance. The first line of Lorem Ipsum, \"Lorem ipsum dolor sit amet..\", comes from a line in section 1.10.32.</p><p style=\"margin-right: 0px; margin-bottom: 15px; margin-left: 0px; color: rgb(0, 0, 0); font-family: &quot;Open Sans&quot;, Arial, sans-serif; background-color: rgb(255, 255, 255); padding: 0px; text-align: justify;\">The standard chunk of Lorem Ipsum used since the 1500s is reproduced below for those interested. Sections 1.10.32 and 1.10.33 from \"de Finibus Bonorum et Malorum\" by Cicero are also reproduced in their exact original form, accompanied by English versions from the 1914 translation by H. Rackham.</p>', NULL, 1, 66, NULL, NULL, NULL, 1, 1, 1, 1, 1, 1, 'exclusive-watch-007', 0, 1, '2021-09-29 15:04:31', '2021-10-04 08:48:57'),
(36, 'Sun glass For Man', 1, 2, 10, 'uploads/images/04-10-2021/615a6c0f7ea9a.jpeg', 'C39', NULL, 0, 0.00, '1', 6.00, '1', 3.00, NULL, 'youtube', NULL, '<div class=\"html-content pdp-product-highlights\" style=\"margin: 0px; padding: 11px 0px 16px; word-break: break-word; border-bottom: 1px solid rgb(239, 240, 245); overflow: hidden; font-family: Roboto, -apple-system, BlinkMacSystemFont, &quot;Helvetica Neue&quot;, Helvetica, sans-serif; font-size: 12px;\"><ul class=\"\" style=\"list-style: none; overflow: hidden; columns: auto 2; column-gap: 32px;\"><li class=\"\" data-spm-anchor-id=\"a2a0e.pdp.product_detail.i0.32bbB25zB25zBB\" style=\"margin: 0px; padding: 0px 0px 0px 15px; position: relative; font-size: 14px; line-height: 18px; text-align: left; word-break: break-word; break-inside: avoid;\">Lens materials: High-Quality Polycarbonate</li><li class=\"\" style=\"margin: 0px; padding: 0px 0px 0px 15px; position: relative; font-size: 14px; line-height: 18px; text-align: left; word-break: break-word; break-inside: avoid;\">Protection : UV-400, Anti-glare</li><li class=\"\" style=\"margin: 0px; padding: 0px 0px 0px 15px; position: relative; font-size: 14px; line-height: 18px; text-align: left; word-break: break-word; break-inside: avoid;\">Frame Materials: Metal/Acetate</li><li class=\"\" style=\"margin: 0px; padding: 0px 0px 0px 15px; position: relative; font-size: 14px; line-height: 18px; text-align: left; word-break: break-word; break-inside: avoid;\">With Orginal Box</li><li class=\"\" style=\"margin: 0px; padding: 0px 0px 0px 15px; position: relative; font-size: 14px; line-height: 18px; text-align: left; word-break: break-word; break-inside: avoid;\">High-Quality Polycarbonate lens.</li><li class=\"\" style=\"margin: 0px; padding: 0px 0px 0px 15px; position: relative; font-size: 14px; line-height: 18px; text-align: left; word-break: break-word; break-inside: avoid;\">UV-400 Protection</li><li class=\"\" style=\"margin: 0px; padding: 0px 0px 0px 15px; position: relative; font-size: 14px; line-height: 18px; text-align: left; word-break: break-word; break-inside: avoid;\">Anti-glare</li></ul></div><div class=\"html-content detail-content\" style=\"margin: 16px 0px 0px; padding: 0px 0px 16px; word-break: break-word; position: relative; height: auto; line-height: 19px; overflow-y: hidden; border-bottom: 1px solid rgb(239, 240, 245); font-family: Roboto, -apple-system, BlinkMacSystemFont, &quot;Helvetica Neue&quot;, Helvetica, sans-serif; font-size: 12px;\"><ul style=\"list-style: none;\"><li style=\"margin: 0px; padding: 0px;\">Lens materials: High-Quality Polycarbonate</li><li style=\"margin: 0px; padding: 0px;\">Protection : UV-400, Anti-glare</li><li style=\"margin: 0px; padding: 0px;\">Frame Materials: Metal/Acetate</li><li style=\"margin: 0px; padding: 0px;\">With Orginal Box</li><li style=\"margin: 0px; padding: 0px;\">High-Quality Polycarbonate lens.</li><li style=\"margin: 0px; padding: 0px;\">UV-400 Protection</li><li style=\"margin: 0px; padding: 0px;\">Anti-glare</li></ul></div>', NULL, 2, 50, NULL, NULL, NULL, 1, 1, 1, 1, 1, 1, 'sun-glass-for-man', 0, 1, '2021-09-29 15:15:20', '2021-10-04 08:50:55'),
(37, 'Eye glass', 1, 2, NULL, 'uploads/images/04-10-2021/615a6d9b75cd5.jpeg', 'C39', NULL, 0, 0.00, '1', 3.00, '1', 0.00, NULL, 'youtube', NULL, '<div class=\"html-content pdp-product-highlights\" style=\"margin: 0px; padding: 11px 0px 16px; word-break: break-word; border-bottom: 1px solid rgb(239, 240, 245); overflow: hidden; font-family: Roboto, -apple-system, BlinkMacSystemFont, &quot;Helvetica Neue&quot;, Helvetica, sans-serif; font-size: 12px;\"><ul class=\"\" style=\"list-style: none; overflow: hidden; columns: auto 2; column-gap: 32px;\"><li class=\"\" data-spm-anchor-id=\"a2a0e.pdp.product_detail.i0.32bbB25zB25zBB\" style=\"margin: 0px; padding: 0px 0px 0px 15px; position: relative; font-size: 14px; line-height: 18px; text-align: left; word-break: break-word; break-inside: avoid;\">Lens materials: High-Quality Polycarbonate</li><li class=\"\" style=\"margin: 0px; padding: 0px 0px 0px 15px; position: relative; font-size: 14px; line-height: 18px; text-align: left; word-break: break-word; break-inside: avoid;\">Protection : UV-400, Anti-glare</li><li class=\"\" style=\"margin: 0px; padding: 0px 0px 0px 15px; position: relative; font-size: 14px; line-height: 18px; text-align: left; word-break: break-word; break-inside: avoid;\">Frame Materials: Metal/Acetate</li><li class=\"\" style=\"margin: 0px; padding: 0px 0px 0px 15px; position: relative; font-size: 14px; line-height: 18px; text-align: left; word-break: break-word; break-inside: avoid;\">With Orginal Box</li><li class=\"\" style=\"margin: 0px; padding: 0px 0px 0px 15px; position: relative; font-size: 14px; line-height: 18px; text-align: left; word-break: break-word; break-inside: avoid;\">High-Quality Polycarbonate lens.</li><li class=\"\" style=\"margin: 0px; padding: 0px 0px 0px 15px; position: relative; font-size: 14px; line-height: 18px; text-align: left; word-break: break-word; break-inside: avoid;\">UV-400 Protection</li><li class=\"\" style=\"margin: 0px; padding: 0px 0px 0px 15px; position: relative; font-size: 14px; line-height: 18px; text-align: left; word-break: break-word; break-inside: avoid;\">Anti-glare</li></ul></div><div class=\"html-content detail-content\" style=\"margin: 16px 0px 0px; padding: 0px 0px 16px; word-break: break-word; position: relative; height: auto; line-height: 19px; overflow-y: hidden; border-bottom: 1px solid rgb(239, 240, 245); font-family: Roboto, -apple-system, BlinkMacSystemFont, &quot;Helvetica Neue&quot;, Helvetica, sans-serif; font-size: 12px;\"><ul style=\"list-style: none;\"><li style=\"margin: 0px; padding: 0px;\">Lens materials: High-Quality Polycarbonate</li><li style=\"margin: 0px; padding: 0px;\">Protection : UV-400, Anti-glare</li><li style=\"margin: 0px; padding: 0px;\">Frame Materials: Metal/Acetate</li><li style=\"margin: 0px; padding: 0px;\">With Orginal Box</li><li style=\"margin: 0px; padding: 0px;\">High-Quality Polycarbonate lens.</li><li style=\"margin: 0px; padding: 0px;\">UV-400 Protection</li><li style=\"margin: 0px; padding: 0px;\">Anti-glare</li></ul></div>', NULL, 1, 10, NULL, NULL, NULL, 1, 1, 1, 1, 1, 1, 'eye-glass', 0, 1, '2021-09-29 15:17:03', '2021-10-04 08:57:31');
INSERT INTO `products` (`id`, `product_name`, `product_type`, `unit_type_id`, `brand_id`, `thumbnail_image_source`, `barcode_type`, `model_number`, `shipping_type`, `shipping_cost`, `discount_type`, `discount`, `tax_type`, `tax`, `pdf`, `video_provider`, `video_link`, `description`, `specification`, `minimum_order_qty`, `max_order_qty`, `meta_title`, `meta_description`, `meta_image`, `is_physical`, `is_approved`, `status`, `display_in_details`, `requested_by`, `created_by`, `slug`, `stock_manage`, `updated_by`, `created_at`, `updated_at`) VALUES
(38, 'Eye glass 002', 1, 2, 10, 'uploads/images/25-11-2021/619f83e4ed565.png', 'C39', NULL, 0, 0.00, '1', 2.00, '1', 3.00, NULL, 'youtube', NULL, '<div class=\"html-content pdp-product-highlights\" style=\"margin: 0px; padding: 11px 0px 16px; word-break: break-word; border-bottom: 1px solid rgb(239, 240, 245); overflow: hidden; font-family: Roboto, -apple-system, BlinkMacSystemFont, &quot;Helvetica Neue&quot;, Helvetica, sans-serif; font-size: 12px;\"><ul class=\"\" style=\"list-style: none; overflow: hidden; columns: auto 2; column-gap: 32px;\"><li class=\"\" data-spm-anchor-id=\"a2a0e.pdp.product_detail.i0.32bbB25zB25zBB\" style=\"margin: 0px; padding: 0px 0px 0px 15px; position: relative; font-size: 14px; line-height: 18px; text-align: left; word-break: break-word; break-inside: avoid;\">Lens materials: High-Quality Polycarbonate</li><li class=\"\" style=\"margin: 0px; padding: 0px 0px 0px 15px; position: relative; font-size: 14px; line-height: 18px; text-align: left; word-break: break-word; break-inside: avoid;\">Protection : UV-400, Anti-glare</li><li class=\"\" data-spm-anchor-id=\"a2a0e.pdp.product_detail.i1.32bbB25zB25zBB\" style=\"margin: 0px; padding: 0px 0px 0px 15px; position: relative; font-size: 14px; line-height: 18px; text-align: left; word-break: break-word; break-inside: avoid;\">Frame Materials: Metal/Acetate</li><li class=\"\" style=\"margin: 0px; padding: 0px 0px 0px 15px; position: relative; font-size: 14px; line-height: 18px; text-align: left; word-break: break-word; break-inside: avoid;\">With Orginal Box</li><li class=\"\" style=\"margin: 0px; padding: 0px 0px 0px 15px; position: relative; font-size: 14px; line-height: 18px; text-align: left; word-break: break-word; break-inside: avoid;\">High-Quality Polycarbonate lens.</li><li class=\"\" style=\"margin: 0px; padding: 0px 0px 0px 15px; position: relative; font-size: 14px; line-height: 18px; text-align: left; word-break: break-word; break-inside: avoid;\">UV-400 Protection</li><li class=\"\" style=\"margin: 0px; padding: 0px 0px 0px 15px; position: relative; font-size: 14px; line-height: 18px; text-align: left; word-break: break-word; break-inside: avoid;\">Anti-glare</li></ul></div><div class=\"html-content detail-content\" style=\"margin: 16px 0px 0px; padding: 0px 0px 16px; word-break: break-word; position: relative; height: auto; line-height: 19px; overflow-y: hidden; border-bottom: 1px solid rgb(239, 240, 245); font-family: Roboto, -apple-system, BlinkMacSystemFont, &quot;Helvetica Neue&quot;, Helvetica, sans-serif; font-size: 12px;\"><ul style=\"list-style: none;\"><li style=\"margin: 0px; padding: 0px;\">Lens materials: High-Quality Polycarbonate</li><li style=\"margin: 0px; padding: 0px;\">Protection : UV-400, Anti-glare</li><li style=\"margin: 0px; padding: 0px;\">Frame Materials: Metal/Acetate</li><li style=\"margin: 0px; padding: 0px;\">With Orginal Box</li><li style=\"margin: 0px; padding: 0px;\">High-Quality Polycarbonate lens.</li><li style=\"margin: 0px; padding: 0px;\">UV-400 Protection</li><li style=\"margin: 0px; padding: 0px;\">Anti-glare</li></ul></div>', NULL, 1, 12, NULL, NULL, NULL, 1, 1, 1, 1, 1, 1, 'eye-glass-002', 0, 1, '2021-09-29 15:19:57', '2021-11-25 18:39:01'),
(39, 'Exclusive Eye glass', 1, 2, NULL, 'uploads/images/04-10-2021/615a6e0f6506a.jpeg', 'C39', NULL, 0, 0.00, '1', 6.00, '1', 4.00, NULL, 'youtube', NULL, '<div class=\"html-content pdp-product-highlights\" style=\"margin: 0px; padding: 11px 0px 16px; word-break: break-word; border-bottom: 1px solid rgb(239, 240, 245); overflow: hidden; font-family: Roboto, -apple-system, BlinkMacSystemFont, &quot;Helvetica Neue&quot;, Helvetica, sans-serif; font-size: 12px;\"><ul class=\"\" style=\"list-style: none; overflow: hidden; columns: auto 2; column-gap: 32px;\"><li class=\"\" data-spm-anchor-id=\"a2a0e.pdp.product_detail.i0.32bbB25zB25zBB\" style=\"margin: 0px; padding: 0px 0px 0px 15px; position: relative; font-size: 14px; line-height: 18px; text-align: left; word-break: break-word; break-inside: avoid;\">Lens materials: High-Quality Polycarbonate</li><li class=\"\" style=\"margin: 0px; padding: 0px 0px 0px 15px; position: relative; font-size: 14px; line-height: 18px; text-align: left; word-break: break-word; break-inside: avoid;\">Protection : UV-400, Anti-glare</li><li class=\"\" data-spm-anchor-id=\"a2a0e.pdp.product_detail.i1.32bbB25zB25zBB\" style=\"margin: 0px; padding: 0px 0px 0px 15px; position: relative; font-size: 14px; line-height: 18px; text-align: left; word-break: break-word; break-inside: avoid;\">Frame Materials: Metal/Acetate</li><li class=\"\" style=\"margin: 0px; padding: 0px 0px 0px 15px; position: relative; font-size: 14px; line-height: 18px; text-align: left; word-break: break-word; break-inside: avoid;\">With Orginal Box</li><li class=\"\" style=\"margin: 0px; padding: 0px 0px 0px 15px; position: relative; font-size: 14px; line-height: 18px; text-align: left; word-break: break-word; break-inside: avoid;\">High-Quality Polycarbonate lens.</li><li class=\"\" style=\"margin: 0px; padding: 0px 0px 0px 15px; position: relative; font-size: 14px; line-height: 18px; text-align: left; word-break: break-word; break-inside: avoid;\">UV-400 Protection</li><li class=\"\" style=\"margin: 0px; padding: 0px 0px 0px 15px; position: relative; font-size: 14px; line-height: 18px; text-align: left; word-break: break-word; break-inside: avoid;\">Anti-glare</li></ul></div><div class=\"html-content detail-content\" style=\"margin: 16px 0px 0px; padding: 0px 0px 16px; word-break: break-word; position: relative; height: auto; line-height: 19px; overflow-y: hidden; border-bottom: 1px solid rgb(239, 240, 245); font-family: Roboto, -apple-system, BlinkMacSystemFont, &quot;Helvetica Neue&quot;, Helvetica, sans-serif; font-size: 12px;\"><ul style=\"list-style: none;\"><li style=\"margin: 0px; padding: 0px;\">Lens materials: High-Quality Polycarbonate</li><li style=\"margin: 0px; padding: 0px;\">Protection : UV-400, Anti-glare</li><li style=\"margin: 0px; padding: 0px;\">Frame Materials: Metal/Acetate</li><li style=\"margin: 0px; padding: 0px;\">With Orginal Box</li><li style=\"margin: 0px; padding: 0px;\">High-Quality Polycarbonate lens.</li><li style=\"margin: 0px; padding: 0px;\">UV-400 Protection</li><li style=\"margin: 0px; padding: 0px;\">Anti-glare</li></ul></div>', NULL, 1, 28, NULL, NULL, NULL, 1, 1, 1, 1, 1, 1, 'exclusive-eye-glass', 0, 1, '2021-09-29 15:22:21', '2021-10-04 08:59:27'),
(40, 'Sun glass for girls', 1, 2, 10, 'uploads/images/04-10-2021/615a6e3194487.jpeg', 'C39', NULL, 0, 0.00, '1', 3.00, '1', 2.00, NULL, 'youtube', NULL, '<div class=\"html-content pdp-product-highlights\" style=\"margin: 0px; padding: 11px 0px 16px; word-break: break-word; border-bottom: 1px solid rgb(239, 240, 245); overflow: hidden; font-family: Roboto, -apple-system, BlinkMacSystemFont, &quot;Helvetica Neue&quot;, Helvetica, sans-serif; font-size: 12px;\"><ul class=\"\" style=\"list-style: none; overflow: hidden; columns: auto 2; column-gap: 32px;\"><li class=\"\" data-spm-anchor-id=\"a2a0e.pdp.product_detail.i0.32bbB25zB25zBB\" style=\"margin: 0px; padding: 0px 0px 0px 15px; position: relative; font-size: 14px; line-height: 18px; text-align: left; word-break: break-word; break-inside: avoid;\">Lens materials: High-Quality Polycarbonate</li><li class=\"\" style=\"margin: 0px; padding: 0px 0px 0px 15px; position: relative; font-size: 14px; line-height: 18px; text-align: left; word-break: break-word; break-inside: avoid;\">Protection : UV-400, Anti-glare</li><li class=\"\" data-spm-anchor-id=\"a2a0e.pdp.product_detail.i1.32bbB25zB25zBB\" style=\"margin: 0px; padding: 0px 0px 0px 15px; position: relative; font-size: 14px; line-height: 18px; text-align: left; word-break: break-word; break-inside: avoid;\">Frame Materials: Metal/Acetate</li><li class=\"\" style=\"margin: 0px; padding: 0px 0px 0px 15px; position: relative; font-size: 14px; line-height: 18px; text-align: left; word-break: break-word; break-inside: avoid;\">With Orginal Box</li><li class=\"\" style=\"margin: 0px; padding: 0px 0px 0px 15px; position: relative; font-size: 14px; line-height: 18px; text-align: left; word-break: break-word; break-inside: avoid;\">High-Quality Polycarbonate lens.</li><li class=\"\" style=\"margin: 0px; padding: 0px 0px 0px 15px; position: relative; font-size: 14px; line-height: 18px; text-align: left; word-break: break-word; break-inside: avoid;\">UV-400 Protection</li><li class=\"\" style=\"margin: 0px; padding: 0px 0px 0px 15px; position: relative; font-size: 14px; line-height: 18px; text-align: left; word-break: break-word; break-inside: avoid;\">Anti-glare</li></ul></div><div class=\"html-content detail-content\" style=\"margin: 16px 0px 0px; padding: 0px 0px 16px; word-break: break-word; position: relative; height: auto; line-height: 19px; overflow-y: hidden; border-bottom: 1px solid rgb(239, 240, 245); font-family: Roboto, -apple-system, BlinkMacSystemFont, &quot;Helvetica Neue&quot;, Helvetica, sans-serif; font-size: 12px;\"><ul style=\"list-style: none;\"><li style=\"margin: 0px; padding: 0px;\">Lens materials: High-Quality Polycarbonate</li><li style=\"margin: 0px; padding: 0px;\">Protection : UV-400, Anti-glare</li><li style=\"margin: 0px; padding: 0px;\">Frame Materials: Metal/Acetate</li><li style=\"margin: 0px; padding: 0px;\">With Orginal Box</li><li style=\"margin: 0px; padding: 0px;\">High-Quality Polycarbonate lens.</li><li style=\"margin: 0px; padding: 0px;\">UV-400 Protection</li><li style=\"margin: 0px; padding: 0px;\">Anti-glare</li></ul></div>', NULL, 3, 29, NULL, NULL, NULL, 1, 1, 1, 1, 1, 1, 'sun-glass-for-girls', 0, 1, '2021-09-29 15:24:52', '2021-11-25 15:32:50'),
(41, 'Exclusive Eye glass  for girls', 1, 2, NULL, 'uploads/images/04-10-2021/615a6e4b54746.jpeg', 'C39', 'K14', 0, 0.00, '1', 5.00, '1', 3.00, NULL, 'youtube', NULL, '<div class=\"html-content pdp-product-highlights\" style=\"margin: 0px; padding: 11px 0px 16px; word-break: break-word; border-bottom: 1px solid rgb(239, 240, 245); overflow: hidden; font-family: Roboto, -apple-system, BlinkMacSystemFont, &quot;Helvetica Neue&quot;, Helvetica, sans-serif; font-size: 12px;\"><ul class=\"\" style=\"list-style: none; overflow: hidden; columns: auto 2; column-gap: 32px;\"><li class=\"\" data-spm-anchor-id=\"a2a0e.pdp.product_detail.i0.32bbB25zB25zBB\" style=\"margin: 0px; padding: 0px 0px 0px 15px; position: relative; font-size: 14px; line-height: 18px; text-align: left; word-break: break-word; break-inside: avoid;\">Lens materials: High-Quality Polycarbonate</li><li class=\"\" style=\"margin: 0px; padding: 0px 0px 0px 15px; position: relative; font-size: 14px; line-height: 18px; text-align: left; word-break: break-word; break-inside: avoid;\">Protection : UV-400, Anti-glare</li><li class=\"\" data-spm-anchor-id=\"a2a0e.pdp.product_detail.i1.32bbB25zB25zBB\" style=\"margin: 0px; padding: 0px 0px 0px 15px; position: relative; font-size: 14px; line-height: 18px; text-align: left; word-break: break-word; break-inside: avoid;\">Frame Materials: Metal/Acetate</li><li class=\"\" style=\"margin: 0px; padding: 0px 0px 0px 15px; position: relative; font-size: 14px; line-height: 18px; text-align: left; word-break: break-word; break-inside: avoid;\">With Orginal Box</li><li class=\"\" style=\"margin: 0px; padding: 0px 0px 0px 15px; position: relative; font-size: 14px; line-height: 18px; text-align: left; word-break: break-word; break-inside: avoid;\">High-Quality Polycarbonate lens.</li><li class=\"\" style=\"margin: 0px; padding: 0px 0px 0px 15px; position: relative; font-size: 14px; line-height: 18px; text-align: left; word-break: break-word; break-inside: avoid;\">UV-400 Protection</li><li class=\"\" style=\"margin: 0px; padding: 0px 0px 0px 15px; position: relative; font-size: 14px; line-height: 18px; text-align: left; word-break: break-word; break-inside: avoid;\">Anti-glare</li></ul></div><div class=\"html-content detail-content\" style=\"margin: 16px 0px 0px; padding: 0px 0px 16px; word-break: break-word; position: relative; height: auto; line-height: 19px; overflow-y: hidden; border-bottom: 1px solid rgb(239, 240, 245); font-family: Roboto, -apple-system, BlinkMacSystemFont, &quot;Helvetica Neue&quot;, Helvetica, sans-serif; font-size: 12px;\"><ul style=\"list-style: none;\"><li style=\"margin: 0px; padding: 0px;\">Lens materials: High-Quality Polycarbonate</li><li style=\"margin: 0px; padding: 0px;\">Protection : UV-400, Anti-glare</li><li style=\"margin: 0px; padding: 0px;\">Frame Materials: Metal/Acetate</li><li style=\"margin: 0px; padding: 0px;\">With Orginal Box</li><li style=\"margin: 0px; padding: 0px;\">High-Quality Polycarbonate lens.</li><li style=\"margin: 0px; padding: 0px;\">UV-400 Protection</li><li style=\"margin: 0px; padding: 0px;\">Anti-glare</li></ul></div>', NULL, 1, 10, NULL, NULL, NULL, 1, 1, 1, 1, 1, 1, 'exclusive-eye-glass--for-girls', 0, 1, '2021-09-29 15:32:39', '2021-10-04 09:00:27'),
(42, 'Exclusive Premium Car t40', 1, 1, NULL, 'uploads/images/23-11-2021/619cef4529328.png', 'C39', 'K14', 0, 0.00, '0', 4.00, '0', 10.00, NULL, 'youtube', NULL, '<p><span style=\"font-size: 16px; color: rgb(32, 33, 36); font-family: arial, sans-serif; background-color: rgb(255, 255, 255);\">A car (or automobile) is&nbsp;</span><span style=\"font-weight: bolder; font-size: 16px; color: rgb(32, 33, 36); font-family: arial, sans-serif; background-color: rgb(255, 255, 255);\">a wheeled motor vehicle used for transportation</span><span style=\"font-size: 16px; color: rgb(32, 33, 36); font-family: arial, sans-serif; background-color: rgb(255, 255, 255);\">. Most definitions of cars say that they run primarily on roads, seat one-to-eight people, have four wheels and mainly transport people rather than goods. ... Cars have controls for driving, parking, passenger comfort, and a variety of lights.</span><br></p>', NULL, 1, 5, NULL, NULL, NULL, 1, 1, 1, 1, 1, 1, 'excluse-premium-car-t40', 0, 1, '2021-09-29 15:51:38', '2021-11-23 19:40:21'),
(43, 'Exclusive Premium Car T45', 1, 1, NULL, 'uploads/images/23-11-2021/619cee6aa1442.png', 'C39', 'K146', 0, 0.00, '0', 5.00, '0', 15.00, NULL, 'youtube', NULL, '<p><span style=\"font-size: 16px; color: rgb(32, 33, 36); font-family: arial, sans-serif; background-color: rgb(255, 255, 255);\">A car (or automobile) is&nbsp;</span><span style=\"font-weight: bolder; font-size: 16px; color: rgb(32, 33, 36); font-family: arial, sans-serif; background-color: rgb(255, 255, 255);\">a wheeled motor vehicle used for transportation</span><span style=\"font-size: 16px; color: rgb(32, 33, 36); font-family: arial, sans-serif; background-color: rgb(255, 255, 255);\">. Most definitions of cars say that they run primarily on roads, seat one-to-eight people, have four wheels and mainly transport people rather than goods. ... Cars have controls for driving, parking, passenger comfort, and a variety of lights.</span><br></p>', NULL, 1, 10, NULL, NULL, NULL, 1, 1, 1, 1, 1, 1, 'excluse-premium-car-t45', 0, 1, '2021-09-29 15:53:56', '2021-11-23 19:36:42'),
(44, 'Exclusive premium  car 007', 1, 1, 8, 'uploads/images/23-11-2021/619cefed4d183.png', 'C39', NULL, 0, 0.00, '0', 9.00, '0', 8.00, NULL, 'youtube', NULL, '<p><span style=\"font-size: 16px; color: rgb(32, 33, 36); font-family: arial, sans-serif; background-color: rgb(255, 255, 255);\">A car (or automobile) is&nbsp;</span><span style=\"font-weight: bolder; font-size: 16px; color: rgb(32, 33, 36); font-family: arial, sans-serif; background-color: rgb(255, 255, 255);\">a wheeled motor vehicle used for transportation</span><span style=\"font-size: 16px; color: rgb(32, 33, 36); font-family: arial, sans-serif; background-color: rgb(255, 255, 255);\">. Most definitions of cars say that they run primarily on roads, seat one-to-eight people, have four wheels and mainly transport people rather than goods. ... Cars have controls for driving, parking, passenger comfort, and a variety of lights.</span><br></p>', '<p><span style=\"font-size: 16px; color: rgb(32, 33, 36); font-family: arial, sans-serif; background-color: rgb(255, 255, 255);\">A car (or automobile) is&nbsp;</span><span style=\"font-weight: bolder; font-size: 16px; color: rgb(32, 33, 36); font-family: arial, sans-serif; background-color: rgb(255, 255, 255);\">a wheeled motor vehicle used for transportation</span><span style=\"font-size: 16px; color: rgb(32, 33, 36); font-family: arial, sans-serif; background-color: rgb(255, 255, 255);\">. Most definitions of cars say that they run primarily on roads, seat one-to-eight people, have four wheels and mainly transport people rather than goods. ... Cars have controls for driving, parking, passenger comfort, and a variety of lights.</span><br></p>', 1, 5, NULL, NULL, NULL, 1, 1, 1, 1, 1, 1, 'exclusive-premium--car-007', 0, 1, '2021-09-29 15:58:23', '2021-11-23 19:43:09'),
(45, 'Black Synthetic Casual Blazer For Men', 1, 1, NULL, 'uploads/images/25-11-2021/619f99ce51e3d.png', 'C39', 'S20', 0, 0.00, '1', 15.00, '1', 3.00, NULL, 'youtube', NULL, '<h2 class=\"pdp-mod-section-title outer-title\" data-spm-anchor-id=\"a2a0e.pdp.0.i2.7eefk9Qfk9Qf18\" style=\"margin-right: 0px; margin-bottom: 0px; margin-left: 0px; padding: 0px 24px; font-weight: 500; font-family: Roboto-Medium; font-size: 16px; line-height: 52px; color: rgb(33, 33, 33); overflow: hidden; text-overflow: ellipsis; white-space: nowrap; height: 52px; background-image: initial; background-position: initial; background-size: initial; background-repeat: initial; background-attachment: initial; background-origin: initial; background-clip: initial;\">roduct details of Black Synthetic Casual Blazer For Men</h2><div class=\"pdp-product-detail\" data-spm=\"product_detail\" style=\"margin: 0px; padding: 0px; position: relative; font-family: Roboto, -apple-system, BlinkMacSystemFont, &quot;Helvetica Neue&quot;, Helvetica, sans-serif; font-size: 12px; background-color: rgb(255, 255, 255);\"><div class=\"pdp-product-desc \" style=\"margin: 0px; padding: 5px 14px 5px 24px; height: auto; overflow-y: hidden;\"><div class=\"html-content pdp-product-highlights\" style=\"margin: 0px; padding: 11px 0px 16px; word-break: break-word; border-bottom: 1px solid rgb(239, 240, 245); overflow: hidden;\"><ul class=\"\" style=\"list-style: none; overflow: hidden; columns: auto 2; column-gap: 32px;\"><li class=\"\" style=\"margin: 0px; padding: 0px 0px 0px 15px; position: relative; font-size: 14px; line-height: 18px; text-align: left; word-break: break-word; break-inside: avoid;\">Gender: Men</li><li class=\"\" style=\"margin: 0px; padding: 0px 0px 0px 15px; position: relative; font-size: 14px; line-height: 18px; text-align: left; word-break: break-word; break-inside: avoid;\">Brand:#Laksba</li><li class=\"\" style=\"margin: 0px; padding: 0px 0px 0px 15px; position: relative; font-size: 14px; line-height: 18px; text-align: left; word-break: break-word; break-inside: avoid;\">Item Type: Blazers</li><li class=\"\" style=\"margin: 0px; padding: 0px 0px 0px 15px; position: relative; font-size: 14px; line-height: 18px; text-align: left; word-break: break-word; break-inside: avoid;\">Quality: Standard</li><li class=\"\" style=\"margin: 0px; padding: 0px 0px 0px 15px; position: relative; font-size: 14px; line-height: 18px; text-align: left; word-break: break-word; break-inside: avoid;\">Color: Sam as picture</li><li class=\"\" style=\"margin: 0px; padding: 0px 0px 0px 15px; position: relative; font-size: 14px; line-height: 18px; text-align: left; word-break: break-word; break-inside: avoid;\">Fabrics: Indian Cotton, Polyester</li><li class=\"\" style=\"margin: 0px; padding: 0px 0px 0px 15px; position: relative; font-size: 14px; line-height: 18px; text-align: left; word-break: break-word; break-inside: avoid;\">Closure Type: Same as Picture</li><li class=\"\" style=\"margin: 0px; padding: 0px 0px 0px 15px; position: relative; font-size: 14px; line-height: 18px; text-align: left; word-break: break-word; break-inside: avoid;\">Sleeve Length:Full</li><li class=\"\" style=\"margin: 0px; padding: 0px 0px 0px 15px; position: relative; font-size: 14px; line-height: 18px; text-align: left; word-break: break-word; break-inside: avoid;\">Party/ Official/ Local place are used this products.</li><li class=\"\" data-spm-anchor-id=\"a2a0e.pdp.product_detail.i2.7eefk9Qfk9Qf18\" style=\"margin: 0px; padding: 0px 0px 0px 15px; position: relative; font-size: 14px; line-height: 18px; text-align: left; word-break: break-word; break-inside: avoid;\">It\'s comfortable for summer/winter wearing.</li></ul></div></div></div>', NULL, 1, 5, NULL, NULL, NULL, 1, 1, 1, 1, 1, 1, 'black-synthetic-casual-blazer-for-men', 0, 1, '2021-09-29 16:35:42', '2021-11-25 20:12:30'),
(46, 'Black Synthetic Casual Blazer', 1, 1, NULL, 'uploads/images/25-11-2021/619f8a078aa72.png', 'C39', NULL, 0, 0.00, '1', 3.00, '1', 2.00, NULL, 'youtube', NULL, '<ul class=\"\" style=\"list-style: none; overflow: hidden; columns: auto 2; column-gap: 32px; font-family: Roboto, -apple-system, BlinkMacSystemFont, &quot;Helvetica Neue&quot;, Helvetica, sans-serif; font-size: 12px; background-color: rgb(255, 255, 255);\"><li class=\"\" data-spm-anchor-id=\"a2a0e.pdp.product_detail.i3.7eefk9Qfk9Qf18\" style=\"margin: 0px; padding: 0px 0px 0px 15px; position: relative; font-size: 14px; line-height: 18px; text-align: left; word-break: break-word; break-inside: avoid;\">Gender: Men</li><li class=\"\" style=\"margin: 0px; padding: 0px 0px 0px 15px; position: relative; font-size: 14px; line-height: 18px; text-align: left; word-break: break-word; break-inside: avoid;\">Brand:#Laksba</li><li class=\"\" style=\"margin: 0px; padding: 0px 0px 0px 15px; position: relative; font-size: 14px; line-height: 18px; text-align: left; word-break: break-word; break-inside: avoid;\">Item Type: Blazers</li><li class=\"\" style=\"margin: 0px; padding: 0px 0px 0px 15px; position: relative; font-size: 14px; line-height: 18px; text-align: left; word-break: break-word; break-inside: avoid;\">Quality: Standard</li><li class=\"\" style=\"margin: 0px; padding: 0px 0px 0px 15px; position: relative; font-size: 14px; line-height: 18px; text-align: left; word-break: break-word; break-inside: avoid;\">Color: Sam as picture</li><li class=\"\" style=\"margin: 0px; padding: 0px 0px 0px 15px; position: relative; font-size: 14px; line-height: 18px; text-align: left; word-break: break-word; break-inside: avoid;\">Fabrics: Indian Cotton, Polyester</li><li class=\"\" style=\"margin: 0px; padding: 0px 0px 0px 15px; position: relative; font-size: 14px; line-height: 18px; text-align: left; word-break: break-word; break-inside: avoid;\">Closure Type: Same as Picture</li><li class=\"\" style=\"margin: 0px; padding: 0px 0px 0px 15px; position: relative; font-size: 14px; line-height: 18px; text-align: left; word-break: break-word; break-inside: avoid;\">Sleeve Length:Full</li><li class=\"\" style=\"margin: 0px; padding: 0px 0px 0px 15px; position: relative; font-size: 14px; line-height: 18px; text-align: left; word-break: break-word; break-inside: avoid;\">Party/ Official/ Local place are used this products.</li><li class=\"\" data-spm-anchor-id=\"a2a0e.pdp.product_detail.i2.7eefk9Qfk9Qf18\" style=\"margin: 0px; padding: 0px 0px 0px 15px; position: relative; font-size: 14px; line-height: 18px; text-align: left; word-break: break-word; break-inside: avoid;\">It\'s comfortable for summer/winter wearing.</li></ul>', NULL, 2, 5, NULL, NULL, NULL, 1, 1, 1, 1, 1, 1, 'black-synthetic-casual-blazer', 0, 1, '2021-09-29 16:37:19', '2021-11-25 19:05:11'),
(50, 'Sony Camera', 1, 1, 22, 'uploads/images/04-10-2021/615a6f3e003fb.jpeg', 'C39', NULL, 0, 0.00, '1', 0.00, '1', 0.00, NULL, 'youtube', NULL, '<div class=\"detailmodule_text\" style=\"box-sizing: content-box; padding: 0px; margin: 0px; -webkit-tap-highlight-color: transparent; outline: 0px; font-family: &quot;Open Sans&quot;, Roboto, Arial, Helvetica, sans-serif, SimSun; font-size: 14px; background-color: rgb(255, 255, 255);\"><p class=\"detail-desc-decorate-title\" style=\"padding: 0px; margin-right: 0px; margin-bottom: 12px; margin-left: 0px; -webkit-tap-highlight-color: transparent; outline: 0px; font-size: 20px; line-height: 28px; font-weight: 900; font-family: OpenSans; white-space: pre-wrap; color: rgb(0, 0, 0);\">High-Speed Continuous Shooting of up to 7.0 fps</p><p class=\"detail-desc-decorate-content\" style=\"padding: 0px; margin-right: 0px; margin-bottom: 12px; margin-left: 0px; -webkit-tap-highlight-color: transparent; outline: 0px; line-height: 20px; font-family: OpenSans; white-space: pre-wrap; color: rgb(0, 0, 0);\">With the ability to help capture multiple shots with practically no time wasted, the EOS Rebel T8i camera is equipped with a DIGIC 8 Image Processor that allows the camera to perform quickly and shoot up to 7 frames per second (up to 7.5 fps during live view shooting). The EOS Rebel T8i camera is tailored to meet and even exceed the speed of the action while shooting through the optical viewfinder - ideal for sports, wildlife, moving subjects or anything unpredictable.</p></div><div class=\"detailmodule_text\" style=\"box-sizing: content-box; padding: 0px; margin: 0px; -webkit-tap-highlight-color: transparent; outline: 0px; font-family: &quot;Open Sans&quot;, Roboto, Arial, Helvetica, sans-serif, SimSun; font-size: 14px; background-color: rgb(255, 255, 255);\"><p class=\"detail-desc-decorate-title\" style=\"padding: 0px; margin-right: 0px; margin-bottom: 12px; margin-left: 0px; -webkit-tap-highlight-color: transparent; outline: 0px; font-size: 20px; line-height: 28px; font-weight: 900; font-family: OpenSans; white-space: pre-wrap; color: rgb(0, 0, 0);\">4K 24p Video*</p><p class=\"detail-desc-decorate-content\" data-spm-anchor-id=\"a2g0o.detail.1000023.i0.224a5790RBKYNs\" style=\"padding: 0px; margin-right: 0px; margin-bottom: 12px; margin-left: 0px; -webkit-tap-highlight-color: transparent; outline: 0px; line-height: 20px; font-family: OpenSans; white-space: pre-wrap; color: rgb(0, 0, 0);\">Capture 4K videos at a frame rate of up to 24p for high definition, cinematic results. Recording at almost four times the resolution of Full HD, you can see your subject in stunning clarity. Beautiful time-lapse videos can also be created in 4K simply and easily with the dedicated Time-lapse Movie mode.<br style=\"padding: 0px; margin: 0px; -webkit-tap-highlight-color: transparent; outline: 0px;\"><br style=\"padding: 0px; margin: 0px; -webkit-tap-highlight-color: transparent; outline: 0px;\">* Contrast AF is used for 4K UHD movies.</p></div>', NULL, 1, NULL, NULL, NULL, NULL, 1, 1, 1, 1, 1, 1, 'sony-camera', 0, 1, '2021-10-03 17:53:27', '2021-10-04 09:04:30'),
(51, 'Nikon dslr camera', 1, 1, NULL, 'uploads/images/04-10-2021/615a6f645f57e.png', 'C39', NULL, 0, 0.00, '0', 6.00, '0', 3.00, NULL, 'youtube', NULL, '<div class=\"detailmodule_text\" style=\"box-sizing: content-box; padding: 0px; margin: 0px; -webkit-tap-highlight-color: transparent; outline: 0px; font-family: &quot;Open Sans&quot;, Roboto, Arial, Helvetica, sans-serif, SimSun; font-size: 14px; background-color: rgb(255, 255, 255);\"><p class=\"detail-desc-decorate-title\" style=\"padding: 0px; margin-right: 0px; margin-bottom: 12px; margin-left: 0px; -webkit-tap-highlight-color: transparent; outline: 0px; font-size: 20px; line-height: 28px; font-weight: 900; font-family: OpenSans; white-space: pre-wrap; color: rgb(0, 0, 0);\">High-Speed Continuous Shooting of up to 7.0 fps</p><p class=\"detail-desc-decorate-content\" style=\"padding: 0px; margin-right: 0px; margin-bottom: 12px; margin-left: 0px; -webkit-tap-highlight-color: transparent; outline: 0px; line-height: 20px; font-family: OpenSans; white-space: pre-wrap; color: rgb(0, 0, 0);\">With the ability to help capture multiple shots with practically no time wasted, the EOS Rebel T8i camera is equipped with a DIGIC 8 Image Processor that allows the camera to perform quickly and shoot up to 7 frames per second (up to 7.5 fps during live view shooting). The EOS Rebel T8i camera is tailored to meet and even exceed the speed of the action while shooting through the optical viewfinder - ideal for sports, wildlife, moving subjects or anything unpredictable.</p></div><div class=\"detailmodule_text\" style=\"box-sizing: content-box; padding: 0px; margin: 0px; -webkit-tap-highlight-color: transparent; outline: 0px; font-family: &quot;Open Sans&quot;, Roboto, Arial, Helvetica, sans-serif, SimSun; font-size: 14px; background-color: rgb(255, 255, 255);\"><p class=\"detail-desc-decorate-title\" style=\"padding: 0px; margin-right: 0px; margin-bottom: 12px; margin-left: 0px; -webkit-tap-highlight-color: transparent; outline: 0px; font-size: 20px; line-height: 28px; font-weight: 900; font-family: OpenSans; white-space: pre-wrap; color: rgb(0, 0, 0);\">4K 24p Video*</p><p class=\"detail-desc-decorate-content\" data-spm-anchor-id=\"a2g0o.detail.1000023.i0.224a5790RBKYNs\" style=\"padding: 0px; margin-right: 0px; margin-bottom: 12px; margin-left: 0px; -webkit-tap-highlight-color: transparent; outline: 0px; line-height: 20px; font-family: OpenSans; white-space: pre-wrap; color: rgb(0, 0, 0);\">Capture 4K videos at a frame rate of up to 24p for high definition, cinematic results. Recording at almost four times the resolution of Full HD, you can see your subject in stunning clarity. Beautiful time-lapse videos can also be created in 4K simply and easily with the dedicated Time-lapse Movie mode.<br style=\"padding: 0px; margin: 0px; -webkit-tap-highlight-color: transparent; outline: 0px;\"><br style=\"padding: 0px; margin: 0px; -webkit-tap-highlight-color: transparent; outline: 0px;\">* Contrast AF is used for 4K UHD movies.</p></div>', NULL, 1, 6, NULL, NULL, NULL, 1, 1, 1, 1, 1, 1, 'nikon-dslr-camera', 0, 1, '2021-10-03 17:55:44', '2021-10-04 09:05:08'),
(52, 'Exclusive  Ip camera', 1, 1, NULL, 'uploads/images/04-10-2021/615a6f812df8c.png', 'C39', 'IP cam-1435', 0, 0.00, '0', 4.00, '1', 2.00, NULL, 'youtube', NULL, '<table class=\"data-table flex-table\" cellpadding=\"0\" cellspacing=\"0\" style=\"margin: -20px 0px 0px; padding: 0px; display: flex; flex-direction: column; width: 920px; font-family: &quot;Trebuchet MS&quot;, sans-serif; font-size: 15px;\"><thead style=\"margin: 0px; padding: 0px;\"><tr style=\"margin: 0px; padding: 0px; display: flex;\"><td class=\"heading-row\" colspan=\"3\" style=\"margin: 30px 0px 0px; padding: 6px 20px; flex: 1 1 auto; display: flex; background: rgba(55, 73, 187, 0.05); color: rgb(55, 73, 187); font-size: 16px; line-height: 30px; font-weight: bold; border-radius: 5px;\">Camera Feature</td></tr></thead><tbody style=\"margin: 0px; padding: 0px;\"><tr style=\"margin: 0px; padding: 0px; display: flex;\"><td class=\"name\" style=\"margin: 0px; padding: 10px 20px; flex: 0 0 250px; display: flex; line-height: 22px; border-bottom: 1px solid rgb(236, 237, 239); color: rgb(102, 102, 102);\">Image Sensor</td><td class=\"value\" style=\"margin: 0px; padding: 10px 20px; flex: 1 1 auto; display: flex; line-height: 22px; border-bottom: 1px solid rgb(236, 237, 239);\">1/3\" 4MP CMOS Sensor</td></tr><tr style=\"margin: 0px; padding: 0px; display: flex; background: rgb(250, 251, 252);\"><td class=\"name\" style=\"margin: 0px; padding: 10px 20px; flex: 0 0 250px; display: flex; line-height: 22px; border-bottom: 1px solid rgb(236, 237, 239); color: rgb(102, 102, 102);\">Effective Pixels</td><td class=\"value\" style=\"margin: 0px; padding: 10px 20px; flex: 1 1 auto; display: flex; line-height: 22px; border-bottom: 1px solid rgb(236, 237, 239);\">2592*1520</td></tr><tr style=\"margin: 0px; padding: 0px; display: flex;\"><td class=\"name\" style=\"margin: 0px; padding: 10px 20px; flex: 0 0 250px; display: flex; line-height: 22px; border-bottom: 1px solid rgb(236, 237, 239); color: rgb(102, 102, 102);\">IR Distance</td><td class=\"value\" style=\"margin: 0px; padding: 10px 20px; flex: 1 1 auto; display: flex; line-height: 22px; border-bottom: 1px solid rgb(236, 237, 239);\">20m</td></tr></tbody><thead style=\"margin: 0px; padding: 0px;\"><tr style=\"margin: 0px; padding: 0px; display: flex;\"><td class=\"heading-row\" colspan=\"3\" style=\"margin: 30px 0px 0px; padding: 6px 20px; flex: 1 1 auto; display: flex; background: rgba(55, 73, 187, 0.05); color: rgb(55, 73, 187); font-size: 16px; line-height: 30px; font-weight: bold; border-radius: 5px;\">Lens</td></tr></thead><tbody style=\"margin: 0px; padding: 0px;\"><tr style=\"margin: 0px; padding: 0px; display: flex;\"><td class=\"name\" style=\"margin: 0px; padding: 10px 20px; flex: 0 0 250px; display: flex; line-height: 22px; border-bottom: 1px solid rgb(236, 237, 239); color: rgb(102, 102, 102);\">Type</td><td class=\"value\" style=\"margin: 0px; padding: 10px 20px; flex: 1 1 auto; display: flex; line-height: 22px; border-bottom: 1px solid rgb(236, 237, 239);\">3.6mm</td></tr><tr style=\"margin: 0px; padding: 0px; display: flex;\"><td class=\"name\" style=\"margin: 0px; padding: 10px 20px; flex: 0 0 250px; display: flex; line-height: 22px; border-bottom: 1px solid rgb(236, 237, 239); color: rgb(102, 102, 102);\">Angle of View</td><td class=\"value\" style=\"margin: 0px; padding: 10px 20px; flex: 1 1 auto; display: flex; line-height: 22px; border-bottom: 1px solid rgb(236, 237, 239);\">3.6mm: 96.6°</td></tr></tbody></table>', '<table class=\"data-table flex-table\" cellpadding=\"0\" cellspacing=\"0\" style=\"margin: -20px 0px 0px; padding: 0px; display: flex; flex-direction: column; width: 920px; font-family: &quot;Trebuchet MS&quot;, sans-serif; font-size: 15px;\"><thead style=\"margin: 0px; padding: 0px;\"><tr style=\"margin: 0px; padding: 0px; display: flex;\"><td class=\"heading-row\" colspan=\"3\" style=\"margin: 30px 0px 0px; padding: 6px 20px; flex: 1 1 auto; display: flex; background: rgba(55, 73, 187, 0.05); color: rgb(55, 73, 187); font-size: 16px; line-height: 30px; font-weight: bold; border-radius: 5px;\">Camera Feature</td></tr></thead><tbody style=\"margin: 0px; padding: 0px;\"><tr style=\"margin: 0px; padding: 0px; display: flex;\"><td class=\"name\" style=\"margin: 0px; padding: 10px 20px; flex: 0 0 250px; display: flex; line-height: 22px; border-bottom: 1px solid rgb(236, 237, 239); color: rgb(102, 102, 102);\">Image Sensor</td><td class=\"value\" style=\"margin: 0px; padding: 10px 20px; flex: 1 1 auto; display: flex; line-height: 22px; border-bottom: 1px solid rgb(236, 237, 239);\">1/3\" 4MP CMOS Sensor</td></tr><tr style=\"margin: 0px; padding: 0px; display: flex; background: rgb(250, 251, 252);\"><td class=\"name\" style=\"margin: 0px; padding: 10px 20px; flex: 0 0 250px; display: flex; line-height: 22px; border-bottom: 1px solid rgb(236, 237, 239); color: rgb(102, 102, 102);\">Effective Pixels</td><td class=\"value\" style=\"margin: 0px; padding: 10px 20px; flex: 1 1 auto; display: flex; line-height: 22px; border-bottom: 1px solid rgb(236, 237, 239);\">2592*1520</td></tr><tr style=\"margin: 0px; padding: 0px; display: flex;\"><td class=\"name\" style=\"margin: 0px; padding: 10px 20px; flex: 0 0 250px; display: flex; line-height: 22px; border-bottom: 1px solid rgb(236, 237, 239); color: rgb(102, 102, 102);\">IR Distance</td><td class=\"value\" style=\"margin: 0px; padding: 10px 20px; flex: 1 1 auto; display: flex; line-height: 22px; border-bottom: 1px solid rgb(236, 237, 239);\">20m</td></tr></tbody><thead style=\"margin: 0px; padding: 0px;\"><tr style=\"margin: 0px; padding: 0px; display: flex;\"><td class=\"heading-row\" colspan=\"3\" style=\"margin: 30px 0px 0px; padding: 6px 20px; flex: 1 1 auto; display: flex; background: rgba(55, 73, 187, 0.05); color: rgb(55, 73, 187); font-size: 16px; line-height: 30px; font-weight: bold; border-radius: 5px;\">Lens</td></tr></thead><tbody style=\"margin: 0px; padding: 0px;\"><tr style=\"margin: 0px; padding: 0px; display: flex;\"><td class=\"name\" style=\"margin: 0px; padding: 10px 20px; flex: 0 0 250px; display: flex; line-height: 22px; border-bottom: 1px solid rgb(236, 237, 239); color: rgb(102, 102, 102);\">Type</td><td class=\"value\" style=\"margin: 0px; padding: 10px 20px; flex: 1 1 auto; display: flex; line-height: 22px; border-bottom: 1px solid rgb(236, 237, 239);\">3.6mm</td></tr><tr style=\"margin: 0px; padding: 0px; display: flex;\"><td class=\"name\" style=\"margin: 0px; padding: 10px 20px; flex: 0 0 250px; display: flex; line-height: 22px; border-bottom: 1px solid rgb(236, 237, 239); color: rgb(102, 102, 102);\">Angle of View</td><td class=\"value\" style=\"margin: 0px; padding: 10px 20px; flex: 1 1 auto; display: flex; line-height: 22px; border-bottom: 1px solid rgb(236, 237, 239);\">3.6mm: 96.6°</td></tr></tbody></table>', 1, 10, NULL, NULL, NULL, 1, 1, 1, 1, 1, 1, 'exclusive--ip-camera', 0, 1, '2021-10-03 18:36:25', '2021-10-04 09:05:37'),
(53, 'Ip camera for office', 1, 1, NULL, 'uploads/images/04-10-2021/615a6f9bc0d16.jpeg', 'C39', NULL, 0, 0.00, '0', 3.00, '1', 2.00, NULL, 'youtube', NULL, '<ul style=\"font-family: &quot;Trebuchet MS&quot;, sans-serif; font-size: 15px;\"><li style=\"margin: 0px; padding: 0px 0px 10px; display: block; line-height: 20px;\">Model: Jovision JVS-N410-YWS</li><li style=\"margin: 0px; padding: 0px 0px 10px; display: block; line-height: 20px;\">Image Sensor 1/3\" 4MP CMOS Sensor</li><li style=\"margin: 0px; padding: 0px 0px 10px; display: block; line-height: 20px;\">Resolution 4MP</li><li style=\"margin: 0px; padding: 0px 0px 10px; display: block; line-height: 20px;\">Effective Pixels 2592*1520</li><li style=\"margin: 0px; padding: 0px 0px 10px; display: block; line-height: 20px;\">Compression H.265/H.264/JPEG/AVI</li></ul>', '<ul style=\"font-family: &quot;Trebuchet MS&quot;, sans-serif; font-size: 15px;\"><li style=\"margin: 0px; padding: 0px 0px 10px; display: block; line-height: 20px;\">Model: Jovision JVS-N410-YWS</li><li style=\"margin: 0px; padding: 0px 0px 10px; display: block; line-height: 20px;\">Image Sensor 1/3\" 4MP CMOS Sensor</li><li style=\"margin: 0px; padding: 0px 0px 10px; display: block; line-height: 20px;\">Resolution 4MP</li><li style=\"margin: 0px; padding: 0px 0px 10px; display: block; line-height: 20px;\">Effective Pixels 2592*1520</li><li style=\"margin: 0px; padding: 0px 0px 10px; display: block; line-height: 20px;\">Compression H.265/H.264/JPEG/AVI</li></ul>', 1, 10, NULL, NULL, NULL, 1, 1, 1, 1, 1, 1, 'ip-camera-for-office', 0, 1, '2021-10-03 18:39:03', '2021-10-04 09:06:03');
