INSERT INTO `log_activity` (`id`, `subject`, `type`, `url`, `method`, `ip`, `login`, `login_time`, `logout_time`, `agent`, `user_id`, `created_at`, `updated_at`) VALUES
(5823, 'wallet recharge successful.', 1, 'http://amazy.rishfa.com/wallet/my-wallet-store', 'POST', '103.136.158.177', 0, NULL, NULL, 'Chrome-103-Blink-Windows 10-', 4, '2022-07-26 19:23:14', '2022-07-26 19:23:14'),
(5824, 'Undefined index: product_list', 0, 'http://amazy.rishfa.com/frontendcms/homepage/update', 'POST', '103.129.213.102', 0, NULL, NULL, 'Chrome-103-Blink-Windows 10-', 1, '2022-07-26 20:23:55', '2022-07-26 20:23:55'),
(5825, 'element added successful.', 1, 'http://amazy.rishfa.com/menu/setup/add-element', 'POST', '103.129.213.102', 0, NULL, NULL, 'Chrome-103-Blink-Windows 10-', 1, '2022-07-26 20:31:40', '2022-07-26 20:31:40'),
(5826, 'add to column successful.', 1, 'http://amazy.rishfa.com/menu/setup/add-to-column', 'POST', '103.129.213.102', 0, NULL, NULL, 'Chrome-103-Blink-Windows 10-', 1, '2022-07-26 20:31:45', '2022-07-26 20:31:45'),
(5827, 'Element sorted successful.', 1, 'http://amazy.rishfa.com/menu/setup/element/sort', 'POST', '103.129.213.102', 0, NULL, NULL, 'Chrome-103-Blink-Windows 10-', 1, '2022-07-26 20:31:45', '2022-07-26 20:31:45'),
(5828, 'element updated', 1, 'http://amazy.rishfa.com/menu/setup/element-update', 'POST', '103.129.213.102', 0, NULL, NULL, 'Chrome-103-Blink-Windows 10-', 1, '2022-07-26 20:31:50', '2022-07-26 20:31:50'),
(5829, 'element updated', 1, 'http://amazy.rishfa.com/menu/setup/element-update', 'POST', '103.129.213.102', 0, NULL, NULL, 'Chrome-103-Blink-Windows 10-', 1, '2022-07-26 20:32:19', '2022-07-26 20:32:19'),
(5830, 'element updated', 1, 'http://amazy.rishfa.com/menu/setup/element-update', 'POST', '103.129.213.102', 0, NULL, NULL, 'Chrome-103-Blink-Windows 10-', 1, '2022-07-26 20:33:22', '2022-07-26 20:33:22'),
(5831, 'element updated', 1, 'http://amazy.rishfa.com/menu/setup/element-update', 'POST', '103.129.213.102', 0, NULL, NULL, 'Chrome-103-Blink-Windows 10-', 1, '2022-07-26 20:36:08', '2022-07-26 20:36:08'),
(5832, 'Element deleted', 1, 'http://amazy.rishfa.com/menu/setup/element-delete', 'POST', '103.129.213.102', 0, NULL, NULL, 'Chrome-103-Blink-Windows 10-', 1, '2022-07-26 20:36:26', '2022-07-26 20:36:26'),
(5833, 'Customer - logged in at : 2022-07-26 20:46:11', 4, 'http://amazy.rishfa.com/login', 'POST', '103.129.213.102', 1, '2022-07-26 20:46:11', NULL, 'Microsoft Edge-103.0.1264-Blink-Windows 10-', 4, '2022-07-26 20:46:11', '2022-07-26 20:46:11'),
(5834, 'Super - logged in at : 2022-07-27 10:20:48', 1, 'http://amazy.rishfa.com/admin/login', 'POST', '103.129.213.102', 1, '2022-07-27 10:20:48', NULL, 'Chrome-103-Blink-Windows 10-', 1, '2022-07-27 10:20:48', '2022-07-27 10:20:48'),
(5835, 'Customer - logged out at : 2022-07-27 10:49:49', 4, 'http://amazy.rishfa.com/login', 'POST', '103.129.213.102', 1, '2022-07-27 10:27:00', '2022-07-27 10:49:49', 'Chrome-103-Blink-Windows 10-', 4, '2022-07-27 10:27:00', '2022-07-27 10:49:49'),
(5836, 'Temporary files directory \"/var/www/amazy.rishfa.com/../temp//mpdf\" is not writable', 0, 'http://amazy.rishfa.com/my-purchase-order-pdf/eyJpdiI6InQwYVQ0bEt1UmloWG9uMUw2QXpjZFE9PSIsInZhbHVlIjoiMHJ1S1d0N2FvM1dVQ2lrOXZKdFB4Zz09IiwibWFjIjoiZTk0NTNmOWYxOWI2NDExOTkxNTAwNmE1ZmZhZjFmMjE5YTA5Nzc1YjlkYTgwMTQ3ZjgwYmQzYTJjOTQ2YzJhNiIsInRhZyI6IiJ9', 'GET', '103.129.213.102', 0, NULL, NULL, 'Chrome-103-Blink-Windows 10-', 4, '2022-07-27 10:27:20', '2022-07-27 10:27:20'),
(5837, 'Super - logged in at : 2022-07-27 10:28:38', 1, 'http://amazy.rishfa.com/admin/login', 'POST', '103.129.213.102', 1, '2022-07-27 10:28:38', NULL, 'Microsoft Edge-103.0.1264-Blink-Windows 10-', 1, '2022-07-27 10:28:39', '2022-07-27 10:28:39'),
(5838, 'Temporary files directory \"/var/www/amazy.rishfa.com/../temp//mpdf\" is not writable', 0, 'http://amazy.rishfa.com/my-purchase-order-pdf/eyJpdiI6IjlIOWxVMkZzdVZ6enpTaStCS0dFQXc9PSIsInZhbHVlIjoiYUZrdXRZTk9WdW5hWElsdnYvcG1DQT09IiwibWFjIjoiMDA2Mjc1OGYwYTQzYjViNDM3MzM1MTEwZjBiZThiMDJkNTY4YzQ0NDYzOWEzOGJjZWViY2FmNmQxZTcyZDVlMiIsInRhZyI6IiJ9', 'GET', '103.129.213.102', 0, NULL, NULL, 'Chrome-103-Blink-Windows 10-', 4, '2022-07-27 10:30:56', '2022-07-27 10:30:56'),
(5839, 'Temporary files directory \"/var/www/amazy.rishfa.com/../temp//mpdf\" is not writable', 0, 'http://amazy.rishfa.com/my-purchase-order-pdf/eyJpdiI6IjlIOWxVMkZzdVZ6enpTaStCS0dFQXc9PSIsInZhbHVlIjoiYUZrdXRZTk9WdW5hWElsdnYvcG1DQT09IiwibWFjIjoiMDA2Mjc1OGYwYTQzYjViNDM3MzM1MTEwZjBiZThiMDJkNTY4YzQ0NDYzOWEzOGJjZWViY2FmNmQxZTcyZDVlMiIsInRhZyI6IiJ9', 'GET', '103.129.213.102', 0, NULL, NULL, 'Chrome-103-Blink-Windows 10-', 4, '2022-07-27 10:31:08', '2022-07-27 10:31:08'),
(5840, 'Temporary files directory \"/var/www/amazy.rishfa.com/../temp//mpdf\" is not writable', 0, 'http://amazy.rishfa.com/my-purchase-order-pdf/eyJpdiI6ImRhbjB3dE1hQVBIRnlPRW9mMFU3YUE9PSIsInZhbHVlIjoiNGxlbTRtbm4zS2NBR1hjbW9HRXBYUT09IiwibWFjIjoiMGVhM2JjMzJjZjUxOTEwNDZjYmViMGNlZWZmMzZmMmFmOGNiMzkxN2Q3MjkxMTdkODg2M2Q5MGQ2YmRhZjFmNyIsInRhZyI6IiJ9', 'GET', '103.129.213.102', 0, NULL, NULL, 'Chrome-103-Blink-Windows 10-', 4, '2022-07-27 10:33:32', '2022-07-27 10:33:32'),
(5841, 'Temporary files directory \"/var/www/amazy.rishfa.com/../temp//mpdf\" is not writable', 0, 'http://amazy.rishfa.com/my-purchase-order-pdf/eyJpdiI6IlZjUkRFU0xub0VWNGVhaVorQmdXWnc9PSIsInZhbHVlIjoibjkwTXlFVVRXM1o1UFVsNWNoOWxJUT09IiwibWFjIjoiZDYxNmQ2N2IwODI3MDI5NDY2YmExZmI1MWUyN2E1YzU0NmY0ZTVjOTcyYTQzNjM5ZTU4OWRkYTMxOWZhOGRmMyIsInRhZyI6IiJ9', 'GET', '103.129.213.102', 0, NULL, NULL, 'Chrome-103-Blink-Windows 10-', 4, '2022-07-27 10:33:38', '2022-07-27 10:33:38'),
(5842, 'Temporary files directory \"/var/www/amazy.rishfa.com/../temp//mpdf\" is not writable', 0, 'http://amazy.rishfa.com/my-purchase-order-pdf/eyJpdiI6Ik1veTIrZzZuR2I4TG12dlIwRHJGQmc9PSIsInZhbHVlIjoibS81b3ExUmRJZEhOZ3MyeTFQVldOdz09IiwibWFjIjoiYTdkNmM2MjUyOTViOGFiN2U0ZjcyODU2YzdkMmMxMzcyZWY5NmEyNTBlOWJiZmE2Y2FmZGY1OGY2MmRjY2QxOCIsInRhZyI6IiJ9', 'GET', '103.129.213.102', 0, NULL, NULL, 'Chrome-103-Blink-Windows 10-', 4, '2022-07-27 10:33:43', '2022-07-27 10:33:43'),
(5843, 'Customer - logged out at : 2022-07-27 15:16:41', 4, 'http://amazy.rishfa.com/login', 'POST', '103.136.158.177', 1, '2022-07-27 10:45:51', '2022-07-27 15:16:41', 'Chrome-103-Blink-Windows 10-', 4, '2022-07-27 10:45:51', '2022-07-27 15:16:41'),
(5844, 'Super - logged in at : 2022-07-27 10:48:45', 1, 'http://amazy.rishfa.com/admin/login', 'POST', '103.136.158.177', 1, '2022-07-27 10:48:45', NULL, 'Microsoft Edge-103.0.1264-Blink-Windows 10-', 1, '2022-07-27 10:48:45', '2022-07-27 10:48:45'),
(5845, 'Super - logged in at : 2022-07-27 10:50:20', 1, 'http://amazy.rishfa.com/admin/login', 'POST', '103.129.213.102', 1, '2022-07-27 10:50:20', NULL, 'Chrome-103-Blink-Windows 10-', 1, '2022-07-27 10:50:20', '2022-07-27 10:50:20'),
(5846, 'Updated Successfully', 1, 'http://amazy.rishfa.com/generalsetting/general-settings/update', 'POST', '103.129.213.102', 0, NULL, NULL, 'Chrome-103-Blink-Windows 10-', 1, '2022-07-27 10:51:02', '2022-07-27 10:51:02'),
(5847, 'Undefined index: product_list', 0, 'http://amazy.rishfa.com/frontendcms/homepage/update', 'POST', '103.136.158.177', 0, NULL, NULL, 'Microsoft Edge-103.0.1264-Blink-Windows 10-', 1, '2022-07-27 10:59:47', '2022-07-27 10:59:47'),
(5848, 'Undefined index: product_list', 0, 'http://amazy.rishfa.com/frontendcms/homepage/update', 'POST', '103.136.158.177', 0, NULL, NULL, 'Microsoft Edge-103.0.1264-Blink-Windows 10-', 1, '2022-07-27 10:59:57', '2022-07-27 10:59:57'),
(5849, 'Flash Deal Status Change Successfully.', 1, 'http://amazy.rishfa.com/marketing/flash-deals/status', 'POST', '103.136.158.177', 0, NULL, NULL, 'Microsoft Edge-103.0.1264-Blink-Windows 10-', 1, '2022-07-27 11:08:37', '2022-07-27 11:08:37'),
(5850, 'Flash Deal Status Change Successfully.', 1, 'http://amazy.rishfa.com/marketing/flash-deals/status', 'POST', '103.136.158.177', 0, NULL, NULL, 'Microsoft Edge-103.0.1264-Blink-Windows 10-', 1, '2022-07-27 11:09:17', '2022-07-27 11:09:17'),
(5851, 'Customer - logged out at : 2022-07-27 14:45:23', 4, 'http://amazy.rishfa.com/login', 'POST', '103.136.158.177', 1, '2022-07-27 11:12:19', '2022-07-27 14:45:23', 'Firefox-102-Gecko-Windows 10-', 4, '2022-07-27 11:12:19', '2022-07-27 14:45:23'),
(5852, 'delete cart successful.', 1, 'http://amazy.rishfa.com/cart/delete', 'POST', '103.136.158.177', 0, NULL, NULL, 'Microsoft Edge-103.0.1264-Blink-Windows 10-', 1, '2022-07-27 11:15:57', '2022-07-27 11:15:57'),
(5853, 'element updated', 1, 'http://amazy.rishfa.com/menu/setup/element-update', 'POST', '103.136.158.177', 0, NULL, NULL, 'Microsoft Edge-103.0.1264-Blink-Windows 10-', 1, '2022-07-27 11:18:42', '2022-07-27 11:18:42'),
(5854, 'Menu added.', 1, 'http://amazy.rishfa.com/menu/store', 'POST', '103.136.158.177', 0, NULL, NULL, 'Microsoft Edge-103.0.1264-Blink-Windows 10-', 1, '2022-07-27 11:20:41', '2022-07-27 11:20:41'),
(5855, 'Menu added.', 1, 'http://amazy.rishfa.com/menu/setup/add-menu', 'POST', '103.136.158.177', 0, NULL, NULL, 'Microsoft Edge-103.0.1264-Blink-Windows 10-', 1, '2022-07-27 11:20:57', '2022-07-27 11:20:57'),
(5856, 'Menu added.', 1, 'http://amazy.rishfa.com/menu/setup/add-menu', 'POST', '103.136.158.177', 0, NULL, NULL, 'Microsoft Edge-103.0.1264-Blink-Windows 10-', 1, '2022-07-27 11:21:10', '2022-07-27 11:21:10'),
(5857, 'menu status changed.', 1, 'http://amazy.rishfa.com/menu/manage/status', 'POST', '103.136.158.177', 0, NULL, NULL, 'Microsoft Edge-103.0.1264-Blink-Windows 10-', 1, '2022-07-27 11:21:24', '2022-07-27 11:21:24'),
(5858, 'update menu for multi menu', 1, 'http://amazy.rishfa.com/menu/setup/menu-update', 'POST', '103.136.158.177', 0, NULL, NULL, 'Microsoft Edge-103.0.1264-Blink-Windows 10-', 1, '2022-07-27 11:21:51', '2022-07-27 11:21:51'),
(5859, 'update menu for multi menu', 1, 'http://amazy.rishfa.com/menu/setup/menu-update', 'POST', '103.136.158.177', 0, NULL, NULL, 'Microsoft Edge-103.0.1264-Blink-Windows 10-', 1, '2022-07-27 11:22:16', '2022-07-27 11:22:16'),
(5860, 'Menu for multimenu deleted', 1, 'http://amazy.rishfa.com/menu/setup/menu-delete', 'POST', '103.136.158.177', 0, NULL, NULL, 'Microsoft Edge-103.0.1264-Blink-Windows 10-', 1, '2022-07-27 11:23:27', '2022-07-27 11:23:27'),
(5861, 'bank payment create successful.', 1, 'http://amazy.rishfa.com/wallet/my-wallet-store', 'POST', '103.136.158.177', 0, NULL, NULL, 'Firefox-102-Gecko-Windows 10-', 4, '2022-07-27 11:27:03', '2022-07-27 11:27:03'),
(5862, 'wallet recharge successful.', 1, 'http://amazy.rishfa.com/wallet/my-wallet-store', 'POST', '103.136.158.177', 0, NULL, NULL, 'Firefox-102-Gecko-Windows 10-', 4, '2022-07-27 11:27:03', '2022-07-27 11:27:03'),
(5863, 'wallet recharge successful.', 1, 'http://amazy.rishfa.com/wallet/my-wallet-store', 'POST', '103.136.158.177', 0, NULL, NULL, 'Firefox-102-Gecko-Windows 10-', 4, '2022-07-27 11:27:03', '2022-07-27 11:27:03'),
(5864, 'bank payment create successful.', 1, 'http://amazy.rishfa.com/wallet/my-wallet-store', 'POST', '103.136.158.177', 0, NULL, NULL, 'Firefox-102-Gecko-Windows 10-', 4, '2022-07-27 11:27:49', '2022-07-27 11:27:49'),
(5865, 'wallet recharge successful.', 1, 'http://amazy.rishfa.com/wallet/my-wallet-store', 'POST', '103.136.158.177', 0, NULL, NULL, 'Firefox-102-Gecko-Windows 10-', 4, '2022-07-27 11:27:49', '2022-07-27 11:27:49'),
(5866, 'wallet recharge successful.', 1, 'http://amazy.rishfa.com/wallet/my-wallet-store', 'POST', '103.136.158.177', 0, NULL, NULL, 'Firefox-102-Gecko-Windows 10-', 4, '2022-07-27 11:27:49', '2022-07-27 11:27:49'),
(5867, 'wallet recharge status change successful.', 1, 'http://amazy.rishfa.com/wallet/my-wallet-recharge-status', 'POST', '103.136.158.177', 0, NULL, NULL, 'Microsoft Edge-103.0.1264-Blink-Windows 10-', 1, '2022-07-27 11:28:22', '2022-07-27 11:28:22'),
(5868, 'wallet recharge status change successful.', 1, 'http://amazy.rishfa.com/wallet/my-wallet-recharge-status', 'POST', '103.136.158.177', 0, NULL, NULL, 'Microsoft Edge-103.0.1264-Blink-Windows 10-', 1, '2022-07-27 11:28:24', '2022-07-27 11:28:24'),
(5869, 'wallet recharge status change successful.', 1, 'http://amazy.rishfa.com/wallet/my-wallet-recharge-status', 'POST', '103.136.158.177', 0, NULL, NULL, 'Microsoft Edge-103.0.1264-Blink-Windows 10-', 1, '2022-07-27 11:28:26', '2022-07-27 11:28:26'),
(5870, 'payment gateway credential update successful.', 1, 'http://amazy.rishfa.com/paymentgateway/configuration', 'POST', '103.136.158.177', 0, NULL, NULL, 'Microsoft Edge-103.0.1264-Blink-Windows 10-', 1, '2022-07-27 11:40:36', '2022-07-27 11:40:36'),
(5871, 'wallet recharge successful.', 1, 'http://amazy.rishfa.com/wallet/my-wallet-store', 'POST', '103.136.158.177', 0, NULL, NULL, 'Firefox-102-Gecko-Windows 10-', 4, '2022-07-27 11:41:09', '2022-07-27 11:41:09'),
(5872, 'payment gateway credential update successful.', 1, 'http://amazy.rishfa.com/paymentgateway/configuration', 'POST', '103.136.158.177', 0, NULL, NULL, 'Microsoft Edge-103.0.1264-Blink-Windows 10-', 1, '2022-07-27 11:41:41', '2022-07-27 11:41:41'),
(5873, 'wallet recharge successful.', 1, 'http://amazy.rishfa.com/wallet/my-wallet-store', 'POST', '103.136.158.177', 0, NULL, NULL, 'Firefox-102-Gecko-Windows 10-', 4, '2022-07-27 11:42:01', '2022-07-27 11:42:01'),
(5874, 'wallet recharge successful.', 1, 'http://amazy.rishfa.com/wallet/my-wallet-store', 'POST', '103.136.158.177', 0, NULL, NULL, 'Firefox-102-Gecko-Windows 10-', 4, '2022-07-27 11:42:36', '2022-07-27 11:42:36'),
(5875, 'payment gateway credential update successful.', 1, 'http://amazy.rishfa.com/paymentgateway/configuration', 'POST', '103.136.158.177', 0, NULL, NULL, 'Microsoft Edge-103.0.1264-Blink-Windows 10-', 1, '2022-07-27 11:43:02', '2022-07-27 11:43:02'),
(5876, 'Wallet configuration updated.', 1, 'http://amazy.rishfa.com/wallet/wallet-configuration', 'POST', '103.136.158.177', 0, NULL, NULL, 'Microsoft Edge-103.0.1264-Blink-Windows 10-', 1, '2022-07-27 11:43:59', '2022-07-27 11:43:59'),
(5877, 'bank payment create successful.', 1, 'http://amazy.rishfa.com/wallet/my-wallet-store', 'POST', '103.136.158.177', 0, NULL, NULL, 'Firefox-102-Gecko-Windows 10-', 4, '2022-07-27 11:44:34', '2022-07-27 11:44:34'),
(5878, 'wallet recharge successful.', 1, 'http://amazy.rishfa.com/wallet/my-wallet-store', 'POST', '103.136.158.177', 0, NULL, NULL, 'Firefox-102-Gecko-Windows 10-', 4, '2022-07-27 11:44:34', '2022-07-27 11:44:34'),
(5879, 'wallet recharge successful.', 1, 'http://amazy.rishfa.com/wallet/my-wallet-store', 'POST', '103.136.158.177', 0, NULL, NULL, 'Firefox-102-Gecko-Windows 10-', 4, '2022-07-27 11:44:34', '2022-07-27 11:44:34'),
(5880, 'Wallet configuration updated.', 1, 'http://amazy.rishfa.com/wallet/wallet-configuration', 'POST', '103.136.158.177', 0, NULL, NULL, 'Microsoft Edge-103.0.1264-Blink-Windows 10-', 1, '2022-07-27 11:44:55', '2022-07-27 11:44:55'),
(5881, 'Wallet configuration updated.', 1, 'http://amazy.rishfa.com/wallet/wallet-configuration', 'POST', '103.136.158.177', 0, NULL, NULL, 'Microsoft Edge-103.0.1264-Blink-Windows 10-', 1, '2022-07-27 11:45:02', '2022-07-27 11:45:02'),
(5882, 'bank payment create successful.', 1, 'http://amazy.rishfa.com/wallet/my-wallet-store', 'POST', '103.136.158.177', 0, NULL, NULL, 'Firefox-102-Gecko-Windows 10-', 4, '2022-07-27 11:45:28', '2022-07-27 11:45:28'),
(5883, 'wallet recharge successful.', 1, 'http://amazy.rishfa.com/wallet/my-wallet-store', 'POST', '103.136.158.177', 0, NULL, NULL, 'Firefox-102-Gecko-Windows 10-', 4, '2022-07-27 11:45:28', '2022-07-27 11:45:28'),
(5884, 'wallet recharge successful.', 1, 'http://amazy.rishfa.com/wallet/my-wallet-store', 'POST', '103.136.158.177', 0, NULL, NULL, 'Firefox-102-Gecko-Windows 10-', 4, '2022-07-27 11:45:28', '2022-07-27 11:45:28'),
(5885, 'customer 2 - logged out at : 2022-07-27 11:52:55', 26, 'http://amazy.rishfa.com/login', 'POST', '103.136.158.177', 1, '2022-07-27 11:48:40', '2022-07-27 11:52:55', 'Opera-89.0.4447-Blink-Windows 10-', 26, '2022-07-27 11:48:40', '2022-07-27 11:52:55'),
(5886, 'customer3 - logged out at : 2022-07-27 15:59:40', 37, 'http://amazy.rishfa.com/register', 'POST', '103.136.158.177', 1, '2022-07-27 11:55:00', '2022-07-27 15:59:40', 'Opera-89.0.4447-Blink-Windows 10-', 37, '2022-07-27 11:55:00', '2022-07-27 15:59:40'),
(5887, 'purchased gift card successful.', 1, 'http://amazy.rishfa.com/purchased-gift-cards', 'GET', '103.136.158.177', 0, NULL, NULL, 'Opera-89.0.4447-Blink-Windows 10-', 37, '2022-07-27 11:55:58', '2022-07-27 11:55:58'),
(5888, 'payment gateway credential update successful.', 1, 'http://amazy.rishfa.com/paymentgateway/configuration', 'POST', '103.136.158.177', 0, NULL, NULL, 'Microsoft Edge-103.0.1264-Blink-Windows 10-', 1, '2022-07-27 12:03:39', '2022-07-27 12:03:39'),
(5889, 'payment gateway credential update successful.', 1, 'http://amazy.rishfa.com/paymentgateway/configuration', 'POST', '103.136.158.177', 0, NULL, NULL, 'Microsoft Edge-103.0.1264-Blink-Windows 10-', 1, '2022-07-27 12:06:00', '2022-07-27 12:06:00'),
(5890, 'bank payment create successful.', 1, 'http://amazy.rishfa.com/wallet/my-wallet-store', 'POST', '103.136.158.177', 0, NULL, NULL, 'Opera-89.0.4447-Blink-Windows 10-', 37, '2022-07-27 12:07:29', '2022-07-27 12:07:29'),
(5891, 'wallet recharge successful.', 1, 'http://amazy.rishfa.com/wallet/my-wallet-store', 'POST', '103.136.158.177', 0, NULL, NULL, 'Opera-89.0.4447-Blink-Windows 10-', 37, '2022-07-27 12:07:29', '2022-07-27 12:07:29'),
(5892, 'wallet recharge successful.', 1, 'http://amazy.rishfa.com/wallet/my-wallet-store', 'POST', '103.136.158.177', 0, NULL, NULL, 'Opera-89.0.4447-Blink-Windows 10-', 37, '2022-07-27 12:07:29', '2022-07-27 12:07:29'),
(5893, 'wallet recharge status change successful.', 1, 'http://amazy.rishfa.com/wallet/my-wallet-recharge-status', 'POST', '103.136.158.177', 0, NULL, NULL, 'Microsoft Edge-103.0.1264-Blink-Windows 10-', 1, '2022-07-27 12:08:12', '2022-07-27 12:08:12'),
(5894, 'bank payment create successful.', 1, 'http://amazy.rishfa.com/wallet/my-wallet-store', 'POST', '119.30.41.10', 0, NULL, NULL, 'Firefox-102-Gecko-Windows 10-', 4, '2022-07-27 12:12:43', '2022-07-27 12:12:43'),
(5895, 'wallet recharge successful.', 1, 'http://amazy.rishfa.com/wallet/my-wallet-store', 'POST', '119.30.41.10', 0, NULL, NULL, 'Firefox-102-Gecko-Windows 10-', 4, '2022-07-27 12:12:43', '2022-07-27 12:12:43'),
(5896, 'wallet recharge successful.', 1, 'http://amazy.rishfa.com/wallet/my-wallet-store', 'POST', '119.30.41.10', 0, NULL, NULL, 'Firefox-102-Gecko-Windows 10-', 4, '2022-07-27 12:12:43', '2022-07-27 12:12:43'),
(5897, 'wallet recharge status change successful.', 1, 'http://amazy.rishfa.com/wallet/my-wallet-recharge-status', 'POST', '103.136.158.177', 0, NULL, NULL, 'Microsoft Edge-103.0.1264-Blink-Windows 10-', 1, '2022-07-27 12:18:19', '2022-07-27 12:18:19'),
(5898, 'payment gateway credential update successful.', 1, 'http://amazy.rishfa.com/paymentgateway/configuration', 'POST', '103.136.158.177', 0, NULL, NULL, 'Microsoft Edge-103.0.1264-Blink-Windows 10-', 1, '2022-07-27 12:21:10', '2022-07-27 12:21:10'),
(5899, 'bank payment create successful.', 1, 'http://amazy.rishfa.com/wallet/my-wallet-store', 'POST', '103.136.158.177', 0, NULL, NULL, 'Firefox-102-Gecko-Windows 10-', 4, '2022-07-27 12:22:05', '2022-07-27 12:22:05'),
(5900, 'wallet recharge successful.', 1, 'http://amazy.rishfa.com/wallet/my-wallet-store', 'POST', '103.136.158.177', 0, NULL, NULL, 'Firefox-102-Gecko-Windows 10-', 4, '2022-07-27 12:22:05', '2022-07-27 12:22:05'),
(5901, 'wallet recharge successful.', 1, 'http://amazy.rishfa.com/wallet/my-wallet-store', 'POST', '103.136.158.177', 0, NULL, NULL, 'Firefox-102-Gecko-Windows 10-', 4, '2022-07-27 12:22:05', '2022-07-27 12:22:05'),
(5902, 'Coupon Created Successfully.', 1, 'http://amazy.rishfa.com/marketing/coupon/store', 'POST', '119.30.41.10', 0, NULL, NULL, 'Microsoft Edge-103.0.1264-Blink-Windows 10-', 1, '2022-07-27 12:39:35', '2022-07-27 12:39:35'),
(5903, 'Coupon Updated Successfully.', 1, 'http://amazy.rishfa.com/marketing/coupon/update', 'POST', '119.30.41.10', 0, NULL, NULL, 'Microsoft Edge-103.0.1264-Blink-Windows 10-', 1, '2022-07-27 12:39:45', '2022-07-27 12:39:45'),
(5904, 'bank payment create successful.', 1, 'http://amazy.rishfa.com/wallet/my-wallet-store', 'POST', '103.136.158.177', 0, NULL, NULL, 'Chrome-103-Blink-Windows 10-', 4, '2022-07-27 12:52:53', '2022-07-27 12:52:53'),
(5905, 'wallet recharge successful.', 1, 'http://amazy.rishfa.com/wallet/my-wallet-store', 'POST', '103.136.158.177', 0, NULL, NULL, 'Chrome-103-Blink-Windows 10-', 4, '2022-07-27 12:52:53', '2022-07-27 12:52:53'),
(5906, 'wallet recharge successful.', 1, 'http://amazy.rishfa.com/wallet/my-wallet-store', 'POST', '103.136.158.177', 0, NULL, NULL, 'Chrome-103-Blink-Windows 10-', 4, '2022-07-27 12:52:53', '2022-07-27 12:52:53'),
(5907, 'coupon store successful.', 1, 'http://amazy.rishfa.com/profile/coupons/store', 'POST', '103.136.158.177', 0, NULL, NULL, 'Opera-89.0.4447-Blink-Windows 10-', 37, '2022-07-27 12:58:38', '2022-07-27 12:58:38'),
(5908, 'cart store successful.', 1, 'http://amazy.rishfa.com/cart/store', 'POST', '103.136.158.177', 0, NULL, NULL, 'Opera-89.0.4447-Blink-Windows 10-', 37, '2022-07-27 12:59:03', '2022-07-27 12:59:03'),
(5909, 'Shipping address change successful.', 1, 'http://amazy.rishfa.com/checkout/address/shipping', 'POST', '103.136.158.177', 0, NULL, NULL, 'Opera-89.0.4447-Blink-Windows 10-', 37, '2022-07-27 12:59:20', '2022-07-27 12:59:20'),
(5910, 'wallet recharge status change successful.', 1, 'http://amazy.rishfa.com/wallet/my-wallet-recharge-status', 'POST', '103.136.158.177', 0, NULL, NULL, 'Microsoft Edge-103.0.1264-Blink-Windows 10-', 1, '2022-07-27 13:00:30', '2022-07-27 13:00:30'),
(5911, 'wallet recharge status change successful.', 1, 'http://amazy.rishfa.com/wallet/my-wallet-recharge-status', 'POST', '103.136.158.177', 0, NULL, NULL, 'Microsoft Edge-103.0.1264-Blink-Windows 10-', 1, '2022-07-27 13:00:31', '2022-07-27 13:00:31'),
(5912, 'wallet recharge status change successful.', 1, 'http://amazy.rishfa.com/wallet/my-wallet-recharge-status', 'POST', '103.136.158.177', 0, NULL, NULL, 'Microsoft Edge-103.0.1264-Blink-Windows 10-', 1, '2022-07-27 13:00:33', '2022-07-27 13:00:33'),
(5913, 'wallet recharge status change successful.', 1, 'http://amazy.rishfa.com/wallet/my-wallet-recharge-status', 'POST', '103.136.158.177', 0, NULL, NULL, 'Microsoft Edge-103.0.1264-Blink-Windows 10-', 1, '2022-07-27 13:00:35', '2022-07-27 13:00:35'),
(5914, 'bank payment create successful.', 1, 'http://amazy.rishfa.com/wallet/my-wallet-store', 'POST', '103.136.158.177', 0, NULL, NULL, 'Chrome-103-Blink-Windows 10-', 4, '2022-07-27 13:03:13', '2022-07-27 13:03:13'),
(5915, 'wallet recharge successful.', 1, 'http://amazy.rishfa.com/wallet/my-wallet-store', 'POST', '103.136.158.177', 0, NULL, NULL, 'Chrome-103-Blink-Windows 10-', 4, '2022-07-27 13:03:13', '2022-07-27 13:03:13'),
(5916, 'wallet recharge successful.', 1, 'http://amazy.rishfa.com/wallet/my-wallet-store', 'POST', '103.136.158.177', 0, NULL, NULL, 'Chrome-103-Blink-Windows 10-', 4, '2022-07-27 13:03:13', '2022-07-27 13:03:13'),
(5917, 'Customer - logged out at : 2022-07-27 15:18:31', 4, 'http://amazy.rishfa.com/login', 'POST', '103.136.158.177', 1, '2022-07-27 13:13:32', '2022-07-27 15:18:31', 'Chrome-103-Blink-Windows 10-', 4, '2022-07-27 13:13:32', '2022-07-27 15:18:31'),
(5918, 'bank payment create successful.', 1, 'http://amazy.rishfa.com/wallet/my-wallet-store', 'POST', '103.136.158.177', 0, NULL, NULL, 'Chrome-103-Blink-Windows 10-', 4, '2022-07-27 13:14:10', '2022-07-27 13:14:10'),
(5919, 'wallet recharge successful.', 1, 'http://amazy.rishfa.com/wallet/my-wallet-store', 'POST', '103.136.158.177', 0, NULL, NULL, 'Chrome-103-Blink-Windows 10-', 4, '2022-07-27 13:14:10', '2022-07-27 13:14:10'),
(5920, 'wallet recharge successful.', 1, 'http://amazy.rishfa.com/wallet/my-wallet-store', 'POST', '103.136.158.177', 0, NULL, NULL, 'Chrome-103-Blink-Windows 10-', 4, '2022-07-27 13:14:10', '2022-07-27 13:14:10'),
(5921, 'bank payment create successful.', 1, 'http://amazy.rishfa.com/wallet/my-wallet-store', 'POST', '103.136.158.177', 0, NULL, NULL, 'Firefox-102-Gecko-Windows 10-', 4, '2022-07-27 13:36:16', '2022-07-27 13:36:16'),
(5922, 'wallet recharge successful.', 1, 'http://amazy.rishfa.com/wallet/my-wallet-store', 'POST', '103.136.158.177', 0, NULL, NULL, 'Firefox-102-Gecko-Windows 10-', 4, '2022-07-27 13:36:16', '2022-07-27 13:36:16'),
(5923, 'wallet recharge successful.', 1, 'http://amazy.rishfa.com/wallet/my-wallet-store', 'POST', '103.136.158.177', 0, NULL, NULL, 'Firefox-102-Gecko-Windows 10-', 4, '2022-07-27 13:36:16', '2022-07-27 13:36:16'),
(5924, 'delete cart successful.', 1, 'http://amazy.rishfa.com/cart/delete', 'POST', '103.136.158.177', 0, NULL, NULL, 'Opera-89.0.4447-Blink-Windows 10-', 37, '2022-07-27 13:39:14', '2022-07-27 13:39:14'),
(5925, 'update info', 1, 'http://amazy.rishfa.com/customer/info/update', 'POST', '103.136.158.177', 0, NULL, NULL, 'Opera-89.0.4447-Blink-Windows 10-', 37, '2022-07-27 13:41:28', '2022-07-27 13:41:28'),
(5926, 'address added', 1, 'http://amazy.rishfa.com/customer/address/store', 'POST', '103.136.158.177', 0, NULL, NULL, 'Opera-89.0.4447-Blink-Windows 10-', 37, '2022-07-27 13:42:32', '2022-07-27 13:42:32'),
(5927, 'bank payment create successful.', 1, 'http://amazy.rishfa.com/wallet/my-wallet-store', 'POST', '103.136.158.177', 0, NULL, NULL, 'Opera-89.0.4447-Blink-Windows 10-', 37, '2022-07-27 13:43:43', '2022-07-27 13:43:43'),
(5928, 'wallet recharge successful.', 1, 'http://amazy.rishfa.com/wallet/my-wallet-store', 'POST', '103.136.158.177', 0, NULL, NULL, 'Opera-89.0.4447-Blink-Windows 10-', 37, '2022-07-27 13:43:43', '2022-07-27 13:43:43'),
(5929, 'wallet recharge successful.', 1, 'http://amazy.rishfa.com/wallet/my-wallet-store', 'POST', '103.136.158.177', 0, NULL, NULL, 'Opera-89.0.4447-Blink-Windows 10-', 37, '2022-07-27 13:43:43', '2022-07-27 13:43:43'),
(5930, 'wallet recharge status change successful.', 1, 'http://amazy.rishfa.com/wallet/my-wallet-recharge-status', 'POST', '103.136.158.177', 0, NULL, NULL, 'Microsoft Edge-103.0.1264-Blink-Windows 10-', 1, '2022-07-27 13:44:11', '2022-07-27 13:44:11'),
(5931, 'wallet recharge status change successful.', 1, 'http://amazy.rishfa.com/wallet/my-wallet-recharge-status', 'POST', '103.136.158.177', 0, NULL, NULL, 'Microsoft Edge-103.0.1264-Blink-Windows 10-', 1, '2022-07-27 13:44:13', '2022-07-27 13:44:13'),
(5932, 'wallet recharge status change successful.', 1, 'http://amazy.rishfa.com/wallet/my-wallet-recharge-status', 'POST', '103.136.158.177', 0, NULL, NULL, 'Microsoft Edge-103.0.1264-Blink-Windows 10-', 1, '2022-07-27 13:44:16', '2022-07-27 13:44:16'),
(5933, 'wallet recharge status change successful.', 1, 'http://amazy.rishfa.com/wallet/my-wallet-recharge-status', 'POST', '103.136.158.177', 0, NULL, NULL, 'Microsoft Edge-103.0.1264-Blink-Windows 10-', 1, '2022-07-27 13:44:20', '2022-07-27 13:44:20'),
(5934, 'bank payment create successful.', 1, 'http://amazy.rishfa.com/wallet/my-wallet-store', 'POST', '103.136.158.177', 0, NULL, NULL, 'Firefox-102-Gecko-Windows 10-', 4, '2022-07-27 13:45:23', '2022-07-27 13:45:23'),
(5935, 'wallet recharge successful.', 1, 'http://amazy.rishfa.com/wallet/my-wallet-store', 'POST', '103.136.158.177', 0, NULL, NULL, 'Firefox-102-Gecko-Windows 10-', 4, '2022-07-27 13:45:23', '2022-07-27 13:45:23'),
(5936, 'wallet recharge successful.', 1, 'http://amazy.rishfa.com/wallet/my-wallet-store', 'POST', '103.136.158.177', 0, NULL, NULL, 'Firefox-102-Gecko-Windows 10-', 4, '2022-07-27 13:45:23', '2022-07-27 13:45:23'),
(5937, 'wallet recharge status change successful.', 1, 'http://amazy.rishfa.com/wallet/my-wallet-recharge-status', 'POST', '103.136.158.177', 0, NULL, NULL, 'Microsoft Edge-103.0.1264-Blink-Windows 10-', 1, '2022-07-27 13:46:43', '2022-07-27 13:46:43'),
(5938, 'bank payment create successful.', 1, 'http://amazy.rishfa.com/wallet/my-wallet-store', 'POST', '103.136.158.177', 0, NULL, NULL, 'Chrome-103-Blink-Windows 10-', 4, '2022-07-27 13:50:42', '2022-07-27 13:50:42'),
(5939, 'wallet recharge successful.', 1, 'http://amazy.rishfa.com/wallet/my-wallet-store', 'POST', '103.136.158.177', 0, NULL, NULL, 'Chrome-103-Blink-Windows 10-', 4, '2022-07-27 13:50:42', '2022-07-27 13:50:42'),
(5940, 'wallet recharge successful.', 1, 'http://amazy.rishfa.com/wallet/my-wallet-store', 'POST', '103.136.158.177', 0, NULL, NULL, 'Chrome-103-Blink-Windows 10-', 4, '2022-07-27 13:50:42', '2022-07-27 13:50:42'),
(5941, 'coupon store successful.', 1, 'http://amazy.rishfa.com/profile/coupons/store', 'POST', '103.136.158.177', 0, NULL, NULL, 'Chrome-103-Blink-Windows 10-', 4, '2022-07-27 14:24:02', '2022-07-27 14:24:02'),
(5942, 'Customer - logged in at : 2022-07-27 15:17:29', 4, 'http://amazy.rishfa.com/login', 'POST', '103.136.158.177', 1, '2022-07-27 15:17:29', NULL, 'Chrome-103-Blink-Windows 10-', 4, '2022-07-27 15:17:29', '2022-07-27 15:17:29'),
(5943, 'Customer - logged in at : 2022-07-27 15:23:03', 4, 'http://amazy.rishfa.com/login', 'POST', '103.136.158.177', 1, '2022-07-27 15:23:03', NULL, 'Firefox-102-Gecko-Windows 10-', 4, '2022-07-27 15:23:03', '2022-07-27 15:23:03'),
(5944, 'Super - logged in at : 2022-07-27 15:28:29', 1, 'http://amazy.rishfa.com/admin/login', 'POST', '103.136.158.177', 1, '2022-07-27 15:28:29', NULL, 'Microsoft Edge-103.0.1264-Blink-Windows 10-', 1, '2022-07-27 15:28:29', '2022-07-27 15:28:29'),
(5945, 'Customer - logged in at : 2022-07-27 15:42:28', 4, 'http://amazy.rishfa.com/login', 'POST', '103.136.158.177', 1, '2022-07-27 15:42:28', NULL, 'Chrome-103-Blink-Windows 10-', 4, '2022-07-27 15:42:28', '2022-07-27 15:42:28'),
(5946, 'Temporary files directory \"/var/www/amazy.rishfa.com/../temp//mpdf\" is not writable', 0, 'http://amazy.rishfa.com/my-purchase-order-pdf/eyJpdiI6Ii9zNUViaUZsOU52NWllb3E1RUJjelE9PSIsInZhbHVlIjoiL2o0S0dweis0Snl2dGZjTEdhVmJmUT09IiwibWFjIjoiNTIzNDU1ZGRhZWM5ZTI2YTgyNjQ4OGRmMjhlYjBmZjkyYzM3NzBmZDQyNWFmOTgyMjFjY2VlZjA2M2M0Nzg1YSIsInRhZyI6IiJ9', 'GET', '103.136.158.177', 0, NULL, NULL, 'Chrome-103-Blink-Windows 10-', 4, '2022-07-27 15:47:56', '2022-07-27 15:47:56'),
(5947, 'Undefined index: brand_list', 0, 'http://amazy.rishfa.com/frontendcms/homepage/update', 'POST', '103.136.158.177', 0, NULL, NULL, 'Microsoft Edge-103.0.1264-Blink-Windows 10-', 1, '2022-07-27 15:49:25', '2022-07-27 15:49:25'),
(5948, 'Customer - logged in at : 2022-07-27 16:01:17', 4, 'http://amazy.rishfa.com/login', 'POST', '103.136.158.177', 1, '2022-07-27 16:01:17', NULL, 'Opera-89.0.4447-Blink-Windows 10-', 4, '2022-07-27 16:01:17', '2022-07-27 16:01:17'),
(5949, 'cart store successful.', 1, 'http://amazy.rishfa.com/cart/store', 'POST', '103.136.158.177', 0, NULL, NULL, 'Opera-89.0.4447-Blink-Windows 10-', 4, '2022-07-27 16:01:37', '2022-07-27 16:01:37'),
(5950, 'cart store successful.', 1, 'http://amazy.rishfa.com/cart/store', 'POST', '103.136.158.177', 0, NULL, NULL, 'Chrome-103-Blink-Windows 10-', 4, '2022-07-27 16:15:01', '2022-07-27 16:15:01'),
(5951, 'delete cart successful.', 1, 'http://amazy.rishfa.com/cart/delete', 'POST', '103.136.158.177', 0, NULL, NULL, 'Chrome-103-Blink-Windows 10-', 4, '2022-07-27 16:15:07', '2022-07-27 16:15:07'),
(5952, 'gift card updated', 1, 'http://amazy.rishfa.com/admin/giftcard/update/14', 'POST', '103.136.158.177', 0, NULL, NULL, 'Microsoft Edge-103.0.1264-Blink-Windows 10-', 1, '2022-07-27 16:17:42', '2022-07-27 16:17:42'),
(5953, 'cart store successful.', 1, 'http://amazy.rishfa.com/cart/store', 'POST', '103.136.158.177', 0, NULL, NULL, 'Microsoft Edge-103.0.1264-Blink-Windows 10-', 1, '2022-07-27 16:18:15', '2022-07-27 16:18:15'),
(5954, 'cart store successful.', 1, 'http://amazy.rishfa.com/cart/store', 'POST', '103.136.158.177', 0, NULL, NULL, 'Firefox-102-Gecko-Windows 10-', 4, '2022-07-27 16:18:33', '2022-07-27 16:18:33'),
(5955, 'cart store successful.', 1, 'http://amazy.rishfa.com/cart/store', 'POST', '103.136.158.177', 0, NULL, NULL, 'Firefox-102-Gecko-Windows 10-', 4, '2022-07-27 16:18:45', '2022-07-27 16:18:45'),
(5956, 'delete cart successful.', 1, 'http://amazy.rishfa.com/cart/delete', 'POST', '103.136.158.177', 0, NULL, NULL, 'Firefox-102-Gecko-Windows 10-', 4, '2022-07-27 16:18:51', '2022-07-27 16:18:51'),
(5957, 'delete cart successful.', 1, 'http://amazy.rishfa.com/cart/delete', 'POST', '103.136.158.177', 0, NULL, NULL, 'Firefox-102-Gecko-Windows 10-', 4, '2022-07-27 16:18:53', '2022-07-27 16:18:53'),
(5958, 'delete cart successful.', 1, 'http://amazy.rishfa.com/cart/delete', 'POST', '103.136.158.177', 0, NULL, NULL, 'Firefox-102-Gecko-Windows 10-', 4, '2022-07-27 16:18:57', '2022-07-27 16:18:57'),
(5959, 'gift card updated', 1, 'http://amazy.rishfa.com/admin/giftcard/update/14', 'POST', '103.136.158.177', 0, NULL, NULL, 'Microsoft Edge-103.0.1264-Blink-Windows 10-', 1, '2022-07-27 16:23:55', '2022-07-27 16:23:55'),
(5960, 'gift card status changed', 1, 'http://amazy.rishfa.com/admin/giftcard/status', 'POST', '103.136.158.177', 0, NULL, NULL, 'Microsoft Edge-103.0.1264-Blink-Windows 10-', 1, '2022-07-27 16:24:25', '2022-07-27 16:24:25'),
(5961, 'cart store successful.', 1, 'http://amazy.rishfa.com/cart/store', 'POST', '103.136.158.177', 0, NULL, NULL, 'Chrome-103-Blink-Windows 10-', 4, '2022-07-27 16:26:23', '2022-07-27 16:26:23'),
(5962, 'Shipping address change successful.', 1, 'http://amazy.rishfa.com/checkout/address/shipping', 'POST', '103.136.158.177', 0, NULL, NULL, 'Chrome-103-Blink-Windows 10-', 4, '2022-07-27 16:26:39', '2022-07-27 16:26:39'),
(5963, 'cart store successful.', 1, 'http://amazy.rishfa.com/cart/store', 'POST', '103.136.158.177', 0, NULL, NULL, 'Chrome-103-Blink-Windows 10-', 4, '2022-07-27 16:27:48', '2022-07-27 16:27:48'),
(5964, 'order store successful.', 1, 'http://amazy.rishfa.com/checkout?gateway_id=eyJpdiI6IlljUWt5aWJHTHJhRUkxQkhlK0JZSkE9PSIsInZhbHVlIjoiQTAwa2VlNXVVOTl5MDZCVVN5Rmt2dz09IiwibWFjIjoiMzE4YWJlYzhjMDNhY2NlOGU1MzRiOTZmMmEwZjIyMzNhNjBhN2Q0ZjUwZmU2MjBlOWFhOWNjY2IzNjMzMTFlOSIsInRhZyI6IiJ9&payment_id=eyJpdiI6IllFVVpWeDVlUDh2K2lsdXRhZHdxY1E9PSIsInZhbHVlIjoicUl0S2RIMEFNVDUvZjFmU3IvVmRzZz09IiwibWFjIjoiMGFjMmIxOGIyYTA0N2U2ZjFkNWE5ZGY4Y2NhMTU1NzY3ZmRiNjM2ZjVjYWQzNTViZDg3N2M4ZjEwMzc5Y2YwYyIsInRhZyI6IiJ9&step=complete_order', 'GET', '103.136.158.177', 0, NULL, NULL, 'Chrome-103-Blink-Windows 10-', 4, '2022-07-27 16:30:11', '2022-07-27 16:30:11'),
(5965, 'cart store successful.', 1, 'http://amazy.rishfa.com/cart/store', 'POST', '103.136.158.177', 0, NULL, NULL, 'Chrome-103-Blink-Windows 10-', 4, '2022-07-27 16:34:29', '2022-07-27 16:34:29'),
(5966, 'cart store successful.', 1, 'http://amazy.rishfa.com/cart/store', 'POST', '103.136.158.177', 0, NULL, NULL, 'Chrome-103-Blink-Windows 10-', 4, '2022-07-27 16:38:07', '2022-07-27 16:38:07'),
(5967, 'delete cart successful.', 1, 'http://amazy.rishfa.com/cart/delete', 'POST', '103.136.158.177', 0, NULL, NULL, 'Chrome-103-Blink-Windows 10-', 4, '2022-07-27 16:39:57', '2022-07-27 16:39:57'),
(5968, 'delete cart successful.', 1, 'http://amazy.rishfa.com/cart/delete', 'POST', '103.136.158.177', 0, NULL, NULL, 'Chrome-103-Blink-Windows 10-', 4, '2022-07-27 16:39:59', '2022-07-27 16:39:59'),
(5969, 'cart store successful.', 1, 'http://amazy.rishfa.com/cart/store', 'POST', '103.136.158.177', 0, NULL, NULL, 'Chrome-103-Blink-Windows 10-', 4, '2022-07-27 16:40:08', '2022-07-27 16:40:08'),
(5970, 'cart store successful.', 1, 'http://amazy.rishfa.com/cart/store', 'POST', '103.136.158.177', 0, NULL, NULL, 'Firefox-102-Gecko-Windows 10-', 4, '2022-07-27 16:52:51', '2022-07-27 16:52:51'),
(5971, 'order store successful.', 1, 'http://amazy.rishfa.com/checkout?gateway_id=eyJpdiI6Ik5wUDN3dWtZNGlUb0crUXFsRXFJYUE9PSIsInZhbHVlIjoiT001b1NsL08wTXc1cHFVdW1rTm5WQT09IiwibWFjIjoiZjUyNjYxNDEyYThjODA0NjBkMDNkMDZlNGQ5NjIwODVkNTc3MTVkM2NhZWE0YjRmYWZhMGVmMjViNzBmZmVhMyIsInRhZyI6IiJ9&payment_id=eyJpdiI6InVMU3BubEIzTC9FNjhITm9MNWVWSlE9PSIsInZhbHVlIjoid05WR2xQbC9FUkxSZUV1dHI5UUp3QT09IiwibWFjIjoiZmZhOWM0NDA3ZDczYjA2NzliZTg2MTA0NTFhMDZiYmY3NmM5NzlmZmUxYmE4YmI0YjY4MjE1NjA1NDRmY2M4MSIsInRhZyI6IiJ9&step=complete_order', 'GET', '103.136.158.177', 0, NULL, NULL, 'Chrome-103-Blink-Windows 10-', 4, '2022-07-27 17:31:48', '2022-07-27 17:31:48'),
(5972, 'Temporary files directory \"/var/www/amazy.rishfa.com/../temp//mpdf\" is not writable', 0, 'http://amazy.rishfa.com/my-purchase-order-pdf/eyJpdiI6InFaZjN0Y1NYOHNzL0x0eTlJckNzRHc9PSIsInZhbHVlIjoiSlNpSS9xMmZjRDdyR29WUVk2M2NzUT09IiwibWFjIjoiZWVmMjkyMTIzZDFjYWQ5MjQ3NzhiYTIxM2JmMjY5ZTM3M2ViMjkyYTQ3NjA1NWZkYTNmODI5MWU3ZDE4Mjc2ZiIsInRhZyI6IiJ9', 'GET', '103.136.158.177', 0, NULL, NULL, 'Chrome-103-Blink-Windows 10-', 4, '2022-07-27 17:36:22', '2022-07-27 17:36:22'),
(5973, 'cart store successful.', 1, 'http://amazy.rishfa.com/cart/store', 'POST', '103.136.158.177', 0, NULL, NULL, 'Firefox-102-Gecko-Windows 10-', 4, '2022-07-27 17:39:23', '2022-07-27 17:39:23'),
(5974, 'order store successful.', 1, 'http://amazy.rishfa.com/checkout?gateway_id=eyJpdiI6IldORVFrMytITHFNNGxhOTV1NUxuK2c9PSIsInZhbHVlIjoiNTBEUXcrelNNaUFJMFR4MmNtV0pBUT09IiwibWFjIjoiNjY0NmIyNDljNDA1MjAwZDhjZGJiODJkZmY0MjE1ZDg4MWM3NWY2MjEwYjRiMDNiYzZhYTkyMTFiZTE0NDc3NyIsInRhZyI6IiJ9&payment_id=eyJpdiI6IldQc3lCSXhacjdLWWtMbC94V1g1WWc9PSIsInZhbHVlIjoibzhtbmZnRFJiZ2E2NDlZeWhDL1dCUT09IiwibWFjIjoiNGM4ZTcyNmViNzBhZWFiMmIzM2JkNTM3YWUyNzUzODE0NmY1YjlhMDI5ZDk2NmRhZTg2MjdhY2NhNTBjN2E0OSIsInRhZyI6IiJ9&step=complete_order', 'GET', '103.136.158.177', 0, NULL, NULL, 'Firefox-102-Gecko-Windows 10-', 4, '2022-07-27 17:39:51', '2022-07-27 17:39:51'),
(5975, 'Temporary files directory \"/var/www/amazy.rishfa.com/../temp//mpdf\" is not writable', 0, 'http://amazy.rishfa.com/my-purchase-order-pdf/eyJpdiI6IjFkS3EzZWVuakFjRTMrUDA2THNqTVE9PSIsInZhbHVlIjoic1hJTFZ2ejVoZTZaeTFaLzVkQlFBdz09IiwibWFjIjoiNDg5Mzc3NjA3YTY1NDQ5NTRmODI3MDU5ZjliMjZmY2Q3NTY2MGRiZTU1NjhlZTYzYjJlNmNmMDJjNmIwMmM5OSIsInRhZyI6IiJ9', 'GET', '103.136.158.177', 0, NULL, NULL, 'Firefox-102-Gecko-Windows 10-', 4, '2022-07-27 17:41:13', '2022-07-27 17:41:13'),
(5976, 'Purchase order cancel successful for Customer', 1, 'http://amazy.rishfa.com/my-purchase-order-cancell', 'POST', '103.136.158.177', 0, NULL, NULL, 'Chrome-103-Blink-Windows 10-', 4, '2022-07-27 17:44:57', '2022-07-27 17:44:57'),
(5977, 'purchased gift card successful.', 1, 'http://amazy.rishfa.com/purchased-gift-cards', 'GET', '103.136.158.177', 0, NULL, NULL, 'Chrome-103-Blink-Windows 10-', 4, '2022-07-27 17:51:35', '2022-07-27 17:51:35'),
(5978, 'cart store successful.', 1, 'http://amazy.rishfa.com/cart/store', 'POST', '103.136.158.177', 0, NULL, NULL, 'Chrome-103-Blink-Windows 10-', 4, '2022-07-27 17:53:08', '2022-07-27 17:53:08'),
(5979, 'order store successful.', 1, 'http://amazy.rishfa.com/checkout?gateway_id=eyJpdiI6ImthMmxNeFFiUnJpN1Y0Q25nbXRjT2c9PSIsInZhbHVlIjoiQlkzOUc5U3pFMG9GTGFIa0ZnUjRmZz09IiwibWFjIjoiYzA2MTBkY2EyY2IyYzE4MzBmMGRmYjA2NDg0MzRkNTEyMGMzZTA5NWQwNmY0NTEyNDNiYzBjZjQzYTY4OGQ2YiIsInRhZyI6IiJ9&payment_id=eyJpdiI6ImJGbE51WFVORmVFQTJndDJER2VmUEE9PSIsInZhbHVlIjoiaCs3MXMzeGNvUHhlTnRFR21zdzRWUT09IiwibWFjIjoiMzJlMjNmMWZjNWZjMmNhMDk0YWNlMWY1ZWRjMjY4ZjYxN2UxMWQ0ZTQ5YTc0NjcwYmUwYTZiNDc2Yzg3NjJiOSIsInRhZyI6IiJ9&step=complete_order', 'GET', '103.136.158.177', 0, NULL, NULL, 'Chrome-103-Blink-Windows 10-', 4, '2022-07-27 17:53:24', '2022-07-27 17:53:24'),
(5980, 'cart store successful.', 1, 'http://amazy.rishfa.com/cart/store', 'POST', '103.136.158.177', 0, NULL, NULL, 'Chrome-103-Blink-Windows 10-', 4, '2022-07-27 17:54:44', '2022-07-27 17:54:44'),
(5981, 'cart store successful.', 1, 'http://amazy.rishfa.com/cart/store', 'POST', '103.136.158.177', 0, NULL, NULL, 'Chrome-103-Blink-Windows 10-', 4, '2022-07-27 17:58:06', '2022-07-27 17:58:06'),
(5982, 'sales info update successful.', 1, 'http://amazy.rishfa.com/ordermanage/sales-info-update-admin/73', 'POST', '103.136.158.177', 0, NULL, NULL, 'Microsoft Edge-103.0.1264-Blink-Windows 10-', 1, '2022-07-27 18:01:16', '2022-07-27 18:01:16'),
(5983, 'Temporary files directory \"/var/www/amazy.rishfa.com/../temp//mpdf\" is not writable', 0, 'http://amazy.rishfa.com/my-purchase-order-pdf/eyJpdiI6ImR0Z2NCenhZWGduZXFsVnB4NGMzRlE9PSIsInZhbHVlIjoid05rY2ovWlZuZUZmcDgxZEh1U3crQT09IiwibWFjIjoiN2QwMTU3MTk3NWNhYzI0OWZkYzY3MTFhYjM4MDBjMTZkZjA1YjZkMTcxZGVjYmM5OThkYTdiNjhlMjQ1NzE1NyIsInRhZyI6IiJ9', 'GET', '103.136.158.177', 0, NULL, NULL, 'Chrome-103-Blink-Windows 10-', 4, '2022-07-27 18:03:01', '2022-07-27 18:03:01'),
(5984, 'sales info update successful.', 1, 'http://amazy.rishfa.com/ordermanage/sales-info-update-admin/73', 'POST', '103.136.158.177', 0, NULL, NULL, 'Microsoft Edge-103.0.1264-Blink-Windows 10-', 1, '2022-07-27 18:03:31', '2022-07-27 18:03:31'),
(5985, 'sales info update successful.', 1, 'http://amazy.rishfa.com/ordermanage/sales-info-update-admin/73', 'POST', '103.136.158.177', 0, NULL, NULL, 'Microsoft Edge-103.0.1264-Blink-Windows 10-', 1, '2022-07-27 18:03:37', '2022-07-27 18:03:37'),
(5986, 'purchased gift card successful.', 1, 'http://amazy.rishfa.com/purchased-gift-cards', 'GET', '103.136.158.177', 0, NULL, NULL, 'Chrome-103-Blink-Windows 10-', 4, '2022-07-27 18:04:06', '2022-07-27 18:04:06'),
(5987, 'purchased gift card successful.', 1, 'http://amazy.rishfa.com/purchased-gift-cards', 'GET', '103.136.158.177', 0, NULL, NULL, 'Firefox-102-Gecko-Windows 10-', 4, '2022-07-27 18:10:28', '2022-07-27 18:10:28'),
(5988, 'purchased gift card successful.', 1, 'http://amazy.rishfa.com/purchased-gift-cards', 'GET', '103.136.158.177', 0, NULL, NULL, 'Chrome-103-Blink-Windows 10-', 4, '2022-07-27 18:12:06', '2022-07-27 18:12:06'),
(5989, 'delete cart successful.', 1, 'http://amazy.rishfa.com/cart/delete', 'POST', '103.136.158.177', 0, NULL, NULL, 'Chrome-103-Blink-Windows 10-', 4, '2022-07-27 18:21:34', '2022-07-27 18:21:34'),
(5990, 'delete cart successful.', 1, 'http://amazy.rishfa.com/cart/delete', 'POST', '103.136.158.177', 0, NULL, NULL, 'Chrome-103-Blink-Windows 10-', 4, '2022-07-27 18:21:37', '2022-07-27 18:21:37'),
(5991, 'cart store successful.', 1, 'http://amazy.rishfa.com/cart/store', 'POST', '103.136.158.177', 0, NULL, NULL, 'Chrome-103-Blink-Windows 10-', 4, '2022-07-27 18:22:45', '2022-07-27 18:22:45'),
(5992, 'cart store successful.', 1, 'http://amazy.rishfa.com/cart/store', 'POST', '103.136.158.177', 0, NULL, NULL, 'Chrome-103-Blink-Windows 10-', 4, '2022-07-27 18:22:50', '2022-07-27 18:22:50'),
(5993, 'cart store successful.', 1, 'http://amazy.rishfa.com/cart/store', 'POST', '103.136.158.177', 0, NULL, NULL, 'Chrome-103-Blink-Windows 10-', 4, '2022-07-27 18:22:55', '2022-07-27 18:22:55'),
(5994, 'delete cart successful.', 1, 'http://amazy.rishfa.com/cart/delete', 'POST', '103.136.158.177', 0, NULL, NULL, 'Chrome-103-Blink-Windows 10-', 4, '2022-07-27 18:23:52', '2022-07-27 18:23:52'),
(5995, 'update cart qty successful.', 1, 'http://amazy.rishfa.com/cart/update-sidebar-qty', 'POST', '103.136.158.177', 0, NULL, NULL, 'Chrome-103-Blink-Windows 10-', 4, '2022-07-27 18:24:12', '2022-07-27 18:24:12'),
(5996, 'Super - logged in at : 2022-07-27 18:40:57', 1, 'http://amazy.rishfa.com/admin/login', 'POST', '103.129.213.102', 1, '2022-07-27 18:40:57', NULL, 'Chrome-103-Blink-Windows 10-', 1, '2022-07-27 18:40:57', '2022-07-27 18:40:57'),
(5997, 'cart store successful.', 1, 'http://amazy.rishfa.com/cart/store', 'POST', '103.136.158.177', 0, NULL, NULL, 'Chrome-103-Blink-Windows 10-', 4, '2022-07-27 19:23:32', '2022-07-27 19:23:32'),
(5998, 'order store successful.', 1, 'http://amazy.rishfa.com/checkout?gateway_id=eyJpdiI6IjVOSWxRZFlXZ09iR0tKSU42SGJEYnc9PSIsInZhbHVlIjoiSmVqKzk3Q2dDanZIVFVQM0xnVlVwZz09IiwibWFjIjoiM2MzMjdiY2RmMzA0NGU4YTFhZDQzM2ExNzRkYzZmYzczZjJlOTk0YmRkZjczMDRmZDFmN2JiNWI4YzBkOTUwNiIsInRhZyI6IiJ9&payment_id=eyJpdiI6InQ3YWJVbHk0bE5ZL1F0VVBSeDJPVEE9PSIsInZhbHVlIjoiRFAxd1RKWG5TYTF4WjFoVmJRVFlNZz09IiwibWFjIjoiZjk4NjUyMmZkYjZjNGM4YmM0MmE5YjQ2MzAxMjdlZTBhODdjNjM5NThlNzE5OTdjOGJlZGIxN2FmMWVhM2YxNCIsInRhZyI6IiJ9&step=complete_order', 'GET', '103.136.158.177', 0, NULL, NULL, 'Chrome-103-Blink-Windows 10-', 4, '2022-07-27 19:23:51', '2022-07-27 19:23:51'),
(5999, 'sales info update successful.', 1, 'http://amazy.rishfa.com/ordermanage/sales-info-update-admin/76', 'POST', '103.136.158.177', 0, NULL, NULL, 'Microsoft Edge-103.0.1264-Blink-Windows 10-', 1, '2022-07-27 19:24:52', '2022-07-27 19:24:52'),
(6000, 'sales info update successful.', 1, 'http://amazy.rishfa.com/ordermanage/sales-info-update-admin/76', 'POST', '103.136.158.177', 0, NULL, NULL, 'Microsoft Edge-103.0.1264-Blink-Windows 10-', 1, '2022-07-27 19:26:22', '2022-07-27 19:26:22'),
(6001, 'sales info update successful.', 1, 'http://amazy.rishfa.com/ordermanage/sales-info-update-admin/76', 'POST', '103.136.158.177', 0, NULL, NULL, 'Microsoft Edge-103.0.1264-Blink-Windows 10-', 1, '2022-07-27 19:26:41', '2022-07-27 19:26:41'),
(6002, 'refund store successful.', 1, 'http://amazy.rishfa.com/refund/make-refund-request-store', 'POST', '103.136.158.177', 0, NULL, NULL, 'Chrome-103-Blink-Windows 10-', 4, '2022-07-27 19:27:50', '2022-07-27 19:27:50'),
(6003, 'Update refund request by admin successful.', 1, 'http://amazy.rishfa.com/refund/update-refund-request-info/4', 'POST', '103.136.158.177', 0, NULL, NULL, 'Microsoft Edge-103.0.1264-Blink-Windows 10-', 1, '2022-07-27 19:28:42', '2022-07-27 19:28:42'),
(6004, 'Update refund request by admin successful.', 1, 'http://amazy.rishfa.com/refund/update-refund-request-info/4', 'POST', '103.136.158.177', 0, NULL, NULL, 'Microsoft Edge-103.0.1264-Blink-Windows 10-', 1, '2022-07-27 19:29:08', '2022-07-27 19:29:08'),
(6005, 'Update refund request by admin successful.', 1, 'http://amazy.rishfa.com/refund/update-refund-request-info/4', 'POST', '103.136.158.177', 0, NULL, NULL, 'Microsoft Edge-103.0.1264-Blink-Windows 10-', 1, '2022-07-27 19:29:26', '2022-07-27 19:29:26'),
(6006, 'A Refund Process has been destroyed.', 1, 'http://amazy.rishfa.com/refund/refund-peocess-destroy/4', 'GET', '103.136.158.177', 0, NULL, NULL, 'Microsoft Edge-103.0.1264-Blink-Windows 10-', 1, '2022-07-27 19:29:54', '2022-07-27 19:29:54'),
(6007, 'Update refund request by admin successful.', 1, 'http://amazy.rishfa.com/refund/update-refund-request-info/4', 'POST', '103.136.158.177', 0, NULL, NULL, 'Microsoft Edge-103.0.1264-Blink-Windows 10-', 1, '2022-07-27 19:30:16', '2022-07-27 19:30:16'),
(6008, 'Update refund request by admin successful.', 1, 'http://amazy.rishfa.com/refund/update-refund-request-info/4', 'POST', '103.136.158.177', 0, NULL, NULL, 'Microsoft Edge-103.0.1264-Blink-Windows 10-', 1, '2022-07-27 19:31:23', '2022-07-27 19:31:23'),
(6009, 'delete cart successful.', 1, 'http://amazy.rishfa.com/cart/delete', 'POST', '103.136.158.177', 0, NULL, NULL, 'Chrome-103-Blink-Windows 10-', 4, '2022-07-27 19:32:28', '2022-07-27 19:32:28'),
(6010, 'delete cart successful.', 1, 'http://amazy.rishfa.com/cart/delete', 'POST', '103.136.158.177', 0, NULL, NULL, 'Chrome-103-Blink-Windows 10-', 4, '2022-07-27 19:32:29', '2022-07-27 19:32:29'),
(6011, 'Temporary files directory \"/var/www/amazy.rishfa.com/../temp//mpdf\" is not writable', 0, 'http://amazy.rishfa.com/my-purchase-order-pdf/eyJpdiI6IlZQUEFZTFVxZVV5cDZhUVNpUzNhL3c9PSIsInZhbHVlIjoiQ0lXSFI0U2FnZURocjJwNGVoL2JtUT09IiwibWFjIjoiNTBjMTA0MjljMmI5ODZjNTQyODNjYmYzNDlhODE1ZGRjZDBjZDA0OWFiN2Q5NTAwYjg2Njc4NDU3MGEwYjcxOSIsInRhZyI6IiJ9', 'GET', '103.136.158.177', 0, NULL, NULL, 'Chrome-103-Blink-Windows 10-', 4, '2022-07-27 19:41:10', '2022-07-27 19:41:10'),
(6012, 'review approve successful.', 1, 'http://amazy.rishfa.com/review/product/approve', 'POST', '103.136.158.177', 0, NULL, NULL, 'Microsoft Edge-103.0.1264-Blink-Windows 10-', 1, '2022-07-27 19:44:20', '2022-07-27 19:44:20'),
(6013, 'seller configuration updated.', 1, 'http://amazy.rishfa.com/review/review_configuration', 'POST', '103.136.158.177', 0, NULL, NULL, 'Microsoft Edge-103.0.1264-Blink-Windows 10-', 1, '2022-07-27 19:44:42', '2022-07-27 19:44:42'),
(6014, 'cart store successful.', 1, 'http://amazy.rishfa.com/cart/store', 'POST', '103.136.158.177', 0, NULL, NULL, 'Chrome-103-Blink-Windows 10-', 4, '2022-07-27 19:45:56', '2022-07-27 19:45:56'),
(6015, 'order store successful.', 1, 'http://amazy.rishfa.com/checkout?gateway_id=eyJpdiI6IkJYRlhxT0YyRXlaSkI1a2lEYTRIaXc9PSIsInZhbHVlIjoiM1U5S3c2WHh5RE9SbXl0TVVJbFU3Zz09IiwibWFjIjoiYjg0MzU0YTQ0YjAxNzc3ZDMxMTM2NjExYTQ5NzU5OTQwYWExMDkxNGYzMDYxMmM4N2Y1MDg3MjY3OGUwODNlNyIsInRhZyI6IiJ9&payment_id=eyJpdiI6ImRJN0JWQSt0dnVIVkpVeTJ0TmhXeXc9PSIsInZhbHVlIjoiZnRKYzBROUl3WXpacVV4TDdRb3VZZz09IiwibWFjIjoiYmQ0ZTNlZTE1YWNhOTY2YTAzNmNjOTUzNzQwNDdiMWM3MGVlOTk0Y2ViOTExY2JiMzJmMjZjZmU0NjIyYTQ1MCIsInRhZyI6IiJ9&step=complete_order', 'GET', '103.136.158.177', 0, NULL, NULL, 'Chrome-103-Blink-Windows 10-', 4, '2022-07-27 19:47:05', '2022-07-27 19:47:05'),
(6016, 'sales info update successful.', 1, 'http://amazy.rishfa.com/ordermanage/sales-info-update-admin/77', 'POST', '103.136.158.177', 0, NULL, NULL, 'Microsoft Edge-103.0.1264-Blink-Windows 10-', 1, '2022-07-27 19:47:57', '2022-07-27 19:47:57'),
(6017, 'sales info update successful.', 1, 'http://amazy.rishfa.com/ordermanage/sales-info-update-admin/77', 'POST', '103.136.158.177', 0, NULL, NULL, 'Microsoft Edge-103.0.1264-Blink-Windows 10-', 1, '2022-07-27 19:48:03', '2022-07-27 19:48:03'),
(6018, 'product review store successful.', 1, 'http://amazy.rishfa.com/profile/product-review', 'POST', '103.136.158.177', 0, NULL, NULL, 'Chrome-103-Blink-Windows 10-', 4, '2022-07-27 19:48:47', '2022-07-27 19:48:47'),
(6019, 'Customer - logged in at : 2022-07-27 19:53:59', 4, 'http://amazy.rishfa.com/login', 'POST', '103.136.158.177', 1, '2022-07-27 19:53:59', NULL, 'Opera-89.0.4447-Blink-Windows 10-', 4, '2022-07-27 19:54:00', '2022-07-27 19:54:00'),
(6020, 'purchased gift card successful.', 1, 'http://amazy.rishfa.com/purchased-gift-cards', 'GET', '103.136.158.177', 0, NULL, NULL, 'Opera-89.0.4447-Blink-Windows 10-', 4, '2022-07-27 19:54:00', '2022-07-27 19:54:00'),
(6021, 'Super - logged in at : 2022-07-28 10:11:34', 1, 'http://amazy.rishfa.com/admin/login', 'POST', '103.136.158.177', 1, '2022-07-28 10:11:34', NULL, 'Microsoft Edge-103.0.1264-Blink-Windows 10-', 1, '2022-07-28 10:11:34', '2022-07-28 10:11:34'),
(6022, 'header update successful.', 1, 'http://amazy.rishfa.com/appearance/headers/update', 'POST', '103.136.158.177', 0, NULL, NULL, 'Microsoft Edge-103.0.1264-Blink-Windows 10-', 1, '2022-07-28 10:13:49', '2022-07-28 10:13:49');
INSERT INTO `log_activity` (`id`, `subject`, `type`, `url`, `method`, `ip`, `login`, `login_time`, `logout_time`, `agent`, `user_id`, `created_at`, `updated_at`) VALUES
(6023, 'header update successful.', 1, 'http://amazy.rishfa.com/appearance/headers/update', 'POST', '103.136.158.177', 0, NULL, NULL, 'Microsoft Edge-103.0.1264-Blink-Windows 10-', 1, '2022-07-28 10:13:55', '2022-07-28 10:13:55'),
(6024, 'header update successful.', 1, 'http://amazy.rishfa.com/appearance/headers/update', 'POST', '103.136.158.177', 0, NULL, NULL, 'Microsoft Edge-103.0.1264-Blink-Windows 10-', 1, '2022-07-28 10:14:03', '2022-07-28 10:14:03'),
(6025, 'Super - logged in at : 2022-07-28 10:14:06', 1, 'http://amazy.rishfa.com/admin/login', 'POST', '103.129.213.102', 1, '2022-07-28 10:14:06', NULL, 'Chrome-103-Blink-Windows 10-', 1, '2022-07-28 10:14:06', '2022-07-28 10:14:06'),
(6026, 'header update successful.', 1, 'http://amazy.rishfa.com/appearance/headers/update', 'POST', '103.136.158.177', 0, NULL, NULL, 'Microsoft Edge-103.0.1264-Blink-Windows 10-', 1, '2022-07-28 10:14:09', '2022-07-28 10:14:09'),
(6027, 'New User Zone Updated Successfully.', 1, 'http://amazy.rishfa.com/marketing/new-user-zone/update/eyJpdiI6IjRWcFExNTY3ZnNHYVcxRlpTUjBqblE9PSIsInZhbHVlIjoiMjRjNVUzVjd1MkI4REk4bE9zMytsdz09IiwibWFjIjoiZDg5NWMxNjMwNjFjNjA5NGUxMzQzODFmOTI5ZDc0MzdkODY1ZTQ3MjA5NzcwOTcxZDI2ZWU1MDIyZjgyYjQ3ZCIsInRhZyI6IiJ9', 'POST', '103.129.213.102', 0, NULL, NULL, 'Chrome-103-Blink-Windows 10-', 1, '2022-07-28 10:14:41', '2022-07-28 10:14:41'),
(6028, 'New User Zone Updated Successfully.', 1, 'http://amazy.rishfa.com/marketing/new-user-zone/update/eyJpdiI6Ilc1VjQ4cmRSL0laMGZaVnpJVVIvb2c9PSIsInZhbHVlIjoiTVo0MmRxL2taQ3hFL2p6T3NWaXUvZz09IiwibWFjIjoiNWU2YWM4YThkMjQyNGQ3ZDRiYTZlNzYxZDYwOGU4NzYwMTg2ODQxNDNlNDViODI0ZmU4YTBmNTA1ZTEyZmQ4NiIsInRhZyI6IiJ9', 'POST', '103.129.213.102', 0, NULL, NULL, 'Chrome-103-Blink-Windows 10-', 1, '2022-07-28 10:16:05', '2022-07-28 10:16:05'),
(6029, 'Customer - logged in at : 2022-07-28 10:21:47', 4, 'http://amazy.rishfa.com/login', 'POST', '103.136.158.177', 1, '2022-07-28 10:21:47', NULL, 'Chrome-103-Blink-Windows 10-', 4, '2022-07-28 10:21:47', '2022-07-28 10:21:47'),
(6030, 'element updated successful.', 1, 'http://amazy.rishfa.com/appearance/headers/setup/update-element', 'POST', '103.136.158.177', 0, NULL, NULL, 'Microsoft Edge-103.0.1264-Blink-Windows 10-', 1, '2022-07-28 10:27:49', '2022-07-28 10:27:49'),
(6031, 'Brand Added.', 1, 'http://amazy.rishfa.com/products/brands-store', 'POST', '103.136.158.177', 0, NULL, NULL, 'Microsoft Edge-103.0.1264-Blink-Windows 10-', 1, '2022-07-28 10:39:00', '2022-07-28 10:39:00'),
(6032, 'Brand updated.', 1, 'http://amazy.rishfa.com/products/brands-update/28', 'POST', '103.136.158.177', 0, NULL, NULL, 'Microsoft Edge-103.0.1264-Blink-Windows 10-', 1, '2022-07-28 10:39:23', '2022-07-28 10:39:23'),
(6033, 'Attribute Added.', 1, 'http://amazy.rishfa.com/products/attribute-store', 'POST', '103.136.158.177', 0, NULL, NULL, 'Microsoft Edge-103.0.1264-Blink-Windows 10-', 1, '2022-07-28 10:42:16', '2022-07-28 10:42:16'),
(6034, 'Undefined index: track_sku', 0, 'http://amazy.rishfa.com/products/store', 'POST', '103.136.158.177', 0, NULL, NULL, 'Microsoft Edge-103.0.1264-Blink-Windows 10-', 1, '2022-07-28 10:51:24', '2022-07-28 10:51:24'),
(6035, 'Undefined index: track_sku', 0, 'http://amazy.rishfa.com/products/store', 'POST', '103.136.158.177', 0, NULL, NULL, 'Microsoft Edge-103.0.1264-Blink-Windows 10-', 1, '2022-07-28 10:54:52', '2022-07-28 10:54:52'),
(6036, 'Undefined index: track_sku', 0, 'http://amazy.rishfa.com/products/store', 'POST', '103.136.158.177', 0, NULL, NULL, 'Microsoft Edge-103.0.1264-Blink-Windows 10-', 1, '2022-07-28 11:00:07', '2022-07-28 11:00:07'),
(6037, 'product upload successful.', 1, 'http://amazy.rishfa.com/products/store', 'POST', '103.136.158.177', 0, NULL, NULL, 'Microsoft Edge-103.0.1264-Blink-Windows 10-', 1, '2022-07-28 11:01:32', '2022-07-28 11:01:32'),
(6038, 'Product deleted.', 1, 'http://amazy.rishfa.com/products/destroy', 'POST', '103.136.158.177', 0, NULL, NULL, 'Microsoft Edge-103.0.1264-Blink-Windows 10-', 1, '2022-07-28 11:01:51', '2022-07-28 11:01:51'),
(6039, 'product upload successful.', 1, 'http://amazy.rishfa.com/products/store', 'POST', '103.136.158.177', 0, NULL, NULL, 'Microsoft Edge-103.0.1264-Blink-Windows 10-', 1, '2022-07-28 11:03:28', '2022-07-28 11:03:28'),
(6040, 'Product deleted.', 1, 'http://amazy.rishfa.com/products/destroy', 'POST', '103.136.158.177', 0, NULL, NULL, 'Microsoft Edge-103.0.1264-Blink-Windows 10-', 1, '2022-07-28 11:04:07', '2022-07-28 11:04:07'),
(6041, 'Customer - logged in at : 2022-07-28 11:06:31', 4, 'http://amazy.rishfa.com/login', 'POST', '103.129.213.102', 1, '2022-07-28 11:06:31', NULL, 'Microsoft Edge-103.0.1264-Blink-Windows 10-', 4, '2022-07-28 11:06:31', '2022-07-28 11:06:31'),
(6042, 'cart store successful.', 1, 'http://amazy.rishfa.com/cart/store', 'POST', '103.129.213.102', 0, NULL, NULL, 'Microsoft Edge-103.0.1264-Blink-Windows 10-', 4, '2022-07-28 11:07:14', '2022-07-28 11:07:14'),
(6043, 'Undefined index: track_sku', 0, 'http://amazy.rishfa.com/products/store', 'POST', '103.136.158.177', 0, NULL, NULL, 'Microsoft Edge-103.0.1264-Blink-Windows 10-', 1, '2022-07-28 11:10:18', '2022-07-28 11:10:18'),
(6044, 'cart store successful.', 1, 'http://amazy.rishfa.com/cart/store', 'POST', '103.129.213.102', 0, NULL, NULL, 'Microsoft Edge-103.0.1264-Blink-Windows 10-', 4, '2022-07-28 11:23:01', '2022-07-28 11:23:01'),
(6045, 'delete cart successful.', 1, 'http://amazy.rishfa.com/cart/delete', 'POST', '103.129.213.102', 0, NULL, NULL, 'Microsoft Edge-103.0.1264-Blink-Windows 10-', 4, '2022-07-28 11:23:05', '2022-07-28 11:23:05'),
(6046, 'Temporary files directory \"/var/www/amazy.rishfa.com/../temp//mpdf\" is not writable', 0, 'http://amazy.rishfa.com/my-purchase-order-pdf/eyJpdiI6ImNsd0lTcnIrNU82WTUvOHFnVDVkbkE9PSIsInZhbHVlIjoiK3dkKzF5QXEwZWw1VTlNRzRwbFhoZz09IiwibWFjIjoiNGQ5NTBmYjBlMTVjNDc1N2QwYTg2ZjZiMWVmMWY0YjBlYzM2ZGM2OGVmNGZkNThlYTkxMzU5ZDUzZGE2MzQzOCIsInRhZyI6IiJ9', 'GET', '103.129.213.102', 0, NULL, NULL, 'Microsoft Edge-103.0.1264-Blink-Windows 10-', 4, '2022-07-28 11:25:23', '2022-07-28 11:25:23'),
(6047, 'Temporary files directory \"/var/www/amazy.rishfa.com/../temp//mpdf\" is not writable', 0, 'http://amazy.rishfa.com/my-purchase-order-pdf/eyJpdiI6ImtIZnZnVDB2M3A1ODRXNGNHSEFoRXc9PSIsInZhbHVlIjoiVjNheXdhVmJjNzgydUdIb0VoemJ1UT09IiwibWFjIjoiNTFkOTA1NDc4YTI2Y2FjOWM3MTM0MjYzZTRlYmMwNjk3YWUxMTQxN2VlNzkwMmIxMDk2ZDZiNzlmNTQ2NTYzOSIsInRhZyI6IiJ9', 'GET', '103.129.213.102', 0, NULL, NULL, 'Microsoft Edge-103.0.1264-Blink-Windows 10-', 4, '2022-07-28 11:25:28', '2022-07-28 11:25:28'),
(6048, 'Customer - logged in at : 2022-07-28 11:27:23', 4, 'http://amazy.rishfa.com/login', 'POST', '103.136.158.177', 1, '2022-07-28 11:27:23', NULL, 'Opera-89.0.4447-Blink-Windows 10-', 4, '2022-07-28 11:27:23', '2022-07-28 11:27:23'),
(6049, 'purchased gift card successful.', 1, 'http://amazy.rishfa.com/purchased-gift-cards', 'GET', '103.136.158.177', 0, NULL, NULL, 'Opera-89.0.4447-Blink-Windows 10-', 4, '2022-07-28 11:27:28', '2022-07-28 11:27:28'),
(6050, 'cart store successful.', 1, 'http://amazy.rishfa.com/cart/store', 'POST', '103.136.158.177', 0, NULL, NULL, 'Opera-89.0.4447-Blink-Windows 10-', 4, '2022-07-28 11:27:39', '2022-07-28 11:27:39'),
(6051, 'cart store successful.', 1, 'http://amazy.rishfa.com/cart/store', 'POST', '103.136.158.177', 0, NULL, NULL, 'Opera-89.0.4447-Blink-Windows 10-', 4, '2022-07-28 11:28:09', '2022-07-28 11:28:09'),
(6052, 'cart store successful.', 1, 'http://amazy.rishfa.com/cart/store', 'POST', '103.136.158.177', 0, NULL, NULL, 'Opera-89.0.4447-Blink-Windows 10-', 4, '2022-07-28 11:28:43', '2022-07-28 11:28:43'),
(6053, 'order store successful.', 1, 'http://amazy.rishfa.com/checkout?gateway_id=eyJpdiI6IkJoeUk4RzZHTXJQNkxPQUJXOHU4OHc9PSIsInZhbHVlIjoiUUlBMjA1TTlnNHRtZXZxTjQzVXRQUT09IiwibWFjIjoiODA0OGQxN2ExYzJiNzMyNjViMmVlODdhYWUwODIxY2ZlNTkzOTZhMzg2NjU0OWUyYWUyMWYwZjk3YjdlYzk2OSIsInRhZyI6IiJ9&payment_id=eyJpdiI6InpucEJBZVh4dmU4S0JLZlpGdlRRQWc9PSIsInZhbHVlIjoieElSZ2NJU0VTNTVYNmlKTGY2b3FXUT09IiwibWFjIjoiOGIzM2EyZjE0NGUxNDFhZmYyY2ZlN2VkYTBlNmI1MzEyYWViNzRhZmJmNTM3NjA0Zjk5NjA4Mzk4ZjEyNGE1NCIsInRhZyI6IiJ9&step=complete_order', 'GET', '103.136.158.177', 0, NULL, NULL, 'Opera-89.0.4447-Blink-Windows 10-', 4, '2022-07-28 11:29:04', '2022-07-28 11:29:04'),
(6054, 'Trying to get property \'product_stock\' of non-object', 0, 'http://amazy.rishfa.com/ordermanage/order/confirm/78', 'GET', '103.136.158.177', 0, NULL, NULL, 'Microsoft Edge-103.0.1264-Blink-Windows 10-', 1, '2022-07-28 11:29:52', '2022-07-28 11:29:52'),
(6055, 'sales info update successful.', 1, 'http://amazy.rishfa.com/ordermanage/sales-info-update-admin/78', 'POST', '103.136.158.177', 0, NULL, NULL, 'Microsoft Edge-103.0.1264-Blink-Windows 10-', 1, '2022-07-28 11:30:12', '2022-07-28 11:30:12'),
(6056, 'sales info update successful.', 1, 'http://amazy.rishfa.com/ordermanage/sales-info-update-admin/78', 'POST', '103.136.158.177', 0, NULL, NULL, 'Microsoft Edge-103.0.1264-Blink-Windows 10-', 1, '2022-07-28 11:30:45', '2022-07-28 11:30:45'),
(6057, 'Temporary files directory \"/var/www/amazy.rishfa.com/../temp//mpdf\" is not writable', 0, 'http://amazy.rishfa.com/my-purchase-order-pdf/eyJpdiI6ImVDdXhwRDhwMUozTlVpdXVHVDNrc1E9PSIsInZhbHVlIjoiRkFQREZJc1lmS0hLNE13eWZ4V2RMUT09IiwibWFjIjoiNTQzOWQ5YmEwNmM1YTc0ZTJkY2EyOTk1ODQzMmVhYTI4MTdiMDQ4NjdjOWJkMGNiZGYwZmU0YzI0YTI1MWJmNiIsInRhZyI6IiJ9', 'GET', '103.136.158.177', 0, NULL, NULL, 'Opera-89.0.4447-Blink-Windows 10-', 4, '2022-07-28 11:31:14', '2022-07-28 11:31:14'),
(6058, 'purchased gift card successful.', 1, 'http://amazy.rishfa.com/purchased-gift-cards', 'GET', '103.136.158.177', 0, NULL, NULL, 'Opera-89.0.4447-Blink-Windows 10-', 4, '2022-07-28 11:31:29', '2022-07-28 11:31:29'),
(6059, 'purchased gift card successful.', 1, 'http://amazy.rishfa.com/purchased-gift-cards', 'GET', '103.136.158.177', 0, NULL, NULL, 'Opera-89.0.4447-Blink-Windows 10-', 4, '2022-07-28 11:33:20', '2022-07-28 11:33:20'),
(6060, 'element added successful.', 1, 'http://amazy.rishfa.com/menu/setup/add-element', 'POST', '103.136.158.177', 0, NULL, NULL, 'Microsoft Edge-103.0.1264-Blink-Windows 10-', 1, '2022-07-28 11:49:39', '2022-07-28 11:49:39'),
(6061, 'Element deleted', 1, 'http://amazy.rishfa.com/menu/setup/element-delete', 'POST', '103.136.158.177', 0, NULL, NULL, 'Microsoft Edge-103.0.1264-Blink-Windows 10-', 1, '2022-07-28 11:50:01', '2022-07-28 11:50:01'),
(6062, 'element added successful.', 1, 'http://amazy.rishfa.com/menu/setup/add-element', 'POST', '103.136.158.177', 0, NULL, NULL, 'Microsoft Edge-103.0.1264-Blink-Windows 10-', 1, '2022-07-28 11:51:11', '2022-07-28 11:51:11'),
(6063, 'Element deleted', 1, 'http://amazy.rishfa.com/menu/setup/element-delete', 'POST', '103.136.158.177', 0, NULL, NULL, 'Microsoft Edge-103.0.1264-Blink-Windows 10-', 1, '2022-07-28 11:52:44', '2022-07-28 11:52:44'),
(6064, 'element added successful.', 1, 'http://amazy.rishfa.com/menu/setup/add-element', 'POST', '103.136.158.177', 0, NULL, NULL, 'Microsoft Edge-103.0.1264-Blink-Windows 10-', 1, '2022-07-28 11:52:58', '2022-07-28 11:52:58'),
(6065, 'Element deleted', 1, 'http://amazy.rishfa.com/menu/setup/element-delete', 'POST', '103.136.158.177', 0, NULL, NULL, 'Microsoft Edge-103.0.1264-Blink-Windows 10-', 1, '2022-07-28 11:53:18', '2022-07-28 11:53:18'),
(6066, 'Image source not readable', 0, 'http://amazy.rishfa.com/products/store', 'POST', '103.136.158.177', 0, NULL, NULL, 'Microsoft Edge-103.0.1264-Blink-Windows 10-', 1, '2022-07-28 11:58:23', '2022-07-28 11:58:23'),
(6067, 'Image source not readable', 0, 'http://amazy.rishfa.com/products/store', 'POST', '103.136.158.177', 0, NULL, NULL, 'Microsoft Edge-103.0.1264-Blink-Windows 10-', 1, '2022-07-28 11:58:36', '2022-07-28 11:58:36'),
(6068, 'Image source not readable', 0, 'http://amazy.rishfa.com/products/store', 'POST', '103.136.158.177', 0, NULL, NULL, 'Microsoft Edge-103.0.1264-Blink-Windows 10-', 1, '2022-07-28 11:59:13', '2022-07-28 11:59:13'),
(6069, 'Image source not readable', 0, 'http://amazy.rishfa.com/products/store', 'POST', '103.136.158.177', 0, NULL, NULL, 'Microsoft Edge-103.0.1264-Blink-Windows 10-', 1, '2022-07-28 12:01:12', '2022-07-28 12:01:12'),
(6070, 'New User Zone Updated Successfully.', 1, 'http://amazy.rishfa.com/marketing/new-user-zone/update/eyJpdiI6IkEzbEhvb2ZGbDZCYUgzSWVmT3FFdXc9PSIsInZhbHVlIjoiM29xNEJEN3NpR24xWDZSV1NUa3lrQT09IiwibWFjIjoiMTRjZTE4ZjNkY2M2MzJjODYwYmZlNWJmZDk5Y2YzMGEyZDUwYTgxODJjYWNkMmFjZjBmOWIyMWRiNTk0ZGE5ZSIsInRhZyI6IiJ9', 'POST', '103.136.158.177', 0, NULL, NULL, 'Microsoft Edge-103.0.1264-Blink-Windows 10-', 1, '2022-07-28 12:14:56', '2022-07-28 12:14:56'),
(6071, 'element added successful.', 1, 'http://amazy.rishfa.com/menu/setup/add-element', 'POST', '103.136.158.177', 0, NULL, NULL, 'Microsoft Edge-103.0.1264-Blink-Windows 10-', 1, '2022-07-28 12:16:36', '2022-07-28 12:16:36'),
(6072, 'Element deleted', 1, 'http://amazy.rishfa.com/menu/setup/element-delete', 'POST', '103.136.158.177', 0, NULL, NULL, 'Microsoft Edge-103.0.1264-Blink-Windows 10-', 1, '2022-07-28 12:17:16', '2022-07-28 12:17:16'),
(6073, 'Menu added.', 1, 'http://amazy.rishfa.com/menu/store', 'POST', '103.136.158.177', 0, NULL, NULL, 'Microsoft Edge-103.0.1264-Blink-Windows 10-', 1, '2022-07-28 12:20:08', '2022-07-28 12:20:08'),
(6074, 'element added successful.', 1, 'http://amazy.rishfa.com/menu/setup/add-element', 'POST', '103.136.158.177', 0, NULL, NULL, 'Microsoft Edge-103.0.1264-Blink-Windows 10-', 1, '2022-07-28 12:20:21', '2022-07-28 12:20:21'),
(6075, 'element updated', 1, 'http://amazy.rishfa.com/menu/setup/element-update', 'POST', '103.136.158.177', 0, NULL, NULL, 'Microsoft Edge-103.0.1264-Blink-Windows 10-', 1, '2022-07-28 12:20:34', '2022-07-28 12:20:34'),
(6076, 'menu status changed.', 1, 'http://amazy.rishfa.com/menu/manage/status', 'POST', '103.136.158.177', 0, NULL, NULL, 'Microsoft Edge-103.0.1264-Blink-Windows 10-', 1, '2022-07-28 12:21:45', '2022-07-28 12:21:45'),
(6077, 'Element deleted', 1, 'http://amazy.rishfa.com/menu/setup/element-delete', 'POST', '103.136.158.177', 0, NULL, NULL, 'Microsoft Edge-103.0.1264-Blink-Windows 10-', 1, '2022-07-28 12:22:29', '2022-07-28 12:22:29'),
(6078, 'element updated', 1, 'http://amazy.rishfa.com/menu/setup/element-update', 'POST', '103.136.158.177', 0, NULL, NULL, 'Microsoft Edge-103.0.1264-Blink-Windows 10-', 1, '2022-07-28 12:24:09', '2022-07-28 12:24:09'),
(6079, 'menu status changed.', 1, 'http://amazy.rishfa.com/menu/manage/status', 'POST', '103.136.158.177', 0, NULL, NULL, 'Microsoft Edge-103.0.1264-Blink-Windows 10-', 1, '2022-07-28 12:24:37', '2022-07-28 12:24:37'),
(6080, 'element updated', 1, 'http://amazy.rishfa.com/menu/setup/element-update', 'POST', '103.136.158.177', 0, NULL, NULL, 'Microsoft Edge-103.0.1264-Blink-Windows 10-', 1, '2022-07-28 12:25:21', '2022-07-28 12:25:21'),
(6081, 'menu status changed.', 1, 'http://amazy.rishfa.com/menu/manage/status', 'POST', '103.136.158.177', 0, NULL, NULL, 'Microsoft Edge-103.0.1264-Blink-Windows 10-', 1, '2022-07-28 12:25:57', '2022-07-28 12:25:57'),
(6082, 'menu status changed.', 1, 'http://amazy.rishfa.com/menu/manage/status', 'POST', '103.136.158.177', 0, NULL, NULL, 'Microsoft Edge-103.0.1264-Blink-Windows 10-', 1, '2022-07-28 12:26:02', '2022-07-28 12:26:02'),
(6083, 'Menu updated.', 1, 'http://amazy.rishfa.com/menu/update', 'POST', '103.136.158.177', 0, NULL, NULL, 'Microsoft Edge-103.0.1264-Blink-Windows 10-', 1, '2022-07-28 12:26:26', '2022-07-28 12:26:26'),
(6084, 'Menu updated.', 1, 'http://amazy.rishfa.com/menu/update', 'POST', '103.136.158.177', 0, NULL, NULL, 'Microsoft Edge-103.0.1264-Blink-Windows 10-', 1, '2022-07-28 12:26:39', '2022-07-28 12:26:39'),
(6085, 'element added successful.', 1, 'http://amazy.rishfa.com/menu/setup/add-element', 'POST', '103.136.158.177', 0, NULL, NULL, 'Microsoft Edge-103.0.1264-Blink-Windows 10-', 1, '2022-07-28 12:26:52', '2022-07-28 12:26:52'),
(6086, 'Menu added.', 1, 'http://amazy.rishfa.com/menu/store', 'POST', '103.136.158.177', 0, NULL, NULL, 'Microsoft Edge-103.0.1264-Blink-Windows 10-', 1, '2022-07-28 12:27:42', '2022-07-28 12:27:42'),
(6087, 'element added successful.', 1, 'http://amazy.rishfa.com/menu/setup/add-element', 'POST', '103.136.158.177', 0, NULL, NULL, 'Microsoft Edge-103.0.1264-Blink-Windows 10-', 1, '2022-07-28 12:28:12', '2022-07-28 12:28:12'),
(6088, 'Element deleted', 1, 'http://amazy.rishfa.com/menu/setup/element-delete', 'POST', '103.136.158.177', 0, NULL, NULL, 'Microsoft Edge-103.0.1264-Blink-Windows 10-', 1, '2022-07-28 12:28:52', '2022-07-28 12:28:52'),
(6089, 'Element deleted', 1, 'http://amazy.rishfa.com/menu/setup/element-delete', 'POST', '103.136.158.177', 0, NULL, NULL, 'Microsoft Edge-103.0.1264-Blink-Windows 10-', 1, '2022-07-28 12:28:55', '2022-07-28 12:28:55'),
(6090, 'Element deleted', 1, 'http://amazy.rishfa.com/menu/setup/element-delete', 'POST', '103.136.158.177', 0, NULL, NULL, 'Microsoft Edge-103.0.1264-Blink-Windows 10-', 1, '2022-07-28 12:28:58', '2022-07-28 12:28:58'),
(6091, 'element added successful.', 1, 'http://amazy.rishfa.com/menu/setup/add-element', 'POST', '103.136.158.177', 0, NULL, NULL, 'Microsoft Edge-103.0.1264-Blink-Windows 10-', 1, '2022-07-28 12:29:14', '2022-07-28 12:29:14'),
(6092, 'menu status changed.', 1, 'http://amazy.rishfa.com/menu/manage/status', 'POST', '103.136.158.177', 0, NULL, NULL, 'Microsoft Edge-103.0.1264-Blink-Windows 10-', 1, '2022-07-28 12:29:28', '2022-07-28 12:29:28'),
(6093, 'menu status changed.', 1, 'http://amazy.rishfa.com/menu/manage/status', 'POST', '103.136.158.177', 0, NULL, NULL, 'Microsoft Edge-103.0.1264-Blink-Windows 10-', 1, '2022-07-28 12:31:00', '2022-07-28 12:31:00'),
(6094, 'Menu added.', 1, 'http://amazy.rishfa.com/menu/store', 'POST', '103.136.158.177', 0, NULL, NULL, 'Microsoft Edge-103.0.1264-Blink-Windows 10-', 1, '2022-07-28 12:34:46', '2022-07-28 12:34:46'),
(6095, 'menu status changed.', 1, 'http://amazy.rishfa.com/menu/manage/status', 'POST', '103.136.158.177', 0, NULL, NULL, 'Microsoft Edge-103.0.1264-Blink-Windows 10-', 1, '2022-07-28 12:34:50', '2022-07-28 12:34:50'),
(6096, 'element added successful.', 1, 'http://amazy.rishfa.com/menu/setup/add-element', 'POST', '103.136.158.177', 0, NULL, NULL, 'Microsoft Edge-103.0.1264-Blink-Windows 10-', 1, '2022-07-28 12:35:14', '2022-07-28 12:35:14'),
(6097, 'element added successful.', 1, 'http://amazy.rishfa.com/menu/setup/add-element', 'POST', '103.136.158.177', 0, NULL, NULL, 'Microsoft Edge-103.0.1264-Blink-Windows 10-', 1, '2022-07-28 12:35:24', '2022-07-28 12:35:24'),
(6098, 'menu status changed.', 1, 'http://amazy.rishfa.com/menu/manage/status', 'POST', '103.136.158.177', 0, NULL, NULL, 'Microsoft Edge-103.0.1264-Blink-Windows 10-', 1, '2022-07-28 12:36:02', '2022-07-28 12:36:02'),
(6099, 'product upload successful.', 1, 'http://amazy.rishfa.com/products/store', 'POST', '103.136.158.177', 0, NULL, NULL, 'Microsoft Edge-103.0.1264-Blink-Windows 10-', 1, '2022-07-28 12:45:31', '2022-07-28 12:45:31'),
(6100, 'Product deleted.', 1, 'http://amazy.rishfa.com/products/destroy', 'POST', '103.136.158.177', 0, NULL, NULL, 'Microsoft Edge-103.0.1264-Blink-Windows 10-', 1, '2022-07-28 12:46:36', '2022-07-28 12:46:36'),
(6101, 'General activation Updated !!!', 1, 'http://amazy.rishfa.com/generalsetting/update-activation-status', 'POST', '103.136.158.177', 0, NULL, NULL, 'Microsoft Edge-103.0.1264-Blink-Windows 10-', 1, '2022-07-28 12:50:27', '2022-07-28 12:50:27'),
(6102, 'Config update successful.', 1, 'http://amazy.rishfa.com/refund/refund-config-update', 'POST', '103.136.158.177', 0, NULL, NULL, 'Microsoft Edge-103.0.1264-Blink-Windows 10-', 1, '2022-07-28 12:50:38', '2022-07-28 12:50:38'),
(6103, 'cart store successful.', 1, 'http://amazy.rishfa.com/cart/store', 'POST', '103.136.158.177', 0, NULL, NULL, 'Opera-89.0.4447-Blink-Windows 10-', 4, '2022-07-28 12:51:00', '2022-07-28 12:51:00'),
(6104, 'menu status changed.', 1, 'http://amazy.rishfa.com/menu/manage/status', 'POST', '103.136.158.177', 0, NULL, NULL, 'Microsoft Edge-103.0.1264-Blink-Windows 10-', 1, '2022-07-28 12:52:05', '2022-07-28 12:52:05'),
(6105, 'menu status changed.', 1, 'http://amazy.rishfa.com/menu/manage/status', 'POST', '103.136.158.177', 0, NULL, NULL, 'Microsoft Edge-103.0.1264-Blink-Windows 10-', 1, '2022-07-28 12:52:07', '2022-07-28 12:52:07'),
(6106, 'menu status changed.', 1, 'http://amazy.rishfa.com/menu/manage/status', 'POST', '103.136.158.177', 0, NULL, NULL, 'Microsoft Edge-103.0.1264-Blink-Windows 10-', 1, '2022-07-28 12:52:08', '2022-07-28 12:52:08'),
(6107, 'delete cart successful.', 1, 'http://amazy.rishfa.com/cart/delete', 'POST', '103.136.158.177', 0, NULL, NULL, 'Opera-89.0.4447-Blink-Windows 10-', 4, '2022-07-28 12:52:17', '2022-07-28 12:52:17'),
(6108, 'delete cart successful.', 1, 'http://amazy.rishfa.com/cart/delete', 'POST', '103.136.158.177', 0, NULL, NULL, 'Opera-89.0.4447-Blink-Windows 10-', 4, '2022-07-28 12:52:19', '2022-07-28 12:52:19'),
(6109, 'order store successful.', 1, 'http://amazy.rishfa.com/checkout?gateway_id=eyJpdiI6ImgyN05SZHRUMjdGS2hQcktxODEza0E9PSIsInZhbHVlIjoiTysvUVNtZ2MySVpIN1FhM0d5RzlqZz09IiwibWFjIjoiODZkOTQxYmZhMDI5OTkwODJlNGJjMDYzM2VmZjRjZTc4YWQwNTZkNDQ0YjE4NGYyNDA5YjI5MzRkZTZmYTI5ZiIsInRhZyI6IiJ9&payment_id=eyJpdiI6Im5XbjJBZGJJYWJ6bml3WFU4SEl2L3c9PSIsInZhbHVlIjoiTFhkUmhmL1ZraTRQVDFmbGhiOXcxdz09IiwibWFjIjoiNjEwYTMwMzJlOWU5MzViNTE5ZGQxOGZiM2UxMWVkZjJkOTA3Y2NkZWQ5NTEyNDIyYjIxYWIyMmJkOTllMjU5MCIsInRhZyI6IiJ9&step=complete_order', 'GET', '103.136.158.177', 0, NULL, NULL, 'Opera-89.0.4447-Blink-Windows 10-', 4, '2022-07-28 12:52:39', '2022-07-28 12:52:39'),
(6110, 'sales info update successful.', 1, 'http://amazy.rishfa.com/ordermanage/sales-info-update-admin/79', 'POST', '103.136.158.177', 0, NULL, NULL, 'Microsoft Edge-103.0.1264-Blink-Windows 10-', 1, '2022-07-28 12:53:44', '2022-07-28 12:53:44'),
(6111, 'sales info update successful.', 1, 'http://amazy.rishfa.com/ordermanage/sales-info-update-admin/79', 'POST', '103.136.158.177', 0, NULL, NULL, 'Microsoft Edge-103.0.1264-Blink-Windows 10-', 1, '2022-07-28 12:54:33', '2022-07-28 12:54:33'),
(6112, 'sales info update successful.', 1, 'http://amazy.rishfa.com/ordermanage/sales-info-update-admin/79', 'POST', '103.136.158.177', 0, NULL, NULL, 'Microsoft Edge-103.0.1264-Blink-Windows 10-', 1, '2022-07-28 12:55:13', '2022-07-28 12:55:13'),
(6113, 'refund store successful.', 1, 'http://amazy.rishfa.com/refund/make-refund-request-store', 'POST', '103.136.158.177', 0, NULL, NULL, 'Opera-89.0.4447-Blink-Windows 10-', 4, '2022-07-28 12:55:50', '2022-07-28 12:55:50'),
(6114, 'Update refund request by admin successful.', 1, 'http://amazy.rishfa.com/refund/update-refund-request-info/5', 'POST', '103.136.158.177', 0, NULL, NULL, 'Microsoft Edge-103.0.1264-Blink-Windows 10-', 1, '2022-07-28 12:56:31', '2022-07-28 12:56:31'),
(6115, 'Update refund request by admin successful.', 1, 'http://amazy.rishfa.com/refund/update-refund-request-info/5', 'POST', '103.136.158.177', 0, NULL, NULL, 'Microsoft Edge-103.0.1264-Blink-Windows 10-', 1, '2022-07-28 12:56:40', '2022-07-28 12:56:40'),
(6116, 'Update refund request by admin successful.', 1, 'http://amazy.rishfa.com/refund/update-refund-request-info/5', 'POST', '103.136.158.177', 0, NULL, NULL, 'Microsoft Edge-103.0.1264-Blink-Windows 10-', 1, '2022-07-28 12:56:56', '2022-07-28 12:56:56'),
(6117, 'Update refund request by admin successful.', 1, 'http://amazy.rishfa.com/refund/update-refund-request-info/5', 'POST', '103.136.158.177', 0, NULL, NULL, 'Microsoft Edge-103.0.1264-Blink-Windows 10-', 1, '2022-07-28 12:59:38', '2022-07-28 12:59:38'),
(6118, 'purchased gift card successful.', 1, 'http://amazy.rishfa.com/purchased-gift-cards', 'GET', '103.136.158.177', 0, NULL, NULL, 'Opera-89.0.4447-Blink-Windows 10-', 4, '2022-07-28 13:00:56', '2022-07-28 13:00:56'),
(6119, 'cart store successful.', 1, 'http://amazy.rishfa.com/cart/store', 'POST', '103.136.158.177', 0, NULL, NULL, 'Opera-89.0.4447-Blink-Windows 10-', 4, '2022-07-28 13:01:14', '2022-07-28 13:01:14'),
(6120, 'order store successful.', 1, 'http://amazy.rishfa.com/checkout?gateway_id=eyJpdiI6IkgzcHRBWXJ3VkxEZGVrR1pkYVd0WkE9PSIsInZhbHVlIjoiY0s2TWkwTXpkeFFVNTZaWFEvM240UT09IiwibWFjIjoiYmE5ZTczODQ3MjVlMGRmYmRiNjhiNGI2NGUzMmMzY2M0Njk2ZGMyYmNkYWZiZjJiODgzM2Y1NTVkZTU3YTY2NiIsInRhZyI6IiJ9&payment_id=eyJpdiI6IkhyZDZCcmgyMWlCN1E5dWpMRzZDNVE9PSIsInZhbHVlIjoidmV6ZXEvZEtKWVY5UUI0QUpCWUZuQT09IiwibWFjIjoiMWU5OTI5NDU5NmY4MmU1ODljOTc1MzcwMmRmNmFhY2Y3NDA3ZjY2YzZiNDg5MmY1NzAyZWUyMjI5MDgzYWRiMyIsInRhZyI6IiJ9&step=complete_order', 'GET', '103.136.158.177', 0, NULL, NULL, 'Opera-89.0.4447-Blink-Windows 10-', 4, '2022-07-28 13:01:38', '2022-07-28 13:01:38'),
(6121, 'sales info update successful.', 1, 'http://amazy.rishfa.com/ordermanage/sales-info-update-admin/80', 'POST', '103.136.158.177', 0, NULL, NULL, 'Microsoft Edge-103.0.1264-Blink-Windows 10-', 1, '2022-07-28 13:02:22', '2022-07-28 13:02:22'),
(6122, 'purchased gift card successful.', 1, 'http://amazy.rishfa.com/purchased-gift-cards', 'GET', '103.136.158.177', 0, NULL, NULL, 'Opera-89.0.4447-Blink-Windows 10-', 4, '2022-07-28 13:02:33', '2022-07-28 13:02:33'),
(6123, 'AoraDev - logged in at : 2022-07-28 13:09:35', 38, 'http://amazy.rishfa.com/register', 'POST', '103.136.158.177', 1, '2022-07-28 13:09:35', NULL, 'Firefox-102-Gecko-Windows 10-', 38, '2022-07-28 13:09:35', '2022-07-28 13:09:35'),
(6124, 'offline wallet recharge successful.', 1, 'http://amazy.rishfa.com/wallet/offline-recharge-wallet-store', 'POST', '103.136.158.177', 0, NULL, NULL, 'Microsoft Edge-103.0.1264-Blink-Windows 10-', 1, '2022-07-28 13:11:02', '2022-07-28 13:11:02'),
(6125, 'cart store successful.', 1, 'http://amazy.rishfa.com/cart/store', 'POST', '103.136.158.177', 0, NULL, NULL, 'Firefox-102-Gecko-Windows 10-', 38, '2022-07-28 13:11:49', '2022-07-28 13:11:49'),
(6126, 'Shipping address change successful.', 1, 'http://amazy.rishfa.com/checkout/address/shipping', 'POST', '103.136.158.177', 0, NULL, NULL, 'Firefox-102-Gecko-Windows 10-', 38, '2022-07-28 13:11:57', '2022-07-28 13:11:57'),
(6127, 'order store successful.', 1, 'http://amazy.rishfa.com/checkout?gateway_id=eyJpdiI6IklHMnhvSkNHeS9NS2lVbm1lK1EvSUE9PSIsInZhbHVlIjoiNHdwM2VCb29DYVVvck96L1k1cnZpUT09IiwibWFjIjoiZDViYzYwMGI3NDY1N2EwNWY1MWM3MWUwNjYyYjMwYTI5NjYyZDM2MGJhM2UzNDlkYjVkNWQ5YjYxMmFhZGE5MiIsInRhZyI6IiJ9&payment_id=eyJpdiI6ImI1bFo1aThZV2ZHcmtsRFR4YWRLc1E9PSIsInZhbHVlIjoidmlERjFQUUs1OUtlYWdzdmV1NkFxdz09IiwibWFjIjoiYmRjZTJlYzIwNGZlZmVjNmFhMzk1NzNjZjRjMmVmNmM4OGEzYTdlOWNlNzQ4MDc2NWNlYzVmMWZlYWZhMzdjOSIsInRhZyI6IiJ9&step=complete_order', 'GET', '103.136.158.177', 0, NULL, NULL, 'Firefox-102-Gecko-Windows 10-', 38, '2022-07-28 13:12:36', '2022-07-28 13:12:36'),
(6128, 'Trying to get property \'product_stock\' of non-object', 0, 'http://amazy.rishfa.com/ordermanage/order/confirm/81', 'GET', '103.136.158.177', 0, NULL, NULL, 'Microsoft Edge-103.0.1264-Blink-Windows 10-', 1, '2022-07-28 13:13:11', '2022-07-28 13:13:11'),
(6129, 'sales info update successful.', 1, 'http://amazy.rishfa.com/ordermanage/sales-info-update-admin/79', 'POST', '103.136.158.177', 0, NULL, NULL, 'Microsoft Edge-103.0.1264-Blink-Windows 10-', 1, '2022-07-28 13:14:17', '2022-07-28 13:14:17'),
(6130, 'sales info update successful.', 1, 'http://amazy.rishfa.com/ordermanage/sales-info-update-admin/79', 'POST', '103.136.158.177', 0, NULL, NULL, 'Microsoft Edge-103.0.1264-Blink-Windows 10-', 1, '2022-07-28 13:14:38', '2022-07-28 13:14:38'),
(6131, 'sales info update successful.', 1, 'http://amazy.rishfa.com/ordermanage/sales-info-update-admin/81', 'POST', '103.136.158.177', 0, NULL, NULL, 'Microsoft Edge-103.0.1264-Blink-Windows 10-', 1, '2022-07-28 13:30:55', '2022-07-28 13:30:55'),
(6132, 'sales info update successful.', 1, 'http://amazy.rishfa.com/ordermanage/sales-info-update-admin/81', 'POST', '103.136.158.177', 0, NULL, NULL, 'Microsoft Edge-103.0.1264-Blink-Windows 10-', 1, '2022-07-28 13:37:03', '2022-07-28 13:37:03'),
(6133, 'sales info update successful.', 1, 'http://amazy.rishfa.com/ordermanage/sales-info-update-admin/81', 'POST', '103.136.158.177', 0, NULL, NULL, 'Microsoft Edge-103.0.1264-Blink-Windows 10-', 1, '2022-07-28 13:37:10', '2022-07-28 13:37:10'),
(6134, 'cart store successful.', 1, 'http://amazy.rishfa.com/cart/store', 'POST', '103.136.158.177', 0, NULL, NULL, 'Firefox-102-Gecko-Windows 10-', 38, '2022-07-28 13:38:16', '2022-07-28 13:38:16'),
(6135, 'order store successful.', 1, 'http://amazy.rishfa.com/checkout?gateway_id=eyJpdiI6IndXcUpUYXdtSUdubjJ4MUsrdWVabkE9PSIsInZhbHVlIjoiTk5Na3NIVzB0aW4raStYMGFQekFrQT09IiwibWFjIjoiNWRlMDg5MzQ0NTQyZmZiOTdlNDJjMTdjMThjNGRhODAxMzM1MTBkY2MxYmViYWM0YjM3NTZhYTYyNjAwMzJlOCIsInRhZyI6IiJ9&payment_id=eyJpdiI6IlhsRU5Gdld6QXUvYjNveVpkVUFJaEE9PSIsInZhbHVlIjoibmZETHArdHFhakpSaU01eUtSZHpEZz09IiwibWFjIjoiNTYzMzFiM2NkOTAxNWU5MDE5NDlkZWNiMTYxZGM1MDkyNTI0NGMxYzkwNmQwYjMzMjU3NmM0OWRjNjJmMTg1NiIsInRhZyI6IiJ9&step=complete_order', 'GET', '103.136.158.177', 0, NULL, NULL, 'Firefox-102-Gecko-Windows 10-', 38, '2022-07-28 13:38:29', '2022-07-28 13:38:29'),
(6136, 'sales info update successful.', 1, 'http://amazy.rishfa.com/ordermanage/sales-info-update-admin/82', 'POST', '103.136.158.177', 0, NULL, NULL, 'Microsoft Edge-103.0.1264-Blink-Windows 10-', 1, '2022-07-28 13:38:55', '2022-07-28 13:38:55'),
(6137, 'sales info update successful.', 1, 'http://amazy.rishfa.com/ordermanage/sales-info-update-admin/82', 'POST', '103.136.158.177', 0, NULL, NULL, 'Microsoft Edge-103.0.1264-Blink-Windows 10-', 1, '2022-07-28 13:39:06', '2022-07-28 13:39:06'),
(6138, 'sales info update successful.', 1, 'http://amazy.rishfa.com/ordermanage/sales-info-update-admin/82', 'POST', '103.136.158.177', 0, NULL, NULL, 'Microsoft Edge-103.0.1264-Blink-Windows 10-', 1, '2022-07-28 13:39:11', '2022-07-28 13:39:11'),
(6139, 'sales info update successful.', 1, 'http://amazy.rishfa.com/ordermanage/sales-info-update-admin/82', 'POST', '103.136.158.177', 0, NULL, NULL, 'Microsoft Edge-103.0.1264-Blink-Windows 10-', 1, '2022-07-28 13:39:38', '2022-07-28 13:39:38'),
(6140, 'purchased gift card successful.', 1, 'http://amazy.rishfa.com/purchased-gift-cards', 'GET', '103.136.158.177', 0, NULL, NULL, 'Firefox-102-Gecko-Windows 10-', 38, '2022-07-28 13:39:57', '2022-07-28 13:39:57'),
(6141, 'purchased gift card successful.', 1, 'http://amazy.rishfa.com/purchased-gift-cards', 'GET', '103.136.158.177', 0, NULL, NULL, 'Firefox-102-Gecko-Windows 10-', 38, '2022-07-28 14:40:23', '2022-07-28 14:40:23'),
(6142, 'purchased gift card successful.', 1, 'http://amazy.rishfa.com/purchased-gift-cards', 'GET', '103.136.158.177', 0, NULL, NULL, 'Firefox-102-Gecko-Windows 10-', 38, '2022-07-28 14:42:07', '2022-07-28 14:42:07'),
(6143, 'cart store successful.', 1, 'http://amazy.rishfa.com/cart/store', 'POST', '103.136.158.177', 0, NULL, NULL, 'Firefox-102-Gecko-Windows 10-', 38, '2022-07-28 14:42:26', '2022-07-28 14:42:26'),
(6144, 'delete cart successful.', 1, 'http://amazy.rishfa.com/cart/delete', 'POST', '103.136.158.177', 0, NULL, NULL, 'Firefox-102-Gecko-Windows 10-', 38, '2022-07-28 14:42:48', '2022-07-28 14:42:48'),
(6145, 'Temporary files directory \"/var/www/amazy.rishfa.com/../temp//mpdf\" is not writable', 0, 'http://amazy.rishfa.com/my-purchase-order-pdf/eyJpdiI6IkFwNDJOMFUwVmZidjcvcHo5QTI5MEE9PSIsInZhbHVlIjoiNzIxVjJpQWcyZkNoT0F0eG44dUNLZz09IiwibWFjIjoiZGVjNzljOTQwMDEzODRhODY0YmVhMDI3MDU3ZmE0NWVjM2NkODJjNjE1ZjhjMWEzYmMxNGQzYzBhNjQxNjc0YiIsInRhZyI6IiJ9', 'GET', '103.136.158.177', 0, NULL, NULL, 'Firefox-102-Gecko-Windows 10-', 38, '2022-07-28 14:52:00', '2022-07-28 14:52:00'),
(6146, 'purchased gift card successful.', 1, 'http://amazy.rishfa.com/purchased-gift-cards', 'GET', '103.136.158.177', 0, NULL, NULL, 'Firefox-102-Gecko-Windows 10-', 38, '2022-07-28 14:52:53', '2022-07-28 14:52:53'),
(6147, 'cart store successful.', 1, 'http://amazy.rishfa.com/cart/store', 'POST', '103.136.158.177', 0, NULL, NULL, 'Firefox-102-Gecko-Windows 10-', 38, '2022-07-28 15:01:45', '2022-07-28 15:01:45'),
(6148, 'order store successful.', 1, 'http://amazy.rishfa.com/checkout?gateway_id=eyJpdiI6IlI3bUFrQWtha1RMd2FlbUlKQVR2SVE9PSIsInZhbHVlIjoiam9jOUZXeUE2c05qMGhaTmlDd2YzUT09IiwibWFjIjoiN2M3NzVlNTZhOTAxYmZmZWMzNTVkNGFjZWFmZmYzMWI1NmNmNjJiZWFmYWM2NDRiNzRhZGFlYTg3ZTAwMGE3NSIsInRhZyI6IiJ9&payment_id=eyJpdiI6Ii9sT281TmxGSUJrWjNldDl2RlZSa3c9PSIsInZhbHVlIjoiTnFwOHJQcUZldVFOZzVaM3M5UE9QQT09IiwibWFjIjoiMmYyYzBkZmZjNjQ2MmQ3NDk3YmZmZTllNzUwNjMyZWQ4OTQyNGI0Njg5NDA5NzVkM2IwYzdhODY5MTBhNzdjNyIsInRhZyI6IiJ9&step=complete_order', 'GET', '103.136.158.177', 0, NULL, NULL, 'Firefox-102-Gecko-Windows 10-', 38, '2022-07-28 15:02:03', '2022-07-28 15:02:03'),
(6149, 'AoraDev - logged in at : 2022-07-28 15:08:31', 38, 'http://amazy.rishfa.com/login', 'POST', '103.136.158.177', 1, '2022-07-28 15:08:31', NULL, 'Chrome-103-Blink-Windows 10-', 38, '2022-07-28 15:08:31', '2022-07-28 15:08:31'),
(6150, 'cart store successful.', 1, 'http://amazy.rishfa.com/cart/store', 'POST', '103.136.158.177', 0, NULL, NULL, 'Firefox-102-Gecko-Windows 10-', 38, '2022-07-28 15:26:59', '2022-07-28 15:26:59'),
(6151, 'cart store successful.', 1, 'http://amazy.rishfa.com/cart/store', 'POST', '103.136.158.177', 0, NULL, NULL, 'Firefox-102-Gecko-Windows 10-', 38, '2022-07-28 15:27:04', '2022-07-28 15:27:04'),
(6152, 'delete cart successful.', 1, 'http://amazy.rishfa.com/cart/delete', 'POST', '103.136.158.177', 0, NULL, NULL, 'Firefox-102-Gecko-Windows 10-', 38, '2022-07-28 15:27:20', '2022-07-28 15:27:20'),
(6153, 'delete cart successful.', 1, 'http://amazy.rishfa.com/cart/delete', 'POST', '103.136.158.177', 0, NULL, NULL, 'Firefox-102-Gecko-Windows 10-', 38, '2022-07-28 15:27:22', '2022-07-28 15:27:22'),
(6154, 'Super - logged in at : 2022-07-28 15:36:59', 1, 'http://amazy.rishfa.com/admin/login', 'POST', '103.129.213.102', 1, '2022-07-28 15:36:59', NULL, 'Chrome-103-Blink-Windows 10-', 1, '2022-07-28 15:36:59', '2022-07-28 15:36:59'),
(6155, 'AoraDev - logged in at : 2022-07-28 15:39:13', 38, 'http://amazy.rishfa.com/login', 'POST', '103.136.158.177', 1, '2022-07-28 15:39:13', NULL, 'Opera-89.0.4447-Blink-Windows 10-', 38, '2022-07-28 15:39:13', '2022-07-28 15:39:13'),
(6156, 'purchased gift card successful.', 1, 'http://amazy.rishfa.com/purchased-gift-cards', 'GET', '103.136.158.177', 0, NULL, NULL, 'Opera-89.0.4447-Blink-Windows 10-', 38, '2022-07-28 15:39:14', '2022-07-28 15:39:14'),
(6157, 'cart store successful.', 1, 'http://amazy.rishfa.com/cart/store', 'POST', '103.136.158.177', 0, NULL, NULL, 'Opera-89.0.4447-Blink-Windows 10-', 38, '2022-07-28 15:39:29', '2022-07-28 15:39:29'),
(6158, 'order store successful.', 1, 'http://amazy.rishfa.com/checkout?gateway_id=eyJpdiI6Ik1DOGtqNk9iSXZnWU5oR2VLeFpTalE9PSIsInZhbHVlIjoia1lMRmIzOVlsVzhGMVBtWHJaSnM0Zz09IiwibWFjIjoiZDFjMWMwNzJiZjI3ODg0OGFjYmVlNDJiNjM5YWU4MDRjMjI2YjdhM2Q5NTdlNjdlMzZmMTk3MDRiMWY5OTliMSIsInRhZyI6IiJ9&payment_id=eyJpdiI6ImZra3dBT3VwZWw1KzdHZGdyOGErVGc9PSIsInZhbHVlIjoiSDh2cXB0R0dyOEoxSU9uRWk1NnZOQT09IiwibWFjIjoiZjJiYjI5NWY3NjY2Zjk1YTk3Y2JjZTQzZDcwNDgyNTNjNjE0YjM2MjdiMzQwYjQ1YzhkYzZmNWEwNWI3OTY5OCIsInRhZyI6IiJ9&step=complete_order', 'GET', '103.136.158.177', 0, NULL, NULL, 'Opera-89.0.4447-Blink-Windows 10-', 38, '2022-07-28 15:39:41', '2022-07-28 15:39:41'),
(6159, 'New User Zone Updated Successfully.', 1, 'http://amazy.rishfa.com/marketing/new-user-zone/update/eyJpdiI6IjFWeU5GVzNGMGp3NXo5SldJcXZ5MFE9PSIsInZhbHVlIjoiZFptMGFtZEZTYmZYRUZNTEd6cElIZz09IiwibWFjIjoiNGEyZGMxNzUwNDU5YzkwNjUxMWVlNzY4NDg4ZjJiNjM1OTgxNjFiMzhmMTZjZDIwNDRmNzE4M2RmMTYwYmM2NyIsInRhZyI6IiJ9', 'POST', '103.136.158.177', 0, NULL, NULL, 'Microsoft Edge-103.0.1264-Blink-Windows 10-', 1, '2022-07-28 16:48:59', '2022-07-28 16:48:59'),
(6160, 'Super - logged in at : 2022-07-28 18:04:02', 1, 'http://amazy.rishfa.com/admin/login', 'POST', '103.129.213.102', 1, '2022-07-28 18:04:02', NULL, 'Chrome-103-Blink-Windows 10-', 1, '2022-07-28 18:04:03', '2022-07-28 18:04:03'),
(6161, 'Super - logged in at : 2022-07-29 10:50:55', 1, 'http://amazy.rishfa.com/admin/login', 'POST', '103.136.158.177', 1, '2022-07-29 10:50:55', NULL, 'Microsoft Edge-103.0.1264-Blink-Windows 10-', 1, '2022-07-29 10:50:55', '2022-07-29 10:50:55'),
(6162, 'Super - logged in at : 2022-07-29 11:55:21', 1, 'http://amazy.rishfa.com/admin/login', 'POST', '103.129.213.102', 1, '2022-07-29 11:55:21', NULL, 'Chrome-103-Blink-Windows 10-', 1, '2022-07-29 11:55:21', '2022-07-29 11:55:21'),
(6163, 'Attribute Updated.', 1, 'http://amazy.rishfa.com/products/attribute-list/7/update', 'POST', '103.136.158.177', 0, NULL, NULL, 'Microsoft Edge-103.0.1264-Blink-Windows 10-', 1, '2022-07-29 12:06:37', '2022-07-29 12:06:37'),
(6164, 'Attribute Updated.', 1, 'http://amazy.rishfa.com/products/attribute-list/1/update', 'POST', '103.136.158.177', 0, NULL, NULL, 'Microsoft Edge-103.0.1264-Blink-Windows 10-', 1, '2022-07-29 12:07:02', '2022-07-29 12:07:02'),
(6165, 'Attribute Updated.', 1, 'http://amazy.rishfa.com/products/attribute-list/7/update', 'POST', '103.136.158.177', 0, NULL, NULL, 'Microsoft Edge-103.0.1264-Blink-Windows 10-', 1, '2022-07-29 12:07:11', '2022-07-29 12:07:11'),
(6166, 'Attribute Updated.', 1, 'http://amazy.rishfa.com/products/attribute-list/1/update', 'POST', '103.136.158.177', 0, NULL, NULL, 'Microsoft Edge-103.0.1264-Blink-Windows 10-', 1, '2022-07-29 12:07:52', '2022-07-29 12:07:52');

-- --------------------------------------------------------

--
-- Table structure for table `mega_menu_ads`
--

CREATE TABLE `mega_menu_ads` (
  `id` bigint(20) UNSIGNED NOT NULL,
  `menu_id` bigint(20) UNSIGNED NOT NULL,
  `title` varchar(255) COLLATE utf8mb4_unicode_ci DEFAULT NULL,
  `subtitle` varchar(255) COLLATE utf8mb4_unicode_ci DEFAULT NULL,
  `link` varchar(500) COLLATE utf8mb4_unicode_ci DEFAULT NULL,
  `image` varchar(255) COLLATE utf8mb4_unicode_ci DEFAULT NULL,
  `status` tinyint(1) NOT NULL DEFAULT '0',
  `created_at` timestamp NULL DEFAULT NULL,
  `updated_at` timestamp NULL DEFAULT NULL
) ENGINE=InnoDB DEFAULT CHARSET=utf8mb4 COLLATE=utf8mb4_unicode_ci;

--
-- Dumping data for table `mega_menu_ads`
--

INSERT INTO `mega_menu_ads` (`id`, `menu_id`, `title`, `subtitle`, `link`, `image`, `status`, `created_at`, `updated_at`) VALUES
(1, 5, 'Buy Computer', 'Computer', 'http://amazy.rishfa.com/category/computer?item=category', 'uploads/images/27-07-2022/62e13257bc87c.png', 1, '2022-07-27 18:36:59', '2022-07-27 18:40:55'),
(2, 6, 'Buy New Device', 'New Device', 'http://amazy.rishfa.com/category/computer?item=category', 'uploads/images/27-07-2022/62e1330d830f9.png', 1, '2022-07-27 18:43:57', '2022-07-27 18:43:57'),
(3, 7, 'Buy New Device', 'New Device', 'http://amazy.rishfa.com/category/computer?item=category', 'uploads/images/27-07-2022/62e1334077ca8.png', 1, '2022-07-27 18:44:48', '2022-07-27 18:44:48'),
(4, 4, 'Buy New Device', 'New Device', 'http://amazy.rishfa.com/category/computer?item=category', 'uploads/images/27-07-2022/62e1335b2ec67.png', 1, '2022-07-27 18:45:15', '2022-07-27 18:45:15');

-- --------------------------------------------------------

--
-- Table structure for table `mega_menu_bottom_panels`
--

CREATE TABLE `mega_menu_bottom_panels` (
  `id` bigint(20) UNSIGNED NOT NULL,
  `title` varchar(255) COLLATE utf8mb4_unicode_ci DEFAULT NULL,
  `menu_id` bigint(20) UNSIGNED NOT NULL,
  `brand_id` bigint(20) UNSIGNED NOT NULL,
  `position` int(10) UNSIGNED NOT NULL DEFAULT '978437',
  `is_newtab` tinyint(1) NOT NULL DEFAULT '0',
  `created_at` timestamp NULL DEFAULT NULL,
  `updated_at` timestamp NULL DEFAULT NULL
) ENGINE=InnoDB DEFAULT CHARSET=utf8mb4 COLLATE=utf8mb4_unicode_ci;

--
-- Dumping data for table `mega_menu_bottom_panels`
--

INSERT INTO `mega_menu_bottom_panels` (`id`, `title`, `menu_id`, `brand_id`, `position`, `is_newtab`, `created_at`, `updated_at`) VALUES
(1, 'MAX', 9, 3, 978437, 0, '2021-09-28 16:00:27', '2021-09-28 16:00:27'),
(2, 'Nike', 9, 5, 978437, 0, '2021-09-28 16:00:27', '2021-09-28 16:00:27'),
(3, 'Adidas', 9, 6, 978437, 0, '2021-09-28 16:00:27', '2021-09-28 16:00:27'),
(4, 'Ray Ban', 9, 10, 978437, 0, '2021-09-28 16:00:27', '2021-09-28 16:00:27'),
(6, 'MT', 9, 11, 978437, 0, '2021-09-28 16:01:16', '2021-09-28 16:01:16'),
(7, 'Google', 5, 1, 978437, 0, '2021-11-23 17:47:41', '2021-11-23 17:47:41'),
(8, 'RYZEN PC', 5, 12, 978437, 0, '2021-11-23 17:47:41', '2021-11-23 17:47:41'),
(9, 'Intel PC', 5, 13, 978437, 0, '2021-11-23 17:47:41', '2021-11-23 17:47:41'),
(10, 'Transcend', 5, 17, 978437, 0, '2021-11-23 17:47:41', '2021-11-23 17:47:41'),
(11, 'Adata', 5, 18, 978437, 0, '2021-11-23 17:47:41', '2021-11-23 17:47:41'),
(13, 'Google', 6, 1, 978437, 0, '2021-11-23 17:59:02', '2021-11-23 17:59:02'),
(14, 'RYZEN PC', 6, 12, 978437, 0, '2021-11-23 17:59:02', '2021-11-23 17:59:02'),
(15, 'Intel PC', 6, 13, 978437, 0, '2021-11-23 17:59:02', '2021-11-23 17:59:02'),
(16, 'LG', 6, 14, 978437, 0, '2021-11-23 17:59:02', '2021-11-23 17:59:02'),
(17, 'Lenovo', 6, 15, 978437, 0, '2021-11-23 17:59:02', '2021-11-23 17:59:02'),
(18, 'Transcend', 6, 17, 978437, 0, '2021-11-23 17:59:02', '2021-11-23 17:59:02'),
(19, 'Samsung', 6, 21, 978437, 0, '2021-11-23 17:59:02', '2021-11-23 17:59:02'),
(20, 'Sony', 6, 22, 978437, 0, '2021-11-23 17:59:02', '2021-11-23 17:59:02'),
(21, 'Google', 7, 1, 978437, 0, '2021-11-23 18:27:21', '2021-11-23 18:27:21'),
(22, 'Casio', 7, 2, 978437, 0, '2021-11-23 18:27:21', '2021-11-23 18:27:21'),
(23, 'Casio', 4, 2, 978437, 0, '2021-11-23 18:36:17', '2021-11-23 18:36:17'),
(24, 'MAX', 4, 3, 978437, 0, '2021-11-23 18:36:17', '2021-11-23 18:36:17'),
(25, 'Otobi', 14, 7, 978437, 0, '2021-11-23 18:54:23', '2021-11-23 18:54:23'),
(26, 'Samsung', 14, 21, 978437, 0, '2021-11-23 18:54:23', '2021-11-23 18:54:23'),
(27, 'Sony', 14, 22, 978437, 0, '2021-11-23 18:54:23', '2021-11-23 18:54:23'),
(28, 'Google', 13, 1, 978437, 0, '2021-11-23 19:04:48', '2021-11-23 19:04:48'),
(29, 'Otobi', 13, 7, 978437, 0, '2021-11-23 19:04:48', '2021-11-23 19:04:48'),
(30, 'LG', 13, 14, 978437, 0, '2021-11-23 19:04:48', '2021-11-23 19:04:48'),
(31, 'Lenovo', 13, 15, 978437, 0, '2021-11-23 19:04:48', '2021-11-23 19:04:48'),
(32, 'Samsung', 13, 21, 978437, 0, '2021-11-23 19:04:48', '2021-11-23 19:04:48'),
(33, 'Sony', 13, 22, 978437, 0, '2021-11-23 19:04:48', '2021-11-23 19:04:48'),
(34, 'KTM', 8, 4, 978437, 0, '2021-11-23 19:14:47', '2021-11-23 19:14:47'),
(35, 'Toyota', 8, 8, 978437, 0, '2021-11-23 19:14:47', '2021-11-23 19:14:47'),
(36, 'Ferrari', 8, 9, 978437, 0, '2021-11-23 19:14:47', '2021-11-23 19:14:47'),
(37, 'Ray Ban', 8, 10, 978437, 0, '2021-11-23 19:14:47', '2021-11-23 19:14:47'),
(38, 'MT', 8, 11, 978437, 0, '2021-11-23 19:14:47', '2021-11-23 19:14:47'),
(39, 'TVS', 8, 19, 978437, 0, '2021-11-23 19:14:47', '2021-11-23 19:14:47'),
(40, 'Bajaj', 8, 20, 978437, 0, '2021-11-23 19:14:47', '2021-11-23 19:14:47'),
(41, 'LG', 7, 14, 978437, 0, '2021-11-24 17:12:42', '2021-11-24 17:12:42'),
(42, 'Samsung', 7, 21, 978437, 0, '2021-11-24 17:12:42', '2021-11-24 17:12:42'),
(43, 'Apple', 7, 27, 978437, 0, '2021-11-24 17:12:42', '2021-11-24 17:12:42'),
(44, 'Nike', 4, 5, 978437, 0, '2021-11-24 17:14:04', '2021-11-24 17:14:04'),
(45, 'Adidas', 4, 6, 978437, 0, '2021-11-24 17:14:04', '2021-11-24 17:14:04'),
(46, 'LG', 4, 14, 978437, 0, '2021-11-24 17:14:04', '2021-11-24 17:14:04'),
(47, 'Samsung', 4, 21, 978437, 0, '2021-11-24 17:14:04', '2021-11-24 17:14:04'),
(48, 'Sony', 4, 22, 978437, 0, '2021-11-24 17:14:04', '2021-11-24 17:14:04'),
(49, 'Apple', 4, 27, 978437, 0, '2021-11-24 17:14:04', '2021-11-24 17:14:04'),
(50, 'Toyota', 10, 8, 978437, 0, '2021-11-24 17:20:23', '2021-11-24 17:20:23'),
(51, 'Ray Ban', 10, 10, 978437, 0, '2021-11-24 17:20:23', '2021-11-24 17:20:23'),
(52, 'RYZEN PC', 10, 12, 978437, 0, '2021-11-24 17:20:23', '2021-11-24 17:20:23'),
(53, 'Bajaj', 10, 20, 978437, 0, '2021-11-24 17:20:23', '2021-11-24 17:20:23'),
(54, 'Sony', 10, 22, 978437, 0, '2021-11-24 17:20:23', '2021-11-24 17:20:23'),
(55, 'Apple', 10, 27, 978437, 0, '2021-11-24 17:20:23', '2021-11-24 17:20:23'),
(56, 'Asgardia', 14, 3, 978437, 0, '2021-11-24 18:00:10', '2021-11-24 18:00:10'),
(57, 'Aven', 14, 4, 978437, 0, '2021-11-24 18:00:10', '2021-11-24 18:00:10'),
(58, 'Adidas', 14, 6, 978437, 0, '2021-11-24 18:00:10', '2021-11-24 18:00:10'),
(59, 'Adata', 5, 18, 978437, 0, '2021-11-25 17:34:01', '2021-11-25 17:34:01'),
(60, 'Samsung', 5, 21, 978437, 0, '2021-11-25 17:34:01', '2021-11-25 17:34:01'),
(61, 'Apple', 5, 27, 978437, 0, '2021-11-25 17:34:01', '2021-11-25 17:34:01'),
(62, 'Nike', 7, 5, 978437, 0, '2021-11-25 17:35:06', '2021-11-25 17:35:06'),
(63, 'Ray Ban', 7, 10, 978437, 0, '2021-11-25 17:35:06', '2021-11-25 17:35:06'),
(64, 'Apple', 7, 27, 978437, 0, '2021-11-25 17:35:06', '2021-11-25 17:35:06'),
(65, 'Aven', 10, 4, 978437, 0, '2021-11-25 17:36:26', '2021-11-25 17:36:26'),
(66, 'Sony', 10, 22, 978437, 0, '2021-11-25 17:36:26', '2021-11-25 17:36:26'),
(67, 'Bajaj', 9, 20, 978437, 0, '2021-11-25 17:37:19', '2021-11-25 17:37:19'),
(68, 'Samsung', 9, 21, 978437, 0, '2021-11-25 17:37:19', '2021-11-25 17:37:19'),
(69, 'Apple', 9, 27, 978437, 0, '2021-11-25 17:37:19', '2021-11-25 17:37:19'),
(70, 'Nike', 14, 5, 978437, 0, '2021-11-25 17:38:11', '2021-11-25 17:38:11'),
(71, 'Ray Ban', 14, 10, 978437, 0, '2021-11-25 17:38:12', '2021-11-25 17:38:12'),
(72, 'TVS', 13, 19, 978437, 0, '2021-11-25 17:38:58', '2021-11-25 17:38:58'),
(73, 'Bajaj', 13, 20, 978437, 0, '2021-11-25 17:38:58', '2021-11-25 17:38:58'),
(74, 'LG', 8, 14, 978437, 0, '2021-11-25 17:39:46', '2021-11-25 17:39:46');

-- --------------------------------------------------------

--
-- Table structure for table `mega_menu_right_panels`
--

CREATE TABLE `mega_menu_right_panels` (
  `id` bigint(20) UNSIGNED NOT NULL,
  `title` varchar(255) COLLATE utf8mb4_unicode_ci DEFAULT NULL,
  `menu_id` bigint(20) UNSIGNED NOT NULL,
  `category_id` bigint(20) UNSIGNED NOT NULL,
  `position` int(10) UNSIGNED NOT NULL DEFAULT '978437',
  `is_newtab` tinyint(1) NOT NULL DEFAULT '0',
  `created_at` timestamp NULL DEFAULT NULL,
  `updated_at` timestamp NULL DEFAULT NULL
) ENGINE=InnoDB DEFAULT CHARSET=utf8mb4 COLLATE=utf8mb4_unicode_ci;

--
-- Dumping data for table `mega_menu_right_panels`
--

INSERT INTO `mega_menu_right_panels` (`id`, `title`, `menu_id`, `category_id`, `position`, `is_newtab`, `created_at`, `updated_at`) VALUES
(1, 'Women Fashion', 4, 1, 978437, 0, '2021-09-28 13:36:20', '2021-09-28 13:36:20'),
(2, 'Men Fashion', 4, 2, 978437, 0, '2021-09-28 13:36:20', '2021-09-28 13:36:20'),
(3, 'Bags', 4, 3, 978437, 0, '2021-09-28 13:36:20', '2021-09-28 13:36:20'),
(5, 'Bags', 9, 3, 978437, 0, '2021-09-28 16:00:00', '2021-09-28 16:00:00'),
(6, 'Shoes', 9, 6, 978437, 0, '2021-09-28 16:00:00', '2021-09-28 16:00:00'),
(7, 'Men Shoes', 9, 7, 978437, 0, '2021-09-28 16:00:00', '2021-09-28 16:00:00'),
(8, 'Women Shoes', 9, 8, 978437, 0, '2021-09-28 16:00:00', '2021-09-28 16:00:00'),
(11, 'Computer', 5, 15, 978437, 0, '2021-11-23 17:47:00', '2021-11-23 17:47:00'),
(12, 'Monitor', 5, 16, 978437, 0, '2021-11-23 17:47:00', '2021-11-23 17:47:00'),
(13, 'Laptop', 5, 17, 978437, 0, '2021-11-23 17:47:00', '2021-11-23 17:47:00'),
(14, 'SSD', 5, 18, 978437, 0, '2021-11-23 17:47:00', '2021-11-23 17:47:00'),
(15, 'Computer', 6, 15, 978437, 0, '2021-11-23 17:58:33', '2021-11-23 17:58:33'),
(16, 'Mobiles', 6, 19, 978437, 0, '2021-11-23 17:58:33', '2021-11-23 17:58:33'),
(17, 'Camera', 6, 20, 978437, 0, '2021-11-23 17:58:33', '2021-11-23 17:58:33'),
(18, 'Ip Camera', 6, 21, 978437, 0, '2021-11-23 17:58:33', '2021-11-23 17:58:33'),
(19, 'Watch', 7, 4, 978437, 0, '2021-11-23 18:27:03', '2021-11-23 18:27:03'),
(20, 'Shoes', 4, 6, 978437, 0, '2021-11-23 18:35:48', '2021-11-23 18:35:48'),
(21, 'Toys & Hobbies', 10, 22, 978437, 0, '2021-11-23 18:40:56', '2021-11-23 18:40:56'),
(22, 'Furnitures', 14, 9, 978437, 0, '2021-11-23 18:54:01', '2021-11-23 18:54:01'),
(23, 'Sofa', 14, 10, 978437, 0, '2021-11-23 18:54:01', '2021-11-23 18:54:01'),
(24, 'Furnitures', 13, 9, 978437, 0, '2021-11-23 19:03:58', '2021-11-23 19:03:58'),
(25, 'Computer', 13, 15, 978437, 0, '2021-11-23 19:03:58', '2021-11-23 19:03:58'),
(26, 'Monitor', 13, 16, 978437, 0, '2021-11-23 19:03:58', '2021-11-23 19:03:58'),
(27, 'Automobiles & bikes', 8, 11, 978437, 0, '2021-11-23 19:14:12', '2021-11-23 19:14:12'),
(28, 'Bikes', 8, 5, 978437, 0, '2021-11-23 19:14:12', '2021-11-23 19:14:12'),
(29, 'Cars', 8, 12, 978437, 0, '2021-11-23 19:14:12', '2021-11-23 19:14:12'),
(30, 'Helmet', 8, 14, 978437, 0, '2021-11-23 19:14:12', '2021-11-23 19:14:12'),
(31, 'Women Fashion', 7, 1, 978437, 0, '2021-11-24 17:11:51', '2021-11-24 17:11:51'),
(32, 'Men Fashion', 7, 2, 978437, 0, '2021-11-24 17:11:51', '2021-11-24 17:11:51'),
(33, 'Sun Glasses', 10, 13, 978437, 0, '2021-11-24 17:20:58', '2021-11-24 17:20:58'),
(34, 'BiCycle', 10, 26, 978437, 0, '2021-11-24 17:20:58', '2021-11-24 17:20:58'),
(35, 'Wooden Furniture', 14, 27, 978437, 0, '2021-11-24 17:50:10', '2021-11-24 17:50:10'),
(36, 'Wooden Furniture', 13, 27, 978437, 0, '2021-11-24 18:14:18', '2021-11-24 18:14:18');

-- --------------------------------------------------------

--
-- Table structure for table `menus`
--

CREATE TABLE `menus` (
  `id` bigint(20) UNSIGNED NOT NULL,
  `name` varchar(255) COLLATE utf8mb4_unicode_ci NOT NULL,
  `slug` varchar(255) COLLATE utf8mb4_unicode_ci NOT NULL,
  `icon` varchar(255) COLLATE utf8mb4_unicode_ci DEFAULT NULL,
  `menu_type` varchar(255) COLLATE utf8mb4_unicode_ci NOT NULL,
  `menu_position` varchar(255) COLLATE utf8mb4_unicode_ci NOT NULL,
  `status` tinyint(1) NOT NULL DEFAULT '0',
  `has_parent` int(10) UNSIGNED DEFAULT NULL,
  `order_by` int(10) UNSIGNED NOT NULL DEFAULT '865435',
  `created_by` bigint(20) UNSIGNED DEFAULT NULL,
  `updated_by` bigint(20) UNSIGNED DEFAULT NULL,
  `created_at` timestamp NULL DEFAULT NULL,
  `updated_at` timestamp NULL DEFAULT NULL
) ENGINE=InnoDB DEFAULT CHARSET=utf8mb4 COLLATE=utf8mb4_unicode_ci;

--
-- Dumping data for table `menus`
--

INSERT INTO `menus` (`id`, `name`, `slug`, `icon`, `menu_type`, `menu_position`, `status`, `has_parent`, `order_by`, `created_by`, `updated_by`, `created_at`, `updated_at`) VALUES
(1, 'Top Navbar left menu', 'top-navbar-left-menu', NULL, 'normal_menu', 'top_navbar', 1, NULL, 1, 1, 1, '2021-09-25 18:33:00', '2022-07-28 12:52:08'),
(2, 'Top Navbar right menu', 'top-navbar-right-menu', NULL, 'normal_menu', 'top_navbar', 1, NULL, 2, 1, 1, '2021-09-25 18:33:00', '2022-07-28 12:52:07'),
(3, 'All Categories', 'all-categories', 'fas fa-align-justify', 'multi_mega_menu', 'main_menu', 1, NULL, 865435, 1, NULL, '2021-09-28 13:28:05', '2021-09-28 13:28:05'),
(4, 'Fashions', 'fashions', 'ti-stamp', 'mega_menu', 'main_menu', 1, 1, 865435, 1, 1, '2021-09-28 13:30:37', '2021-10-24 12:11:03'),
(5, 'Computer & Accessories', 'computer-accessories', 'fas fa-desktop', 'mega_menu', 'main_menu', 1, 1, 865435, 1, 1, '2021-09-28 14:12:41', '2021-11-23 11:12:04'),
(6, 'Electronics Devices', 'electronics-devices', 'fas fa-vote-yea', 'mega_menu', 'main_menu', 1, 1, 865435, 1, 1, '2021-09-28 14:13:49', '2021-09-28 14:15:14'),
(7, 'Watches & Accessories', 'watches-accessories', 'far fa-clock', 'mega_menu', 'main_menu', 1, 1, 865435, 1, 1, '2021-09-28 14:14:48', '2021-09-28 14:15:14'),
(8, 'Auto Mobiles & bikes', 'auto-mobiles-bikes', 'fas fa-bicycle', 'mega_menu', 'main_menu', 1, 1, 865435, 1, 1, '2021-09-28 14:19:11', '2021-11-23 17:04:29'),
(9, 'Bag & Shoes', 'bag-shoes', 'fas fa-shopping-bag', 'mega_menu', 'main_menu', 1, 1, 865435, 1, 1, '2021-09-28 14:20:26', '2021-09-28 14:22:42'),
(10, 'Toys , Kids & Babies', 'toys-kids-babies', 'fab fa-kickstarter-k', 'mega_menu', 'main_menu', 1, 1, 865435, 1, 1, '2021-09-28 14:22:09', '2021-09-28 14:22:42'),
(11, 'Outdoor Fun & Sports', 'outdoor-fun-sports', 'fas fa-football-ball', 'mega_menu', 'main_menu', 1, 1, 865435, 1, 1, '2021-09-28 14:24:07', '2022-07-27 11:20:57'),
(12, 'Groceries & Pets', 'groceries-pets', 'far fa-object-group', 'mega_menu', 'main_menu', 0, 1, 865435, 1, 1, '2021-09-28 14:25:32', '2021-11-23 19:08:02'),
(13, 'TV & Home Appliances', 'tv-home-appliances', 'fas fa-tv', 'mega_menu', 'main_menu', 1, 1, 865435, 1, 1, '2021-09-28 14:26:49', '2021-09-28 14:27:33'),
(14, 'Lifestyle & Home', 'lifestyle--home', 'fas fa-home', 'mega_menu', 'main_menu', 1, 1, 865435, 1, 1, '2021-09-28 14:27:14', '2021-11-23 11:16:29'),
(16, 'Check Menu', 'check-menu', NULL, 'mega_menu', 'main_menu', 0, 1, 865435, 1, 1, '2021-11-23 11:13:12', '2021-11-23 17:04:06'),
(17, 'Middle Menu', 'middle-menu', NULL, 'normal_menu', 'main_menu', 1, NULL, 865435, 1, NULL, '2022-07-26 10:21:39', '2022-07-26 10:21:39'),
(21, 'Top Left', 'top-left', NULL, 'normal_menu', 'top_navbar', 0, NULL, 865435, 1, 1, '2022-07-28 12:34:46', '2022-07-28 12:52:05');

-- --------------------------------------------------------

--
-- Table structure for table `menu_columns`
--

CREATE TABLE `menu_columns` (
  `id` bigint(20) UNSIGNED NOT NULL,
  `menu_id` bigint(20) UNSIGNED NOT NULL,
  `column` varchar(255) COLLATE utf8mb4_unicode_ci NOT NULL,
  `size` varchar(255) COLLATE utf8mb4_unicode_ci NOT NULL,
  `parent_id` bigint(20) UNSIGNED DEFAULT NULL,
  `position` int(10) UNSIGNED NOT NULL DEFAULT '0',
  `created_at` timestamp NULL DEFAULT NULL,
  `updated_at` timestamp NULL DEFAULT NULL
) ENGINE=InnoDB DEFAULT CHARSET=utf8mb4 COLLATE=utf8mb4_unicode_ci;

--
-- Dumping data for table `menu_columns`
--

INSERT INTO `menu_columns` (`id`, `menu_id`, `column`, `size`, `parent_id`, `position`, `created_at`, `updated_at`) VALUES
(1, 4, 'Women Fashions', '1/3', NULL, 0, '2021-09-28 13:30:37', '2021-09-28 13:31:57'),
(2, 4, 'Men Fashions', '1/3', NULL, 987678, '2021-09-28 13:31:44', '2021-09-28 13:31:44'),
(3, 4, 'Exclusive Bags', '1/3', NULL, 987678, '2021-09-28 13:35:16', '2021-09-28 13:35:16'),
(4, 5, 'Desktop Computer', '1/3', NULL, 0, '2021-09-28 14:12:41', '2021-09-28 15:43:10'),
(5, 6, 'Cameras', '1/3', NULL, 0, '2021-09-28 14:13:49', '2021-10-03 17:21:36'),
(6, 7, 'Men\'s Watch', '1/3', NULL, 0, '2021-09-28 14:14:48', '2021-09-30 18:22:04'),
(7, 8, 'Motorcycle Accessories & Parts', '1/3', NULL, 0, '2021-09-28 14:19:11', '2021-09-30 18:38:52'),
(8, 9, 'Women\'s Luggage & Bags', '1/3', NULL, 1, '2021-09-28 14:20:26', '2021-09-28 15:53:29'),
(9, 10, 'Baby', '1/3', NULL, 0, '2021-09-28 14:22:09', '2021-11-24 17:15:47'),
(10, 11, 'Column 1', '1/3', NULL, 0, '2021-09-28 14:24:07', '2021-09-28 14:24:07'),
(11, 12, 'Column 1', '1/3', NULL, 0, '2021-09-28 14:25:32', '2021-09-28 14:25:32'),
(12, 13, 'Television', '1/3', NULL, 1, '2021-09-28 14:26:49', '2021-11-23 19:02:51'),
(13, 14, 'Furniture', '1/3', NULL, 0, '2021-09-28 14:27:14', '2021-09-30 18:48:20'),
(14, 5, 'Laptop Computer', '1/3', NULL, 987678, '2021-09-28 15:43:24', '2021-09-28 15:43:24'),
(15, 5, 'Monitors', '1/3', NULL, 987678, '2021-09-28 15:43:47', '2021-09-28 15:43:47'),
(16, 5, 'Peripherals', '1/3', NULL, 987678, '2021-09-28 15:44:02', '2021-11-24 16:41:43'),
(17, 5, 'Storage Device', '1/3', NULL, 987678, '2021-09-28 15:44:20', '2021-11-24 16:42:53'),
(18, 5, 'SSD', '1/3', NULL, 987678, '2021-09-28 15:44:36', '2021-09-28 15:44:36'),
(19, 9, 'Women Shoes', '1/3', NULL, 4, '2021-09-28 15:49:57', '2021-09-28 15:53:37'),
(20, 9, 'Men Bags', '1/3', NULL, 2, '2021-09-28 15:51:05', '2021-09-28 15:53:29'),
(21, 9, 'Men Shoes', '1/3', NULL, 5, '2021-09-28 15:51:14', '2021-09-28 15:53:37'),
(22, 9, 'Others Bags & Accessories', '1/3', NULL, 3, '2021-09-28 15:52:30', '2021-09-28 15:53:37'),
(23, 9, 'Casual Shoes', '1/3', NULL, 6, '2021-09-28 15:52:56', '2021-09-28 15:53:29'),
(24, 7, 'Women\'s Watch', '1/3', NULL, 987678, '2021-09-30 18:22:27', '2021-09-30 18:22:27'),
(25, 8, 'TVS', '1/3', NULL, 987678, '2021-09-30 18:41:23', '2021-09-30 18:41:23'),
(26, 8, 'Bajaj', '1/3', NULL, 987678, '2021-09-30 18:42:18', '2021-09-30 18:42:18'),
(27, 6, 'Laptops', '1/3', NULL, 987678, '2021-10-03 17:22:40', '2021-10-03 17:22:40'),
(28, 6, 'Desktops', '1/3', NULL, 987678, '2021-10-03 17:23:42', '2021-10-03 17:23:42'),
(31, 13, 'Monitor', '1/3', NULL, 2, '2021-11-21 11:37:52', '2021-11-23 19:02:51'),
(32, 16, 'Column 1', '1/3', NULL, 0, '2021-11-23 11:13:12', '2021-11-23 11:13:12'),
(33, 6, 'Mobile', '1/3', NULL, 987678, '2021-11-23 17:50:01', '2021-11-23 17:50:01'),
(34, 6, 'Television', '1/3', NULL, 987678, '2021-11-23 17:52:03', '2021-11-23 17:52:03'),
(35, 6, 'Fridge', '1/3', NULL, 987678, '2021-11-23 17:52:11', '2021-11-23 17:52:11'),
(36, 7, 'Digital Watch', '1/3', NULL, 987678, '2021-11-23 18:22:27', '2021-11-23 18:22:27'),
(37, 7, 'Analog Watch', '1/3', NULL, 987678, '2021-11-23 18:22:36', '2021-11-23 18:22:36'),
(38, 7, 'Smart Watch', '1/3', NULL, 987678, '2021-11-23 18:22:45', '2021-11-23 18:22:45'),
(39, 7, 'Wall Watch', '1/3', NULL, 987678, '2021-11-23 18:22:58', '2021-11-23 18:22:58'),
(40, 4, 'Shoe', '1/3', NULL, 987678, '2021-11-23 18:28:30', '2021-11-23 18:30:14'),
(41, 4, 'Watch', '1/3', NULL, 987678, '2021-11-23 18:28:55', '2021-11-23 18:28:55'),
(42, 4, 'Glass', '1/3', NULL, 987678, '2021-11-23 18:29:22', '2021-11-23 18:34:46'),
(43, 10, 'Girl', '1/3', NULL, 987678, '2021-11-23 18:37:49', '2021-11-23 18:37:49'),
(44, 10, 'Boy', '1/3', NULL, 987678, '2021-11-23 18:37:56', '2021-11-23 18:37:56'),
(45, 10, 'Remote Control', '1/3', NULL, 987678, '2021-11-23 18:38:05', '2021-11-23 18:38:05'),
(46, 10, 'Mother & Baby', '1/3', NULL, 987678, '2021-11-23 18:38:29', '2021-11-23 18:38:29'),
(47, 10, 'Toys', '1/3', NULL, 987678, '2021-11-23 18:38:44', '2021-11-23 18:38:44'),
(51, 14, 'Home Decor', '1/3', NULL, 987678, '2021-11-23 18:51:06', '2021-11-23 18:51:06'),
(52, 14, 'Lighting', '1/3', NULL, 987678, '2021-11-23 18:51:26', '2021-11-23 18:51:26'),
(53, 13, 'Home Decor', '1/3', NULL, 4, '2021-11-23 18:56:07', '2021-11-23 19:02:51'),
(54, 13, 'Home Improvement', '1/3', NULL, 3, '2021-11-23 18:56:30', '2021-11-23 19:02:51'),
(55, 13, 'Indoor Lighiting', '1/3', NULL, 5, '2021-11-23 18:56:53', '2021-11-23 19:02:51'),
(56, 13, 'Outdoor LIghiting', '1/3', NULL, 6, '2021-11-23 18:57:19', '2021-11-23 19:02:51'),
(57, 8, 'Car', '1/3', NULL, 987678, '2021-11-23 19:08:35', '2021-11-23 19:08:35'),
(58, 8, 'Bike', '1/3', NULL, 987678, '2021-11-23 19:08:48', '2021-11-23 19:08:48'),
(59, 8, 'Car Accessories', '1/3', NULL, 987678, '2021-11-23 19:09:11', '2021-11-23 19:09:11'),
(60, 14, 'Lifestyle', '1/3', NULL, 987678, '2021-11-24 17:45:20', '2021-11-24 17:45:20'),
(61, 14, 'Tools', '1/3', NULL, 987678, '2021-11-24 17:46:39', '2021-11-24 17:46:39'),
(62, 14, 'Home Textile', '1/3', NULL, 987678, '2021-11-24 17:47:22', '2021-11-24 17:47:22');

-- --------------------------------------------------------

--
-- Table structure for table `menu_elements`
--

CREATE TABLE `menu_elements` (
  `id` bigint(20) UNSIGNED NOT NULL,
  `menu_id` bigint(20) UNSIGNED NOT NULL,
  `column_id` bigint(20) UNSIGNED DEFAULT NULL,
  `type` varchar(255) COLLATE utf8mb4_unicode_ci NOT NULL,
  `element_id` bigint(20) UNSIGNED DEFAULT NULL,
  `title` varchar(255) COLLATE utf8mb4_unicode_ci DEFAULT NULL,
  `link` varchar(255) COLLATE utf8mb4_unicode_ci DEFAULT NULL,
  `parent_id` bigint(20) UNSIGNED DEFAULT NULL,
  `position` int(10) UNSIGNED NOT NULL DEFAULT '0',
  `show` tinyint(1) NOT NULL DEFAULT '0',
  `is_newtab` tinyint(1) NOT NULL DEFAULT '0',
  `created_at` timestamp NULL DEFAULT NULL,
  `updated_at` timestamp NULL DEFAULT NULL
) ENGINE=InnoDB DEFAULT CHARSET=utf8mb4 COLLATE=utf8mb4_unicode_ci;

--
-- Dumping data for table `menu_elements`
--

INSERT INTO `menu_elements` (`id`, `menu_id`, `column_id`, `type`, `element_id`, `title`, `link`, `parent_id`, `position`, `show`, `is_newtab`, `created_at`, `updated_at`) VALUES
(2, 2, NULL, 'page', 14, 'Track Orders', NULL, NULL, 1, 0, 0, NULL, NULL),
(3, 2, NULL, 'page', 16, 'Compare', NULL, NULL, 2, 0, 0, NULL, NULL),
(4, 2, NULL, 'page', 8, 'My Wish List', NULL, NULL, 3, 0, 0, NULL, NULL),
(19, 4, 1, 'category', 1, 'Women Fashion', NULL, NULL, 1, 0, 0, '2021-09-28 13:33:15', '2021-09-28 13:33:29'),
(20, 4, 2, 'category', 2, 'Men Fashion', NULL, NULL, 1, 0, 0, '2021-09-28 13:33:15', '2021-09-28 13:33:32'),
(21, 4, 2, 'category', 13, 'Sun Glasses', NULL, NULL, 3, 0, 0, '2021-09-28 13:34:16', '2021-11-23 18:35:12'),
(22, 4, 3, 'category', 3, 'Bags', NULL, NULL, 3, 0, 0, '2021-09-28 13:35:30', '2021-11-23 18:33:51'),
(23, 5, 15, 'link', NULL, 'DEll Package 1', '#', NULL, 2, 0, 0, '2021-09-28 15:45:56', '2021-11-23 17:43:25'),
(24, 5, 15, 'link', NULL, 'Asus Monitor', '#', NULL, 3, 0, 0, '2021-09-28 15:47:39', '2021-11-23 17:43:25'),
(28, 9, 8, 'link', NULL, 'Exclusive ladies bag', 'https://amazcart.rishfa.com/seller-profile/amira-stores-13', NULL, 1, 0, 0, '2021-09-28 15:57:35', '2021-11-23 18:43:20'),
(29, 9, 8, 'link', NULL, 'Lather bags', 'https://amazcart.rishfa.com/seller-profile/amira-stores-13', NULL, 4, 0, 0, '2021-09-28 15:58:38', '2021-11-23 18:43:38'),
(30, 9, 20, 'brand', 3, 'MAX', NULL, NULL, 1, 0, 0, '2021-09-28 16:02:40', '2021-09-28 16:02:47'),
(31, 9, 20, 'brand', 5, 'Nike', NULL, NULL, 3, 0, 0, '2021-09-28 16:02:40', '2021-11-23 18:43:26'),
(32, 9, 20, 'brand', 6, 'Adidas', NULL, NULL, 4, 0, 0, '2021-09-28 16:02:40', '2021-11-23 18:43:26'),
(43, 9, 19, 'category', 8, 'Women Shoes', NULL, NULL, 1, 0, 0, '2021-09-30 18:18:33', '2021-09-30 18:18:45'),
(50, 8, 7, 'category', 14, 'Helmet', NULL, NULL, 2, 0, 0, '2021-09-30 18:39:13', '2021-11-23 19:12:46'),
(51, 8, 25, 'brand', 19, 'TVS', NULL, NULL, 1, 0, 0, '2021-09-30 18:39:29', '2021-11-23 19:12:03'),
(52, 8, 26, 'brand', 20, 'Bajaj', NULL, NULL, 1, 0, 0, '2021-09-30 18:39:35', '2021-11-23 19:12:07'),
(65, 16, 32, 'product', 2, 'Exclsive Bag 2', NULL, NULL, 1, 0, 0, '2021-11-23 11:14:16', '2021-11-23 11:14:22'),
(67, 5, 4, 'tag', 9, 'amp computer', NULL, NULL, 2, 0, 0, '2021-11-23 17:10:11', '2021-11-23 17:19:12'),
(68, 5, 4, 'tag', 10, 'computer', NULL, NULL, 3, 0, 0, '2021-11-23 17:10:11', '2021-11-23 17:19:12'),
(69, 5, 17, 'brand', 18, 'Adata', NULL, NULL, 1, 0, 0, '2021-11-23 17:11:28', '2021-11-24 16:45:46'),
(72, 5, 4, 'category', 15, 'Computer', NULL, NULL, 1, 0, 1, '2021-11-23 17:16:56', '2022-07-26 10:32:31'),
(73, 5, 15, 'category', 16, 'Monitor', NULL, NULL, 1, 0, 0, '2021-11-23 17:16:56', '2021-11-23 17:43:25'),
(74, 5, 14, 'category', 17, 'Laptop', NULL, NULL, 1, 0, 0, '2021-11-23 17:16:56', '2021-11-23 17:19:28'),
(75, 5, 18, 'category', 18, 'SSD', NULL, NULL, 1, 0, 0, '2021-11-23 17:16:56', '2021-11-24 16:46:18'),
(76, 5, 14, 'product', 23, 'Ryzen 3 3200G', NULL, NULL, 2, 0, 0, '2021-11-23 17:18:25', '2021-11-23 17:19:38'),
(77, 5, 16, 'product', 25, 'Intel Pentium Gold G6400 10th Gen PC', NULL, NULL, 2, 0, 0, '2021-11-23 17:18:25', '2021-11-23 17:19:49'),
(78, 5, 16, 'product', 26, '10th Gen Core i3 10100', NULL, NULL, 3, 0, 0, '2021-11-23 17:18:25', '2021-11-23 17:19:52'),
(79, 5, 17, 'product', 27, 'AMD Ryzen 5 3600X Gaming PC', NULL, NULL, 2, 0, 0, '2021-11-23 17:18:25', '2021-11-24 16:46:18'),
(80, 5, 14, 'product', 39, 'Samsung Galaxy Note 20 - 6.7\" (1080x2040 pixels) - 64MP Camera - 8GB RAM - Exynos 990 - 4,300 mAh Battery', NULL, NULL, 3, 0, 0, '2021-11-23 17:18:25', '2021-11-23 17:43:25'),
(81, 5, 18, 'brand', 1, 'Google', NULL, NULL, 2, 0, 0, '2021-11-23 17:18:55', '2021-11-24 16:46:18'),
(83, 5, 16, 'brand', 12, 'RYZEN PC', NULL, NULL, 4, 0, 0, '2021-11-23 17:18:55', '2021-11-23 17:20:08'),
(84, 5, 18, 'brand', 13, 'Intel PC', NULL, NULL, 3, 0, 0, '2021-11-23 17:18:55', '2021-11-24 16:46:18'),
(85, 6, 28, 'category', 15, 'Computer', NULL, NULL, 4, 0, 0, '2021-11-23 17:52:56', '2021-11-23 17:56:57'),
(86, 6, 28, 'category', 16, 'Monitor', NULL, NULL, 3, 0, 0, '2021-11-23 17:52:56', '2021-11-23 17:56:57'),
(87, 6, 27, 'category', 17, 'Laptop', NULL, NULL, 1, 0, 0, '2021-11-23 17:52:56', '2021-11-23 17:56:22'),
(88, 6, 27, 'category', 18, 'SSD', NULL, NULL, 4, 0, 0, '2021-11-23 17:52:56', '2021-11-23 17:57:34'),
(89, 6, 33, 'category', 19, 'Mobiles', NULL, NULL, 2, 0, 0, '2021-11-23 17:52:56', '2021-11-23 17:56:48'),
(90, 6, 5, 'category', 20, 'Camera', NULL, NULL, 1, 0, 0, '2021-11-23 17:52:56', '2021-11-23 17:56:36'),
(91, 6, 5, 'category', 21, 'Ip Camera', NULL, NULL, 2, 0, 0, '2021-11-23 17:52:56', '2021-11-23 17:56:42'),
(92, 6, 33, 'brand', 1, 'Google', NULL, NULL, 1, 0, 0, '2021-11-23 17:55:12', '2021-11-23 17:56:48'),
(93, 6, 28, 'brand', 12, 'RYZEN PC', NULL, NULL, 2, 0, 0, '2021-11-23 17:55:12', '2021-11-23 17:56:57'),
(94, 6, 28, 'brand', 13, 'Intel PC', NULL, NULL, 1, 0, 0, '2021-11-23 17:55:12', '2021-11-23 17:56:57'),
(95, 6, 34, 'brand', 14, 'LG', NULL, NULL, 1, 0, 0, '2021-11-23 17:55:12', '2021-11-23 17:57:02'),
(96, 6, 27, 'brand', 15, 'Lenovo', NULL, NULL, 2, 0, 0, '2021-11-23 17:55:12', '2021-11-23 17:57:07'),
(97, 6, 34, 'brand', 21, 'Samsung', NULL, NULL, 3, 0, 0, '2021-11-23 17:55:12', '2021-11-23 17:57:16'),
(98, 6, 34, 'brand', 22, 'Sony', NULL, NULL, 2, 0, 0, '2021-11-23 17:55:12', '2021-11-23 17:57:13'),
(99, 6, 5, 'tag', 34, 'sony camera', NULL, NULL, 4, 0, 0, '2021-11-23 17:55:54', '2021-11-23 17:57:27'),
(100, 6, 5, 'tag', 31, 'office camera', NULL, NULL, 3, 0, 0, '2021-11-23 17:55:54', '2021-11-23 17:57:27'),
(101, 6, 27, 'tag', 29, 'ip camera', NULL, NULL, 3, 0, 0, '2021-11-23 17:55:54', '2021-11-23 17:57:34'),
(102, 7, 6, 'category', 4, 'Watch', NULL, NULL, 1, 0, 0, '2021-11-23 18:23:20', '2021-11-23 18:25:27'),
(103, 7, 6, 'product', 43, 'Men Casual Watch 006', NULL, NULL, 2, 0, 0, '2021-11-23 18:23:57', '2021-11-23 18:25:30'),
(104, 7, 24, 'brand', 2, 'Casio', NULL, NULL, 2, 0, 0, '2021-11-23 18:24:30', '2021-11-23 18:25:44'),
(105, 7, 24, 'brand', 21, 'Samsung', NULL, NULL, 1, 0, 0, '2021-11-23 18:24:30', '2021-11-23 18:25:40'),
(106, 7, 36, 'brand', 22, 'Sony', NULL, NULL, 1, 0, 0, '2021-11-23 18:24:30', '2021-11-23 18:25:53'),
(107, 7, 36, 'tag', 78, 'mens watch', NULL, NULL, 2, 0, 0, '2021-11-23 18:24:52', '2021-11-23 18:25:53'),
(108, 7, 37, 'tag', 73, 'watch', NULL, NULL, 1, 0, 0, '2021-11-23 18:24:52', '2021-11-23 18:25:56'),
(109, 7, 37, 'tag', 74, 'exclusive watch', NULL, NULL, 2, 0, 0, '2021-11-23 18:24:52', '2021-11-23 18:25:58'),
(110, 7, 38, 'tag', 75, 'digital watch', NULL, NULL, 1, 0, 0, '2021-11-23 18:24:52', '2021-11-23 18:26:01'),
(111, 7, 38, 'tag', 77, 'casual watch', NULL, NULL, 2, 0, 0, '2021-11-23 18:24:52', '2021-11-23 18:26:02'),
(112, 7, 39, 'tag', 75, 'digital watch', NULL, NULL, 1, 0, 0, '2021-11-23 18:26:30', '2021-11-23 18:26:35'),
(113, 7, 39, 'tag', 30, 'electronics', NULL, NULL, 2, 0, 0, '2021-11-23 18:26:30', '2021-11-23 18:26:37'),
(116, 4, NULL, 'category', 3, 'Bags', NULL, NULL, 2, 0, 0, '2021-11-23 18:30:07', '2021-11-23 18:35:01'),
(117, 4, 41, 'category', 4, 'Watch', NULL, NULL, 1, 0, 0, '2021-11-23 18:30:07', '2021-11-23 18:32:59'),
(118, 4, 40, 'category', 6, 'Shoes', NULL, NULL, 2, 0, 0, '2021-11-23 18:30:07', '2021-11-23 18:33:40'),
(119, 4, 40, 'category', 7, 'Men Shoes', NULL, NULL, 1, 0, 0, '2021-11-23 18:30:07', '2021-11-23 18:33:06'),
(120, 4, 40, 'category', 8, 'Women Shoes', NULL, NULL, 3, 0, 0, '2021-11-23 18:30:07', '2021-11-23 18:33:42'),
(121, 4, 3, 'product', 1, 'Exclusive Bag 1', NULL, NULL, 2, 0, 0, '2021-11-23 18:31:23', '2021-11-23 18:33:51'),
(122, 4, 3, 'product', 2, 'Exclsive Bag 2', NULL, NULL, 1, 0, 0, '2021-11-23 18:31:23', '2021-11-23 18:33:51'),
(123, 4, 41, 'product', 3, 'Exclusive watch 1', NULL, NULL, 2, 0, 0, '2021-11-23 18:31:23', '2021-11-23 18:33:54'),
(124, 4, 41, 'product', 4, 'Exclisive watch 2', NULL, NULL, 3, 0, 0, '2021-11-23 18:31:23', '2021-11-23 18:33:56'),
(125, 4, 40, 'product', 6, 'New Look Casual Shoe', NULL, NULL, 4, 0, 0, '2021-11-23 18:31:23', '2021-11-23 18:34:01'),
(126, 4, 41, 'product', 9, 'Men Casual Watch 005', NULL, NULL, 4, 0, 0, '2021-11-23 18:31:23', '2021-11-23 18:34:06'),
(127, 4, 42, 'product', 11, 'Casual Sun Glass', NULL, NULL, 3, 0, 0, '2021-11-23 18:31:23', '2021-11-23 18:35:05'),
(128, 4, 3, 'product', 12, 'New Fashion Women Bag', NULL, NULL, 4, 0, 0, '2021-11-23 18:31:23', '2021-11-23 18:34:14'),
(129, 4, 42, 'product', 45, 'Eye glass', NULL, NULL, 1, 0, 0, '2021-11-23 18:31:23', '2021-11-23 18:34:59'),
(130, 4, NULL, 'product', 46, 'Sun glass For Man', NULL, NULL, 1, 0, 0, '2021-11-23 18:31:23', '2021-11-23 18:35:01'),
(131, 4, 42, 'product', 47, 'Exclusive Eye glass', NULL, NULL, 2, 0, 0, '2021-11-23 18:31:23', '2021-11-23 18:35:03'),
(132, 4, 42, 'product', 48, 'Eye glass 002', NULL, NULL, 4, 0, 0, '2021-11-23 18:31:23', '2021-11-23 18:35:07'),
(133, 4, 2, 'brand', 5, 'Nike', NULL, NULL, 2, 0, 0, '2021-11-23 18:31:45', '2021-11-23 18:35:12'),
(134, 4, NULL, 'tag', 83, 'exclusive shoe', NULL, NULL, 3, 0, 0, '2021-11-23 18:32:26', '2021-11-23 18:35:12'),
(135, 4, NULL, 'tag', 80, 'men shoe', NULL, NULL, 4, 0, 0, '2021-11-23 18:32:26', '2021-11-23 18:35:12'),
(136, 4, 1, 'tag', 79, 'casual bag', NULL, NULL, 4, 0, 0, '2021-11-23 18:32:26', '2021-11-23 18:35:29'),
(137, 4, 1, 'tag', 70, 'female bag', NULL, NULL, 2, 0, 0, '2021-11-23 18:32:26', '2021-11-23 18:35:29'),
(138, 4, 1, 'tag', 65, 'women bag', NULL, NULL, 3, 0, 0, '2021-11-23 18:32:26', '2021-11-23 18:35:29'),
(139, 4, 2, 'tag', 43, 'loffer', NULL, NULL, 4, 0, 0, '2021-11-23 18:32:26', '2021-11-23 18:35:12'),
(140, 10, 47, 'category', 22, 'Toys & Hobbies', NULL, NULL, 1, 0, 0, '2021-11-23 18:39:08', '2021-11-23 18:40:29'),
(141, 10, 46, 'product', 55, 'Baby toys', NULL, NULL, 1, 0, 0, '2021-11-23 18:39:32', '2021-11-23 18:40:31'),
(142, 10, 45, 'tag', 52, 'gift', NULL, NULL, 2, 0, 0, '2021-11-23 18:40:25', '2021-11-24 17:18:30'),
(143, 10, 44, 'tag', 27, 'hobbies', NULL, NULL, 1, 0, 0, '2021-11-23 18:40:25', '2021-11-23 18:40:37'),
(144, 10, 43, 'tag', 23, 'toy', NULL, NULL, 2, 0, 0, '2021-11-23 18:40:25', '2021-11-24 17:18:21'),
(145, 10, 9, 'tag', 24, 'baby\'s toy', NULL, NULL, 1, 0, 0, '2021-11-23 18:40:25', '2021-11-23 18:40:43'),
(146, 9, 8, 'category', 1, 'Women Fashion', NULL, NULL, 2, 0, 0, '2021-11-23 18:43:09', '2021-11-23 18:43:20'),
(147, 9, 20, 'category', 2, 'Men Fashion', NULL, NULL, 2, 0, 0, '2021-11-23 18:43:09', '2021-11-23 18:43:26'),
(148, 9, 8, 'category', 3, 'Bags', NULL, NULL, 3, 0, 0, '2021-11-23 18:43:09', '2021-11-23 18:43:38'),
(149, 9, 23, 'category', 6, 'Shoes', NULL, NULL, 1, 0, 0, '2021-11-23 18:43:09', '2021-11-23 18:43:34'),
(150, 9, 21, 'category', 7, 'Men Shoes', NULL, NULL, 1, 0, 0, '2021-11-23 18:43:09', '2021-11-23 18:43:30'),
(151, 9, 19, 'category', 8, 'Women Shoes', NULL, NULL, 3, 0, 0, '2021-11-23 18:43:09', '2021-11-23 18:45:56'),
(152, 9, 22, 'product', 1, 'Exclusive Bag 1', NULL, NULL, 3, 0, 0, '2021-11-23 18:44:05', '2021-11-23 18:46:38'),
(153, 9, 22, 'product', 2, 'Exclsive Bag 2', NULL, NULL, 4, 0, 0, '2021-11-23 18:44:05', '2021-11-23 18:46:38'),
(154, 9, 23, 'product', 6, 'New Look Casual Shoe', NULL, NULL, 2, 0, 0, '2021-11-23 18:44:05', '2021-11-23 18:44:32'),
(155, 9, 22, 'product', 2, 'Exclsive Bag 2', NULL, NULL, 1, 0, 0, '2021-11-23 18:45:27', '2021-11-23 18:45:37'),
(156, 9, 21, 'product', 60, 'Exclusive loafer for men 1', NULL, NULL, 2, 0, 0, '2021-11-23 18:45:27', '2021-11-23 18:47:38'),
(157, 9, 19, 'product', 61, 'Latest design women bag 1', NULL, NULL, 2, 0, 0, '2021-11-23 18:45:27', '2021-11-23 18:45:56'),
(158, 9, 22, 'brand', 5, 'Nike', NULL, NULL, 2, 0, 0, '2021-11-23 18:46:28', '2021-11-23 18:46:38'),
(159, 9, 23, 'tag', 82, 'loafer', NULL, NULL, 3, 0, 0, '2021-11-23 18:47:00', '2021-11-23 18:47:20'),
(160, 9, NULL, 'tag', 83, 'exclusive shoe', NULL, NULL, 1, 0, 0, '2021-11-23 18:47:00', '2021-11-23 18:47:41'),
(161, 9, 21, 'tag', 80, 'men shoe', NULL, NULL, 3, 0, 0, '2021-11-23 18:47:00', '2021-11-23 18:47:38'),
(162, 14, 13, 'category', 9, 'Furnitures', NULL, NULL, 1, 0, 0, '2021-11-23 18:51:48', '2021-11-23 18:53:34'),
(163, 14, 13, 'category', 10, 'Sofa', NULL, NULL, 2, 0, 0, '2021-11-23 18:51:48', '2021-11-23 18:53:38'),
(164, 14, 13, 'brand', 7, 'Otobi', NULL, NULL, 3, 0, 0, '2021-11-23 18:53:01', '2021-11-23 18:53:43'),
(165, 14, 61, 'brand', 21, 'Samsung', NULL, NULL, 3, 0, 0, '2021-11-23 18:53:01', '2021-11-24 17:49:31'),
(166, 13, 54, 'category', 9, 'Furnitures', NULL, NULL, 1, 0, 0, '2021-11-23 18:57:47', '2021-11-23 19:01:08'),
(167, 13, 54, 'category', 10, 'Sofa', NULL, NULL, 3, 0, 0, '2021-11-23 18:57:47', '2021-11-23 19:03:18'),
(168, 13, 31, 'category', 16, 'Monitor', NULL, NULL, 4, 0, 0, '2021-11-23 18:57:47', '2021-11-23 19:02:46'),
(169, 13, 31, 'product', 28, 'LG 22MK600M 21.5 inch IPS Full HD LED Monitor', NULL, NULL, 3, 0, 0, '2021-11-23 18:59:35', '2021-11-23 19:02:46'),
(170, 13, 31, 'product', 31, 'LG 24GN600-B 23.8\" UltraGear Full HD IPS 144Hz Gaming Monitor', NULL, NULL, 1, 0, 0, '2021-11-23 18:59:35', '2021-11-23 19:02:43'),
(171, 13, 12, 'brand', 1, 'Google', NULL, NULL, 3, 0, 0, '2021-11-23 19:00:11', '2021-11-23 19:02:26'),
(172, 13, 54, 'brand', 7, 'Otobi', NULL, NULL, 4, 0, 0, '2021-11-23 19:00:11', '2021-11-23 19:03:18'),
(173, 13, 31, 'brand', 15, 'Lenovo', NULL, NULL, 2, 0, 0, '2021-11-23 19:00:11', '2021-11-23 19:02:43'),
(174, 13, 12, 'brand', 21, 'Samsung', NULL, NULL, 2, 0, 0, '2021-11-23 19:00:11', '2021-11-23 19:02:21'),
(175, 13, 12, 'brand', 22, 'Sony', NULL, NULL, 4, 0, 0, '2021-11-23 19:00:11', '2021-11-23 19:02:43'),
(176, 13, 12, 'tag', 33, 'sony', NULL, NULL, 1, 0, 0, '2021-11-23 19:01:01', '2021-11-23 19:02:21'),
(177, 13, 54, 'tag', 30, 'electronics', NULL, NULL, 2, 0, 0, '2021-11-23 19:03:11', '2021-11-23 19:03:18'),
(178, 8, 25, 'category', 11, 'Automobiles & bikes', NULL, NULL, 2, 0, 0, '2021-11-23 19:09:42', '2021-11-23 19:12:11'),
(179, 8, 26, 'category', 5, 'Bikes', NULL, NULL, 2, 0, 0, '2021-11-23 19:09:42', '2021-11-23 19:12:16'),
(180, 8, 57, 'category', 12, 'Cars', NULL, NULL, 1, 0, 0, '2021-11-23 19:09:42', '2021-11-23 19:12:19'),
(181, 8, 58, 'product', 5, 'KTM RC 390', NULL, NULL, 1, 0, 0, '2021-11-23 19:10:58', '2021-11-23 19:12:24'),
(182, 8, 57, 'product', 10, 'Premium Sports Car', NULL, NULL, 2, 0, 0, '2021-11-23 19:10:58', '2021-11-23 19:12:27'),
(183, 8, 58, 'product', 32, 'Bajaj Pulsar NS160 (CAR) ABS Motor Bike', NULL, NULL, 4, 0, 0, '2021-11-23 19:10:58', '2021-11-23 19:12:39'),
(184, 8, 58, 'product', 33, 'TVS Apache RTR 160 Racing Edition Single Disk Glossy Black', NULL, NULL, 2, 0, 0, '2021-11-23 19:10:58', '2021-11-23 19:12:37'),
(185, 8, 58, 'product', 34, 'TVS Radeon 110cc Motor Bike', NULL, NULL, 3, 0, 0, '2021-11-23 19:10:58', '2021-11-23 19:12:39'),
(186, 8, 7, 'product', 35, 'Bajaj Platina ES 100 Motor Bike', NULL, NULL, 1, 0, 0, '2021-11-23 19:10:58', '2021-11-23 19:12:46'),
(187, 8, 57, 'product', 49, 'Excluse Premium Car t40', NULL, NULL, 3, 0, 0, '2021-11-23 19:10:58', '2021-11-23 19:12:52'),
(188, 8, 57, 'product', 50, 'Exclusive premium  car 007', NULL, NULL, 4, 0, 0, '2021-11-23 19:10:58', '2021-11-23 19:12:56'),
(189, 8, 59, 'product', 51, 'Excluse Premium Car T45', NULL, NULL, 1, 0, 0, '2021-11-23 19:10:58', '2021-11-23 19:12:59'),
(190, 8, 7, 'brand', 4, 'KTM', NULL, NULL, 4, 0, 0, '2021-11-23 19:11:16', '2021-11-25 17:57:04'),
(191, 8, 59, 'brand', 9, 'Ferrari', NULL, NULL, 2, 0, 0, '2021-11-23 19:11:16', '2021-11-23 19:13:01'),
(192, 8, 25, 'brand', 11, 'MT', NULL, NULL, 3, 0, 0, '2021-11-23 19:11:16', '2021-11-23 19:13:28'),
(193, 8, 59, 'tag', 85, 'helmet', NULL, NULL, 4, 0, 0, '2021-11-23 19:11:53', '2022-07-26 20:36:08'),
(194, 8, 7, 'tag', 86, 'exclusive helmet', NULL, NULL, 3, 0, 0, '2021-11-23 19:11:53', '2021-11-25 17:57:04'),
(195, 8, 59, 'tag', 87, 'half face helmet', NULL, NULL, 3, 0, 0, '2021-11-23 19:11:53', '2021-11-23 19:13:44'),
(196, 8, 26, 'tag', 88, 'helmet for bike', NULL, NULL, 3, 0, 0, '2021-11-23 19:11:53', '2021-11-23 19:13:38'),
(197, 5, 17, 'product', 70, 'best software from demo it -001', NULL, NULL, 3, 0, 0, '2021-11-24 16:49:55', '2021-11-24 16:50:03'),
(198, 6, 33, 'product', 71, 'New design mobile 2021', NULL, NULL, 3, 0, 0, '2021-11-24 16:59:08', '2021-11-24 16:59:29'),
(199, 6, 35, 'brand', 14, 'LG', NULL, NULL, 1, 0, 0, '2021-11-24 17:02:14', '2021-11-24 17:02:21'),
(200, 6, 35, 'brand', 21, 'Samsung', NULL, NULL, 2, 0, 0, '2021-11-24 17:02:14', '2021-11-24 17:02:22'),
(201, 6, 35, 'brand', 22, 'Sony', NULL, NULL, 3, 0, 0, '2021-11-24 17:02:14', '2021-11-24 17:02:23'),
(202, 10, 47, 'tag', 140, 'babys toy', NULL, NULL, 2, 0, 0, '2021-11-24 17:17:35', '2021-11-24 17:17:41'),
(203, 10, 46, 'tag', 141, 'childrens toy', NULL, NULL, 2, 0, 0, '2021-11-24 17:17:35', '2021-11-24 17:17:44'),
(204, 10, 44, 'tag', 134, 'cycle', NULL, NULL, 3, 0, 0, '2021-11-24 17:17:35', '2021-11-24 17:18:08'),
(206, 10, 9, 'tag', 25, 'kids', NULL, NULL, 2, 0, 0, '2021-11-24 17:17:35', '2021-11-24 17:18:15'),
(207, 10, NULL, 'tag', 26, 'bay\'s toy', NULL, NULL, 2, 0, 0, '2021-11-24 17:17:35', '2021-11-24 17:18:15'),
(208, 10, 43, 'tag', 22, 'rubes cube', NULL, NULL, 1, 0, 0, '2021-11-24 17:17:35', '2021-11-24 17:18:21'),
(209, 10, 45, 'tag', 23, 'toy', NULL, NULL, 1, 0, 0, '2021-11-24 17:17:35', '2021-11-24 17:18:30'),
(210, 10, NULL, 'tag', 24, 'baby\'s toy', NULL, NULL, 1, 0, 0, '2021-11-24 17:17:35', '2021-11-24 17:18:08'),
(211, 14, 51, 'category', 27, 'Wooden Furniture', NULL, NULL, 2, 0, 0, '2021-11-24 17:42:36', '2021-11-24 17:44:54'),
(212, 14, 51, 'product', 8, 'Living Room Sofa 001', NULL, NULL, 1, 0, 0, '2021-11-24 17:43:59', '2021-11-24 17:44:54'),
(213, 14, 51, 'product', 18, 'Single Size Sofa', NULL, NULL, 3, 0, 0, '2021-11-24 17:43:59', '2021-11-24 17:44:56'),
(214, 14, 60, 'product', 76, 'Beautiful single size sofa -0099', NULL, NULL, 1, 0, 0, '2021-11-24 17:43:59', '2021-11-24 17:45:29'),
(215, 14, 60, 'brand', 3, 'Asgardia', NULL, NULL, 2, 0, 0, '2021-11-24 17:44:37', '2021-11-24 17:45:31'),
(216, 14, 60, 'brand', 4, 'Aven', NULL, NULL, 3, 0, 0, '2021-11-24 17:44:37', '2021-11-24 17:45:32'),
(217, 14, 61, 'brand', 6, 'Adidas', NULL, NULL, 1, 0, 0, '2021-11-24 17:44:37', '2021-11-24 17:47:37'),
(218, 14, 52, 'brand', 14, 'LG', NULL, NULL, 1, 0, 0, '2021-11-24 17:44:37', '2021-11-24 17:44:43'),
(219, 14, 52, 'brand', 21, 'Samsung', NULL, NULL, 2, 0, 0, '2021-11-24 17:44:37', '2021-11-24 17:44:45'),
(220, 14, 52, 'brand', 22, 'Sony', NULL, NULL, 3, 0, 0, '2021-11-24 17:44:37', '2021-11-24 17:44:48'),
(221, 14, 62, 'tag', 150, 'latest furniture', NULL, NULL, 1, 0, 0, '2021-11-24 17:49:18', '2021-11-24 17:49:25'),
(222, 14, 62, 'tag', 143, 'latest design sofa', NULL, NULL, 2, 0, 0, '2021-11-24 17:49:18', '2021-11-24 17:49:27'),
(223, 14, 62, 'tag', 144, 'latest design furniture', NULL, NULL, 3, 0, 0, '2021-11-24 17:49:18', '2021-11-24 17:49:29'),
(224, 14, 61, 'tag', 145, 'bed room furniture', NULL, NULL, 2, 0, 0, '2021-11-24 17:49:18', '2021-11-24 17:49:31'),
(225, 14, NULL, 'tag', 146, 'single sofa', NULL, NULL, 1, 0, 0, '2021-11-24 17:49:18', '2021-11-24 17:49:31'),
(226, 14, NULL, 'tag', 90, 'wooden furniture', NULL, NULL, 2, 0, 0, '2021-11-24 17:49:18', '2021-11-24 17:49:31'),
(227, 14, NULL, 'tag', 91, 'beautiful furniture', NULL, NULL, 3, 0, 0, '2021-11-24 17:49:18', '2021-11-24 17:49:31'),
(228, 13, 53, 'category', 9, 'Furnitures', NULL, NULL, 1, 0, 0, '2021-11-24 18:07:21', '2021-11-24 18:09:30'),
(229, 13, 53, 'category', 10, 'Sofa', NULL, NULL, 2, 0, 0, '2021-11-24 18:07:21', '2021-11-24 18:09:32'),
(230, 13, 53, 'category', 27, 'Wooden Furniture', NULL, NULL, 3, 0, 0, '2021-11-24 18:07:21', '2021-11-24 18:09:35'),
(231, 13, 53, 'product', 63, 'Wooden design beautiful furniture 001', NULL, NULL, 4, 0, 0, '2021-11-24 18:10:47', '2021-11-24 18:10:59'),
(232, 13, NULL, 'product', 75, 'Latest Design single sofa-0077', NULL, NULL, 1, 0, 0, '2021-11-24 18:10:47', '2021-11-24 18:10:59'),
(233, 13, NULL, 'product', 77, 'Single Seater sofa Premium quality -2021', NULL, NULL, 2, 0, 0, '2021-11-24 18:10:47', '2021-11-24 18:10:59'),
(234, 13, 56, 'brand', 3, 'Asgardia', NULL, NULL, 1, 0, 0, '2021-11-24 18:13:15', '2021-11-24 18:13:23'),
(235, 13, 55, 'brand', 4, 'Aven', NULL, NULL, 1, 0, 0, '2021-11-24 18:13:15', '2021-11-24 18:13:25'),
(236, 13, 56, 'brand', 14, 'LG', NULL, NULL, 2, 0, 0, '2021-11-24 18:13:15', '2021-11-24 18:13:27'),
(237, 13, 55, 'brand', 15, 'Lenovo', NULL, NULL, 2, 0, 0, '2021-11-24 18:13:15', '2021-11-24 18:13:29'),
(238, 13, 56, 'brand', 21, 'Samsung', NULL, NULL, 3, 0, 0, '2021-11-24 18:13:15', '2021-11-24 18:13:31'),
(239, 13, 55, 'brand', 22, 'Sony', NULL, NULL, 4, 0, 0, '2021-11-24 18:13:15', '2021-11-24 18:13:58'),
(240, 13, 56, 'brand', 27, 'Apple', NULL, NULL, 4, 0, 0, '2021-11-24 18:13:15', '2021-11-24 18:13:35'),
(241, 13, 55, 'brand', 2, 'Casio', NULL, NULL, 3, 0, 0, '2021-11-24 18:13:50', '2021-11-24 18:13:58'),
(243, 1, NULL, 'link', NULL, 'App store', '#', NULL, 2, 0, 0, '2022-07-22 17:43:33', '2022-07-22 17:43:44'),
(244, 1, NULL, 'link', NULL, 'Play store', '#', NULL, 1, 0, 0, '2022-07-22 17:43:42', '2022-07-22 17:43:44'),
(246, 2, NULL, 'page', 7, 'My Cart', NULL, NULL, 387437, 0, 0, '2022-07-22 17:46:56', '2022-07-22 17:46:56'),
(247, 17, NULL, 'link', NULL, 'Home', 'http://amazy.rishfa.com/', NULL, 1, 0, 1, '2022-07-26 10:22:36', '2022-07-26 10:41:35'),
(248, 17, NULL, 'page', 3, 'Blog', NULL, NULL, 2, 0, 1, '2022-07-26 10:25:37', '2022-07-26 10:30:58'),
(249, 17, NULL, 'link', NULL, 'Contacts', 'http://amazy.rishfa.com/contact-us', NULL, 3, 0, 1, '2022-07-26 10:27:34', '2022-07-26 10:30:58'),
(250, 17, NULL, 'page', 1, 'About Us', NULL, NULL, 4, 1, 1, '2022-07-26 10:29:45', '2022-07-27 11:18:42'),
(261, 2, NULL, 'function', 1, 'Lang & Currency', NULL, NULL, 387437, 0, 0, '2022-07-28 12:29:14', '2022-07-28 12:29:14'),
(262, 21, NULL, 'function', 1, 'Lang & Currency', NULL, NULL, 4, 0, 0, '2022-07-28 12:35:14', '2022-07-28 12:35:31'),
(263, 21, NULL, 'page', 3, 'Blog', NULL, NULL, 1, 0, 0, '2022-07-28 12:35:24', '2022-07-28 12:35:31'),
(264, 21, NULL, 'page', 8, 'My Wish List', NULL, NULL, 2, 0, 0, '2022-07-28 12:35:24', '2022-07-28 12:35:31'),
(265, 21, NULL, 'page', 10, 'My Coupons', NULL, NULL, 3, 0, 0, '2022-07-28 12:35:24', '2022-07-28 12:35:31');

-- --------------------------------------------------------

--
-- Table structure for table `merchant_contents`
--

CREATE TABLE `merchant_contents` (
  `id` bigint(20) UNSIGNED NOT NULL,
  `user_id` bigint(20) UNSIGNED DEFAULT NULL,
  `pricing_id` varchar(255) COLLATE utf8mb4_unicode_ci DEFAULT NULL,
  `slug` varchar(255) COLLATE utf8mb4_unicode_ci DEFAULT NULL,
  `mainTitle` varchar(255) COLLATE utf8mb4_unicode_ci DEFAULT NULL,
  `subTitle` varchar(255) COLLATE utf8mb4_unicode_ci DEFAULT NULL,
  `Maindescription` text COLLATE utf8mb4_unicode_ci,
  `pricing` varchar(255) COLLATE utf8mb4_unicode_ci DEFAULT NULL,
  `benifitTitle` varchar(255) COLLATE utf8mb4_unicode_ci DEFAULT NULL,
  `benifitDescription` text COLLATE utf8mb4_unicode_ci,
  `howitworkTitle` varchar(255) COLLATE utf8mb4_unicode_ci DEFAULT NULL,
  `howitworkDescription` text COLLATE utf8mb4_unicode_ci,
  `pricingTitle` varchar(255) COLLATE utf8mb4_unicode_ci DEFAULT NULL,
  `pricingDescription` text COLLATE utf8mb4_unicode_ci,
  `sellerRegistrationTitle` varchar(255) COLLATE utf8mb4_unicode_ci DEFAULT NULL,
  `sellerRegistrationDescription` text COLLATE utf8mb4_unicode_ci,
  `queryTitle` varchar(255) COLLATE utf8mb4_unicode_ci DEFAULT NULL,
  `queryDescription` text COLLATE utf8mb4_unicode_ci,
  `faqTitle` varchar(255) COLLATE utf8mb4_unicode_ci DEFAULT NULL,
  `faqDescription` text COLLATE utf8mb4_unicode_ci,
  `created_at` timestamp NULL DEFAULT NULL,
  `updated_at` timestamp NULL DEFAULT NULL
) ENGINE=InnoDB DEFAULT CHARSET=utf8mb4 COLLATE=utf8mb4_unicode_ci;

--
-- Dumping data for table `merchant_contents`
--

INSERT INTO `merchant_contents` (`id`, `user_id`, `pricing_id`, `slug`, `mainTitle`, `subTitle`, `Maindescription`, `pricing`, `benifitTitle`, `benifitDescription`, `howitworkTitle`, `howitworkDescription`, `pricingTitle`, `pricingDescription`, `sellerRegistrationTitle`, `sellerRegistrationDescription`, `queryTitle`, `queryDescription`, `faqTitle`, `faqDescription`, `created_at`, `updated_at`) VALUES
(1, NULL, NULL, 'initail slug', 'initial main title', 'initial sub title', '<p>initial Main Description</p>', 'initail pricing', 'initial Benifit Title', '<p>initial Benifit Description</p>', 'initial How it work title', '<p>initial how it work Description</p>', 'initial pricing title', '<p>initial pricing Description</p>', 'initial title', '<p>initial description</p>', 'initial query title', '<p>initial query Description</p>', 'initial faq title', '<p>initial faq Description</p>', '2021-09-25 18:32:57', '2021-09-25 18:32:57');

-- --------------------------------------------------------

--
-- Table structure for table `migrations`
--

CREATE TABLE `migrations` (
  `id` int(10) UNSIGNED NOT NULL,
  `migration` varchar(255) COLLATE utf8mb4_unicode_ci NOT NULL,
  `batch` int(11) NOT NULL
) ENGINE=InnoDB DEFAULT CHARSET=utf8mb4 COLLATE=utf8mb4_unicode_ci;

--
-- Dumping data for table `migrations`
--

INSERT INTO `migrations` (`id`, `migration`, `batch`) VALUES
(1, '2014_07_12_000546_create_users_table', 1),
(2, '2014_10_12_100000_create_password_resets_table', 1),
(3, '2019_02_08_105647_create_blocks_contents_tables', 1),
(4, '2019_08_19_000000_create_failed_jobs_table', 1),
(5, '2019_12_14_000001_create_personal_access_tokens_table', 1),
(6, '2020_04_23_090029_create_modules_table', 1),
(7, '2020_07_11_063308_create_intro_prefix_table', 1),
(8, '2020_07_11_161843_crate_table_currencie_table', 1),
(9, '2020_07_11_162112_create_language_table', 1),
(10, '2020_07_12_044721_create_date_formats_table', 1),
(11, '2020_07_13_061051_create_timezone_table', 1),
(14, '2020_07_25_101854_create_support_ticket_category_table', 1),
(15, '2020_07_25_102024_create_support_ticket_piority_table', 1),
(16, '2020_07_25_135453_create_support_tickets_table', 1),
(17, '2020_07_26_093838_create_ticket_message_files_table', 1),
(18, '2020_08_07_124026_create_support_ticket_files_table', 1),
(19, '2020_08_09_044229_create_ticket_messages_table', 1),
(20, '2020_08_09_092856_create_ticket_statuses_table', 1),
(21, '2020_09_02_043711_create_unit_types_table', 1),
(22, '2020_09_02_052045_create_brands_table', 1),
(23, '2020_09_02_054852_create_business_settings_table', 1),
(24, '2020_09_02_084215_create_general_settings_table', 1),
(25, '2020_09_07_093017_create_products_table', 1),
(26, '2020_09_07_093446_create_product_variations_table', 1),
(27, '2020_09_09_120113_create_log_activity_table', 1),
(29, '2020_09_23_092712_create_attendances_table', 1),
(30, '2020_09_24_130332_create_infix_module_managers_table', 1),
(31, '2020_10_02_034421_create_product_sku_table', 1),
(32, '2020_10_28_130927_create_payment_methods_table', 1),
(33, '2020_11_26_042410_create_features_table', 1),
(34, '2020_11_26_174602_create_holidays_table', 1),
(35, '2020_11_27_061245_create_policies_table', 1),
(36, '2020_11_29_050753_create_about_us_table', 1),
(37, '2020_11_29_101117_create_terms_conditions_table', 1),
(38, '2020_11_30_060928_create_contact_contents_table', 1),
(39, '2020_11_30_084330_create_careers_table', 1),
(40, '2020_11_30_112735_create_merchant_contents_table', 1),
(41, '2020_12_01_040841_create_benifits_table', 1),
(42, '2020_12_01_103212_create_categories_table', 1),
(43, '2020_12_02_070049_create_subscribe_contents_table', 1),
(44, '2020_12_03_063135_create_faqs_table', 1),
(45, '2020_12_03_095639_create_working_processes_table', 1),
(46, '2020_12_04_043310_create_pricings_table', 1),
(47, '2020_12_07_102001_create_return_exchanges_table', 1),
(48, '2020_12_07_103420_create_events_table', 1),
(49, '2020_12_07_131939_create_dynamic_pages_table', 1),
(50, '2020_12_07_135925_create_to_dos_table', 1),
(51, '2020_12_09_121552_create_groups_table', 1),
(52, '2020_12_10_102035_create_themes_table', 1),
(53, '2020_12_13_113438_create_category_images_table', 1),
(54, '2020_12_14_122951_create_social_providers_table', 1),
(55, '2020_12_14_123034_create_profiles_table', 1),
(56, '2020_12_15_122112_create_brand_category_table', 1),
(57, '2020_12_17_051339_create_countries_table', 1),
(58, '2020_12_17_104946_create_attributes_table', 1),
(59, '2020_12_17_105259_create_attribute_values_table', 1),
(60, '2020_12_18_082213_create_tags_table', 1),
(61, '2020_12_21_120908_create_subscriptions_table', 1),
(62, '2020_12_22_064826_add_sort_id_groups_table', 1),
(63, '2020_12_22_132712_create_contacts_table', 1),
(64, '2020_12_22_141042_create_in_queries_table', 1),
(65, '2020_12_23_084911_create_staff_table', 1),
(66, '2020_12_23_092946_create_staff_documents_table', 1),
(67, '2020_12_23_113630_create_departments_table', 1),
(68, '2020_12_23_115353_create_product_galary_images_table', 1),
(70, '2020_12_25_051437_create_footer_widgets_table', 1),
(71, '2020_12_25_113053_add_user_type_to_users_table_after_column_email', 1),
(72, '2020_12_28_043226_create_colors_table', 1),
(78, '2020_12_31_055257_create_blog_categories_table', 1),
(79, '2020_12_31_081926_create_blog_posts_table', 1),
(82, '2021_01_03_071324_create_blog_category_post_table', 1),
(83, '2021_01_03_071403_create_blog_post_tag_table', 1),
(84, '2021_01_03_120216_create_seller_products_table', 1),
(85, '2021_01_05_105821_create_blog_comments_table', 1),
(86, '2021_01_05_110423_create_blog_comment_replays_table', 1),
(87, '2021_01_06_060708_create_suppliers_table', 1),
(88, '2021_01_09_164635_create_seller_product_s_k_us_table', 1),
(89, '2021_01_09_180037_create_notifications_table', 1),
(90, '2021_01_10_140156_create_carts_table', 1),
(91, '2021_01_10_163151_create_blog_post_likes_table', 1),
(92, '2021_01_21_140241_create_customer_addresses_table', 1),
(93, '2021_01_24_131808_create_orders_table', 1),
(94, '2021_01_24_173216_create_order_package_details_table', 1),
(95, '2021_01_24_173329_create_order_product_details_table', 1),
(96, '2021_01_27_114823_create_digital_files_table', 1),
(97, '2021_01_27_174448_create_wishlists_table', 1),
(98, '2021_01_28_185049_create_wallet_balances_table', 1),
(99, '2021_01_31_113723_create_home_page_sections_table', 1),
(100, '2021_02_01_122047_create_homepage_custom_products_table', 1),
(101, '2021_02_01_122152_create_homepage_custom_categories_table', 1),
(102, '2021_02_01_122214_create_homepage_custom_brands_table', 1),
(103, '2021_02_01_142114_create_bank_details_table', 1),
(104, '2021_02_02_155129_create_order_payments_table', 1),
(105, '2021_02_03_142230_create_flash_deals_table', 1),
(106, '2021_02_03_143135_create_flash_deal_products_table', 1),
(107, '2021_02_04_141339_create_order_delivery_states_table', 1),
(108, '2021_02_07_105737_create_news_letters_table', 1),
(109, '2021_02_07_173109_create_bulk_s_m_s_table', 1),
(111, '2021_02_08_142747_create_refund_reasons_table', 1),
(112, '2021_02_08_193641_create_coupons_table', 1),
(113, '2021_02_09_104911_create_shipping_methods_table', 1),
(114, '2021_02_09_130341_create_coupon_products_table', 1),
(115, '2021_02_09_150432_create_refund_requests_table', 1),
(116, '2021_02_09_152335_create_refund_request_details_table', 1),
(117, '2021_02_09_153503_create_refund_states_table', 1),
(118, '2021_02_09_155555_create_refund_products_table', 1),
(119, '2021_02_10_163156_create_refund_processes_table', 1),
(120, '2021_02_10_182354_create_referral_codes_table', 1),
(121, '2021_02_10_184539_create_delivery_processes_table', 1),
(122, '2021_02_11_123312_create_referral_code_setups_table', 1),
(123, '2021_02_13_125057_create_referral_uses_table', 1),
(124, '2021_02_14_170640_create_coupon_uses_table', 1),
(125, '2021_02_15_115409_create_customer_coupon_stores_table', 1),
(126, '2021_02_17_123320_create_product_reviews_table', 1),
(127, '2021_02_17_123429_create_seller_reviews_table', 1),
(128, '2021_02_17_123443_create_review_images_table', 1),
(129, '2021_02_17_123503_create_review_replies_table', 1),
(130, '2021_02_18_134139_create_product_up_sales_table', 1),
(131, '2021_02_18_134359_create_product_cross_sales_table', 1),
(132, '2021_02_18_134426_create_product_related_sales_table', 1),
(133, '2021_02_23_185648_create_menus_table', 1),
(134, '2021_02_23_194810_create_version_histories_table', 1),
(135, '2021_02_24_135826_create_menu_columns_table', 1),
(136, '2021_02_24_180335_create_menu_elements_table', 1),
(137, '2021_02_28_183320_create_multi_mega_menus_table', 1),
(138, '2021_03_02_130852_create_mega_menu_right_panels_table', 1),
(139, '2021_03_02_130927_create_mega_menu_bottom_panels_table', 1),
(140, '2021_03_03_175737_create_product_shippings_table', 1),
(141, '2021_03_08_110444_create_headers_table', 1),
(142, '2021_03_08_110507_create_header_category_panels_table', 1),
(143, '2021_03_08_110528_create_header_slider_panels_table', 1),
(144, '2021_03_08_110545_create_header_product_panels_table', 1),
(145, '2021_03_08_183219_create_new_user_zones_table', 1),
(146, '2021_03_08_183234_create_new_user_zone_products_table', 1),
(147, '2021_03_09_132336_create_header_new_user_zone_panels_table', 1),
(148, '2021_03_09_190419_AddChecksumColumn', 1),
(149, '2021_03_14_144759_create_new_user_zone_categories_table', 1),
(150, '2021_03_14_144834_create_new_user_zone_coupons_table', 1),
(151, '2021_03_17_192827_create_new_user_zone_coupon_categories_table', 1),
(152, '2021_03_18_173018_create_analytics_tools_table', 1),
(153, '2021_03_25_105021_create_states_table', 1),
(154, '2021_03_25_105054_create_cities_table', 1),
(158, '2021_04_18_111843_create_chart_of_accounts_table', 1),
(159, '2021_04_18_150157_create_payu_transactions_table', 1),
(161, '2021_04_24_095314_create_bank_accounts_table', 1),
(162, '2021_04_25_165206_create_transactions_table', 1),
(163, '2021_05_04_155633_create_gst_taxes_table', 1),
(165, '2021_05_06_124337_create_order_package_gst_table', 1),
(166, '2021_05_17_122458_create_gift_cards_table', 1),
(168, '2021_05_17_171227_create_gift_card_uses_table', 1),
(169, '2021_05_17_194735_create_gift_card_galary_images_table', 1),
(170, '2021_05_19_160431_create_guest_order_details_table', 1),
(171, '2021_05_26_184426_create_inhouse_order_carts_table', 1),
(172, '2021_06_01_173615_create_recent_view_products_table', 1),
(173, '2021_06_12_173154_create_cancel_reasons_table', 1),
(174, '2021_06_15_112727_create_compares_table', 1),
(175, '2021_06_15_133043_create_visitor_histories_table', 1),
(176, '2021_06_15_133555_create_ignore_ip_table', 1),
(177, '2021_06_16_132331_create_dashboard_setup_table', 1),
(178, '2021_06_20_125028_create_search_terms_table', 1),
(179, '2021_06_24_122317_create_digital_file_downloads_table', 1),
(181, '2021_06_26_181400_create_subscription_payment_info_table', 1),
(182, '2021_08_21_171154_create_customer_notifications_table', 1),
(185, '2021_12_08_102035_create_admin_colors_table', 1),
(186, '2021_12_08_102035_create_theme_colors_table', 1),
(187, '2021_10_17_164810_create_category_product_table', 2),
(192, '2020_12_23_115414_create_product_tags_table', 3),
(197, '2021_10_25_155921_GiftCardTag', 4),
(208, '2020_09_10_075009_create_roles_table', 7),
(211, '2021_02_08_111855_create_email_templates_table', 8),
(212, '2021_05_17_125912_create_email_template_types_table', 8),
(213, '2021_08_24_111855_create_notification_settings_table', 8),
(214, '2021_10_21_114022_create_sms_templates_table', 8),
(215, '2021_10_21_115410_create_sms_template_types_table', 8),
(225, '2020_07_20_095501_create_permissions_tables', 11),
(226, '2020_07_20_095817_create_role_permission_tables', 11),
(227, '2021_04_21_104120_create_sidebars_table', 11),
(228, '2021_11_28_124959_add_currency_format_column_to_general_settings', 12),
(229, '2021_11_30_163218_product_id_foreign_remove_to_carts_table', 13),
(230, '2021_08_25_111855_create_user_notification_settings_table', 14),
(231, '2021_12_05_171133_create_facebook_messages_table', 14),
(232, '2021_12_11_170536_add_row_customer_crud_permission_to_permissions_table', 14),
(233, '2021_12_13_110634_create_page_builder_permission_table', 15),
(234, '2021_12_13_140220_remove_reset_db_form_permission_table', 15),
(235, '2021_12_13_180444_add_session_id_to_carts_table', 15),
(236, '2021_12_15_112951_create_sms_gateway_settings_table', 15),
(237, '2021_12_19_104116_add_affiliate_module', 15),
(238, '2021_12_19_115013_add_otp_row_to_modules_table', 15),
(239, '2021_12_23_081812_add_page_builder_module', 15),
(240, '2021_12_26_125438_add_sms_gateway_bussiness_seeting_row_table', 15),
(241, '2021_12_27_130537_create_form_builder_permission_table', 15),
(242, '2021_12_27_131929_create_custom_forms_table', 15),
(243, '2021_12_28_151539_add_others_column_to_users_table', 15),
(244, '2021_12_29_131650_add_bkash_module_table', 15),
(245, '2022_01_02_112510_add_note_column_to_orders_table', 15),
(246, '2022_01_02_114714_add_others_field_to_contacts_table', 15),
(247, '2022_01_04_131457_change_description_column_to_dynamic_pages_table', 15),
(248, '2022_01_10_104731_add_ssl_commerz_module', 15),
(249, '2022_01_12_125313_modify_superadmin_role_to_roles_table', 15),
(250, '2022_01_12_172422_create_carriers_table', 15),
(251, '2022_01_12_202221_remove_multivendor_permission_issue_from_role_permission', 15),
(252, '2022_01_13_095627_modify_shipping_method_table', 15),
(253, '2022_01_13_122553_create_shipping_configurations_table', 15),
(254, '2022_01_13_122658_add_default_role_permission_for_admin_role', 15),
(255, '2022_01_14_092734_add_lead_module_table', 15),
(256, '2022_01_17_175615_add_carrier_order_id_field_to_order_package_details_table', 15),
(257, '2022_01_18_130411_change_currency_rate_field', 15),
(258, '2022_01_18_152854_add_weight_field_to_product_sku_table', 15),
(259, '2022_01_20_125652_add_mercado_pago_module', 15),
(260, '2022_01_21_101328_add_permission_sidebar_for_configuration_marketing_module', 15),
(261, '2022_01_24_171847_add_admin_msg_field_to_notification_settings', 15),
(262, '2022_01_24_183901_add_shiprocket_module', 15),
(263, '2022_01_25_143449_create_pickup_locations_table', 15),
(264, '2022_02_01_160034_add_permission_sidebar_for_shipping_module', 15),
(265, '2022_02_02_094454_add_default_position_field_to_sidebars_table', 15),
(266, '2022_02_04_095633_add_height_weight_info_to_order_package_details_table', 15),
(267, '2022_02_05_105348_shipping_method_user_assign_table', 15),
(268, '2022_02_05_171836_add_column_to_refund_request_details_table', 15),
(269, '2022_02_07_103238_set_pickup_point_value_in_order_package_details_column', 15),
(270, '2022_02_07_142059_create_label_configs_table', 15),
(271, '2022_02_07_163154_add_new_permission_to_shipping_module', 15),
(272, '2022_02_08_175019_add_multivendor_to_modules', 15),
(273, '2022_02_11_082245_add_created_by_field_to_carriers_table', 15),
(274, '2022_02_11_090246_create_seller_wise_carrier_configs_table', 15),
(275, '2022_02_14_110834_modify_shipping_configurations_table', 15),
(276, '2022_02_14_124826_seller_default_shipping_config', 15),
(277, '2022_02_14_175028_seller_default_carrier_table', 15),
(278, '2022_02_14_175730_seller_default_shipping_rates_table', 15),
(279, '2022_02_15_161758_packing_permision_add_to_shipping_orders', 15),
(280, '2022_02_16_131625_add_customer_address_permission_table', 15),
(281, '2022_02_17_153347_add_is_paid_column_to_order_package_details', 15),
(282, '2022_02_21_174115_add_giftcard_default_template', 15),
(283, '2022_02_22_094455_create_g_s_t_groups_table', 15),
(284, '2022_02_22_180442_add_gst_group_to_products', 15),
(285, '2022_02_24_174922_previous_order_amount_fix', 15),
(286, '2022_02_25_171629_create_default_pickup_for_exsisting_seller', 15),
(287, '2022_02_28_094234_alter_customer_addresses_table', 15),
(288, '2022_03_03_104504_create_xml_sitemaps_table', 15),
(289, '2022_03_03_180118_add_homepage_seo_meta_to_general_settings_table', 15),
(290, '2022_03_04_154236_add_preloader_info_to_general_settings', 15),
(291, '2022_03_07_195511_minimum_shopping_amount_add_to_shipping_methods_table', 15),
(292, '2022_03_10_112409_create_order_address_details_table', 15),
(296, '2022_03_21_192609_add_password_reset_email_template', 15),
(297, '2022_03_25_182815_index_column_id_for_tables', 15),
(298, '2022_03_28_105150_change_color_scheme_permision_route_name', 15),
(299, '2022_04_06_095709_change_default_dashboard_border_color', 15),
(300, '2022_04_06_151218_additional_field_to_products_table', 15),
(301, '2022_04_18_144137_add_pickup_delivery_info_to_orders_table', 15),
(302, '2022_04_19_114438_add_goldPrice_module_to_module_manager', 15),
(303, '2022_04_22_123127_add_is_updated_to_carts_add_category_show_to_general_settings', 15),
(304, '2022_05_12_141838_add_two_fields_to_general_settings_table', 15),
(305, '2022_05_12_153301_add_social_links_to_general_settings_table', 15),
(306, '2022_05_17_151800_inhouse_order_permission_change', 15),
(307, '2022_05_18_115653_inhouse_orders_payment_create', 15),
(308, '2022_06_09_171902_tax_add_on_order_product_details', 15),
(309, '2022_06_20_125007_blog_permision_issue_fixed', 15),
(310, '2022_07_04_122335_add_is_buy_now_to_cart_table', 15),
(311, '2022_07_06_123724_homepage_data_section_add', 15),
(312, '2022_07_06_181409_create_home_page_custom_sections_table', 15),
(313, '2022_07_07_121157_create_mega_menu_ads_table', 15),
(314, '2022_07_08_124743_promotion_ads_bar_to_table', 15),
(315, '2022_07_14_191002_create_login_pages_table', 15),
(316, '2022_07_15_173807_AddColumnInThemeTable', 15),
(317, '2022_07_18_193728_add_wholesale_module_to_modules', 15),
(318, '2022_07_20_160741_add_show_title_to_new_user_zone', 15),
(319, '2022_07_22_111046_create_footer_contents_table', 15);

-- --------------------------------------------------------

--
-- Table structure for table `modules`
--

CREATE TABLE `modules` (
  `id` int(10) UNSIGNED NOT NULL,
  `name` varchar(255) COLLATE utf8mb4_unicode_ci NOT NULL,
  `status` tinyint(4) NOT NULL DEFAULT '1',
  `order` int(11) NOT NULL,
  `created_at` timestamp NULL DEFAULT NULL,
  `updated_at` timestamp NULL DEFAULT NULL
) ENGINE=InnoDB DEFAULT CHARSET=utf8mb4 COLLATE=utf8mb4_unicode_ci;

--
-- Dumping data for table `modules`
--

INSERT INTO `modules` (`id`, `name`, `status`, `order`, `created_at`, `updated_at`) VALUES
(1, 'AmazonS3', 1, 0, '2022-07-22 10:57:06', '2022-07-22 10:57:06'),
(2, 'MultiVendor', 1, 2, '2022-07-22 10:57:06', '2022-07-22 10:57:06'),
(3, 'Affiliate', 0, 3, '2022-07-22 10:57:14', '2022-07-22 10:57:14'),
(4, 'Otp', 1, 3, '2022-07-22 10:57:14', '2022-07-22 10:57:14'),
(5, 'Bkash', 0, 5, '2022-07-22 10:57:14', '2022-07-22 10:57:14'),
(6, 'SslCommerz', 0, 5, '2022-07-22 10:57:14', '2022-07-22 10:57:14'),
(7, 'Lead', 0, 6, '2022-07-22 10:57:14', '2022-07-22 10:57:14'),
(8, 'MercadoPago', 0, 7, '2022-07-22 10:57:14', '2022-07-22 10:57:14'),
(9, 'ShipRocket', 0, 8, '2022-07-22 10:57:14', '2022-07-22 10:57:14'),
(10, 'GoldPrice', 1, 9, '2022-07-22 10:57:15', '2022-07-22 10:57:15'),
(11, 'WholeSale', 1, 10, '2022-07-22 10:58:56', '2022-07-22 10:58:56');

-- --------------------------------------------------------

--
-- Table structure for table `multi_mega_menus`
--

CREATE TABLE `multi_mega_menus` (
  `id` bigint(20) UNSIGNED NOT NULL,
  `title` varchar(255) COLLATE utf8mb4_unicode_ci DEFAULT NULL,
  `multi_mega_menu_id` bigint(20) UNSIGNED NOT NULL,
  `menu_id` bigint(20) UNSIGNED NOT NULL,
  `position` int(10) UNSIGNED NOT NULL DEFAULT '768989',
  `is_newtab` tinyint(1) NOT NULL DEFAULT '0',
  `created_at` timestamp NULL DEFAULT NULL,
  `updated_at` timestamp NULL DEFAULT NULL
) ENGINE=InnoDB DEFAULT CHARSET=utf8mb4 COLLATE=utf8mb4_unicode_ci;

--
-- Dumping data for table `multi_mega_menus`
--

INSERT INTO `multi_mega_menus` (`id`, `title`, `multi_mega_menu_id`, `menu_id`, `position`, `is_newtab`, `created_at`, `updated_at`) VALUES
(1, 'Fashions', 3, 4, 4, 0, '2021-09-28 13:30:56', '2021-09-28 14:22:49'),
(2, 'Watches & Accessories', 3, 7, 3, 0, '2021-09-28 14:15:14', '2021-09-28 14:15:26'),
(3, 'Electronics Devices', 3, 6, 2, 0, '2021-09-28 14:15:14', '2021-09-28 14:15:23'),
(4, 'Computer & Accessories', 3, 5, 1, 1, '2021-09-28 14:15:14', '2022-07-26 10:31:59'),
(5, 'Toys , Kids & Babies', 3, 10, 5, 0, '2021-09-28 14:22:42', '2021-09-28 14:22:49'),
(6, 'Bag & Shoes', 3, 9, 6, 0, '2021-09-28 14:22:42', '2021-09-28 14:22:49'),
(7, 'Auto Mobiles & bikes', 3, 8, 9, 0, '2021-09-28 14:22:42', '2021-09-28 14:27:45'),
(8, 'Groceries & Pets', 3, 12, 10, 0, '2021-09-28 14:25:52', '2021-09-28 14:27:45'),
(9, 'Home & Lifestyle', 3, 14, 7, 0, '2021-09-28 14:27:33', '2021-09-28 14:27:45'),
(10, 'TV & Home Appliances', 3, 13, 8, 0, '2021-09-28 14:27:33', '2021-09-28 14:27:45'),
(11, 'Check Menu', 3, 16, 768989, 0, '2021-11-23 11:28:48', '2021-11-23 11:28:48');

-- --------------------------------------------------------

--
-- Table structure for table `news_letters`
--

CREATE TABLE `news_letters` (
  `id` bigint(20) UNSIGNED NOT NULL,
  `title` varchar(255) COLLATE utf8mb4_unicode_ci NOT NULL,
  `message` longtext COLLATE utf8mb4_unicode_ci NOT NULL,
  `publish_date` date NOT NULL,
  `send_type` int(10) UNSIGNED NOT NULL,
  `send_user_ids` text COLLATE utf8mb4_unicode_ci NOT NULL,
  `multiple_role_id` varchar(255) COLLATE utf8mb4_unicode_ci DEFAULT NULL,
  `single_role_id` tinyint(3) UNSIGNED DEFAULT NULL,
  `created_by` bigint(20) UNSIGNED DEFAULT NULL,
  `updated_by` bigint(20) UNSIGNED DEFAULT NULL,
  `is_send` tinyint(1) NOT NULL DEFAULT '0',
  `created_at` timestamp NULL DEFAULT NULL,
  `updated_at` timestamp NULL DEFAULT NULL
) ENGINE=InnoDB DEFAULT CHARSET=utf8mb4 COLLATE=utf8mb4_unicode_ci;

--
-- Dumping data for table `news_letters`
--

INSERT INTO `news_letters` (`id`, `title`, `message`, `publish_date`, `send_type`, `send_user_ids`, `multiple_role_id`, `single_role_id`, `created_by`, `updated_by`, `is_send`, `created_at`, `updated_at`) VALUES
(1, 'test news letter', '<div style=\"font-family: &quot;Open Sans&quot;, &quot;Helvetica Neue&quot;, Helvetica, Arial, sans-serif; color: rgb(255, 255, 255); text-align: center; background-color: rgb(152, 62, 81); padding: 30px; border-top-left-radius: 3px; border-top-right-radius: 3px; margin: 0px;\"><h1 style=\"margin: 20px 0px 10px; font-size: 36px; font-family: &quot;Helvetica Neue&quot;, Helvetica, Arial, sans-serif; font-weight: 500; line-height: 1.1; color: inherit;\">Template</h1></div><div style=\"color: rgb(0, 0, 0); font-family: &quot;Open Sans&quot;, &quot;Helvetica Neue&quot;, Helvetica, Arial, sans-serif; padding: 20px;\"><p style=\"color: rgb(85, 85, 85);\">Hello {USER_FIRST_NAME}<br><br>An account has been created for you.</p><p style=\"color: rgb(85, 85, 85);\">Please use the following info to login your dashboard:</p><p style=\"color: rgb(85, 85, 85);\">{ORDER_TRACKING_NUMBER}<br></p><hr style=\"box-sizing: content-box; margin-top: 20px; margin-bottom: 20px; border-top-color: rgb(238, 238, 238);\"><p style=\"color: rgb(85, 85, 85);\">test</p><p style=\"color: rgb(85, 85, 85);\">{EMAIL_SIGNATURE}</p><p style=\"color: rgb(85, 85, 85);\"><br></p></div>\r\n<div style=\"font-family: &quot;Open Sans&quot;, &quot;Helvetica Neue&quot;, Helvetica, Arial, sans-serif; color: rgb(255, 255, 255); text-align: center; background-color: rgb(152, 62, 81); padding: 30px; border-top-left-radius: 3px; border-top-right-radius: 3px; margin: 0px;\"><h1 style=\"margin: 20px 0px 10px; font-size: 36px; font-family: &quot;Helvetica Neue&quot;, Helvetica, Arial, sans-serif; font-weight: 500; line-height: 1.1; color: inherit;\">Template</h1></div><div style=\"color: rgb(0, 0, 0); font-family: &quot;Open Sans&quot;, &quot;Helvetica Neue&quot;, Helvetica, Arial, sans-serif; padding: 20px;\"></div>', '2021-10-30', 2, '[2]', NULL, 2, 1, NULL, 0, '2021-10-30 05:12:52', '2021-10-30 05:12:52'),
(2, 'Test again', '<div style=\"font-family: &quot;Open Sans&quot;, &quot;Helvetica Neue&quot;, Helvetica, Arial, sans-serif; color: rgb(255, 255, 255); text-align: center; background-color: rgb(152, 62, 81); padding: 30px; border-top-left-radius: 3px; border-top-right-radius: 3px; margin: 0px;\"><h1 style=\"margin: 20px 0px 10px; font-size: 36px; font-family: &quot;Helvetica Neue&quot;, Helvetica, Arial, sans-serif; font-weight: 500; line-height: 1.1; color: inherit;\">Testing</h1></div><div style=\"color: rgb(0, 0, 0); font-family: &quot;Open Sans&quot;, &quot;Helvetica Neue&quot;, Helvetica, Arial, sans-serif; padding: 20px;\"><p style=\"color: rgb(85, 85, 85);\">Hello {USER_FIRST_NAME}<br><br>An account has been created.</p><p style=\"color: rgb(85, 85, 85);\">Please use the following info to login your dashboard:</p><p style=\"color: rgb(85, 85, 85);\">{ORDER_TRACKING_NUMBER}<br></p><hr style=\"box-sizing: content-box; margin-top: 20px; margin-bottom: 20px; border-top-color: rgb(238, 238, 238);\"><p style=\"color: rgb(85, 85, 85);\"><br></p><p style=\"color: rgb(85, 85, 85);\">{EMAIL_SIGNATURE}</p><p style=\"color: rgb(85, 85, 85);\"><br></p></div>\r\n<div style=\"font-family: &quot;Open Sans&quot;, &quot;Helvetica Neue&quot;, Helvetica, Arial, sans-serif; color: rgb(255, 255, 255); text-align: center; background-color: rgb(152, 62, 81); padding: 30px; border-top-left-radius: 3px; border-top-right-radius: 3px; margin: 0px;\"><h1 style=\"margin: 20px 0px 10px; font-size: 36px; font-family: &quot;Helvetica Neue&quot;, Helvetica, Arial, sans-serif; font-weight: 500; line-height: 1.1; color: inherit;\">Template</h1></div><div style=\"color: rgb(0, 0, 0); font-family: &quot;Open Sans&quot;, &quot;Helvetica Neue&quot;, Helvetica, Arial, sans-serif; padding: 20px;\"></div>', '2021-11-22', 4, '[\"1\",\"2\",\"4\"]', NULL, NULL, 1, NULL, 0, '2021-11-21 17:15:24', '2022-07-26 15:04:57');

-- --------------------------------------------------------

--
-- Table structure for table `new_user_zones`
--

CREATE TABLE `new_user_zones` (
  `id` bigint(20) UNSIGNED NOT NULL,
  `title` varchar(255) COLLATE utf8mb4_unicode_ci NOT NULL,
  `sub_title` varchar(255) COLLATE utf8mb4_unicode_ci DEFAULT NULL,
  `background_color` varchar(255) COLLATE utf8mb4_unicode_ci DEFAULT NULL,
  `text_color` varchar(255) COLLATE utf8mb4_unicode_ci DEFAULT NULL,
  `slug` varchar(255) COLLATE utf8mb4_unicode_ci NOT NULL,
  `banner_image` varchar(255) COLLATE utf8mb4_unicode_ci DEFAULT NULL,
  `product_navigation_label` varchar(255) COLLATE utf8mb4_unicode_ci NOT NULL,
  `category_navigation_label` varchar(255) COLLATE utf8mb4_unicode_ci NOT NULL,
  `coupon_navigation_label` varchar(255) COLLATE utf8mb4_unicode_ci NOT NULL,
  `product_slogan` varchar(255) COLLATE utf8mb4_unicode_ci DEFAULT NULL,
  `category_slogan` varchar(255) COLLATE utf8mb4_unicode_ci DEFAULT NULL,
  `coupon_slogan` varchar(255) COLLATE utf8mb4_unicode_ci DEFAULT NULL,
  `status` tinyint(1) NOT NULL DEFAULT '0',
  `is_featured` tinyint(1) NOT NULL DEFAULT '0',
  `title_show` tinyint(1) NOT NULL DEFAULT '1',
  `created_by` bigint(20) UNSIGNED DEFAULT NULL,
  `updated_by` bigint(20) UNSIGNED DEFAULT NULL,
  `created_at` timestamp NULL DEFAULT NULL,
  `updated_at` timestamp NULL DEFAULT NULL
) ENGINE=InnoDB DEFAULT CHARSET=utf8mb4 COLLATE=utf8mb4_unicode_ci;

--
-- Dumping data for table `new_user_zones`
--

INSERT INTO `new_user_zones` (`id`, `title`, `sub_title`, `background_color`, `text_color`, `slug`, `banner_image`, `product_navigation_label`, `category_navigation_label`, `coupon_navigation_label`, `product_slogan`, `category_slogan`, `coupon_slogan`, `status`, `is_featured`, `title_show`, `created_by`, `updated_by`, `created_at`, `updated_at`) VALUES
(1, 'New User Gifts – Choose One!', 'Hi, welcome to Amazy', 'white', '#444444', 'new-user-gifts-–-choose-one!-32jk0', 'uploads/images/28-07-2022/62e20d31bc680.jpeg', '$US 0.1', 'Exclusive Price', 'Coupon', 'Hot Picks For You', 'More To Love', 'Start shopping with your new coupon', 1, 0, 1, 1, 1, '2021-09-28 13:59:27', '2022-07-28 10:16:05');

-- --------------------------------------------------------

--
-- Table structure for table `new_user_zone_categories`
--

CREATE TABLE `new_user_zone_categories` (
  `id` bigint(20) UNSIGNED NOT NULL,
  `new_user_zone_id` bigint(20) UNSIGNED NOT NULL,
  `category_id` bigint(20) UNSIGNED NOT NULL,
  `position` int(10) UNSIGNED NOT NULL,
  `created_at` timestamp NULL DEFAULT NULL,
  `updated_at` timestamp NULL DEFAULT NULL
) ENGINE=InnoDB DEFAULT CHARSET=utf8mb4 COLLATE=utf8mb4_unicode_ci;

--
-- Dumping data for table `new_user_zone_categories`
--

INSERT INTO `new_user_zone_categories` (`id`, `new_user_zone_id`, `category_id`, `position`, `created_at`, `updated_at`) VALUES
(1, 1, 3, 1, '2021-09-28 13:59:27', '2021-09-28 13:59:27'),
(2, 1, 4, 2, '2021-09-28 13:59:27', '2021-09-28 13:59:27'),
(3, 1, 5, 3, '2021-09-28 13:59:27', '2021-09-28 13:59:27'),
(4, 1, 7, 4, '2021-09-28 13:59:27', '2021-09-28 13:59:27'),
(5, 1, 8, 5, '2021-09-28 13:59:27', '2021-09-28 13:59:27'),
(6, 1, 13, 6, '2021-09-28 13:59:27', '2021-09-28 13:59:27');

-- --------------------------------------------------------

--
-- Table structure for table `new_user_zone_coupons`
--

CREATE TABLE `new_user_zone_coupons` (
  `id` bigint(20) UNSIGNED NOT NULL,
  `new_user_zone_id` bigint(20) UNSIGNED NOT NULL,
  `coupon_id` bigint(20) UNSIGNED NOT NULL,
  `created_at` timestamp NULL DEFAULT NULL,
  `updated_at` timestamp NULL DEFAULT NULL
) ENGINE=InnoDB DEFAULT CHARSET=utf8mb4 COLLATE=utf8mb4_unicode_ci;

--
-- Dumping data for table `new_user_zone_coupons`
--

INSERT INTO `new_user_zone_coupons` (`id`, `new_user_zone_id`, `coupon_id`, `created_at`, `updated_at`) VALUES
(1, 1, 6, '2021-09-28 13:59:27', '2022-07-28 16:48:59');

-- --------------------------------------------------------

--
-- Table structure for table `new_user_zone_coupon_categories`
--

CREATE TABLE `new_user_zone_coupon_categories` (
  `id` bigint(20) UNSIGNED NOT NULL,
  `new_user_zone_id` bigint(20) UNSIGNED NOT NULL,
  `category_id` bigint(20) UNSIGNED NOT NULL,
  `position` int(10) UNSIGNED DEFAULT NULL,
  `created_at` timestamp NULL DEFAULT NULL,
  `updated_at` timestamp NULL DEFAULT NULL
) ENGINE=InnoDB DEFAULT CHARSET=utf8mb4 COLLATE=utf8mb4_unicode_ci;

--
-- Dumping data for table `new_user_zone_coupon_categories`
--

INSERT INTO `new_user_zone_coupon_categories` (`id`, `new_user_zone_id`, `category_id`, `position`, `created_at`, `updated_at`) VALUES
(1, 1, 13, 1, '2021-09-28 13:59:27', '2021-09-28 13:59:27'),
(2, 1, 6, 2, '2021-09-28 13:59:27', '2021-09-28 13:59:27'),
(3, 1, 11, 3, '2021-09-28 13:59:27', '2021-09-28 13:59:27'),
(4, 1, 10, 4, '2021-09-28 13:59:27', '2021-09-28 13:59:27'),
(5, 2, 25, 1, '2021-11-23 11:50:33', '2021-11-23 11:50:33'),
(6, 2, 3, 2, '2021-11-23 11:50:33', '2021-11-23 11:50:33');

-- --------------------------------------------------------

--
-- Table structure for table `new_user_zone_products`
--

CREATE TABLE `new_user_zone_products` (
  `id` bigint(20) UNSIGNED NOT NULL,
  `new_user_zone_id` bigint(20) UNSIGNED NOT NULL,
  `seller_product_id` bigint(20) UNSIGNED NOT NULL,
  `status` tinyint(1) NOT NULL DEFAULT '1',
  `created_at` timestamp NULL DEFAULT NULL,
  `updated_at` timestamp NULL DEFAULT NULL
) ENGINE=InnoDB DEFAULT CHARSET=utf8mb4 COLLATE=utf8mb4_unicode_ci;

--
-- Dumping data for table `new_user_zone_products`
--

INSERT INTO `new_user_zone_products` (`id`, `new_user_zone_id`, `seller_product_id`, `status`, `created_at`, `updated_at`) VALUES
(1, 1, 1, 1, '2021-09-28 13:59:27', '2021-09-28 13:59:27'),
(2, 1, 2, 1, '2021-09-28 13:59:27', '2021-09-28 13:59:27'),
(3, 1, 3, 1, '2021-09-28 13:59:27', '2021-09-28 13:59:27'),
(4, 1, 4, 1, '2021-09-28 13:59:27', '2021-09-28 13:59:27'),
(5, 1, 5, 1, '2021-09-28 13:59:27', '2021-09-28 13:59:27'),
(6, 1, 6, 1, '2021-09-28 13:59:27', '2021-09-28 13:59:27'),
(8, 1, 8, 1, '2021-09-28 13:59:27', '2021-09-28 13:59:27'),
(10, 1, 18, 1, '2021-09-28 13:59:27', '2021-09-28 13:59:27'),
(13, 1, 82, 1, '2021-11-25 18:01:50', '2021-11-25 18:01:50'),
(14, 1, 73, 1, '2021-11-25 18:01:50', '2021-11-25 18:01:50'),
(15, 1, 34, 1, '2021-11-25 18:01:50', '2021-11-25 18:01:50'),
(16, 1, 37, 1, '2021-11-25 18:01:50', '2021-11-25 18:01:50'),
(17, 1, 32, 1, '2021-11-25 18:03:15', '2021-11-25 18:03:15'),
(18, 1, 33, 1, '2021-11-25 18:03:15', '2021-11-25 18:03:15'),
(19, 1, 35, 1, '2021-11-25 18:03:15', '2021-11-25 18:03:15'),
(20, 1, 81, 1, '2021-11-25 18:03:15', '2021-11-25 18:03:15'),
(21, 1, 72, 1, '2021-11-25 18:03:15', '2021-11-25 18:03:15'),
(22, 1, 76, 1, '2021-11-25 18:03:15', '2021-11-25 18:03:15');

-- --------------------------------------------------------

--
-- Table structure for table `notifications`
--

CREATE TABLE `notifications` (
  `id` char(36) COLLATE utf8mb4_unicode_ci NOT NULL,
  `type` varchar(255) COLLATE utf8mb4_unicode_ci NOT NULL,
  `notifiable_type` varchar(255) COLLATE utf8mb4_unicode_ci NOT NULL,
  `notifiable_id` bigint(20) UNSIGNED NOT NULL,
  `data` text COLLATE utf8mb4_unicode_ci NOT NULL,
  `read_at` timestamp NULL DEFAULT NULL,
  `created_at` timestamp NULL DEFAULT NULL,
  `updated_at` timestamp NULL DEFAULT NULL
) ENGINE=InnoDB DEFAULT CHARSET=utf8mb4 COLLATE=utf8mb4_unicode_ci;

--
-- Dumping data for table `notifications`
--

INSERT INTO `notifications` (`id`, `type`, `notifiable_type`, `notifiable_id`, `data`, `read_at`, `created_at`, `updated_at`) VALUES
('00148edb-1c3e-4e38-a559-5036623fdf9b', 'App\\Notifications\\NewAuthorPost', 'App\\Models\\User', 3, '{\"data\":\"Super AdminHas Created a New Post\"}', NULL, '2021-11-23 16:47:01', '2021-11-23 16:47:01'),
('03420e41-d829-4b9b-8384-78567a8c9124', 'App\\Notifications\\NewAuthorPost', 'App\\Models\\User', 3, '{\"data\":\"Super AdminHas Created a New Post\"}', NULL, '2021-11-23 16:51:40', '2021-11-23 16:51:40'),
('0afdb1b1-2de1-450e-868a-1402cc272735', 'App\\Notifications\\NewAuthorPost', 'App\\Models\\User', 1, '{\"data\":\"Super AdminHas Created a New Post\"}', NULL, '2021-11-23 16:52:41', '2021-11-23 16:52:41'),
('0d217d65-e45f-4911-8cff-f1150c3ddb97', 'App\\Notifications\\NewAuthorPost', 'App\\Models\\User', 1, '{\"data\":\"Super AdminHas Created a New Post\"}', NULL, '2021-11-23 16:51:40', '2021-11-23 16:51:40'),
('0da38651-9eec-4312-8f72-b916614d7de5', 'App\\Notifications\\NewAuthorPost', 'App\\Models\\User', 2, '{\"data\":\"Super AdminHas Created a New Post\"}', NULL, '2021-11-23 16:48:53', '2021-11-23 16:48:53'),
('17901e04-3c1d-4818-8dad-8c794c6ab37e', 'App\\Notifications\\NewAuthorPost', 'App\\Models\\User', 1, '{\"data\":\"Super AdminHas Created a New Post\"}', NULL, '2021-11-23 16:55:01', '2021-11-23 16:55:01'),
('1cec065a-814e-4b30-b2a6-bc3b61893efa', 'App\\Notifications\\NewAuthorPost', 'App\\Models\\User', 2, '{\"data\":\"Super AdminHas Created a New Post\"}', NULL, '2021-11-23 16:51:40', '2021-11-23 16:51:40'),
('268b98a3-b423-4880-bdce-6aab2b1947ff', 'App\\Notifications\\NewAuthorPost', 'App\\Models\\User', 1, '{\"data\":\"Super AdminHas Created a New Post\"}', NULL, '2021-11-23 16:47:01', '2021-11-23 16:47:01'),
('291715ba-26dc-4dd5-9740-949fca438a3c', 'App\\Notifications\\NewAuthorPost', 'App\\Models\\User', 1, '{\"data\":\"Your Post Has Been Approved \"}', NULL, '2021-11-23 16:47:26', '2021-11-23 16:47:26'),
('30d312af-bdd8-45ed-85b6-980cf57129fd', 'App\\Notifications\\NewAuthorPost', 'App\\Models\\User', 1, '{\"data\":\"Your Post Has Been Approved \"}', NULL, '2021-11-23 16:54:00', '2021-11-23 16:54:00'),
('367e357b-0047-49ba-8855-d9bad3d40752', 'App\\Notifications\\NewAuthorPost', 'App\\Models\\User', 1, '{\"data\":\"Super AdminHas Created a New Post\"}', NULL, '2021-11-23 11:55:51', '2021-11-23 11:55:51'),
('3a0b9117-15ce-45f2-a3e1-425d523a85c7', 'App\\Notifications\\NewAuthorPost', 'App\\Models\\User', 1, '{\"data\":\"Your Post Has Been Approved \"}', NULL, '2021-11-23 16:53:52', '2021-11-23 16:53:52'),
('3fbf9c25-5393-44bc-b595-d753da9d026c', 'App\\Notifications\\NewAuthorPost', 'App\\Models\\User', 1, '{\"data\":\"Your Post Has Been Approved \"}', NULL, '2021-11-23 16:55:47', '2021-11-23 16:55:47'),
('4c59da63-a571-4172-983f-ba8be9c30b96', 'App\\Notifications\\NewAuthorPost', 'App\\Models\\User', 3, '{\"data\":\"Super AdminHas Created a New Post\"}', NULL, '2021-11-23 16:52:41', '2021-11-23 16:52:41'),
('52c222d4-a8ba-492c-9865-602616cca867', 'App\\Notifications\\NewAuthorPost', 'App\\Models\\User', 2, '{\"data\":\"Super AdminHas Created a New Post\"}', NULL, '2021-11-23 11:55:51', '2021-11-23 11:55:51'),
('6cef3edd-26eb-4474-8f3d-4488dd85c0d0', 'App\\Notifications\\NewAuthorPost', 'App\\Models\\User', 2, '{\"data\":\"Super AdminHas Created a New Post\"}', NULL, '2021-11-23 16:52:41', '2021-11-23 16:52:41'),
('701f3b85-8c6a-4150-aff2-3e117fee6062', 'App\\Notifications\\NewAuthorPost', 'App\\Models\\User', 3, '{\"data\":\"Super AdminHas Created a New Post\"}', NULL, '2021-11-23 11:55:51', '2021-11-23 11:55:51'),
('72a47041-9a92-4571-904b-c063a107aee6', 'App\\Notifications\\NewAuthorPost', 'App\\Models\\User', 1, '{\"data\":\"Super AdminHas Created a New Post\"}', NULL, '2021-11-23 11:51:55', '2021-11-23 11:51:55'),
('76144d6c-44d8-4316-954e-539a55e80960', 'App\\Notifications\\NewAuthorPost', 'App\\Models\\User', 1, '{\"data\":\"Your Post Has Been Approved \"}', NULL, '2021-11-23 11:53:13', '2021-11-23 11:53:13'),
('7e9341ee-24e0-4b3d-a8bb-9081e25cb39f', 'App\\Notifications\\NewAuthorPost', 'App\\Models\\User', 3, '{\"data\":\"Super AdminHas Created a New Post\"}', NULL, '2021-11-23 11:51:55', '2021-11-23 11:51:55'),
('8cb03623-1686-450e-8178-46accddfab72', 'App\\Notifications\\NewAuthorPost', 'App\\Models\\User', 1, '{\"data\":\"Super AdminHas Created a New Post\"}', NULL, '2021-11-23 16:48:53', '2021-11-23 16:48:53'),
('938fbfc2-4c34-4742-bc89-db6891582df4', 'App\\Notifications\\NewAuthorPost', 'App\\Models\\User', 2, '{\"data\":\"Super AdminHas Created a New Post\"}', NULL, '2021-11-23 16:47:01', '2021-11-23 16:47:01'),
('944ccd7a-84ed-4b2d-a2f8-64f257dc2bbf', 'App\\Notifications\\NewAuthorPost', 'App\\Models\\User', 1, '{\"data\":\"Your Post Has Been Approved \"}', NULL, '2021-11-23 11:55:56', '2021-11-23 11:55:56'),
('9ce40447-938d-40c5-a084-07675872b4f6', 'App\\Notifications\\NewAuthorPost', 'App\\Models\\User', 3, '{\"data\":\"Super AdminHas Created a New Post\"}', NULL, '2021-11-23 16:55:01', '2021-11-23 16:55:01'),
('a6928bc0-8303-491b-801c-0de7350bdd6c', 'App\\Notifications\\NewAuthorPost', 'App\\Models\\User', 2, '{\"data\":\"Super AdminHas Created a New Post\"}', NULL, '2021-11-23 16:55:01', '2021-11-23 16:55:01'),
('cd2946ad-a5f0-4932-beb8-ae211455074c', 'App\\Notifications\\NewAuthorPost', 'App\\Models\\User', 1, '{\"data\":\"Your Post Has Been Approved \"}', NULL, '2021-11-23 16:53:57', '2021-11-23 16:53:57'),
('d4f9e1ea-a37e-4ab1-8db4-30bfb0ea0956', 'App\\Notifications\\NewAuthorPost', 'App\\Models\\User', 3, '{\"data\":\"Super AdminHas Created a New Post\"}', NULL, '2021-11-23 16:48:53', '2021-11-23 16:48:53'),
('ec2bfbc8-9983-44b8-9914-1b7b662c9502', 'App\\Notifications\\NewAuthorPost', 'App\\Models\\User', 2, '{\"data\":\"Super AdminHas Created a New Post\"}', NULL, '2021-11-23 11:51:55', '2021-11-23 11:51:55');

-- --------------------------------------------------------

--
-- Table structure for table `notification_settings`
--

CREATE TABLE `notification_settings` (
  `id` bigint(20) UNSIGNED NOT NULL,
  `event` varchar(191) COLLATE utf8mb4_unicode_ci DEFAULT NULL,
  `delivery_process_id` bigint(20) UNSIGNED DEFAULT NULL,
  `type` varchar(191) COLLATE utf8mb4_unicode_ci DEFAULT NULL,
  `message` varchar(191) COLLATE utf8mb4_unicode_ci DEFAULT NULL,
  `admin_msg` longtext COLLATE utf8mb4_unicode_ci,
  `user_access_status` tinyint(1) NOT NULL DEFAULT '1',
  `seller_access_status` tinyint(1) NOT NULL DEFAULT '0',
  `admin_access_status` tinyint(1) NOT NULL DEFAULT '0',
  `staff_access_status` tinyint(1) NOT NULL DEFAULT '0',
  `module` varchar(191) COLLATE utf8mb4_unicode_ci DEFAULT NULL,
  `created_at` timestamp NULL DEFAULT NULL,
  `updated_at` timestamp NULL DEFAULT NULL
) ENGINE=InnoDB DEFAULT CHARSET=utf8mb4 COLLATE=utf8mb4_unicode_ci;

--
-- Dumping data for table `notification_settings`
--

INSERT INTO `notification_settings` (`id`, `event`, `delivery_process_id`, `type`, `message`, `admin_msg`, `user_access_status`, `seller_access_status`, `admin_access_status`, `staff_access_status`, `module`, `created_at`, `updated_at`) VALUES
(1, 'Register', NULL, 'system', 'Welcome to the system.', 'A customer has been registered.', 0, 0, 1, 1, NULL, '2021-11-01 06:54:41', '2022-07-22 17:38:54'),
(2, 'Offline recharge', NULL, 'system', 'Offline recharge successful', 'Offline recharge done to user.', 1, 1, 1, 1, NULL, '2021-11-01 06:54:41', '2022-07-22 17:38:54'),
(3, 'Withdraw request declined', NULL, 'system', 'Your withdraw request declined', 'A withdraw request has been declined.', 0, 1, 1, 1, NULL, '2021-11-01 06:54:41', '2022-07-22 17:38:54'),
(4, 'Withdraw request approve', NULL, 'system', 'Withdraw request approve', 'A withdraw request has been approved.', 0, 1, 1, 1, NULL, '2021-11-01 06:54:41', '2022-07-22 17:38:54'),
(5, 'Order confirmation', NULL, 'system', 'Order Confirmed', 'An order has been approved.', 1, 1, 1, 1, NULL, '2021-11-01 06:54:41', '2022-07-22 17:38:54'),
(6, 'Order Pending', 1, 'email,system,', 'Order Pending', 'An order process change to Pending', 1, 1, 1, 1, NULL, '2021-11-01 06:54:41', '2022-07-22 17:38:54'),
(7, 'Order Processing', 2, 'email,system,', 'Order Processing', 'An order process change to Processing', 1, 1, 1, 1, NULL, '2021-11-01 06:54:41', '2022-07-22 17:38:54'),
(8, 'Order Shipped', 3, 'email,system,', 'Order Shipped', 'An order process change to Shipped', 1, 1, 1, 1, NULL, '2021-11-01 06:54:41', '2022-07-22 17:38:54'),
(9, 'Order Recieved', 4, 'email,system,', 'Order Recieved', 'An order process change to Recieved', 1, 1, 1, 1, NULL, '2021-11-01 06:54:41', '2022-07-22 17:38:54'),
(10, 'Order Delivered', 5, 'email,system,', 'Order Delivered', 'An order process change to Delivered', 1, 1, 1, 1, NULL, '2021-11-01 06:54:41', '2022-07-22 17:38:54'),
(11, 'Product review', NULL, 'system', 'Product review.', 'A product reviewed by customer.', 0, 1, 1, 1, NULL, '2021-11-01 06:54:41', '2022-07-22 17:38:54'),
(12, 'Product disable', NULL, 'system', 'Product disable.', 'A product has been disabled.', 0, 1, 1, 1, NULL, '2021-11-01 06:54:41', '2022-07-22 17:38:54'),
(20, 'New Order', NULL, 'system', 'Order Is placed.', 'New Order placed', 1, 1, 1, 1, NULL, '2022-07-22 17:39:01', '2022-07-22 17:39:01');

-- --------------------------------------------------------

--
-- Table structure for table `orders`
--

CREATE TABLE `orders` (
  `id` bigint(20) UNSIGNED NOT NULL,
  `customer_id` bigint(20) UNSIGNED DEFAULT NULL,
  `order_payment_id` bigint(20) UNSIGNED DEFAULT NULL,
  `order_type` varchar(255) COLLATE utf8mb4_unicode_ci DEFAULT NULL,
  `order_number` varchar(255) COLLATE utf8mb4_unicode_ci NOT NULL,
  `payment_type` bigint(20) UNSIGNED NOT NULL,
  `is_paid` int(10) UNSIGNED NOT NULL DEFAULT '0',
  `is_confirmed` int(10) UNSIGNED NOT NULL DEFAULT '0',
  `is_completed` int(10) UNSIGNED NOT NULL DEFAULT '0',
  `is_cancelled` int(10) UNSIGNED NOT NULL DEFAULT '0',
  `cancel_reason_id` int(10) UNSIGNED DEFAULT NULL,
  `customer_email` varchar(255) COLLATE utf8mb4_unicode_ci DEFAULT NULL,
  `customer_phone` varchar(255) COLLATE utf8mb4_unicode_ci DEFAULT NULL,
  `customer_shipping_address` bigint(20) UNSIGNED DEFAULT NULL,
  `customer_billing_address` bigint(20) UNSIGNED DEFAULT NULL,
  `number_of_package` int(10) UNSIGNED DEFAULT NULL,
  `grand_total` double DEFAULT NULL,
  `sub_total` double DEFAULT NULL,
  `discount_total` double DEFAULT NULL,
  `shipping_total` double DEFAULT NULL,
  `number_of_item` int(10) UNSIGNED DEFAULT NULL,
  `order_status` int(10) UNSIGNED DEFAULT NULL,
  `tax_amount` double DEFAULT '0',
  `note` longtext COLLATE utf8mb4_unicode_ci,
  `delivery_type` varchar(191) COLLATE utf8mb4_unicode_ci DEFAULT 'home_delivery',
  `pickup_location_id` bigint(20) UNSIGNED DEFAULT NULL,
  `created_at` timestamp NULL DEFAULT NULL,
  `updated_at` timestamp NULL DEFAULT NULL
) ENGINE=InnoDB DEFAULT CHARSET=utf8mb4 COLLATE=utf8mb4_unicode_ci;

--
-- Dumping data for table `orders`
--

INSERT INTO `orders` (`id`, `customer_id`, `order_payment_id`, `order_type`, `order_number`, `payment_type`, `is_paid`, `is_confirmed`, `is_completed`, `is_cancelled`, `cancel_reason_id`, `customer_email`, `customer_phone`, `customer_shipping_address`, `customer_billing_address`, `number_of_package`, `grand_total`, `sub_total`, `discount_total`, `shipping_total`, `number_of_item`, `order_status`, `tax_amount`, `note`, `delivery_type`, `pickup_location_id`, `created_at`, `updated_at`) VALUES
(2, NULL, 1, NULL, 'Order-95-211116114952', 1, 0, 1, 0, 0, NULL, 'ngc@g.com', '+1 (463) 672-7964', NULL, NULL, 1, 810.8, 756, 12, 50, 3, 5, 16.8, NULL, 'home_delivery', NULL, '2021-11-16 11:49:52', '2021-11-16 12:10:13'),
(3, 26, 2, NULL, 'Order-35-211116030414', 1, 0, 1, 0, 0, NULL, 'customer2@gmail.com', '23423423', 4, 4, 1, 81.15, 70, 7, 15, 2, 5, 3.15, NULL, 'home_delivery', NULL, '2021-11-16 15:04:14', '2021-11-16 15:05:22'),
(4, 26, 3, NULL, 'Order-23-211116030754', 1, 0, 1, 0, 0, NULL, 'customer2@gmail.com', '23423423', 4, 4, 1, 12125.59, 10000, 400, 1565.59, 1, 5, 960, NULL, 'home_delivery', NULL, '2021-11-16 15:07:54', '2021-11-16 15:08:30'),
(5, 26, 4, NULL, 'Order-26-211116031600', 2, 1, 0, 1, 0, NULL, 'customer2@gmail.com', '23423423', 4, 4, 1, 200, 200, 0, 0, 1, 0, 0, NULL, 'home_delivery', NULL, '2021-11-16 15:16:00', '2021-11-26 02:56:59'),
(6, 26, 5, NULL, 'Order-60-211116034341', 2, 1, 1, 1, 0, NULL, 'customer2@gmail.com', '23423423', 4, 4, 1, 57, 45, 5, 15, 1, 5, 2, NULL, 'home_delivery', NULL, '2021-11-16 15:43:41', '2021-11-25 11:18:00'),
(7, 26, 6, NULL, 'Order-83-211116035939', 2, 1, 1, 0, 0, NULL, 'customer2@gmail.com', '23423423', 4, 4, 1, 36.85, 25, 2, 15, 1, 0, 1.15, NULL, 'home_delivery', NULL, '2021-11-16 15:59:39', '2021-11-26 02:47:40'),
(8, NULL, 7, NULL, 'Order-20-211116042848', 1, 1, 1, 1, 0, NULL, 'abc@test.com', '+265656556656', NULL, NULL, 1, 752.74, 700, 42, 75, 1, 5, 19.74, NULL, 'home_delivery', NULL, '2021-11-16 16:28:48', '2021-11-25 11:18:05'),
(9, 4, 8, NULL, 'Order-45-211122114237', 1, 1, 1, 1, 0, NULL, 'customer@gmail.com', '01833996322', 6, 6, 1, 62, 50, 6, 15, 1, 5, 3, NULL, 'home_delivery', NULL, '2021-11-22 11:42:37', '2021-11-22 11:54:24'),
(10, 34, 9, NULL, 'Order-53-211125105617', 2, 1, 1, 0, 0, NULL, 'torikul@gmail.com', '018339963215', 7, 7, 2, 222.975, 220, 25, 15, 2, 5, 7.125, NULL, 'home_delivery', NULL, '2021-11-25 10:56:17', '2021-11-25 10:58:51'),
(11, 34, 10, NULL, 'Order-23-211125105932', 1, 1, 1, 1, 0, NULL, 'torikul@gmail.com', '018339963215', 7, 7, 1, 168.9, 150, 7.5, 15, 1, 5, 7.125, NULL, 'home_delivery', NULL, '2021-11-25 10:59:32', '2021-11-25 11:01:03'),
(12, 34, 11, NULL, 'Order-24-211125111455', 1, 1, 1, 1, 0, NULL, 'torikul@gmail.com', '018339963215', 7, 7, 1, 99.8, 80, 4, 20, 1, 5, 1.52, NULL, 'home_delivery', NULL, '2021-11-25 11:14:55', '2021-11-25 11:18:13'),
(13, 34, 12, NULL, 'Order-24-211125111536', 1, 1, 1, 1, 0, NULL, 'torikul@gmail.com', '018339963215', 7, 7, 1, 382.25, 350, 5, 20, 1, 5, 6.9, NULL, 'home_delivery', NULL, '2021-11-25 11:15:36', '2021-11-25 11:25:08'),
(14, 34, 13, NULL, 'Order-97-211125111553', 1, 1, 1, 1, 0, NULL, 'torikul@gmail.com', '018339963215', 7, 7, 1, 62.38, 48, 2, 15, 2, 5, 0, NULL, 'home_delivery', NULL, '2021-11-25 11:15:53', '2021-11-25 11:18:24'),
(15, 35, 14, NULL, 'Order-15-211125112326', 1, 1, 1, 1, 0, NULL, 'tufsir@gmail.com', '018339963321', 8, 8, 1, 382.25, 350, 5, 20, 1, 5, 6.9, NULL, 'home_delivery', NULL, '2021-11-25 11:23:26', '2021-11-25 11:24:48'),
(16, 35, 15, NULL, 'Order-58-211125112609', 1, 0, 1, 0, 0, NULL, 'tufsir@gmail.com', '018339963321', 8, 8, 1, 168.9, 150, 7.5, 15, 1, 5, 7.125, NULL, 'home_delivery', NULL, '2021-11-25 11:26:09', '2021-11-25 11:26:43'),
(17, 35, 16, NULL, 'Order-65-211125112734', 1, 0, 1, 0, 0, NULL, 'tufsir@gmail.com', '018339963321', 8, 8, 1, 69.723, 54, 1.95, 15, 2, 5, 1.1115, NULL, 'home_delivery', NULL, '2021-11-25 11:27:34', '2021-11-25 11:28:07'),
(18, 36, 17, NULL, 'Order-46-211125112958', 1, 1, 1, 1, 0, NULL, 'salma@gmail.com', '32423423', 9, 9, 1, 54.273, 39, 1.95, 15, 1, 5, 1.1115, NULL, 'home_delivery', NULL, '2021-11-25 11:29:58', '2021-11-25 11:31:45'),
(19, 36, 18, NULL, 'Order-28-211125113021', 1, 0, 1, 0, 0, NULL, 'salma@gmail.com', '32423423', 9, 9, 1, 382.25, 350, 5, 20, 1, 5, 6.9, NULL, 'home_delivery', NULL, '2021-11-25 11:30:21', '2021-11-25 11:31:39'),
(20, 36, 19, NULL, 'Order-44-211125113038', 1, 1, 1, 0, 0, NULL, 'salma@gmail.com', '32423423', 9, 9, 1, 92.1, 70, 0, 20, 1, 5, 0, NULL, 'home_delivery', NULL, '2021-11-25 11:30:38', '2021-11-25 11:31:51'),
(21, 4, 20, NULL, 'Order-24-211126032455', 1, 0, 0, 0, 0, NULL, 'customer@gmail.com', '01833996322', 6, 6, 1, 10940, 8025, -1600, 65, 2, 0, 961.25, NULL, 'home_delivery', NULL, '2021-11-26 15:24:55', '2021-11-26 15:24:55'),
(22, 4, 21, NULL, 'Order-27-211128100255', 1, 0, 0, 0, 0, NULL, 'customer@gmail.com', '01833996322', 6, 6, 1, 5661.16, 5175, 203, 60, 3, 0, 480, NULL, 'home_delivery', NULL, '2021-11-28 10:02:55', '2021-11-28 10:02:55'),
(23, NULL, 22, NULL, 'Order-26-211128023553', 1, 0, 1, 0, 0, NULL, 'tamerkirci@gmail.com', '05533595276', NULL, NULL, 1, 500.9, 450, 20, 15, 1, 0, 43, NULL, 'home_delivery', NULL, '2021-11-28 14:35:53', '2021-11-28 14:41:19'),
(25, NULL, 23, NULL, 'Order-75-211128093959', 1, 0, 0, 0, 0, NULL, 'test@test.com', '23565656565', NULL, NULL, 1, 35.6, 20, 0, 15, 1, 0, 0, NULL, 'home_delivery', NULL, '2021-11-28 21:39:59', '2021-11-28 21:39:59'),
(26, NULL, 24, NULL, 'Order-94-211128094003', 1, 0, 0, 0, 0, NULL, 'akash@rishfa.com', '4324', NULL, NULL, 1, 87.875, 75, 7.5, 15, 1, 0, 3.35, NULL, 'home_delivery', NULL, '2021-11-28 21:40:03', '2021-11-28 21:40:03'),
(27, 4, 25, NULL, 'Order-52-211128101306', 7, 0, 0, 0, 0, NULL, 'customer@gmail.com', '01833996322', 6, 6, 1, 566.5, 550, 0, 0, 2, 0, 0, NULL, 'home_delivery', NULL, '2021-11-28 22:13:06', '2021-11-28 22:13:06'),
(28, 4, NULL, NULL, 'Order-46-211129120550', 3, 0, 0, 0, 0, NULL, 'customer@gmail.com', '01833996322', 6, 6, 2, 396.1, 370, 0, 15, 2, 0, 0, NULL, 'home_delivery', NULL, '2021-11-29 00:05:50', '2021-11-29 00:05:50'),
(29, NULL, 26, NULL, 'Order-16-211129070141', 1, 0, 0, 0, 0, NULL, 'akash@rishfa.com', '3121321', NULL, NULL, 1, 99.8, 80, 4, 20, 1, 0, 1.52, NULL, 'home_delivery', NULL, '2021-11-29 19:01:41', '2021-11-29 19:01:41'),
(30, 19, 27, NULL, 'Order-65-211129070255', 1, 0, 1, 0, 0, NULL, 'spn21@spondonit.com', '01729975293', 2, 2, 1, 513.75, 500, 25, 15, 1, 0, 23.75, NULL, 'home_delivery', NULL, '2021-11-29 19:02:55', '2021-12-09 20:41:35'),
(31, 20, 28, NULL, 'Order-43-211129070357', 1, 0, 1, 0, 0, NULL, 'spn17@spondonit.com', '12121212', 3, 3, 1, 61.35, 45, 0, 15, 1, 0, 0, NULL, 'home_delivery', NULL, '2021-11-29 19:03:57', '2021-12-09 20:41:09'),
(32, 19, 29, NULL, 'Order-47-211129070438', 2, 1, 1, 1, 0, NULL, 'spn21@spondonit.com', '01729975293', 2, 2, 2, 592, 570, 41, 15, 2, 0, 48, NULL, 'home_delivery', NULL, '2021-11-29 19:04:38', '2021-12-06 13:27:44'),
(33, 4, 30, NULL, 'Order-44-211129070714', 1, 1, 1, 1, 0, NULL, 'customer@gmail.com', '01833996322', 6, 6, 1, 35.6, 20, 0, 15, 1, 3, 0, NULL, 'home_delivery', NULL, '2021-11-29 19:07:14', '2021-11-29 19:11:34'),
(34, 4, 31, NULL, 'Order-11-211129071309', 7, 1, 1, 0, 0, NULL, 'customer@gmail.com', '01833996322', 6, 6, 1, 51.75, 45, 10, 15, 1, 5, 0.7, NULL, 'home_delivery', NULL, '2021-11-29 19:13:09', '2021-11-29 19:17:05'),
(35, 4, 32, NULL, 'Order-57-211202030451', 1, 0, 1, 0, 0, NULL, 'customer@gmail.com', '01833996322', 6, 6, 1, 397.773, 394, 36.95, 15, 5, 0, 15.0115, NULL, 'home_delivery', NULL, '2021-12-02 15:04:51', '2021-12-09 20:10:49'),
(36, 4, 33, NULL, 'Order-18-211202101234', 1, 0, 1, 0, 0, NULL, 'customer@gmail.com', '01833996322', 6, 6, 2, 101.65, 85, 10, 20, 2, 0, 4.4, NULL, 'home_delivery', NULL, '2021-12-02 22:12:34', '2021-12-09 15:42:00'),
(37, 4, 34, NULL, 'Order-23-211202115119', 1, 1, 1, 0, 0, NULL, 'customer@gmail.com', '01833996322', 6, 6, 1, 143.364, 132, 13.2, 15, 3, 0, 6, NULL, 'home_delivery', NULL, '2021-12-02 23:51:19', '2021-12-09 03:11:17'),
(38, NULL, 35, NULL, 'Order-33-211203024424', 1, 0, 1, 0, 0, NULL, 'io@io.cc', '3321321312321', NULL, NULL, 1, 50.7, 45, 10, 15, 1, 0, 0.7, NULL, 'home_delivery', NULL, '2021-12-03 02:44:24', '2021-12-09 03:10:16'),
(39, 4, 36, NULL, 'Order-26-211203055144', 1, 1, 1, 1, 0, NULL, 'customer@gmail.com', '01833996322', 6, 10, 1, 58.46, 55, 5.5, 5, 1, 5, 2.475, NULL, 'home_delivery', NULL, '2021-12-03 05:51:44', '2021-12-03 22:26:23'),
(40, 4, 37, NULL, 'Order-35-211206055643', 1, 0, 1, 0, 0, NULL, 'customer@gmail.com', '01833996322', 6, 10, 1, 2589.2092, 2612, 136.76, 35, 4, 0, 4.712, NULL, 'home_delivery', NULL, '2021-12-06 05:56:43', '2021-12-06 23:39:33'),
(41, NULL, 38, NULL, 'Order-44-211206065522', 1, 0, 1, 0, 0, NULL, 'aqil@gmail.com', '601131264775', NULL, NULL, 1, 811.7515, 739, 43.95, 75, 2, 0, 20.85, NULL, 'home_delivery', NULL, '2021-12-06 06:55:22', '2021-12-06 13:26:59'),
(42, NULL, 42, NULL, 'Order-55-211209062953', 7, 1, 1, 0, 0, NULL, 'ptakalei@gmail.com', '0723110551', NULL, NULL, 1, 54.2715, 39, 1.95, 15, 1, 3, 1.11, NULL, 'home_delivery', NULL, '2021-12-09 18:29:53', '2021-12-09 21:02:19'),
(43, NULL, 43, NULL, 'Order-19-211209063532', 1, 1, 1, 0, 0, NULL, 'contact@graphicocean.net', '0770231727', NULL, NULL, 1, 5469, 5000, 200, 45, 1, 0, 480, NULL, 'home_delivery', NULL, '2021-12-09 18:35:32', '2021-12-09 19:29:18'),
(44, NULL, 47, NULL, 'Order-48-211209085859', 1, 0, 0, 0, 0, NULL, 'makumar4u@gmail.com', '09876543210', NULL, NULL, 1, 36.258, 35, 1.4, 0, 1, 0, 1.65, NULL, 'home_delivery', NULL, '2021-12-09 20:58:59', '2021-12-09 20:58:59'),
(45, 4, NULL, NULL, 'Order-78-211209100604', 9, 0, 0, 0, 0, NULL, 'customer@gmail.com', '01833996322', 6, 10, 1, 262.8, 240, 5, 15, 2, 0, 5.75, NULL, 'home_delivery', NULL, '2021-12-09 22:06:04', '2021-12-09 22:06:04'),
(46, 4, 52, NULL, 'Order-68-211209102116', 1, 1, 1, 0, 0, NULL, 'customer@gmail.com', '01833996322', 6, 10, 1, 208.164, 197, 18.2, 15, 4, 3, 9, NULL, 'home_delivery', NULL, '2021-12-09 22:21:16', '2021-12-10 00:20:38'),
(47, 4, 53, NULL, 'Order-19-211209104148', 1, 0, 1, 0, 0, NULL, 'customer@gmail.com', '01833996322', 6, 10, 1, 117.6, 100, 5, 15, 1, 0, 4.75, NULL, 'home_delivery', NULL, '2021-12-09 22:41:48', '2021-12-10 00:19:30'),
(48, NULL, 54, NULL, 'Order-84-211209111356', 1, 0, 1, 0, 0, NULL, 'mohamed_badran100@hotmail.com', '+201022669624', NULL, NULL, 1, 1032.15, 900, 27, 115.5, 3, 3, 17.46, NULL, 'home_delivery', NULL, '2021-12-09 23:13:56', '2021-12-09 23:22:56'),
(49, NULL, 55, NULL, 'Order-58-211210122529', 1, 0, 0, 0, 0, NULL, 'Tech@gmail.com', '273838383', NULL, NULL, 1, 135, 120, 0, 15, 1, 0, 0, NULL, 'home_delivery', NULL, '2021-12-10 00:25:29', '2021-12-10 00:25:29'),
(50, 4, 56, NULL, 'Order-96-211210011922', 1, 0, 0, 0, 0, NULL, 'customer@gmail.com', '01833996322', 6, 10, 1, 2218.94, 2150, 126, 75, 5, 0, 59.22, NULL, 'home_delivery', NULL, '2021-12-10 01:19:22', '2021-12-10 01:19:22'),
(51, 4, 57, NULL, 'Order-91-211210024754', 1, 0, 0, 0, 0, NULL, 'customer@gmail.com', '01833996322', 6, 10, 1, 1316.003, 1239, 68.95, 75, 5, 0, 35.8515, NULL, 'home_delivery', NULL, '2021-12-10 02:47:54', '2021-12-10 02:47:54'),
(52, 4, 58, NULL, 'Order-93-211210025155', 1, 0, 1, 0, 0, NULL, 'customer@gmail.com', '01833996322', 6, 10, 1, 446.964, 492, 83.2, 15, 11, 0, 10.9, NULL, 'home_delivery', NULL, '2021-12-10 02:51:55', '2021-12-10 09:40:47'),
(53, 4, 59, NULL, 'Order-53-211210032926', 1, 1, 1, 1, 0, NULL, 'customer@gmail.com', '01833996322', 6, 10, 1, 185.4, 180, 0, 0, 4, 3, 0, NULL, 'home_delivery', NULL, '2021-12-10 03:29:26', '2021-12-10 08:52:12'),
(54, 4, 60, NULL, 'Order-72-211210042428', 1, 1, 1, 1, 0, NULL, 'customer@gmail.com', '01833996322', 6, 10, 1, 40.75, 25, 0, 15, 1, 0, 0, NULL, 'home_delivery', NULL, '2021-12-10 04:24:28', '2021-12-10 07:28:15'),
(55, 4, 62, NULL, 'Order-89-211210094134', 1, 0, 0, 0, 0, NULL, 'customer@gmail.com', '01833996322', 6, 10, 1, 14127.074, 12473, 297.2, 98, 3, 0, 1488, NULL, 'home_delivery', NULL, '2021-12-10 09:41:34', '2021-12-10 09:41:34'),
(56, NULL, 64, NULL, 'Order-77-211210103508', 1, 0, 0, 0, 0, NULL, 'osas@gmail.com', '0892827292820', NULL, NULL, 1, 209.915, 190, 9.5, 15, 1, 0, 9, NULL, 'home_delivery', NULL, '2021-12-10 10:35:08', '2021-12-10 10:35:08'),
(57, 4, 65, NULL, 'Order-59-211210124402', 1, 1, 1, 0, 0, NULL, 'customer@gmail.com', '01833996322', 6, 10, 1, 240.72, 220, 11, 15, 1, 0, 10.45, NULL, 'home_delivery', NULL, '2021-12-10 12:44:02', '2021-12-10 12:50:48'),
(58, NULL, 66, NULL, 'Order-99-211210012145', 1, 0, 0, 0, 0, NULL, 'eqweqwe@gmail.com', '88001122', NULL, NULL, 1, 50.7, 45, 10, 15, 1, 0, 0.7, NULL, 'home_delivery', NULL, '2021-12-10 13:21:45', '2021-12-10 13:21:45'),
(59, 4, 67, NULL, 'Order-31-211210050430', 1, 0, 1, 0, 0, NULL, 'customer@gmail.com', '01833996322', 6, 10, 1, 179.169, 162, 5.85, 15, 4, 0, 3.3345, NULL, 'home_delivery', NULL, '2021-12-10 17:04:30', '2021-12-10 19:03:56'),
(60, 4, 69, NULL, 'Order-36-211210071031', 1, 0, 0, 0, 0, NULL, 'customer@gmail.com', '01833996322', 6, 10, 1, 76.8, 60, 0, 15, 1, 0, 0, NULL, 'home_delivery', NULL, '2021-12-10 19:10:31', '2021-12-10 19:10:31'),
(61, NULL, 70, NULL, 'Order-50-211210074321', 1, 0, 0, 0, 0, NULL, 'mugifakip@gmail.com', '89502825899', NULL, NULL, 1, 51.75, 45, 10, 15, 1, 0, 0.7, NULL, 'home_delivery', NULL, '2021-12-10 19:43:21', '2021-12-10 19:43:21'),
(62, 4, NULL, NULL, 'Order-16-211210090938', 9, 0, 0, 0, 0, NULL, 'customer@gmail.com', '01833996322', 6, 10, 1, 156.873, 139, 6.95, 15, 2, 0, 5.8615, NULL, 'home_delivery', NULL, '2021-12-10 21:09:38', '2021-12-10 21:09:38'),
(63, NULL, 71, NULL, 'Order-34-211210093051', 1, 0, 0, 0, 0, NULL, 'iutirt9it@gmail.com', '+85694+6456+463', NULL, NULL, 1, 40.75, 25, 0, 15, 1, 0, 0, NULL, 'home_delivery', NULL, '2021-12-10 21:30:51', '2021-12-10 21:30:51'),
(64, 4, 72, NULL, 'Order-15-211210093611', 1, 1, 1, 1, 0, NULL, 'customer@gmail.com', '01833996322', 6, 10, 1, 772.48, 700, 42, 75, 1, 0, 19.74, NULL, 'home_delivery', NULL, '2021-12-10 21:36:11', '2021-12-10 22:55:05'),
(65, 4, 73, NULL, 'Order-76-211211073113', 1, 1, 1, 1, 0, NULL, 'customer@gmail.com', '01833996322', 6, 10, 1, 830.915, 755, 47.5, 80, 2, 0, 22.19, NULL, 'home_delivery', NULL, '2021-12-11 07:31:13', '2021-12-11 09:34:56'),
(66, 4, 74, NULL, 'Order-24-211211114424', 1, 0, 1, 0, 0, NULL, 'customer@gmail.com', '01833996322', 6, 10, 1, 525.45, 415, 0, 95, 3, 0, 3, NULL, 'home_delivery', NULL, '2021-12-11 23:44:24', '2021-12-12 09:51:48'),
(67, 4, NULL, NULL, 'Order-73-211212120647', 9, 0, 1, 0, 0, NULL, 'customer@gmail.com', '01833996322', 6, 10, 1, 54.273, 39, 1.95, 15, 1, 0, 1.1115, NULL, 'home_delivery', NULL, '2021-12-12 00:06:47', '2021-12-12 15:08:50'),
(68, 4, 76, NULL, 'Order-25-211212123042', 1, 1, 1, 1, 0, NULL, 'customer@gmail.com', '01833996322', 6, 10, 1, 35.52, 20, 1, 15, 1, 0, 0.95, NULL, 'home_delivery', NULL, '2021-12-12 00:30:42', '2021-12-12 13:48:23'),
(69, 4, 78, NULL, '81220726045030', 1, 0, 0, 0, 0, NULL, 'customer@gmail.com', '01833996322', 6, 6, 1, 51.05, 40, 5, 15, 1, 0, 1.05, NULL, 'home_delivery', NULL, '2022-07-26 16:50:30', '2022-07-26 16:50:30'),
(70, 4, 79, NULL, '17220726050104', 1, 0, 0, 0, 0, NULL, 'customer@gmail.com', '01833996322', 6, 6, 1, 226.15, 220, 15, 15, 5, 0, 6.15, NULL, 'home_delivery', NULL, '2022-07-26 17:01:04', '2022-07-26 17:01:04'),
(71, 4, 80, NULL, '83220726050410', 1, 0, 0, 0, 1, 1, 'customer@gmail.com', '01833996322', 6, 6, 1, 61.35, 45, 0, 15, 1, 0, 1.35, NULL, 'home_delivery', NULL, '2022-07-26 17:04:10', '2022-07-26 17:51:58'),
(72, 4, 81, NULL, '84220727043011', 2, 1, 0, 0, 0, NULL, 'customer@gmail.com', '01833996322', 6, 6, 1, 550, 550, 0, 0, 2, 0, 0, NULL, 'pickup_location', 1, '2022-07-27 16:30:11', '2022-07-27 16:30:11'),
(73, 4, 82, NULL, '57220727053148', 2, 1, 1, 1, 0, NULL, 'customer@gmail.com', '01833996322', 6, 6, 1, 500, 500, 0, 0, 2, 0, 0, NULL, 'home_delivery', NULL, '2022-07-27 17:31:48', '2022-07-27 18:03:37'),
(74, 4, 83, NULL, '21220727053951', 1, 0, 0, 0, 1, 1, 'customer@gmail.com', '01833996322', 6, 6, 1, 51.05, 45, 10, 15, 1, 0, 1.05, NULL, 'home_delivery', NULL, '2022-07-27 17:39:51', '2022-07-27 17:44:57'),
(75, 4, 84, NULL, '62220727055324', 1, 0, 1, 0, 0, NULL, 'customer@gmail.com', '01833996322', 6, 6, 1, 98.28, 80, 4, 20, 1, 0, 2.28, NULL, 'home_delivery', NULL, '2022-07-27 17:53:24', '2022-07-27 19:46:31'),
(76, 4, 85, NULL, '11220727072351', 2, 1, 1, 0, 0, NULL, 'customer@gmail.com', '01833996322', 6, 6, 1, 61.35, 45, 0, 15, 1, 0, 1.35, NULL, 'home_delivery', NULL, '2022-07-27 19:23:51', '2022-07-27 19:24:52'),
(77, 4, 86, NULL, '61220727074705', 2, 1, 1, 1, 0, NULL, 'customer@gmail.com', '01833996322', 6, 6, 1, 200.915, 190, 9.5, 15, 1, 0, 5.415, NULL, 'home_delivery', NULL, '2022-07-27 19:47:05', '2022-07-27 19:48:03'),
(78, 4, 87, NULL, '46220728112904', 2, 1, 1, 1, 0, NULL, 'customer@gmail.com', '01833996322', 6, 6, 1, 200, 200, 0, 0, 1, 0, 0, NULL, 'home_delivery', NULL, '2022-07-28 11:29:04', '2022-07-28 11:30:45'),
(79, 4, 88, NULL, '82220728125239', 2, 1, 1, 1, 0, NULL, 'customer@gmail.com', '01833996322', 6, 6, 1, 137.364, 132, 13.2, 15, 3, 0, 3.564, NULL, 'home_delivery', NULL, '2022-07-28 12:52:39', '2022-07-28 13:14:17'),
(80, 4, 89, NULL, '54220728010138', 2, 1, 1, 1, 0, NULL, 'customer@gmail.com', '01833996322', 6, 6, 1, 300, 300, 0, 0, 1, 0, 0, NULL, 'home_delivery', NULL, '2022-07-28 13:01:38', '2022-07-28 13:02:22'),
(81, 38, 90, NULL, '81220728011236', 2, 1, 1, 1, 0, NULL, 'aoradev51@gmail.com', '5555555', 12, 12, 1, 300, 300, 0, 0, 1, 0, 0, NULL, 'home_delivery', NULL, '2022-07-28 13:12:36', '2022-07-28 13:30:55'),
(82, 38, 91, NULL, '31220728013829', 2, 1, 1, 1, 0, NULL, 'aoradev51@gmail.com', '5555555', 12, 12, 1, 52.05, 39, 1.95, 15, 1, 0, 0, NULL, 'home_delivery', NULL, '2022-07-28 13:38:29', '2022-07-28 13:38:55'),
(83, 38, 92, NULL, '19220728030203', 2, 1, 0, 0, 0, NULL, 'aoradev51@gmail.com', '5555555', 12, 12, 1, 40, 25, 0, 15, 1, 0, 0, NULL, 'home_delivery', NULL, '2022-07-28 15:02:03', '2022-07-28 15:02:03'),
(84, 38, 93, NULL, '51220728033941', 2, 1, 0, 0, 0, NULL, 'aoradev51@gmail.com', '5555555', 12, 12, 1, 300, 300, 0, 0, 1, 0, 0, NULL, 'home_delivery', NULL, '2022-07-28 15:39:41', '2022-07-28 15:39:41');

-- --------------------------------------------------------

--
-- Table structure for table `order_address_details`
--

CREATE TABLE `order_address_details` (
  `id` bigint(20) UNSIGNED NOT NULL,
  `order_id` bigint(20) UNSIGNED NOT NULL,
  `customer_id` bigint(20) UNSIGNED DEFAULT NULL,
  `shipping_name` varchar(191) COLLATE utf8mb4_unicode_ci DEFAULT NULL,
  `shipping_email` varchar(191) COLLATE utf8mb4_unicode_ci DEFAULT NULL,
  `shipping_phone` varchar(191) COLLATE utf8mb4_unicode_ci DEFAULT NULL,
  `shipping_address` varchar(191) COLLATE utf8mb4_unicode_ci DEFAULT NULL,
  `shipping_country_id` varchar(191) COLLATE utf8mb4_unicode_ci DEFAULT NULL,
  `shipping_state_id` varchar(191) COLLATE utf8mb4_unicode_ci DEFAULT NULL,
  `shipping_city_id` varchar(191) COLLATE utf8mb4_unicode_ci DEFAULT NULL,
  `shipping_postcode` varchar(191) COLLATE utf8mb4_unicode_ci DEFAULT NULL,
  `bill_to_same_address` tinyint(1) NOT NULL DEFAULT '1',
  `billing_name` varchar(191) COLLATE utf8mb4_unicode_ci DEFAULT NULL,
  `billing_email` varchar(191) COLLATE utf8mb4_unicode_ci DEFAULT NULL,
  `billing_phone` varchar(191) COLLATE utf8mb4_unicode_ci DEFAULT NULL,
  `billing_address` varchar(191) COLLATE utf8mb4_unicode_ci DEFAULT NULL,
  `billing_country_id` varchar(191) COLLATE utf8mb4_unicode_ci DEFAULT NULL,
  `billing_state_id` varchar(191) COLLATE utf8mb4_unicode_ci DEFAULT NULL,
  `billing_city_id` varchar(191) COLLATE utf8mb4_unicode_ci DEFAULT NULL,
  `billing_postcode` varchar(191) COLLATE utf8mb4_unicode_ci DEFAULT NULL,
  `created_at` timestamp NULL DEFAULT NULL,
  `updated_at` timestamp NULL DEFAULT NULL
) ENGINE=InnoDB DEFAULT CHARSET=utf8mb4 COLLATE=utf8mb4_unicode_ci;

--
-- Dumping data for table `order_address_details`
--

INSERT INTO `order_address_details` (`id`, `order_id`, `customer_id`, `shipping_name`, `shipping_email`, `shipping_phone`, `shipping_address`, `shipping_country_id`, `shipping_state_id`, `shipping_city_id`, `shipping_postcode`, `bill_to_same_address`, `billing_name`, `billing_email`, `billing_phone`, `billing_address`, `billing_country_id`, `billing_state_id`, `billing_city_id`, `billing_postcode`, `created_at`, `updated_at`) VALUES
(1, 3, 26, 'Customer Two', 'customer2@gmail.com', '23423423', 'saldkjf', '1', '42', '5909', '4554', 1, 'Customer Two', 'customer2@gmail.com', '23423423', 'saldkjf', '1', '42', '5909', '4554', NULL, NULL),
(2, 4, 26, 'Customer Two', 'customer2@gmail.com', '23423423', 'saldkjf', '1', '42', '5909', '4554', 1, 'Customer Two', 'customer2@gmail.com', '23423423', 'saldkjf', '1', '42', '5909', '4554', NULL, NULL),
(3, 5, 26, 'Customer Two', 'customer2@gmail.com', '23423423', 'saldkjf', '1', '42', '5909', '4554', 1, 'Customer Two', 'customer2@gmail.com', '23423423', 'saldkjf', '1', '42', '5909', '4554', NULL, NULL),
(4, 6, 26, 'Customer Two', 'customer2@gmail.com', '23423423', 'saldkjf', '1', '42', '5909', '4554', 1, 'Customer Two', 'customer2@gmail.com', '23423423', 'saldkjf', '1', '42', '5909', '4554', NULL, NULL),
(5, 7, 26, 'Customer Two', 'customer2@gmail.com', '23423423', 'saldkjf', '1', '42', '5909', '4554', 1, 'Customer Two', 'customer2@gmail.com', '23423423', 'saldkjf', '1', '42', '5909', '4554', NULL, NULL),
(6, 9, 4, 'customer', 'customer@gmail.com', '01833996322', 'dhaka', '1', '42', '5909', '145', 1, 'customer', 'customer@gmail.com', '01833996322', 'dhaka', '1', '42', '5909', '145', NULL, NULL),
(7, 10, 34, 'Torikul', 'torikul@gmail.com', '018339963215', 'Dhaka', '1', '42', '48357', '145', 1, 'Torikul', 'torikul@gmail.com', '018339963215', 'Dhaka', '1', '42', '48357', '145', NULL, NULL),
(8, 11, 34, 'Torikul', 'torikul@gmail.com', '018339963215', 'Dhaka', '1', '42', '48357', '145', 1, 'Torikul', 'torikul@gmail.com', '018339963215', 'Dhaka', '1', '42', '48357', '145', NULL, NULL),
(9, 12, 34, 'Torikul', 'torikul@gmail.com', '018339963215', 'Dhaka', '1', '42', '48357', '145', 1, 'Torikul', 'torikul@gmail.com', '018339963215', 'Dhaka', '1', '42', '48357', '145', NULL, NULL),
(10, 13, 34, 'Torikul', 'torikul@gmail.com', '018339963215', 'Dhaka', '1', '42', '48357', '145', 1, 'Torikul', 'torikul@gmail.com', '018339963215', 'Dhaka', '1', '42', '48357', '145', NULL, NULL),
(11, 14, 34, 'Torikul', 'torikul@gmail.com', '018339963215', 'Dhaka', '1', '42', '48357', '145', 1, 'Torikul', 'torikul@gmail.com', '018339963215', 'Dhaka', '1', '42', '48357', '145', NULL, NULL),
(12, 15, 35, 'Tufsir Ahmed', 'tufsir@gmail.com', '018339963321', 'dhaka', '1', '42', '5909', '232', 1, 'Tufsir Ahmed', 'tufsir@gmail.com', '018339963321', 'dhaka', '1', '42', '5909', '232', NULL, NULL),
(13, 16, 35, 'Tufsir Ahmed', 'tufsir@gmail.com', '018339963321', 'dhaka', '1', '42', '5909', '232', 1, 'Tufsir Ahmed', 'tufsir@gmail.com', '018339963321', 'dhaka', '1', '42', '5909', '232', NULL, NULL),
(14, 17, 35, 'Tufsir Ahmed', 'tufsir@gmail.com', '018339963321', 'dhaka', '1', '42', '5909', '232', 1, 'Tufsir Ahmed', 'tufsir@gmail.com', '018339963321', 'dhaka', '1', '42', '5909', '232', NULL, NULL),
(15, 18, 36, 'Salma Akhter', 'salma@gmail.com', '32423423', 'Dhaka', '1', '42', '48357', '454', 1, 'Salma Akhter', 'salma@gmail.com', '32423423', 'Dhaka', '1', '42', '48357', '454', NULL, NULL),
(16, 19, 36, 'Salma Akhter', 'salma@gmail.com', '32423423', 'Dhaka', '1', '42', '48357', '454', 1, 'Salma Akhter', 'salma@gmail.com', '32423423', 'Dhaka', '1', '42', '48357', '454', NULL, NULL),
(17, 20, 36, 'Salma Akhter', 'salma@gmail.com', '32423423', 'Dhaka', '1', '42', '48357', '454', 1, 'Salma Akhter', 'salma@gmail.com', '32423423', 'Dhaka', '1', '42', '48357', '454', NULL, NULL),
(18, 21, 4, 'customer', 'customer@gmail.com', '01833996322', 'dhaka', '1', '42', '5909', '145', 1, 'customer', 'customer@gmail.com', '01833996322', 'dhaka', '1', '42', '5909', '145', NULL, NULL),
(19, 22, 4, 'customer', 'customer@gmail.com', '01833996322', 'dhaka', '1', '42', '5909', '145', 1, 'customer', 'customer@gmail.com', '01833996322', 'dhaka', '1', '42', '5909', '145', NULL, NULL),
(20, 27, 4, 'customer', 'customer@gmail.com', '01833996322', 'dhaka', '1', '42', '5909', '145', 1, 'customer', 'customer@gmail.com', '01833996322', 'dhaka', '1', '42', '5909', '145', NULL, NULL),
(21, 28, 4, 'customer', 'customer@gmail.com', '01833996322', 'dhaka', '1', '42', '5909', '145', 1, 'customer', 'customer@gmail.com', '01833996322', 'dhaka', '1', '42', '5909', '145', NULL, NULL),
(22, 30, 19, 'John Doe', 'johndoe@gmail.com', '01729975293', 'Savar, Dhaka, Bangladesh', '18', '348', '7291', '1365656', 1, 'John Doe', 'johndoe@gmail.com', '01729975293', 'Savar, Dhaka, Bangladesh', '18', '348', '7291', '1365656', NULL, NULL),
(23, 31, 20, 'Kamal Khan', 'kamalkhan@spondonit.com', '12121212', 'USA', '231', '3920', '42671', '333', 1, 'Kamal Khan', 'kamalkhan@spondonit.com', '12121212', 'USA', '231', '3920', '42671', '333', NULL, NULL),
(24, 32, 19, 'John Doe', 'johndoe@gmail.com', '01729975293', 'Savar, Dhaka, Bangladesh', '18', '348', '7291', '1365656', 1, 'John Doe', 'johndoe@gmail.com', '01729975293', 'Savar, Dhaka, Bangladesh', '18', '348', '7291', '1365656', NULL, NULL),
(25, 33, 4, 'customer', 'customer@gmail.com', '01833996322', 'dhaka', '1', '42', '5909', '145', 1, 'customer', 'customer@gmail.com', '01833996322', 'dhaka', '1', '42', '5909', '145', NULL, NULL),
(26, 34, 4, 'customer', 'customer@gmail.com', '01833996322', 'dhaka', '1', '42', '5909', '145', 1, 'customer', 'customer@gmail.com', '01833996322', 'dhaka', '1', '42', '5909', '145', NULL, NULL),
(27, 35, 4, 'customer', 'customer@gmail.com', '01833996322', 'dhaka', '1', '42', '5909', '145', 1, 'customer', 'customer@gmail.com', '01833996322', 'dhaka', '1', '42', '5909', '145', NULL, NULL),
(28, 36, 4, 'customer', 'customer@gmail.com', '01833996322', 'dhaka', '1', '42', '5909', '145', 1, 'customer', 'customer@gmail.com', '01833996322', 'dhaka', '1', '42', '5909', '145', NULL, NULL),
(29, 37, 4, 'customer', 'customer@gmail.com', '01833996322', 'dhaka', '1', '42', '5909', '145', 1, 'customer', 'customer@gmail.com', '01833996322', 'dhaka', '1', '42', '5909', '145', NULL, NULL),
(30, 39, 4, 'customer', 'customer@gmail.com', '01833996322', 'dhaka', '1', '42', '5909', '145', 0, 'asxcsaxsax', 'dvdfgfd@regerg.efq', '35353535', 'fcwsdfwefew', '18', '348', '7291', '242343232', NULL, NULL),
(31, 40, 4, 'customer', 'customer@gmail.com', '01833996322', 'dhaka', '1', '42', '5909', '145', 0, 'asxcsaxsax', 'dvdfgfd@regerg.efq', '35353535', 'fcwsdfwefew', '18', '348', '7291', '242343232', NULL, NULL),
(32, 45, 4, 'customer', 'customer@gmail.com', '01833996322', 'dhaka', '1', '42', '5909', '145', 0, 'asxcsaxsax', 'dvdfgfd@regerg.efq', '35353535', 'fcwsdfwefew', '18', '348', '7291', '242343232', NULL, NULL),
(33, 46, 4, 'customer', 'customer@gmail.com', '01833996322', 'dhaka', '1', '42', '5909', '145', 0, 'asxcsaxsax', 'dvdfgfd@regerg.efq', '35353535', 'fcwsdfwefew', '18', '348', '7291', '242343232', NULL, NULL),
(34, 47, 4, 'customer', 'customer@gmail.com', '01833996322', 'dhaka', '1', '42', '5909', '145', 0, 'asxcsaxsax', 'dvdfgfd@regerg.efq', '35353535', 'fcwsdfwefew', '18', '348', '7291', '242343232', NULL, NULL),
(35, 50, 4, 'customer', 'customer@gmail.com', '01833996322', 'dhaka', '1', '42', '5909', '145', 0, 'asxcsaxsax', 'dvdfgfd@regerg.efq', '35353535', 'fcwsdfwefew', '18', '348', '7291', '242343232', NULL, NULL),
(36, 51, 4, 'customer', 'customer@gmail.com', '01833996322', 'dhaka', '1', '42', '5909', '145', 0, 'asxcsaxsax', 'dvdfgfd@regerg.efq', '35353535', 'fcwsdfwefew', '18', '348', '7291', '242343232', NULL, NULL),
(37, 52, 4, 'customer', 'customer@gmail.com', '01833996322', 'dhaka', '1', '42', '5909', '145', 0, 'asxcsaxsax', 'dvdfgfd@regerg.efq', '35353535', 'fcwsdfwefew', '18', '348', '7291', '242343232', NULL, NULL),
(38, 53, 4, 'customer', 'customer@gmail.com', '01833996322', 'dhaka', '1', '42', '5909', '145', 0, 'asxcsaxsax', 'dvdfgfd@regerg.efq', '35353535', 'fcwsdfwefew', '18', '348', '7291', '242343232', NULL, NULL),
(39, 54, 4, 'customer', 'customer@gmail.com', '01833996322', 'dhaka', '1', '42', '5909', '145', 0, 'asxcsaxsax', 'dvdfgfd@regerg.efq', '35353535', 'fcwsdfwefew', '18', '348', '7291', '242343232', NULL, NULL),
(40, 55, 4, 'customer', 'customer@gmail.com', '01833996322', 'dhaka', '1', '42', '5909', '145', 0, 'asxcsaxsax', 'dvdfgfd@regerg.efq', '35353535', 'fcwsdfwefew', '18', '348', '7291', '242343232', NULL, NULL),
(41, 57, 4, 'customer', 'customer@gmail.com', '01833996322', 'dhaka', '1', '42', '5909', '145', 0, 'asxcsaxsax', 'dvdfgfd@regerg.efq', '35353535', 'fcwsdfwefew', '18', '348', '7291', '242343232', NULL, NULL),
(42, 59, 4, 'customer', 'customer@gmail.com', '01833996322', 'dhaka', '1', '42', '5909', '145', 0, 'asxcsaxsax', 'dvdfgfd@regerg.efq', '35353535', 'fcwsdfwefew', '18', '348', '7291', '242343232', NULL, NULL),
(43, 60, 4, 'customer', 'customer@gmail.com', '01833996322', 'dhaka', '1', '42', '5909', '145', 0, 'asxcsaxsax', 'dvdfgfd@regerg.efq', '35353535', 'fcwsdfwefew', '18', '348', '7291', '242343232', NULL, NULL),
(44, 62, 4, 'customer', 'customer@gmail.com', '01833996322', 'dhaka', '1', '42', '5909', '145', 0, 'asxcsaxsax', 'dvdfgfd@regerg.efq', '35353535', 'fcwsdfwefew', '18', '348', '7291', '242343232', NULL, NULL),
(45, 64, 4, 'customer', 'customer@gmail.com', '01833996322', 'dhaka', '1', '42', '5909', '145', 0, 'asxcsaxsax', 'dvdfgfd@regerg.efq', '35353535', 'fcwsdfwefew', '18', '348', '7291', '242343232', NULL, NULL),
(46, 65, 4, 'customer', 'customer@gmail.com', '01833996322', 'dhaka', '1', '42', '5909', '145', 0, 'asxcsaxsax', 'dvdfgfd@regerg.efq', '35353535', 'fcwsdfwefew', '18', '348', '7291', '242343232', NULL, NULL),
(47, 66, 4, 'customer', 'customer@gmail.com', '01833996322', 'dhaka', '1', '42', '5909', '145', 0, 'asxcsaxsax', 'dvdfgfd@regerg.efq', '35353535', 'fcwsdfwefew', '18', '348', '7291', '242343232', NULL, NULL),
(48, 67, 4, 'customer', 'customer@gmail.com', '01833996322', 'dhaka', '1', '42', '5909', '145', 0, 'asxcsaxsax', 'dvdfgfd@regerg.efq', '35353535', 'fcwsdfwefew', '18', '348', '7291', '242343232', NULL, NULL),
(49, 68, 4, 'customer', 'customer@gmail.com', '01833996322', 'dhaka', '1', '42', '5909', '145', 0, 'asxcsaxsax', 'dvdfgfd@regerg.efq', '35353535', 'fcwsdfwefew', '18', '348', '7291', '242343232', NULL, NULL),
(50, 69, 4, 'customer', 'customer@gmail.com', '01833996322', 'dhaka', '1', '42', '5909', '145', 1, 'customer', 'customer@gmail.com', '01833996322', 'dhaka', '1', '42', '5909', '145', '2022-07-26 16:50:30', '2022-07-26 16:50:30'),
(51, 70, 4, 'customer', 'customer@gmail.com', '01833996322', 'dhaka', '1', '42', '5909', '145', 1, 'customer', 'customer@gmail.com', '01833996322', 'dhaka', '1', '42', '5909', '145', '2022-07-26 17:01:04', '2022-07-26 17:01:04'),
(52, 71, 4, 'customer', 'customer@gmail.com', '01833996322', 'dhaka', '1', '42', '5909', '145', 1, 'customer', 'customer@gmail.com', '01833996322', 'dhaka', '1', '42', '5909', '145', '2022-07-26 17:04:10', '2022-07-26 17:04:10'),
(53, 72, 4, 'Pickup Location 1', 'customer@gmail.com', '01833996322', 'Panthapath, Dhaka', '18', '348', '7291', '1200', 1, 'customer', 'customer@gmail.com', '01833996322', 'dhaka', '1', '42', '5909', '145', '2022-07-27 16:30:11', '2022-07-27 16:30:11'),
(54, 73, 4, 'customer', 'customer@gmail.com', '01833996322', 'dhaka', '1', '42', '5909', '145', 1, 'customer', 'customer@gmail.com', '01833996322', 'dhaka', '1', '42', '5909', '145', '2022-07-27 17:31:48', '2022-07-27 17:31:48'),
(55, 74, 4, 'customer', 'customer@gmail.com', '01833996322', 'dhaka', '1', '42', '5909', '145', 1, 'customer', 'customer@gmail.com', '01833996322', 'dhaka', '1', '42', '5909', '145', '2022-07-27 17:39:51', '2022-07-27 17:39:51'),
(56, 75, 4, 'customer', 'customer@gmail.com', '01833996322', 'dhaka', '1', '42', '5909', '145', 1, 'customer', 'customer@gmail.com', '01833996322', 'dhaka', '1', '42', '5909', '145', '2022-07-27 17:53:24', '2022-07-27 17:53:24'),
(57, 76, 4, 'customer', 'customer@gmail.com', '01833996322', 'dhaka', '1', '42', '5909', '145', 1, 'customer', 'customer@gmail.com', '01833996322', 'dhaka', '1', '42', '5909', '145', '2022-07-27 19:23:51', '2022-07-27 19:23:51'),
(58, 77, 4, 'customer', 'customer@gmail.com', '01833996322', 'dhaka', '1', '42', '5909', '145', 1, 'customer', 'customer@gmail.com', '01833996322', 'dhaka', '1', '42', '5909', '145', '2022-07-27 19:47:05', '2022-07-27 19:47:05'),
(59, 78, 4, 'customer', 'customer@gmail.com', '01833996322', 'dhaka', '1', '42', '5909', '145', 1, 'customer', 'customer@gmail.com', '01833996322', 'dhaka', '1', '42', '5909', '145', '2022-07-28 11:29:04', '2022-07-28 11:29:04'),
(60, 79, 4, 'customer', 'customer@gmail.com', '01833996322', 'dhaka', '1', '42', '5909', '145', 1, 'customer', 'customer@gmail.com', '01833996322', 'dhaka', '1', '42', '5909', '145', '2022-07-28 12:52:39', '2022-07-28 12:52:39'),
(61, 80, 4, 'customer', 'customer@gmail.com', '01833996322', 'dhaka', '1', '42', '5909', '145', 1, 'customer', 'customer@gmail.com', '01833996322', 'dhaka', '1', '42', '5909', '145', '2022-07-28 13:01:38', '2022-07-28 13:01:38'),
(62, 81, 38, 'AoraDev', 'aoradev51@gmail.com', '5555555', 'Mirpur 12', '18', '348', '7291', '1222', 1, 'AoraDev', 'aoradev51@gmail.com', '5555555', 'Mirpur 12', '18', '348', '7291', '1222', '2022-07-28 13:12:36', '2022-07-28 13:12:36'),
(63, 82, 38, 'AoraDev', 'aoradev51@gmail.com', '5555555', 'Mirpur 12', '18', '348', '7291', '1222', 1, 'AoraDev', 'aoradev51@gmail.com', '5555555', 'Mirpur 12', '18', '348', '7291', '1222', '2022-07-28 13:38:29', '2022-07-28 13:38:29'),
(64, 83, 38, 'AoraDev', 'aoradev51@gmail.com', '5555555', 'Mirpur 12', '18', '348', '7291', '1222', 1, 'AoraDev', 'aoradev51@gmail.com', '5555555', 'Mirpur 12', '18', '348', '7291', '1222', '2022-07-28 15:02:03', '2022-07-28 15:02:03'),
(65, 84, 38, 'AoraDev', 'aoradev51@gmail.com', '5555555', 'Mirpur 12', '18', '348', '7291', '1222', 1, 'AoraDev', 'aoradev51@gmail.com', '5555555', 'Mirpur 12', '18', '348', '7291', '1222', '2022-07-28 15:39:41', '2022-07-28 15:39:41');

-- --------------------------------------------------------

--
-- Table structure for table `order_delivery_states`
--

CREATE TABLE `order_delivery_states` (
  `id` bigint(20) UNSIGNED NOT NULL,
  `order_package_id` bigint(20) UNSIGNED NOT NULL,
  `delivery_status` bigint(20) UNSIGNED NOT NULL,
  `note` text COLLATE utf8mb4_unicode_ci,
  `date` date DEFAULT NULL,
  `created_by` bigint(20) UNSIGNED DEFAULT NULL,
  `updated_by` bigint(20) UNSIGNED DEFAULT NULL,
  `created_at` timestamp NULL DEFAULT NULL,
  `updated_at` timestamp NULL DEFAULT NULL
) ENGINE=InnoDB DEFAULT CHARSET=utf8mb4 COLLATE=utf8mb4_unicode_ci;

--
-- Dumping data for table `order_delivery_states`
--

INSERT INTO `order_delivery_states` (`id`, `order_package_id`, `delivery_status`, `note`, `date`, `created_by`, `updated_by`, `created_at`, `updated_at`) VALUES
(1, 2, 5, NULL, '2021-11-16', 1, NULL, '2021-11-16 12:10:13', '2021-11-16 12:10:13'),
(2, 3, 5, NULL, '2021-11-16', 1, NULL, '2021-11-16 15:05:22', '2021-11-16 15:05:22'),
(3, 4, 5, NULL, '2021-11-16', 1, NULL, '2021-11-16 15:08:30', '2021-11-16 15:08:30'),
(4, 6, 2, 'Order is under processing.', '2021-11-16', 1, NULL, '2021-11-16 15:51:11', '2021-11-16 15:51:11'),
(5, 6, 3, NULL, '2021-11-16', 1, NULL, '2021-11-16 15:51:48', '2021-11-16 15:51:48'),
(6, 6, 5, NULL, '2021-11-16', 1, NULL, '2021-11-16 15:52:50', '2021-11-16 15:52:50'),
(7, 9, 5, NULL, '2021-11-22', 1, NULL, '2021-11-22 11:48:33', '2021-11-22 11:48:33'),
(8, 10, 5, NULL, '2021-11-25', 1, NULL, '2021-11-25 10:58:51', '2021-11-25 10:58:51'),
(9, 12, 2, 'Order is under processing.', '2021-11-25', 1, NULL, '2021-11-25 11:00:23', '2021-11-25 11:00:23'),
(10, 12, 5, NULL, '2021-11-25', 1, NULL, '2021-11-25 11:00:39', '2021-11-25 11:00:39'),
(11, 15, 5, NULL, '2021-11-25', 1, NULL, '2021-11-25 11:17:20', '2021-11-25 11:17:20'),
(12, 14, 5, NULL, '2021-11-25', 1, NULL, '2021-11-25 11:17:27', '2021-11-25 11:17:27'),
(13, 13, 5, NULL, '2021-11-25', 1, NULL, '2021-11-25 11:17:33', '2021-11-25 11:17:33'),
(14, 10, 5, NULL, '2021-11-25', 1, NULL, '2021-11-25 11:17:40', '2021-11-25 11:17:40'),
(15, 8, 5, NULL, '2021-11-25', 1, NULL, '2021-11-25 11:17:45', '2021-11-25 11:17:45'),
(16, 6, 5, NULL, '2021-11-25', 1, NULL, '2021-11-25 11:17:53', '2021-11-25 11:17:53'),
(17, 16, 5, NULL, '2021-11-25', 1, NULL, '2021-11-25 11:24:38', '2021-11-25 11:24:38'),
(18, 17, 5, NULL, '2021-11-25', 1, NULL, '2021-11-25 11:26:43', '2021-11-25 11:26:43'),
(19, 18, 2, 'Order is under processing.', '2021-11-25', 1, NULL, '2021-11-25 11:27:59', '2021-11-25 11:27:59'),
(20, 18, 5, NULL, '2021-11-25', 1, NULL, '2021-11-25 11:28:07', '2021-11-25 11:28:07'),
(21, 19, 2, 'Order is under processing.', '2021-11-25', 1, NULL, '2021-11-25 11:31:14', '2021-11-25 11:31:14'),
(22, 21, 2, 'Order is under processing.', '2021-11-25', 1, NULL, '2021-11-25 11:31:17', '2021-11-25 11:31:17'),
(23, 20, 2, 'Order is under processing.', '2021-11-25', 1, NULL, '2021-11-25 11:31:20', '2021-11-25 11:31:20'),
(24, 19, 5, NULL, '2021-11-25', 1, NULL, '2021-11-25 11:31:26', '2021-11-25 11:31:26'),
(25, 21, 5, NULL, '2021-11-25', 1, NULL, '2021-11-25 11:31:33', '2021-11-25 11:31:33'),
(26, 20, 5, NULL, '2021-11-25', 1, NULL, '2021-11-25 11:31:39', '2021-11-25 11:31:39'),
(27, 27, 2, 'Order is under processing.', '2021-11-28', 1, NULL, '2021-11-28 22:14:42', '2021-11-28 22:14:42'),
(28, 27, 2, 'Order is under processing.', '2021-11-28', 1, NULL, '2021-11-28 22:14:48', '2021-11-28 22:14:48'),
(29, 35, 3, 'shipped', '2021-11-29', 1, NULL, '2021-11-29 19:11:34', '2021-11-29 19:11:34'),
(30, 36, 2, 'Order is under processing.', '2021-11-29', 1, NULL, '2021-11-29 19:15:48', '2021-11-29 19:15:48'),
(31, 36, 4, NULL, '2021-11-29', 1, NULL, '2021-11-29 19:16:17', '2021-11-29 19:16:17'),
(32, 36, 5, NULL, '2021-11-29', 1, NULL, '2021-11-29 19:16:31', '2021-11-29 19:16:31'),
(33, 36, 2, NULL, '2021-11-29', 1, NULL, '2021-11-29 19:16:48', '2021-11-29 19:16:48'),
(34, 36, 5, NULL, '2021-11-29', 1, NULL, '2021-11-29 19:17:05', '2021-11-29 19:17:05'),
(35, 42, 2, 'Order is under processing.', '2021-12-03', 1, NULL, '2021-12-03 22:25:52', '2021-12-03 22:25:52'),
(36, 42, 5, NULL, '2021-12-03', 1, NULL, '2021-12-03 22:26:23', '2021-12-03 22:26:23'),
(37, 33, 2, 'Order is under processing.', '2021-12-06', 1, NULL, '2021-12-06 13:27:44', '2021-12-06 13:27:44'),
(38, 34, 2, 'Order is under processing.', '2021-12-06', 1, NULL, '2021-12-06 13:27:44', '2021-12-06 13:27:44'),
(39, 40, 2, 'Order is under processing.', '2021-12-09', 1, NULL, '2021-12-09 03:11:17', '2021-12-09 03:11:17'),
(40, 46, 2, 'Order is under processing.', '2021-12-09', 1, NULL, '2021-12-09 19:29:18', '2021-12-09 19:29:18'),
(41, 37, 2, 'Order is under processing.', '2021-12-09', 1, NULL, '2021-12-09 20:10:48', '2021-12-09 20:10:48'),
(42, 31, 2, 'Order is under processing.', '2021-12-09', 1, NULL, '2021-12-09 20:41:35', '2021-12-09 20:41:35'),
(43, 45, 2, NULL, '2021-12-09', 1, NULL, '2021-12-09 21:01:55', '2021-12-09 21:01:55'),
(44, 45, 3, NULL, '2021-12-09', 1, NULL, '2021-12-09 21:02:19', '2021-12-09 21:02:19'),
(45, 51, 2, 'Order is under processing.', '2021-12-09', 1, NULL, '2021-12-09 23:22:42', '2021-12-09 23:22:42'),
(46, 51, 3, NULL, '2021-12-09', 1, NULL, '2021-12-09 23:22:56', '2021-12-09 23:22:56'),
(47, 49, 2, 'Order is under processing.', '2021-12-10', 1, NULL, '2021-12-10 00:20:21', '2021-12-10 00:20:21'),
(48, 49, 3, NULL, '2021-12-10', 1, NULL, '2021-12-10 00:20:38', '2021-12-10 00:20:38'),
(49, 57, 2, 'Order is under processing.', '2021-12-10', 1, NULL, '2021-12-10 07:28:15', '2021-12-10 07:28:15'),
(50, 56, 3, NULL, '2021-12-10', 1, NULL, '2021-12-10 08:52:12', '2021-12-10 08:52:12'),
(51, 55, 2, 'Order is under processing.', '2021-12-10', 1, NULL, '2021-12-10 09:40:47', '2021-12-10 09:40:47'),
(52, 67, 2, 'Order is under processing.', '2021-12-10', 1, NULL, '2021-12-10 22:54:56', '2021-12-10 22:54:56'),
(53, 68, 2, 'Order is under processing.', '2021-12-11', 1, NULL, '2021-12-11 09:34:56', '2021-12-11 09:34:56'),
(54, 69, 2, 'Order is under processing.', '2021-12-12', 1, NULL, '2021-12-12 09:51:48', '2021-12-12 09:51:48'),
(55, 71, 2, 'Order is under processing.', '2021-12-12', 1, NULL, '2021-12-12 13:48:07', '2021-12-12 13:48:07'),
(56, 76, 2, 'Order is under processing.', '2022-07-27', 1, NULL, '2022-07-27 18:01:16', '2022-07-27 18:01:16'),
(57, 76, 5, NULL, '2022-07-27', 1, NULL, '2022-07-27 18:03:31', '2022-07-27 18:03:31'),
(58, 79, 2, 'Order is under processing.', '2022-07-27', 1, NULL, '2022-07-27 19:24:52', '2022-07-27 19:24:52'),
(59, 79, 3, NULL, '2022-07-27', 1, NULL, '2022-07-27 19:26:22', '2022-07-27 19:26:22'),
(60, 79, 5, NULL, '2022-07-27', 1, NULL, '2022-07-27 19:26:41', '2022-07-27 19:26:41'),
(61, 80, 5, NULL, '2022-07-27', 1, NULL, '2022-07-27 19:47:57', '2022-07-27 19:47:57'),
(62, 81, 2, 'Order is under processing.', '2022-07-28', 1, NULL, '2022-07-28 11:30:12', '2022-07-28 11:30:12'),
(63, 81, 5, NULL, '2022-07-28', 1, NULL, '2022-07-28 11:30:45', '2022-07-28 11:30:45'),
(64, 82, 4, NULL, '2022-07-28', 1, NULL, '2022-07-28 12:53:44', '2022-07-28 12:53:44'),
(65, 82, 2, NULL, '2022-07-28', 1, NULL, '2022-07-28 12:54:33', '2022-07-28 12:54:33'),
(66, 82, 5, NULL, '2022-07-28', 1, NULL, '2022-07-28 12:55:13', '2022-07-28 12:55:13'),
(67, 83, 2, 'Order is under processing.', '2022-07-28', 1, NULL, '2022-07-28 13:02:22', '2022-07-28 13:02:22'),
(68, 84, 2, 'Order is under processing.', '2022-07-28', 1, NULL, '2022-07-28 13:30:55', '2022-07-28 13:30:55'),
(69, 84, 5, NULL, '2022-07-28', 1, NULL, '2022-07-28 13:37:10', '2022-07-28 13:37:10'),
(70, 85, 2, 'Order is under processing.', '2022-07-28', 1, NULL, '2022-07-28 13:38:55', '2022-07-28 13:38:55'),
(71, 85, 5, NULL, '2022-07-28', 1, NULL, '2022-07-28 13:39:11', '2022-07-28 13:39:11');

-- --------------------------------------------------------

--
-- Table structure for table `order_package_details`
--

CREATE TABLE `order_package_details` (
  `id` bigint(20) UNSIGNED NOT NULL,
  `order_id` bigint(20) UNSIGNED NOT NULL,
  `carrier_order_id` varchar(191) COLLATE utf8mb4_unicode_ci DEFAULT NULL,
  `seller_id` bigint(20) UNSIGNED NOT NULL,
  `package_code` varchar(255) COLLATE utf8mb4_unicode_ci DEFAULT NULL,
  `number_of_product` int(10) UNSIGNED NOT NULL,
  `shipping_cost` double DEFAULT NULL,
  `shipping_date` varchar(255) COLLATE utf8mb4_unicode_ci DEFAULT NULL,
  `shipping_method` bigint(20) UNSIGNED DEFAULT NULL,
  `carrier_id` varchar(191) COLLATE utf8mb4_unicode_ci DEFAULT NULL,
  `shipped_by` varchar(191) COLLATE utf8mb4_unicode_ci DEFAULT NULL,
  `is_cancelled` int(10) UNSIGNED NOT NULL DEFAULT '0',
  `is_paid` tinyint(1) NOT NULL DEFAULT '0',
  `cancel_reason_id` int(10) UNSIGNED DEFAULT NULL,
  `is_reviewed` int(10) UNSIGNED NOT NULL DEFAULT '0',
  `delivery_status` bigint(20) UNSIGNED NOT NULL DEFAULT '0',
  `last_updated_by` bigint(20) UNSIGNED DEFAULT NULL,
  `gst_claimed` tinyint(1) NOT NULL DEFAULT '0',
  `tax_amount` double DEFAULT '0',
  `created_at` timestamp NULL DEFAULT NULL,
  `updated_at` timestamp NULL DEFAULT NULL,
  `carrier_response` text COLLATE utf8mb4_unicode_ci,
  `pickup_point_id` bigint(20) UNSIGNED DEFAULT NULL,
  `weight` double(8,2) DEFAULT NULL COMMENT 'gm',
  `length` double(8,2) DEFAULT NULL COMMENT 'cm',
  `breadth` double(8,2) DEFAULT NULL COMMENT 'cm',
  `height` double(8,2) DEFAULT NULL COMMENT 'cm'
) ENGINE=InnoDB DEFAULT CHARSET=utf8mb4 COLLATE=utf8mb4_unicode_ci;

--
-- Dumping data for table `order_package_details`
--

INSERT INTO `order_package_details` (`id`, `order_id`, `carrier_order_id`, `seller_id`, `package_code`, `number_of_product`, `shipping_cost`, `shipping_date`, `shipping_method`, `carrier_id`, `shipped_by`, `is_cancelled`, `is_paid`, `cancel_reason_id`, `is_reviewed`, `delivery_status`, `last_updated_by`, `gst_claimed`, `tax_amount`, `created_at`, `updated_at`, `carrier_response`, `pickup_point_id`, `weight`, `length`, `breadth`, `height`) VALUES
(2, 2, NULL, 1, 'TRK - 5525896', 2, 50, 'Est arrival date: 21 Nov - 24 Nov', 2, NULL, NULL, 0, 0, NULL, 0, 5, 1, 0, 16.8, '2021-11-16 11:49:52', '2021-11-16 12:10:13', NULL, 1, NULL, NULL, NULL, NULL),
(3, 3, NULL, 1, 'TRK - 39430310', 2, 15, 'Est arrival date: 21 Nov - 24 Nov', 2, NULL, NULL, 0, 0, NULL, 0, 5, 1, 0, 3.15, '2021-11-16 15:04:14', '2021-11-16 15:05:22', NULL, 1, NULL, NULL, NULL, NULL),
(4, 4, NULL, 1, 'TRK - 37187159', 1, 1565.59, 'Est arrival date: 21 Nov - 24 Nov', 2, NULL, NULL, 0, 0, NULL, 0, 5, 1, 0, 960, '2021-11-16 15:07:54', '2021-11-16 15:08:30', NULL, 1, NULL, NULL, NULL, NULL),
(5, 5, NULL, 1, 'TRK - 40565934', 1, 0, 'Est arrival time: 12-24 hrs', 1, NULL, NULL, 1, 1, NULL, 0, 0, NULL, 0, 0, '2021-11-16 15:16:00', '2022-07-22 17:38:55', NULL, 1, NULL, NULL, NULL, NULL),
(6, 6, NULL, 1, 'TRK - 34808605', 1, 15, 'Est arrival date: 21 Nov - 24 Nov', 2, NULL, NULL, 0, 1, NULL, 0, 5, 1, 0, 2, '2021-11-16 15:43:41', '2022-07-22 17:38:55', NULL, 1, NULL, NULL, NULL, NULL),
(7, 7, NULL, 1, 'TRK - 17136314', 1, 15, 'Est arrival date: 21 Nov - 24 Nov', 2, NULL, NULL, 0, 1, NULL, 0, 2, NULL, 0, 1.15, '2021-11-16 15:59:39', '2022-07-22 17:38:55', NULL, 1, NULL, NULL, NULL, NULL),
(8, 8, NULL, 1, 'TRK - 30908385', 1, 75, 'Est arrival date: 21 Nov - 24 Nov', 2, NULL, NULL, 0, 1, NULL, 0, 5, 1, 0, 19.74, '2021-11-16 16:28:48', '2022-07-22 17:38:55', NULL, 1, NULL, NULL, NULL, NULL),
(9, 9, NULL, 1, 'TRK - 14081813', 1, 15, 'Est arrival date: 27 Nov - 30 Nov', 2, NULL, NULL, 0, 1, NULL, 1, 5, 1, 0, 3, '2021-11-22 11:42:38', '2022-07-22 17:38:55', NULL, 1, NULL, NULL, NULL, NULL),
(10, 10, NULL, 1, 'TRK - 16187805', 1, 15, 'Est arrival date: 30 Nov - 03 Dec', 2, NULL, NULL, 0, 1, NULL, 0, 5, 1, 0, 7.125, '2021-11-25 10:56:17', '2022-07-22 17:38:55', NULL, 1, NULL, NULL, NULL, NULL),
(11, 10, NULL, 1, 'TRK - 34667928', 1, 0, 'Est arrival time: 12-24 hrs', 1, NULL, NULL, 0, 1, NULL, 0, 2, NULL, 0, 0, '2021-11-25 10:56:17', '2022-07-22 17:38:55', NULL, 1, NULL, NULL, NULL, NULL),
(12, 11, NULL, 1, 'TRK - 25475306', 1, 15, 'Est arrival date: 30 Nov - 03 Dec', 2, NULL, NULL, 0, 1, NULL, 0, 5, 1, 0, 7.125, '2021-11-25 10:59:32', '2022-07-22 17:38:55', NULL, 1, NULL, NULL, NULL, NULL),
(13, 12, NULL, 1, 'TRK - 15654497', 1, 20, 'Est arrival date: 30 Nov - 03 Dec', 2, NULL, NULL, 0, 1, NULL, 0, 5, 1, 0, 1.52, '2021-11-25 11:14:55', '2022-07-22 17:38:55', NULL, 1, NULL, NULL, NULL, NULL),
(14, 13, NULL, 1, 'TRK - 35476613', 1, 20, 'Est arrival date: 30 Nov - 03 Dec', 2, NULL, NULL, 0, 1, NULL, 0, 5, 1, 0, 6.9, '2021-11-25 11:15:36', '2022-07-22 17:38:55', NULL, 1, NULL, NULL, NULL, NULL),
(15, 14, NULL, 1, 'TRK - 16476640', 2, 15, 'Est arrival date: 30 Nov - 03 Dec', 2, NULL, NULL, 0, 1, NULL, 0, 5, 1, 0, 0, '2021-11-25 11:15:53', '2022-07-22 17:38:55', NULL, 1, NULL, NULL, NULL, NULL),
(16, 15, NULL, 1, 'TRK - 37724915', 1, 20, 'Est arrival date: 30 Nov - 03 Dec', 2, NULL, NULL, 0, 1, NULL, 0, 5, 1, 0, 6.9, '2021-11-25 11:23:26', '2022-07-22 17:38:55', NULL, 1, NULL, NULL, NULL, NULL),
(17, 16, NULL, 1, 'TRK - 25529616', 1, 15, 'Est arrival date: 30 Nov - 03 Dec', 2, NULL, NULL, 0, 0, NULL, 0, 5, 1, 0, 7.125, '2021-11-25 11:26:09', '2021-11-25 11:26:43', NULL, 1, NULL, NULL, NULL, NULL),
(18, 17, NULL, 1, 'TRK - 28543446', 2, 15, 'Est arrival date: 30 Nov - 03 Dec', 2, NULL, NULL, 0, 0, NULL, 0, 5, 1, 0, 1.1115, '2021-11-25 11:27:34', '2021-11-25 11:28:07', NULL, 1, NULL, NULL, NULL, NULL),
(19, 18, NULL, 1, 'TRK - 19460568', 1, 15, 'Est arrival date: 30 Nov - 03 Dec', 2, NULL, NULL, 0, 1, NULL, 0, 5, 1, 0, 1.1115, '2021-11-25 11:29:58', '2022-07-22 17:38:55', NULL, 1, NULL, NULL, NULL, NULL),
(20, 19, NULL, 1, 'TRK - 15663355', 1, 20, 'Est arrival date: 30 Nov - 03 Dec', 2, NULL, NULL, 0, 0, NULL, 0, 5, 1, 0, 6.9, '2021-11-25 11:30:21', '2021-11-25 11:31:39', NULL, 1, NULL, NULL, NULL, NULL),
(21, 20, NULL, 1, 'TRK - 23315919', 1, 20, 'Est arrival date: 30 Nov - 03 Dec', 2, NULL, NULL, 0, 1, NULL, 0, 5, 1, 0, 0, '2021-11-25 11:30:38', '2022-07-22 17:38:55', NULL, 1, NULL, NULL, NULL, NULL),
(22, 21, NULL, 1, 'TRK - 21853507', 2, 65, 'Est arrival date: 01 Dec - 04 Dec', 2, NULL, NULL, 0, 0, NULL, 0, 0, NULL, 0, 961.25, '2021-11-26 15:24:55', '2021-11-26 15:24:55', NULL, 1, NULL, NULL, NULL, NULL),
(23, 22, NULL, 1, 'TRK - 39075044', 3, 60, 'Est arrival date: 03 Dec - 06 Dec', 2, NULL, NULL, 0, 0, NULL, 0, 0, NULL, 0, 480, '2021-11-28 10:02:55', '2021-11-28 10:02:55', NULL, 1, NULL, NULL, NULL, NULL),
(24, 23, NULL, 1, 'TRK - 15398747', 1, 15, 'Est arrival date: 03 Dec - 06 Dec', 2, NULL, NULL, 0, 0, NULL, 0, 2, NULL, 0, 43, '2021-11-28 14:35:53', '2021-11-28 14:41:19', NULL, 1, NULL, NULL, NULL, NULL),
(25, 25, NULL, 1, 'TRK - 10383890', 1, 15, 'Est arrival date: 03 Dec - 06 Dec', 2, NULL, NULL, 0, 0, NULL, 0, 0, NULL, 0, 0, '2021-11-28 21:39:59', '2021-11-28 21:39:59', NULL, 1, NULL, NULL, NULL, NULL),
(26, 26, NULL, 1, 'TRK - 31520336', 1, 15, 'Est arrival date: 03 Dec - 06 Dec', 2, NULL, NULL, 0, 0, NULL, 0, 0, NULL, 0, 3.35, '2021-11-28 21:40:03', '2021-11-28 21:40:03', NULL, 1, NULL, NULL, NULL, NULL),
(27, 27, NULL, 1, 'TRK - 7165551', 2, 0, 'Est arrival time: 12-24 hrs', 1, NULL, NULL, 1, 0, 1, 0, 0, NULL, 0, 0, '2021-11-28 22:13:06', '2021-12-07 16:15:01', NULL, 1, NULL, NULL, NULL, NULL),
(28, 28, NULL, 1, 'TRK - 9282302', 1, 0, 'Est arrival time: 12-24 hrs', 1, NULL, NULL, 0, 0, NULL, 0, 0, NULL, 0, 0, '2021-11-29 00:05:50', '2021-11-29 00:05:50', NULL, 1, NULL, NULL, NULL, NULL),
(29, 28, NULL, 1, 'TRK - 30619961', 1, 15, 'Est arrival date: 04 Dec - 07 Dec', 2, NULL, NULL, 0, 0, NULL, 0, 0, NULL, 0, 0, '2021-11-29 00:05:50', '2021-11-29 00:05:50', NULL, 1, NULL, NULL, NULL, NULL),
(30, 29, NULL, 1, 'TRK - 6242134', 1, 20, 'Est arrival date: 04 Dec - 07 Dec', 2, NULL, NULL, 0, 0, NULL, 0, 0, NULL, 0, 1.52, '2021-11-29 19:01:41', '2021-11-29 19:01:41', NULL, 1, NULL, NULL, NULL, NULL),
(31, 30, NULL, 1, 'TRK - 10839654', 1, 15, 'Est arrival date: 04 Dec - 07 Dec', 2, NULL, NULL, 0, 0, NULL, 0, 2, NULL, 0, 23.75, '2021-11-29 19:02:55', '2021-12-09 20:41:35', NULL, 1, NULL, NULL, NULL, NULL),
(32, 31, NULL, 1, 'TRK - 15841188', 1, 15, 'Est arrival date: 04 Dec - 07 Dec', 2, NULL, NULL, 0, 0, NULL, 0, 2, NULL, 0, 0, '2021-11-29 19:03:57', '2021-12-09 20:41:09', NULL, 1, NULL, NULL, NULL, NULL),
(33, 32, NULL, 1, 'TRK - 31899297', 1, 0, 'Est arrival time: 12-24 hrs', 1, NULL, NULL, 0, 1, NULL, 0, 2, NULL, 0, 0, '2021-11-29 19:04:38', '2022-07-22 17:38:55', NULL, 1, NULL, NULL, NULL, NULL),
(34, 32, NULL, 1, 'TRK - 43105814', 1, 15, 'Est arrival date: 04 Dec - 07 Dec', 2, NULL, NULL, 0, 1, NULL, 0, 2, NULL, 0, 48, '2021-11-29 19:04:38', '2022-07-22 17:38:55', NULL, 1, NULL, NULL, NULL, NULL),
(35, 33, NULL, 1, 'TRK - 22377278', 1, 15, 'Est arrival date: 04 Dec - 07 Dec', 2, NULL, NULL, 0, 1, NULL, 0, 3, 1, 0, 0, '2021-11-29 19:07:14', '2022-07-22 17:38:55', NULL, 1, NULL, NULL, NULL, NULL),
(36, 34, NULL, 1, 'TRK - 40147815', 1, 15, 'Est arrival date: 04 Dec - 07 Dec', 2, NULL, NULL, 0, 1, NULL, 0, 5, 1, 0, 0.7, '2021-11-29 19:13:09', '2022-07-22 17:38:55', NULL, 1, NULL, NULL, NULL, NULL),
(37, 35, NULL, 1, 'TRK - 40443724', 4, 15, 'Est arrival date: 07 Dec - 10 Dec', 2, NULL, NULL, 0, 0, NULL, 0, 2, NULL, 0, 15.0115, '2021-12-02 15:04:51', '2021-12-09 20:10:49', NULL, 1, NULL, NULL, NULL, NULL),
(38, 36, NULL, 1, 'TRK - 8721270', 1, 0, 'Est arrival date: 10 Dec - 14 Dec', 3, NULL, NULL, 0, 0, NULL, 0, 2, NULL, 0, 0.5, '2021-12-02 22:12:34', '2021-12-09 15:42:00', NULL, 1, NULL, NULL, NULL, NULL),
(39, 36, NULL, 1, 'TRK - 17117428', 1, 20, 'Est arrival date: 07 Dec - 10 Dec', 2, NULL, NULL, 0, 0, NULL, 0, 2, NULL, 0, 3.9, '2021-12-02 22:12:34', '2021-12-09 15:42:00', NULL, 1, NULL, NULL, NULL, NULL),
(40, 37, NULL, 1, 'TRK - 22357015', 1, 15, 'Est arrival date: 07 Dec - 10 Dec', 2, NULL, NULL, 0, 1, NULL, 0, 2, NULL, 0, 6, '2021-12-02 23:51:19', '2022-07-22 17:38:55', NULL, 1, NULL, NULL, NULL, NULL),
(41, 38, NULL, 1, 'TRK - 38001743', 1, 15, 'Est arrival date: 08 Dec - 11 Dec', 2, NULL, NULL, 0, 0, NULL, 0, 2, NULL, 0, 0.7, '2021-12-03 02:44:24', '2021-12-09 03:10:16', NULL, 1, NULL, NULL, NULL, NULL),
(42, 39, NULL, 1, 'TRK - 22665206', 1, 5, 'Est arrival date: 11 Dec - 15 Dec', 3, NULL, NULL, 0, 1, NULL, 0, 5, 1, 0, 2.475, '2021-12-03 05:51:44', '2022-07-22 17:38:55', NULL, 1, NULL, NULL, NULL, NULL),
(43, 40, NULL, 1, 'TRK - 23679080', 4, 35, 'Est arrival date: 11 Dec - 14 Dec', 2, NULL, NULL, 0, 0, NULL, 0, 2, NULL, 0, 4.712, '2021-12-06 05:56:43', '2021-12-06 23:39:33', NULL, 1, NULL, NULL, NULL, NULL),
(44, 41, NULL, 1, 'TRK - 22975719', 2, 75, 'Est arrival date: 11 Dec - 14 Dec', 2, NULL, NULL, 0, 0, NULL, 0, 2, NULL, 0, 20.85, '2021-12-06 06:55:22', '2021-12-06 13:26:59', NULL, 1, NULL, NULL, NULL, NULL),
(45, 42, NULL, 1, 'TRK - 13605429', 1, 15, 'Est arrival date: 14 Dec - 17 Dec', 2, NULL, NULL, 0, 1, NULL, 0, 3, 1, 0, 1.11, '2021-12-09 18:29:53', '2022-07-22 17:38:55', NULL, 1, NULL, NULL, NULL, NULL),
(46, 43, NULL, 1, 'TRK - 28825524', 1, 45, 'Est arrival date: 14 Dec - 17 Dec', 2, NULL, NULL, 0, 1, NULL, 0, 2, NULL, 0, 480, '2021-12-09 18:35:32', '2022-07-22 17:38:55', NULL, 1, NULL, NULL, NULL, NULL),
(47, 44, NULL, 1, 'TRK - 25218561', 1, 0, 'Est arrival date: 17 Dec - 21 Dec', 3, NULL, NULL, 0, 0, NULL, 0, 0, NULL, 0, 1.65, '2021-12-09 20:58:59', '2021-12-09 20:58:59', NULL, 1, NULL, NULL, NULL, NULL),
(48, 45, NULL, 1, 'TRK - 27340482', 2, 15, 'Est arrival date: 14 Dec - 17 Dec', 2, NULL, NULL, 0, 0, NULL, 0, 0, NULL, 0, 5.75, '2021-12-09 22:06:04', '2021-12-09 22:06:04', NULL, 1, NULL, NULL, NULL, NULL),
(49, 46, NULL, 1, 'TRK - 27172620', 2, 15, 'Est arrival date: 14 Dec - 17 Dec', 2, NULL, NULL, 0, 1, NULL, 0, 3, 1, 0, 9, '2021-12-09 22:21:16', '2022-07-22 17:38:55', NULL, 1, NULL, NULL, NULL, NULL),
(50, 47, NULL, 1, 'TRK - 25901907', 1, 15, 'Est arrival date: 14 Dec - 17 Dec', 2, NULL, NULL, 0, 0, NULL, 0, 2, NULL, 0, 4.75, '2021-12-09 22:41:48', '2021-12-10 00:19:30', NULL, 1, NULL, NULL, NULL, NULL),
(51, 48, NULL, 1, 'TRK - 18366363', 1, 115.5, 'Est arrival date: 14 Dec - 17 Dec', 2, NULL, NULL, 0, 0, NULL, 0, 3, 1, 0, 17.46, '2021-12-09 23:13:56', '2021-12-09 23:22:56', NULL, 1, NULL, NULL, NULL, NULL),
(52, 49, NULL, 1, 'TRK - 27744718', 1, 15, 'Est arrival date: 15 Dec - 18 Dec', 2, NULL, NULL, 0, 0, NULL, 0, 0, NULL, 0, 0, '2021-12-10 00:25:29', '2021-12-10 00:25:29', NULL, 1, NULL, NULL, NULL, NULL),
(53, 50, NULL, 1, 'TRK - 14072187', 2, 75, 'Est arrival date: 15 Dec - 18 Dec', 2, NULL, NULL, 0, 0, NULL, 0, 0, NULL, 0, 59.22, '2021-12-10 01:19:22', '2021-12-10 01:19:22', NULL, 1, NULL, NULL, NULL, NULL),
(54, 51, NULL, 1, 'TRK - 43315893', 4, 75, 'Est arrival date: 15 Dec - 18 Dec', 2, NULL, NULL, 0, 0, NULL, 0, 0, NULL, 0, 35.8515, '2021-12-10 02:47:54', '2021-12-10 02:47:54', NULL, 1, NULL, NULL, NULL, NULL),
(55, 52, NULL, 1, 'TRK - 22626575', 3, 15, 'Est arrival date: 15 Dec - 18 Dec', 2, NULL, NULL, 1, 0, 1, 0, 2, NULL, 0, 10.9, '2021-12-10 02:51:55', '2021-12-10 09:40:47', NULL, 1, NULL, NULL, NULL, NULL),
(56, 53, NULL, 1, 'TRK - 41038471', 1, 0, 'Est arrival date: 18 Dec - 22 Dec', 3, NULL, NULL, 0, 1, NULL, 0, 3, 1, 0, 0, '2021-12-10 03:29:26', '2022-07-22 17:38:55', NULL, 1, NULL, NULL, NULL, NULL),
(57, 54, NULL, 1, 'TRK - 26195790', 1, 15, 'Est arrival date: 15 Dec - 18 Dec', 2, NULL, NULL, 0, 1, NULL, 0, 2, NULL, 0, 0, '2021-12-10 04:24:28', '2022-07-22 17:38:55', NULL, 1, NULL, NULL, NULL, NULL),
(58, 55, NULL, 1, 'TRK - 19198647', 3, 98, 'Est arrival date: 15 Dec - 18 Dec', 2, NULL, NULL, 0, 0, NULL, 0, 0, NULL, 0, 1488, '2021-12-10 09:41:34', '2021-12-10 09:41:34', NULL, 1, NULL, NULL, NULL, NULL),
(59, 56, NULL, 1, 'TRK - 17802980', 1, 15, 'Est arrival date: 15 Dec - 18 Dec', 2, NULL, NULL, 0, 0, NULL, 0, 0, NULL, 0, 9, '2021-12-10 10:35:08', '2021-12-10 10:35:08', NULL, 1, NULL, NULL, NULL, NULL),
(60, 57, NULL, 1, 'TRK - 29333652', 1, 15, 'Est arrival date: 15 Dec - 18 Dec', 2, NULL, NULL, 0, 1, NULL, 0, 2, NULL, 0, 10.45, '2021-12-10 12:44:02', '2022-07-22 17:38:55', NULL, 1, NULL, NULL, NULL, NULL),
(61, 58, NULL, 1, 'TRK - 18676578', 1, 15, 'Est arrival date: 15 Dec - 18 Dec', 2, NULL, NULL, 0, 0, NULL, 0, 0, NULL, 0, 0.7, '2021-12-10 13:21:45', '2021-12-10 13:21:45', NULL, 1, NULL, NULL, NULL, NULL),
(62, 59, NULL, 1, 'TRK - 27768955', 2, 15, 'Est arrival date: 15 Dec - 18 Dec', 2, NULL, NULL, 0, 0, NULL, 0, 2, NULL, 0, 3.3345, '2021-12-10 17:04:30', '2021-12-10 19:03:56', NULL, 1, NULL, NULL, NULL, NULL),
(63, 60, NULL, 1, 'TRK - 19999257', 1, 15, 'Est arrival date: 15 Dec - 18 Dec', 2, NULL, NULL, 0, 0, NULL, 0, 0, NULL, 0, 0, '2021-12-10 19:10:31', '2021-12-10 19:10:31', NULL, 1, NULL, NULL, NULL, NULL),
(64, 61, NULL, 1, 'TRK - 6630929', 1, 15, 'Est arrival date: 15 Dec - 18 Dec', 2, NULL, NULL, 0, 0, NULL, 0, 0, NULL, 0, 0.7, '2021-12-10 19:43:21', '2021-12-10 19:43:21', NULL, 1, NULL, NULL, NULL, NULL),
(65, 62, NULL, 1, 'TRK - 40562017', 2, 15, 'Est arrival date: 15 Dec - 18 Dec', 2, NULL, NULL, 0, 0, NULL, 0, 0, NULL, 0, 5.8615, '2021-12-10 21:09:38', '2021-12-10 21:09:38', NULL, 1, NULL, NULL, NULL, NULL),
(66, 63, NULL, 1, 'TRK - 33000978', 1, 15, 'Est arrival date: 15 Dec - 18 Dec', 2, NULL, NULL, 0, 0, NULL, 0, 0, NULL, 0, 0, '2021-12-10 21:30:51', '2021-12-10 21:30:51', NULL, 1, NULL, NULL, NULL, NULL),
(67, 64, NULL, 1, 'TRK - 43212717', 1, 75, 'Est arrival date: 15 Dec - 18 Dec', 2, NULL, NULL, 0, 1, NULL, 0, 2, NULL, 0, 19.74, '2021-12-10 21:36:11', '2022-07-22 17:38:55', NULL, 1, NULL, NULL, NULL, NULL),
(68, 65, NULL, 1, 'TRK - 11273048', 2, 80, 'Est arrival date: 16 Dec - 19 Dec', 2, NULL, NULL, 0, 1, NULL, 0, 2, NULL, 0, 22.19, '2021-12-11 07:31:13', '2022-07-22 17:38:55', NULL, 1, NULL, NULL, NULL, NULL),
(69, 66, NULL, 1, 'TRK - 17134936', 3, 95, 'Est arrival date: 16 Dec - 19 Dec', 2, NULL, NULL, 0, 0, NULL, 0, 2, NULL, 0, 3, '2021-12-11 23:44:24', '2021-12-12 09:51:48', NULL, 1, NULL, NULL, NULL, NULL),
(70, 67, NULL, 1, 'TRK - 12268349', 1, 15, 'Est arrival date: 17 Dec - 20 Dec', 2, NULL, NULL, 0, 0, NULL, 0, 2, NULL, 0, 1.1115, '2021-12-12 00:06:47', '2021-12-12 15:08:50', NULL, 1, NULL, NULL, NULL, NULL),
(71, 68, NULL, 1, 'TRK - 25689405', 1, 15, 'Est arrival date: 17 Dec - 20 Dec', 2, NULL, NULL, 0, 1, NULL, 0, 2, NULL, 0, 0.95, '2021-12-12 00:30:42', '2022-07-22 17:38:55', NULL, 1, NULL, NULL, NULL, NULL),
(72, 69, NULL, 1, '22072604305020', 1, 15, 'Est arrival date: 31 Jul - 03 Aug', 2, '1', NULL, 0, 0, NULL, 0, 1, NULL, 0, 1.05, '2022-07-26 16:50:30', '2022-07-26 16:50:30', NULL, 1, 500.00, 30.00, 20.00, 10.00),
(73, 70, NULL, 1, '22072605040162', 1, 15, 'Est arrival date: 31 Jul - 03 Aug', 2, '1', NULL, 0, 0, NULL, 0, 1, NULL, 0, 6.15, '2022-07-26 17:01:04', '2022-07-26 17:01:04', NULL, 1, 2500.00, 150.00, 100.00, 50.00),
(74, 71, NULL, 1, '22072605100458', 1, 15, 'Est arrival date: 31 Jul - 03 Aug', 2, '1', NULL, 0, 0, NULL, 0, 1, NULL, 0, 1.35, '2022-07-26 17:04:10', '2022-07-26 17:04:10', NULL, 1, 500.00, 30.00, 20.00, 10.00),
(75, 72, NULL, 1, '22072704113085', 2, 0, 'Est arrival date: 04 Aug - 08 Aug', 3, '1', NULL, 0, 0, NULL, 0, 1, NULL, 0, 0, '2022-07-27 16:30:11', '2022-07-27 16:30:11', NULL, 1, 0.00, 0.00, 0.00, 0.00),
(76, 73, NULL, 1, '22072705483115', 2, 0, 'Est arrival time: 12-24 hrs', 1, '1', NULL, 0, 0, NULL, 0, 5, NULL, 0, 0, '2022-07-27 17:31:48', '2022-07-27 18:03:31', NULL, 1, 0.00, 0.00, 0.00, 0.00),
(77, 74, NULL, 1, '22072705513943', 1, 15, 'Est arrival date: 01 Aug - 04 Aug', 2, '1', NULL, 0, 0, NULL, 0, 1, NULL, 0, 1.05, '2022-07-27 17:39:51', '2022-07-27 17:39:51', NULL, 1, 500.00, 30.00, 20.00, 10.00),
(78, 75, NULL, 1, '22072705245393', 1, 20, 'Est arrival date: 01 Aug - 04 Aug', 2, '1', NULL, 0, 0, NULL, 0, 2, NULL, 0, 2.28, '2022-07-27 17:53:24', '2022-07-27 19:46:31', NULL, 1, 500.00, 30.00, 20.00, 10.00),
(79, 76, NULL, 1, '22072707512347', 1, 15, 'Est arrival date: 01 Aug - 04 Aug', 2, '1', NULL, 0, 0, NULL, 0, 5, NULL, 0, 1.35, '2022-07-27 19:23:51', '2022-07-27 19:26:41', NULL, 1, 500.00, 30.00, 20.00, 10.00),
(80, 77, NULL, 1, '22072707054748', 1, 15, 'Est arrival date: 01 Aug - 04 Aug', 2, '1', NULL, 0, 0, NULL, 1, 5, NULL, 0, 5.415, '2022-07-27 19:47:05', '2022-07-27 19:48:47', NULL, 1, 500.00, 30.00, 20.00, 10.00),
(81, 78, NULL, 1, '22072811042940', 1, 0, 'Est arrival time: 12-24 hrs', 1, '1', NULL, 0, 0, NULL, 0, 5, NULL, 0, 0, '2022-07-28 11:29:04', '2022-07-28 11:30:45', NULL, 1, 0.00, 0.00, 0.00, 0.00),
(82, 79, NULL, 1, '22072812395275', 1, 15, 'Est arrival date: 02 Aug - 05 Aug', 2, '1', NULL, 0, 0, NULL, 0, 5, NULL, 0, 3.564, '2022-07-28 12:52:39', '2022-07-28 12:55:13', NULL, 1, 1500.00, 90.00, 60.00, 30.00),
(83, 80, NULL, 1, '22072801380175', 1, 0, 'Est arrival time: 12-24 hrs', 1, '1', NULL, 0, 0, NULL, 0, 2, NULL, 0, 0, '2022-07-28 13:01:38', '2022-07-28 13:02:22', NULL, 1, 0.00, 0.00, 0.00, 0.00),
(84, 81, NULL, 1, '22072801361276', 1, 0, 'Est arrival time: 12-24 hrs', 1, '1', NULL, 0, 0, NULL, 0, 5, NULL, 0, 0, '2022-07-28 13:12:36', '2022-07-28 13:37:10', NULL, 1, 0.00, 0.00, 0.00, 0.00),
(85, 82, NULL, 1, '22072801293831', 1, 15, 'Est arrival date: 02 Aug - 05 Aug', 2, '1', NULL, 0, 0, NULL, 0, 5, NULL, 0, 0, '2022-07-28 13:38:29', '2022-07-28 13:39:11', NULL, 1, 500.00, 30.00, 20.00, 10.00),
(86, 83, NULL, 1, '22072803030298', 1, 15, 'Est arrival date: 02 Aug - 05 Aug', 2, '1', NULL, 0, 0, NULL, 0, 1, NULL, 0, 0, '2022-07-28 15:02:03', '2022-07-28 15:02:03', NULL, 1, 500.00, 30.00, 20.00, 10.00),
(87, 84, NULL, 1, '22072803413987', 1, 0, 'Est arrival time: 12-24 hrs', 1, '1', NULL, 0, 0, NULL, 0, 1, NULL, 0, 0, '2022-07-28 15:39:41', '2022-07-28 15:39:41', NULL, 1, 0.00, 0.00, 0.00, 0.00);

-- --------------------------------------------------------

--
-- Table structure for table `order_package_gst`
--

CREATE TABLE `order_package_gst` (
  `id` bigint(20) UNSIGNED NOT NULL,
  `package_id` bigint(20) UNSIGNED NOT NULL,
  `gst_id` bigint(20) UNSIGNED NOT NULL,
  `amount` double(28,2) NOT NULL DEFAULT '0.00',
  `created_at` timestamp NULL DEFAULT NULL,
  `updated_at` timestamp NULL DEFAULT NULL
) ENGINE=InnoDB DEFAULT CHARSET=utf8mb4 COLLATE=utf8mb4_unicode_ci;

--
-- Dumping data for table `order_package_gst`
--

INSERT INTO `order_package_gst` (`id`, `package_id`, `gst_id`, `amount`, `created_at`, `updated_at`) VALUES
(1, 1, 2, 0.00, '2021-09-29 18:46:44', '2021-09-29 18:46:44'),
(2, 1, 3, 0.00, '2021-09-29 18:46:44', '2021-09-29 18:46:44'),
(3, 2, 3, 0.00, '2021-10-10 11:46:18', '2021-10-10 11:46:18'),
(4, 3, 1, 0.00, '2021-10-13 16:36:00', '2021-10-13 16:36:00'),
(5, 3, 2, 0.00, '2021-10-13 16:36:00', '2021-10-13 16:36:00'),
(6, 4, 1, 0.00, '2021-10-13 16:52:29', '2021-10-13 16:52:29'),
(7, 4, 2, 0.00, '2021-10-13 16:52:29', '2021-10-13 16:52:29'),
(8, 5, 1, 0.00, '2021-10-13 16:57:04', '2021-10-13 16:57:04'),
(9, 5, 2, 0.00, '2021-10-13 16:57:04', '2021-10-13 16:57:04'),
(10, 6, 1, 0.00, '2021-10-13 16:58:47', '2021-10-13 16:58:47'),
(11, 6, 2, 0.00, '2021-10-13 16:58:47', '2021-10-13 16:58:47'),
(14, 2, 1, 0.00, '2021-11-16 11:49:52', '2021-11-16 11:49:52'),
(15, 2, 2, 0.00, '2021-11-16 11:49:52', '2021-11-16 11:49:52'),
(16, 3, 1, 0.00, '2021-11-16 15:04:14', '2021-11-16 15:04:14'),
(17, 3, 2, 0.00, '2021-11-16 15:04:14', '2021-11-16 15:04:14'),
(18, 4, 1, 0.00, '2021-11-16 15:07:54', '2021-11-16 15:07:54'),
(19, 4, 2, 0.00, '2021-11-16 15:07:54', '2021-11-16 15:07:54'),
(20, 5, 1, 0.00, '2021-11-16 15:16:00', '2021-11-16 15:16:00'),
(21, 5, 2, 0.00, '2021-11-16 15:16:00', '2021-11-16 15:16:00'),
(22, 6, 1, 0.00, '2021-11-16 15:43:41', '2021-11-16 15:43:41'),
(23, 6, 2, 0.00, '2021-11-16 15:43:41', '2021-11-16 15:43:41'),
(24, 7, 1, 0.00, '2021-11-16 15:59:39', '2021-11-16 15:59:39'),
(25, 7, 2, 0.00, '2021-11-16 15:59:39', '2021-11-16 15:59:39'),
(26, 8, 3, 0.00, '2021-11-16 16:28:48', '2021-11-16 16:28:48'),
(27, 9, 1, 0.00, '2021-11-22 11:42:38', '2021-11-22 11:42:38'),
(28, 9, 2, 0.00, '2021-11-22 11:42:38', '2021-11-22 11:42:38'),
(29, 10, 1, 0.00, '2021-11-25 10:56:17', '2021-11-25 10:56:17'),
(30, 10, 2, 4.28, '2021-11-25 10:56:17', '2021-11-25 10:56:17'),
(31, 11, 1, 0.00, '2021-11-25 10:56:17', '2021-11-25 10:56:17'),
(32, 11, 2, 1.57, '2021-11-25 10:56:17', '2021-11-25 10:56:17'),
(33, 12, 1, 0.00, '2021-11-25 10:59:32', '2021-11-25 10:59:32'),
(34, 12, 2, 4.28, '2021-11-25 10:59:32', '2021-11-25 10:59:32'),
(35, 13, 1, 0.00, '2021-11-25 11:14:55', '2021-11-25 11:14:55'),
(36, 13, 2, 2.28, '2021-11-25 11:14:55', '2021-11-25 11:14:55'),
(37, 14, 1, 0.00, '2021-11-25 11:15:36', '2021-11-25 11:15:36'),
(38, 14, 2, 10.35, '2021-11-25 11:15:36', '2021-11-25 11:15:36'),
(39, 15, 1, 0.00, '2021-11-25 11:15:53', '2021-11-25 11:15:53'),
(40, 15, 2, 1.38, '2021-11-25 11:15:53', '2021-11-25 11:15:53'),
(41, 16, 1, 0.00, '2021-11-25 11:23:26', '2021-11-25 11:23:26'),
(42, 16, 2, 10.35, '2021-11-25 11:23:26', '2021-11-25 11:23:26'),
(43, 17, 1, 0.00, '2021-11-25 11:26:09', '2021-11-25 11:26:09'),
(44, 17, 2, 4.28, '2021-11-25 11:26:09', '2021-11-25 11:26:09'),
(45, 18, 1, 0.00, '2021-11-25 11:27:34', '2021-11-25 11:27:34'),
(46, 18, 2, 1.56, '2021-11-25 11:27:34', '2021-11-25 11:27:34'),
(47, 19, 1, 0.00, '2021-11-25 11:29:58', '2021-11-25 11:29:58'),
(48, 19, 2, 1.11, '2021-11-25 11:29:58', '2021-11-25 11:29:58'),
(49, 20, 1, 0.00, '2021-11-25 11:30:21', '2021-11-25 11:30:21'),
(50, 20, 2, 10.35, '2021-11-25 11:30:21', '2021-11-25 11:30:21'),
(51, 21, 1, 0.00, '2021-11-25 11:30:38', '2021-11-25 11:30:38'),
(52, 21, 2, 2.10, '2021-11-25 11:30:38', '2021-11-25 11:30:38'),
(53, 22, 1, 0.00, '2021-11-26 15:24:55', '2021-11-26 15:24:55'),
(54, 22, 2, 288.75, '2021-11-26 15:24:55', '2021-11-26 15:24:55'),
(55, 23, 1, 0.00, '2021-11-28 10:02:55', '2021-11-28 10:02:55'),
(56, 23, 2, 149.16, '2021-11-28 10:02:55', '2021-11-28 10:02:55'),
(57, 24, 1, 0.00, '2021-11-28 14:35:53', '2021-11-28 14:35:53'),
(58, 24, 2, 12.90, '2021-11-28 14:35:53', '2021-11-28 14:35:53'),
(59, 25, 1, 0.00, '2021-11-28 21:39:59', '2021-11-28 21:39:59'),
(60, 25, 2, 0.60, '2021-11-28 21:39:59', '2021-11-28 21:39:59'),
(61, 26, 1, 0.00, '2021-11-28 21:40:03', '2021-11-28 21:40:03'),
(62, 26, 2, 2.02, '2021-11-28 21:40:03', '2021-11-28 21:40:03'),
(63, 27, 1, 0.00, '2021-11-28 22:13:06', '2021-11-28 22:13:06'),
(64, 27, 2, 16.50, '2021-11-28 22:13:06', '2021-11-28 22:13:06'),
(65, 28, 1, 0.00, '2021-11-29 00:05:50', '2021-11-29 00:05:50'),
(66, 28, 2, 7.50, '2021-11-29 00:05:50', '2021-11-29 00:05:50'),
(67, 29, 1, 0.00, '2021-11-29 00:05:50', '2021-11-29 00:05:50'),
(68, 29, 2, 3.60, '2021-11-29 00:05:50', '2021-11-29 00:05:50'),
(69, 30, 1, 0.00, '2021-11-29 19:01:41', '2021-11-29 19:01:41'),
(70, 30, 2, 2.28, '2021-11-29 19:01:41', '2021-11-29 19:01:41'),
(71, 31, 3, 0.00, '2021-11-29 19:02:55', '2021-11-29 19:02:55'),
(72, 32, 1, 0.00, '2021-11-29 19:03:57', '2021-11-29 19:03:57'),
(73, 32, 2, 1.35, '2021-11-29 19:03:57', '2021-11-29 19:03:57'),
(74, 33, 3, 0.00, '2021-11-29 19:04:38', '2021-11-29 19:04:38'),
(75, 34, 3, 0.00, '2021-11-29 19:04:38', '2021-11-29 19:04:38'),
(76, 35, 1, 0.00, '2021-11-29 19:07:14', '2021-11-29 19:07:14'),
(77, 35, 2, 0.60, '2021-11-29 19:07:14', '2021-11-29 19:07:14'),
(78, 36, 1, 0.00, '2021-11-29 19:13:09', '2021-11-29 19:13:09'),
(79, 36, 2, 1.05, '2021-11-29 19:13:09', '2021-11-29 19:13:09'),
(80, 37, 1, 0.00, '2021-12-02 15:04:51', '2021-12-02 15:04:51'),
(81, 37, 2, 10.71, '2021-12-02 15:04:51', '2021-12-02 15:04:51'),
(82, 38, 1, 0.00, '2021-12-02 22:12:34', '2021-12-02 22:12:34'),
(83, 38, 2, 0.30, '2021-12-02 22:12:34', '2021-12-02 22:12:34'),
(84, 39, 1, 0.00, '2021-12-02 22:12:34', '2021-12-02 22:12:34'),
(85, 39, 2, 1.95, '2021-12-02 22:12:34', '2021-12-02 22:12:34'),
(86, 40, 1, 0.00, '2021-12-02 23:51:19', '2021-12-02 23:51:19'),
(87, 40, 2, 3.56, '2021-12-02 23:51:19', '2021-12-02 23:51:19'),
(88, 41, 3, 0.00, '2021-12-03 02:44:24', '2021-12-03 02:44:24'),
(89, 42, 1, 0.00, '2021-12-03 05:51:44', '2021-12-03 05:51:44'),
(90, 42, 2, 1.49, '2021-12-03 05:51:44', '2021-12-03 05:51:44'),
(91, 43, 1, 0.00, '2021-12-06 05:56:43', '2021-12-06 05:56:43'),
(92, 43, 2, 74.26, '2021-12-06 05:56:43', '2021-12-06 05:56:43'),
(93, 44, 1, 0.00, '2021-12-06 06:55:22', '2021-12-06 06:55:22'),
(94, 44, 2, 20.85, '2021-12-06 06:55:22', '2021-12-06 06:55:22'),
(95, 45, 1, 0.00, '2021-12-09 18:29:53', '2021-12-09 18:29:53'),
(96, 45, 2, 1.11, '2021-12-09 18:29:53', '2021-12-09 18:29:53'),
(97, 46, 1, 0.00, '2021-12-09 18:35:32', '2021-12-09 18:35:32'),
(98, 46, 2, 144.00, '2021-12-09 18:35:32', '2021-12-09 18:35:32'),
(99, 47, 1, 0.00, '2021-12-09 20:58:59', '2021-12-09 20:58:59'),
(100, 47, 2, 1.01, '2021-12-09 20:58:59', '2021-12-09 20:58:59'),
(101, 48, 1, 0.00, '2021-12-09 22:06:04', '2021-12-09 22:06:04'),
(102, 48, 2, 7.05, '2021-12-09 22:06:04', '2021-12-09 22:06:04'),
(103, 49, 1, 0.00, '2021-12-09 22:21:16', '2021-12-09 22:21:16'),
(104, 49, 2, 5.36, '2021-12-09 22:21:16', '2021-12-09 22:21:16'),
(105, 50, 1, 0.00, '2021-12-09 22:41:48', '2021-12-09 22:41:48'),
(106, 50, 2, 2.85, '2021-12-09 22:41:48', '2021-12-09 22:41:48'),
(107, 51, 1, 0.00, '2021-12-09 23:13:56', '2021-12-09 23:13:56'),
(108, 51, 2, 26.19, '2021-12-09 23:13:56', '2021-12-09 23:13:56'),
(109, 52, 3, 0.00, '2021-12-10 00:25:29', '2021-12-10 00:25:29'),
(110, 53, 1, 0.00, '2021-12-10 01:19:22', '2021-12-10 01:19:22'),
(111, 53, 2, 60.72, '2021-12-10 01:19:22', '2021-12-10 01:19:22'),
(112, 54, 1, 0.00, '2021-12-10 02:47:54', '2021-12-10 02:47:54'),
(113, 54, 2, 35.10, '2021-12-10 02:47:54', '2021-12-10 02:47:54'),
(114, 55, 1, 0.00, '2021-12-10 02:51:55', '2021-12-10 02:51:55'),
(115, 55, 2, 12.26, '2021-12-10 02:51:55', '2021-12-10 02:51:55'),
(116, 56, 1, 0.00, '2021-12-10 03:29:26', '2021-12-10 03:29:26'),
(117, 56, 2, 5.40, '2021-12-10 03:29:26', '2021-12-10 03:29:26'),
(118, 57, 1, 0.00, '2021-12-10 04:24:28', '2021-12-10 04:24:28'),
(119, 57, 2, 0.75, '2021-12-10 04:24:28', '2021-12-10 04:24:28'),
(120, 58, 1, 0.00, '2021-12-10 09:41:34', '2021-12-10 09:41:34'),
(121, 58, 2, 365.27, '2021-12-10 09:41:34', '2021-12-10 09:41:34'),
(122, 59, 1, 0.00, '2021-12-10 10:35:08', '2021-12-10 10:35:08'),
(123, 59, 2, 5.42, '2021-12-10 10:35:08', '2021-12-10 10:35:08'),
(124, 60, 1, 0.00, '2021-12-10 12:44:02', '2021-12-10 12:44:02'),
(125, 60, 2, 6.27, '2021-12-10 12:44:02', '2021-12-10 12:44:02'),
(126, 61, 3, 0.00, '2021-12-10 13:21:45', '2021-12-10 13:21:45'),
(127, 62, 1, 0.00, '2021-12-10 17:04:30', '2021-12-10 17:04:30'),
(128, 62, 2, 4.68, '2021-12-10 17:04:30', '2021-12-10 17:04:30'),
(129, 63, 1, 0.00, '2021-12-10 19:10:31', '2021-12-10 19:10:31'),
(130, 63, 2, 1.80, '2021-12-10 19:10:31', '2021-12-10 19:10:31'),
(131, 64, 1, 0.00, '2021-12-10 19:43:21', '2021-12-10 19:43:21'),
(132, 64, 2, 1.05, '2021-12-10 19:43:21', '2021-12-10 19:43:21'),
(133, 65, 1, 0.00, '2021-12-10 21:09:38', '2021-12-10 21:09:38'),
(134, 65, 2, 3.96, '2021-12-10 21:09:38', '2021-12-10 21:09:38'),
(135, 66, 1, 0.00, '2021-12-10 21:30:51', '2021-12-10 21:30:51'),
(136, 66, 2, 0.75, '2021-12-10 21:30:51', '2021-12-10 21:30:51'),
(137, 67, 1, 0.00, '2021-12-10 21:36:11', '2021-12-10 21:36:11'),
(138, 67, 2, 19.74, '2021-12-10 21:36:11', '2021-12-10 21:36:11'),
(139, 68, 1, 0.00, '2021-12-11 07:31:13', '2021-12-11 07:31:13'),
(140, 68, 2, 21.23, '2021-12-11 07:31:13', '2021-12-11 07:31:13'),
(141, 69, 1, 0.00, '2021-12-11 23:44:24', '2021-12-11 23:44:24'),
(142, 69, 2, 12.45, '2021-12-11 23:44:24', '2021-12-11 23:44:24'),
(143, 70, 1, 0.00, '2021-12-12 00:06:47', '2021-12-12 00:06:47'),
(144, 70, 2, 1.11, '2021-12-12 00:06:47', '2021-12-12 00:06:47'),
(145, 71, 1, 0.00, '2021-12-12 00:30:42', '2021-12-12 00:30:42'),
(146, 71, 2, 0.57, '2021-12-12 00:30:42', '2021-12-12 00:30:42');

-- --------------------------------------------------------

--
-- Table structure for table `order_payments`
--

CREATE TABLE `order_payments` (
  `id` bigint(20) UNSIGNED NOT NULL,
  `user_id` bigint(20) UNSIGNED DEFAULT NULL,
  `amount` double(28,2) NOT NULL DEFAULT '0.00',
  `payment_method` varchar(255) COLLATE utf8mb4_unicode_ci DEFAULT NULL,
  `payment_details` varchar(255) COLLATE utf8mb4_unicode_ci DEFAULT NULL,
  `txn_id` varchar(255) COLLATE utf8mb4_unicode_ci DEFAULT NULL,
  `status` tinyint(1) NOT NULL DEFAULT '0',
  `created_at` timestamp NULL DEFAULT NULL,
  `updated_at` timestamp NULL DEFAULT NULL
) ENGINE=InnoDB DEFAULT CHARSET=utf8mb4 COLLATE=utf8mb4_unicode_ci;

--
-- Dumping data for table `order_payments`
--

INSERT INTO `order_payments` (`id`, `user_id`, `amount`, `payment_method`, `payment_details`, `txn_id`, `status`, `created_at`, `updated_at`) VALUES
(1, NULL, 810.80, '1', NULL, 'none', 0, '2021-11-16 11:49:52', '2021-11-16 11:49:52'),
(2, 26, 81.15, '1', NULL, 'none', 0, '2021-11-16 15:04:14', '2021-11-16 15:04:14'),
(3, 26, 12125.59, '1', NULL, 'none', 0, '2021-11-16 15:07:54', '2021-11-16 15:07:54'),
(4, 26, 200.00, '2', NULL, 'none', 0, '2021-11-16 15:16:00', '2021-11-16 15:16:00'),
(5, 26, 57.00, '2', NULL, 'none', 0, '2021-11-16 15:43:41', '2021-11-16 15:43:41'),
(6, 26, 36.85, '2', NULL, 'none', 0, '2021-11-16 15:59:39', '2021-11-16 15:59:39'),
(7, NULL, 752.74, '1', NULL, 'none', 0, '2021-11-16 16:28:48', '2021-11-16 16:28:48'),
(8, 4, 62.00, '1', NULL, 'none', 0, '2021-11-22 11:42:38', '2021-11-22 11:42:38'),
(9, 34, 222.97, '2', NULL, 'none', 0, '2021-11-25 10:56:17', '2021-11-25 10:56:17'),
(10, 34, 168.90, '1', NULL, 'none', 0, '2021-11-25 10:59:32', '2021-11-25 10:59:32'),
(11, 34, 99.80, '1', NULL, 'none', 0, '2021-11-25 11:14:55', '2021-11-25 11:14:55'),
(12, 34, 382.25, '1', NULL, 'none', 0, '2021-11-25 11:15:36', '2021-11-25 11:15:36'),
(13, 34, 62.38, '1', NULL, 'none', 0, '2021-11-25 11:15:53', '2021-11-25 11:15:53'),
(14, 35, 382.25, '1', NULL, 'none', 0, '2021-11-25 11:23:27', '2021-11-25 11:23:27'),
(15, 35, 168.90, '1', NULL, 'none', 0, '2021-11-25 11:26:09', '2021-11-25 11:26:09'),
(16, 35, 69.72, '1', NULL, 'none', 0, '2021-11-25 11:27:34', '2021-11-25 11:27:34'),
(17, 36, 54.27, '1', NULL, 'none', 0, '2021-11-25 11:29:58', '2021-11-25 11:29:58'),
(18, 36, 382.25, '1', NULL, 'none', 0, '2021-11-25 11:30:21', '2021-11-25 11:30:21'),
(19, 36, 92.10, '1', NULL, 'none', 0, '2021-11-25 11:30:38', '2021-11-25 11:30:38'),
(20, 4, 10940.00, '1', NULL, 'none', 0, '2021-11-26 15:24:55', '2021-11-26 15:24:55'),
(21, 4, 5661.16, '1', NULL, 'none', 0, '2021-11-28 10:02:55', '2021-11-28 10:02:55'),
(22, NULL, 500.90, '1', NULL, 'none', 0, '2021-11-28 14:35:53', '2021-11-28 14:35:53'),
(23, NULL, 35.60, '1', NULL, 'none', 0, '2021-11-28 21:39:59', '2021-11-28 21:39:59'),
(24, NULL, 87.88, '1', NULL, 'none', 0, '2021-11-28 21:40:03', '2021-11-28 21:40:03'),
(25, 4, 566.50, '7', NULL, 'none', 0, '2021-11-28 22:13:02', '2021-11-28 22:13:02'),
(26, NULL, 99.80, '1', NULL, 'none', 0, '2021-11-29 19:01:41', '2021-11-29 19:01:41'),
(27, 19, 513.75, '1', NULL, 'none', 0, '2021-11-29 19:02:55', '2021-11-29 19:02:55'),
(28, 20, 61.35, '1', NULL, 'none', 0, '2021-11-29 19:03:57', '2021-11-29 19:03:57'),
(29, 19, 592.00, '2', NULL, 'none', 0, '2021-11-29 19:04:38', '2021-11-29 19:04:38'),
(30, 4, 35.60, '1', NULL, 'none', 0, '2021-11-29 19:07:14', '2021-11-29 19:07:14'),
(31, 4, 51.75, '7', NULL, 'none', 0, '2021-11-29 19:13:05', '2021-11-29 19:13:05'),
(32, 4, 397.77, '1', NULL, 'none', 0, '2021-12-02 15:04:52', '2021-12-02 15:04:52'),
(33, 4, 101.65, '1', NULL, 'none', 0, '2021-12-02 22:12:34', '2021-12-02 22:12:34'),
(34, 4, 143.36, '1', NULL, 'none', 0, '2021-12-02 23:51:19', '2021-12-02 23:51:19'),
(35, NULL, 50.70, '1', NULL, 'none', 0, '2021-12-03 02:44:24', '2021-12-03 02:44:24'),
(36, 4, 58.46, '1', NULL, 'none', 0, '2021-12-03 05:51:44', '2021-12-03 05:51:44'),
(37, 4, 2589.21, '1', NULL, 'none', 0, '2021-12-06 05:56:43', '2021-12-06 05:56:43'),
(38, NULL, 811.75, '1', NULL, 'none', 0, '2021-12-06 06:55:22', '2021-12-06 06:55:22'),
(39, NULL, 51.75, '10', NULL, '24708-21-12-08-98119', 0, '2021-12-08 18:39:43', '2021-12-08 18:39:43'),
(40, NULL, 117.60, '10', NULL, '40050-21-12-09-36768', 0, '2021-12-09 15:36:28', '2021-12-09 15:36:28'),
(41, 4, 11083.35, '10', NULL, '84286-21-12-09-4', 0, '2021-12-09 18:28:03', '2021-12-09 18:28:03'),
(42, NULL, 54.27, '7', NULL, 'none', 0, '2021-12-09 18:29:50', '2021-12-09 18:29:50'),
(43, NULL, 5469.00, '1', NULL, 'none', 0, '2021-12-09 18:35:32', '2021-12-09 18:35:32'),
(44, 4, 11141.81, '10', NULL, '42434-21-12-09-4', 0, '2021-12-09 18:58:57', '2021-12-09 18:58:57'),
(45, 4, 3954.83, '10', NULL, '63138-21-12-09-4', 0, '2021-12-09 20:26:09', '2021-12-09 20:26:09'),
(46, NULL, 41.25, '10', NULL, '64837-21-12-09-36582', 0, '2021-12-09 20:55:09', '2021-12-09 20:55:09'),
(47, NULL, 36.26, '1', NULL, 'none', 0, '2021-12-09 20:58:59', '2021-12-09 20:58:59'),
(48, 4, 54.27, '10', NULL, '37223-21-12-09-4', 0, '2021-12-09 21:53:17', '2021-12-09 21:53:17'),
(49, 4, 54.27, '10', NULL, '37223-21-12-09-4', 0, '2021-12-09 21:53:18', '2021-12-09 21:53:18'),
(50, 4, 249.21, '10', NULL, '43691-21-12-09-4', 0, '2021-12-09 22:00:23', '2021-12-09 22:00:23'),
(51, 4, 138.60, '10', NULL, '37117-21-12-09-4', 0, '2021-12-09 22:01:39', '2021-12-09 22:01:39'),
(52, 4, 208.16, '1', NULL, 'none', 0, '2021-12-09 22:21:17', '2021-12-09 22:21:17'),
(53, 4, 117.60, '1', NULL, 'none', 0, '2021-12-09 22:41:48', '2021-12-09 22:41:48'),
(54, NULL, 1032.15, '1', NULL, 'none', 0, '2021-12-09 23:13:56', '2021-12-09 23:13:56'),
(55, NULL, 135.00, '1', NULL, 'none', 0, '2021-12-10 00:25:29', '2021-12-10 00:25:29'),
(56, 4, 2218.94, '1', NULL, 'none', 0, '2021-12-10 01:19:22', '2021-12-10 01:19:22'),
(57, 4, 1316.00, '1', NULL, 'none', 0, '2021-12-10 02:47:54', '2021-12-10 02:47:54'),
(58, 4, 446.96, '1', NULL, 'none', 0, '2021-12-10 02:51:55', '2021-12-10 02:51:55'),
(59, 4, 185.40, '1', NULL, 'none', 0, '2021-12-10 03:29:26', '2021-12-10 03:29:26'),
(60, 4, 40.75, '1', NULL, 'none', 0, '2021-12-10 04:24:28', '2021-12-10 04:24:28'),
(61, 4, 11778.93, '10', NULL, '98829-21-12-10-4', 0, '2021-12-10 09:28:27', '2021-12-10 09:28:27'),
(62, 4, 14127.07, '1', NULL, 'none', 0, '2021-12-10 09:41:34', '2021-12-10 09:41:34'),
(63, NULL, 209.91, '10', NULL, '15072-21-12-10-18102', 0, '2021-12-10 10:33:36', '2021-12-10 10:33:36'),
(64, NULL, 209.91, '1', NULL, 'none', 0, '2021-12-10 10:35:08', '2021-12-10 10:35:08'),
(65, 4, 240.72, '1', NULL, 'none', 0, '2021-12-10 12:44:02', '2021-12-10 12:44:02'),
(66, NULL, 50.70, '1', NULL, 'none', 0, '2021-12-10 13:21:45', '2021-12-10 13:21:45'),
(67, 4, 179.17, '1', NULL, 'none', 0, '2021-12-10 17:04:30', '2021-12-10 17:04:30'),
(68, 4, 99.80, '10', NULL, '9117-21-12-10-4', 0, '2021-12-10 18:36:25', '2021-12-10 18:36:25'),
(69, 4, 76.80, '1', NULL, 'none', 0, '2021-12-10 19:10:31', '2021-12-10 19:10:31'),
(70, NULL, 51.75, '1', NULL, 'none', 0, '2021-12-10 19:43:21', '2021-12-10 19:43:21'),
(71, NULL, 40.75, '1', NULL, 'none', 0, '2021-12-10 21:30:51', '2021-12-10 21:30:51'),
(72, 4, 772.48, '1', NULL, 'none', 0, '2021-12-10 21:36:11', '2021-12-10 21:36:11'),
(73, 4, 830.91, '1', NULL, 'none', 0, '2021-12-11 07:31:13', '2021-12-11 07:31:13'),
(74, 4, 525.45, '1', NULL, 'none', 0, '2021-12-11 23:44:24', '2021-12-11 23:44:24'),
(75, 4, 54.27, '10', NULL, '22292-21-12-11-4', 0, '2021-12-11 23:45:54', '2021-12-11 23:45:54'),
(76, 4, 35.52, '1', NULL, 'none', 0, '2021-12-12 00:30:42', '2021-12-12 00:30:42'),
(77, 4, 154.05, '10', NULL, '61807-21-12-12-4', 0, '2021-12-12 08:35:05', '2021-12-12 08:35:05'),
(78, 4, 51.05, '1', NULL, 'none', 0, '2022-07-26 16:50:30', '2022-07-26 16:50:30'),
(79, 4, 226.15, '1', NULL, 'none', 0, '2022-07-26 17:01:04', '2022-07-26 17:01:04'),
(80, 4, 61.35, '1', NULL, 'none', 0, '2022-07-26 17:04:10', '2022-07-26 17:04:10'),
(81, 4, 550.00, '2', NULL, 'none', 0, '2022-07-27 16:30:11', '2022-07-27 16:30:11'),
(82, 4, 500.00, '2', NULL, 'none', 0, '2022-07-27 17:31:48', '2022-07-27 17:31:48'),
(83, 4, 51.05, '1', NULL, 'none', 0, '2022-07-27 17:39:51', '2022-07-27 17:39:51'),
(84, 4, 98.28, '1', NULL, 'none', 0, '2022-07-27 17:53:24', '2022-07-27 17:53:24'),
(85, 4, 61.35, '2', NULL, 'none', 0, '2022-07-27 19:23:51', '2022-07-27 19:23:51'),
(86, 4, 200.91, '2', NULL, 'none', 0, '2022-07-27 19:47:05', '2022-07-27 19:47:05'),
(87, 4, 200.00, '2', NULL, 'none', 0, '2022-07-28 11:29:04', '2022-07-28 11:29:04'),
(88, 4, 137.36, '2', NULL, 'none', 0, '2022-07-28 12:52:39', '2022-07-28 12:52:39'),
(89, 4, 300.00, '2', NULL, 'none', 0, '2022-07-28 13:01:38', '2022-07-28 13:01:38'),
(90, 38, 300.00, '2', NULL, 'none', 0, '2022-07-28 13:12:36', '2022-07-28 13:12:36'),
(91, 38, 52.05, '2', NULL, 'none', 0, '2022-07-28 13:38:29', '2022-07-28 13:38:29'),
(92, 38, 40.00, '2', NULL, 'none', 0, '2022-07-28 15:02:03', '2022-07-28 15:02:03'),
(93, 38, 300.00, '2', NULL, 'none', 0, '2022-07-28 15:39:41', '2022-07-28 15:39:41');

-- --------------------------------------------------------

--
-- Table structure for table `order_product_details`
--

CREATE TABLE `order_product_details` (
  `id` bigint(20) UNSIGNED NOT NULL,
  `package_id` bigint(20) UNSIGNED NOT NULL,
  `type` varchar(50) COLLATE utf8mb4_unicode_ci DEFAULT NULL,
  `product_sku_id` bigint(20) UNSIGNED NOT NULL,
  `qty` int(10) UNSIGNED NOT NULL DEFAULT '0',
  `price` double NOT NULL DEFAULT '0',
  `total_price` double NOT NULL DEFAULT '0',
  `tax_amount` double NOT NULL DEFAULT '0',
  `created_at` timestamp NULL DEFAULT NULL,
  `updated_at` timestamp NULL DEFAULT NULL
) ENGINE=InnoDB DEFAULT CHARSET=utf8mb4 COLLATE=utf8mb4_unicode_ci;

--
-- Dumping data for table `order_product_details`
--

INSERT INTO `order_product_details` (`id`, `package_id`, `type`, `product_sku_id`, `qty`, `price`, `total_price`, `tax_amount`, `created_at`, `updated_at`) VALUES
(1, 2, 'product', 144, 1, 54, 54, 3, '2021-11-16 11:49:52', '2021-11-16 11:49:52'),
(2, 2, 'product', 119, 2, 345, 690, 13.8, '2021-11-16 11:49:52', '2021-11-16 11:49:52'),
(3, 3, 'product', 2, 1, 23, 23, 1.15, '2021-11-16 15:04:14', '2021-11-16 15:04:14'),
(4, 3, 'product', 4, 1, 40, 40, 2, '2021-11-16 15:04:14', '2021-11-16 15:04:14'),
(5, 4, 'product', 145, 1, 9600, 9600, 960, '2021-11-16 15:07:54', '2021-11-16 15:07:54'),
(6, 5, 'gift_card', 12, 1, 200, 200, 0, '2021-11-16 15:16:00', '2021-11-16 15:16:00'),
(7, 6, 'product', 4, 1, 40, 40, 2, '2021-11-16 15:43:41', '2021-11-16 15:43:41'),
(8, 7, 'product', 2, 1, 23, 23, 1.15, '2021-11-16 15:59:39', '2021-11-16 15:59:39'),
(9, 8, 'product', 149, 1, 658, 658, 19.74, '2021-11-16 16:28:48', '2021-11-16 16:28:48'),
(10, 9, 'product', 142, 1, 44, 44, 3, '2021-11-22 11:42:38', '2021-11-22 11:42:38'),
(11, 10, 'product', 178, 1, 142.5, 142.5, 7.125, '2021-11-25 10:56:17', '2021-11-25 10:56:17'),
(12, 11, 'product', 194, 1, 52.5, 52.5, 0, '2021-11-25 10:56:17', '2021-11-25 10:56:17'),
(13, 12, 'product', 178, 1, 142.5, 142.5, 7.125, '2021-11-25 10:59:32', '2021-11-25 10:59:32'),
(14, 13, 'product', 186, 1, 76, 76, 1.52, '2021-11-25 11:14:55', '2021-11-25 11:14:55'),
(15, 14, 'product', 119, 1, 345, 345, 6.9, '2021-11-25 11:15:36', '2021-11-25 11:15:36'),
(16, 15, 'product', 176, 1, 31, 31, 0, '2021-11-25 11:15:53', '2021-11-25 11:15:53'),
(17, 15, 'product', 181, 1, 15, 15, 0, '2021-11-25 11:15:53', '2021-11-25 11:15:53'),
(18, 16, 'product', 119, 1, 345, 345, 6.9, '2021-11-25 11:23:27', '2021-11-25 11:23:27'),
(19, 17, 'product', 178, 1, 142.5, 142.5, 7.125, '2021-11-25 11:26:09', '2021-11-25 11:26:09'),
(20, 18, 'product', 181, 1, 15, 15, 1.11, '2021-11-25 11:27:34', '2022-07-22 17:39:02'),
(21, 18, 'product', 172, 1, 37.05, 37.05, 1.1115, '2021-11-25 11:27:34', '2021-11-25 11:27:34'),
(22, 19, 'product', 172, 1, 37.05, 37.05, 1.1115, '2021-11-25 11:29:58', '2021-11-25 11:29:58'),
(23, 20, 'product', 119, 1, 345, 345, 6.9, '2021-11-25 11:30:21', '2021-11-25 11:30:21'),
(24, 21, 'product', 182, 1, 70, 70, 0, '2021-11-25 11:30:38', '2021-11-25 11:30:38'),
(25, 22, 'product', 145, 1, 9600, 9600, 960, '2021-11-26 15:24:55', '2021-11-26 15:24:55'),
(26, 22, 'product', 166, 1, 25, 25, 1.25, '2021-11-26 15:24:55', '2021-11-26 15:24:55'),
(27, 23, 'product', 5, 1, 4800, 4800, 480, '2021-11-28 10:02:55', '2021-11-28 10:02:55'),
(28, 23, 'product', 141, 1, 52, 52, 240, '2021-11-28 10:02:55', '2022-07-22 17:39:02'),
(29, 23, 'product', 155, 1, 120, 120, 240, '2021-11-28 10:02:55', '2022-07-22 17:39:02'),
(30, 24, 'product', 192, 1, 430, 430, 43, '2021-11-28 14:35:53', '2021-11-28 14:35:53'),
(31, 25, 'product', 171, 1, 20, 20, 0, '2021-11-28 21:39:59', '2021-11-28 21:39:59'),
(32, 26, 'product', 20, 1, 67, 67.5, 3.35, '2021-11-28 21:40:03', '2021-11-28 21:40:03'),
(33, 27, 'gift_card', 14, 1, 250, 250, 0, '2021-11-28 22:13:06', '2021-11-28 22:13:06'),
(34, 27, 'gift_card', 13, 1, 300, 300, 0, '2021-11-28 22:13:06', '2021-11-28 22:13:06'),
(35, 28, 'gift_card', 14, 1, 250, 250, 0, '2021-11-29 00:05:50', '2021-11-29 00:05:50'),
(36, 29, 'product', 155, 1, 120, 120, 0, '2021-11-29 00:05:50', '2021-11-29 00:05:50'),
(37, 30, 'product', 186, 1, 76, 76, 1.52, '2021-11-29 19:01:41', '2021-11-29 19:01:41'),
(38, 31, 'product', 157, 1, 475, 475, 23.75, '2021-11-29 19:02:55', '2021-11-29 19:02:55'),
(39, 32, 'product', 174, 1, 45, 45, 0, '2021-11-29 19:03:57', '2021-11-29 19:03:57'),
(40, 33, 'product', 194, 1, 49, 49, 0, '2021-11-29 19:04:38', '2021-11-29 19:04:38'),
(41, 34, 'product', 193, 1, 480, 480, 48, '2021-11-29 19:04:38', '2021-11-29 19:04:38'),
(42, 35, 'product', 171, 1, 20, 20, 0, '2021-11-29 19:07:14', '2021-11-29 19:07:14'),
(43, 36, 'product', 173, 1, 35, 35, 0.7, '2021-11-29 19:13:09', '2021-11-29 19:13:09'),
(44, 37, 'product', 172, 1, 37.05, 37.05, 1.1115, '2021-12-02 15:04:52', '2021-12-02 15:04:52'),
(45, 37, 'product', 3, 1, 60, 60, 3, '2021-12-02 15:04:52', '2021-12-02 15:04:52'),
(46, 37, 'product', 173, 2, 35, 70, 1.4, '2021-12-02 15:04:52', '2021-12-02 15:04:52'),
(47, 37, 'product', 156, 1, 190, 190, 9.5, '2021-12-02 15:04:52', '2021-12-02 15:04:52'),
(48, 38, 'product', 1, 1, 10, 10, 0.5, '2021-12-02 22:12:34', '2021-12-02 22:12:34'),
(49, 39, 'product', 170, 1, 65, 65, 3.9, '2021-12-02 22:12:34', '2021-12-02 22:12:34'),
(50, 40, 'product', 200, 3, 39.6, 118.8, 6, '2021-12-02 23:51:19', '2021-12-02 23:51:19'),
(51, 41, 'product', 173, 1, 35, 35, 0.7, '2021-12-03 02:44:24', '2021-12-03 02:44:24'),
(52, 42, 'product', 169, 1, 49.5, 49.5, 2.475, '2021-12-03 05:51:44', '2021-12-03 05:51:44'),
(53, 43, 'product', 173, 1, 35, 35, 0.7, '2021-12-06 05:56:43', '2021-12-06 05:56:43'),
(54, 43, 'product', 130, 1, 2375, 2375, 3, '2021-12-06 05:56:43', '2021-12-06 05:56:43'),
(55, 43, 'product', 174, 1, 45, 45, 4.71, '2021-12-06 05:56:43', '2022-07-22 17:39:02'),
(56, 43, 'product', 2, 1, 20.24, 20.24, 1.012, '2021-12-06 05:56:43', '2021-12-06 05:56:43'),
(57, 44, 'product', 149, 1, 658, 658, 19.74, '2021-12-06 06:55:22', '2021-12-06 06:55:22'),
(58, 44, 'product', 172, 1, 37, 37.05, 1.11, '2021-12-06 06:55:22', '2021-12-06 06:55:22'),
(59, 45, 'product', 172, 1, 37, 37.05, 1.11, '2021-12-09 18:29:53', '2021-12-09 18:29:53'),
(60, 46, 'product', 5, 1, 4800, 4800, 480, '2021-12-09 18:35:32', '2021-12-09 18:35:32'),
(61, 47, 'product', 175, 1, 33, 33.6, 1.65, '2021-12-09 20:58:59', '2021-12-09 20:58:59'),
(62, 48, 'product', 155, 1, 120, 120, 5.75, '2021-12-09 22:06:04', '2022-07-22 17:39:02'),
(63, 48, 'product', 82, 1, 115, 115, 5.75, '2021-12-09 22:06:05', '2021-12-09 22:06:05'),
(64, 49, 'product', 200, 3, 39.6, 118.8, 6, '2021-12-09 22:21:16', '2021-12-09 22:21:16'),
(65, 49, 'product', 3, 1, 60, 60, 3, '2021-12-09 22:21:17', '2021-12-09 22:21:17'),
(66, 50, 'product', 16, 1, 95, 95, 4.75, '2021-12-09 22:41:48', '2021-12-09 22:41:48'),
(67, 51, 'product', 127, 3, 291, 873, 17.46, '2021-12-09 23:13:56', '2021-12-09 23:13:56'),
(68, 52, 'product', 155, 1, 120, 120, 0, '2021-12-10 00:25:29', '2021-12-10 00:25:29'),
(69, 53, 'product', 149, 3, 658, 1974, 59.22, '2021-12-10 01:19:22', '2021-12-10 01:19:22'),
(70, 53, 'product', 180, 2, 25, 50, 59.22, '2021-12-10 01:19:22', '2022-07-22 17:39:02'),
(71, 54, 'product', 190, 1, 180, 180.5, 9, '2021-12-10 02:47:54', '2021-12-10 02:47:54'),
(72, 54, 'product', 172, 1, 37.05, 37.05, 1.1115, '2021-12-10 02:47:54', '2021-12-10 02:47:54'),
(73, 54, 'product', 149, 1, 658, 658, 19.74, '2021-12-10 02:47:54', '2021-12-10 02:47:54'),
(74, 54, 'product', 132, 2, 147.25, 294.5, 6, '2021-12-10 02:47:54', '2021-12-10 02:47:54'),
(75, 55, 'product', 173, 7, 35, 245, 4.9, '2021-12-10 02:51:55', '2021-12-10 02:51:55'),
(76, 55, 'product', 174, 1, 45, 45, 10.9, '2021-12-10 02:51:55', '2022-07-22 17:39:02'),
(77, 55, 'product', 200, 3, 39.6, 118.8, 6, '2021-12-10 02:51:55', '2021-12-10 02:51:55'),
(78, 56, 'product', 174, 4, 45, 180, 0, '2021-12-10 03:29:26', '2021-12-10 03:29:26'),
(79, 57, 'product', 180, 1, 25, 25, 0, '2021-12-10 04:24:28', '2021-12-10 04:24:28'),
(80, 58, 'product', 176, 1, 31, 31, 1, '2021-12-10 09:41:34', '2022-07-22 17:39:02'),
(81, 58, 'product', 24, 1, 9900, 9900, 1485, '2021-12-10 09:41:34', '2021-12-10 09:41:34'),
(82, 58, 'product', 195, 1, 2244.8, 2244.8, 3, '2021-12-10 09:41:34', '2021-12-10 09:41:34'),
(83, 59, 'product', 190, 1, 180, 180.5, 9, '2021-12-10 10:35:08', '2021-12-10 10:35:08'),
(84, 60, 'product', 191, 1, 209, 209, 10.45, '2021-12-10 12:44:02', '2021-12-10 12:44:02'),
(85, 61, 'product', 173, 1, 35, 35, 0.7, '2021-12-10 13:21:45', '2021-12-10 13:21:45'),
(86, 62, 'product', 172, 3, 37.05, 111.15, 3.3345, '2021-12-10 17:04:30', '2021-12-10 17:04:30'),
(87, 62, 'product', 174, 1, 45, 45, 3.33, '2021-12-10 17:04:30', '2022-07-22 17:39:02'),
(88, 63, 'product', 76, 1, 60, 60, 0, '2021-12-10 19:10:31', '2021-12-10 19:10:31'),
(89, 64, 'product', 173, 1, 35, 35, 0.7, '2021-12-10 19:43:21', '2021-12-10 19:43:21'),
(90, 65, 'product', 172, 1, 37.05, 37.05, 1.1115, '2021-12-10 21:09:38', '2021-12-10 21:09:38'),
(91, 65, 'product', 16, 1, 95, 95, 4.75, '2021-12-10 21:09:38', '2021-12-10 21:09:38'),
(92, 66, 'product', 180, 1, 25, 25, 0, '2021-12-10 21:30:51', '2021-12-10 21:30:51'),
(93, 67, 'product', 149, 1, 658, 658, 19.74, '2021-12-10 21:36:11', '2021-12-10 21:36:11'),
(94, 68, 'product', 169, 1, 49, 49.5, 2.45, '2021-12-11 07:31:13', '2021-12-11 07:31:13'),
(95, 68, 'product', 149, 1, 658, 658, 19.74, '2021-12-11 07:31:13', '2021-12-11 07:31:13'),
(96, 69, 'product', 174, 1, 45, 45, 1.5, '2021-12-11 23:44:24', '2022-07-22 17:39:02'),
(97, 69, 'product', 155, 1, 120, 120, 1.5, '2021-12-11 23:44:24', '2022-07-22 17:39:02'),
(98, 69, 'product', 124, 1, 250, 250, 3, '2021-12-11 23:44:24', '2021-12-11 23:44:24'),
(99, 70, 'product', 172, 1, 37.05, 37.05, 1.1115, '2021-12-12 00:06:47', '2021-12-12 00:06:47'),
(100, 71, 'product', 34, 1, 19, 19, 0.95, '2021-12-12 00:30:42', '2021-12-12 00:30:42'),
(101, 72, 'product', 4, 1, 35, 35, 1.05, '2022-07-26 16:50:30', '2022-07-26 16:50:30'),
(102, 73, 'product', 200, 5, 41, 205, 6.15, '2022-07-26 17:01:04', '2022-07-26 17:01:04'),
(103, 74, 'product', 174, 1, 45, 45, 1.35, '2022-07-26 17:04:10', '2022-07-26 17:04:10'),
(104, 75, 'gift_card', 13, 1, 300, 300, 0, '2022-07-27 16:30:11', '2022-07-27 16:30:11'),
(105, 75, 'gift_card', 14, 1, 250, 250, 0, '2022-07-27 16:30:11', '2022-07-27 16:30:11'),
(106, 76, 'gift_card', 12, 1, 200, 200, 0, '2022-07-27 17:31:48', '2022-07-27 17:31:48'),
(107, 76, 'gift_card', 13, 1, 300, 300, 0, '2022-07-27 17:31:48', '2022-07-27 17:31:48'),
(108, 77, 'product', 173, 1, 35, 35, 1.05, '2022-07-27 17:39:51', '2022-07-27 17:39:51'),
(109, 78, 'product', 186, 1, 76, 76, 2.28, '2022-07-27 17:53:24', '2022-07-27 17:53:24'),
(110, 79, 'product', 174, 1, 45, 45, 1.35, '2022-07-27 19:23:51', '2022-07-27 19:23:51'),
(111, 80, 'product', 190, 1, 180.5, 180.5, 5.415, '2022-07-27 19:47:05', '2022-07-27 19:47:05'),
(112, 81, 'gift_card', 12, 1, 200, 200, 0, '2022-07-28 11:29:04', '2022-07-28 11:29:04'),
(113, 82, 'product', 200, 3, 39.6, 118.8, 3.564, '2022-07-28 12:52:39', '2022-07-28 12:52:39'),
(114, 83, 'gift_card', 13, 1, 300, 300, 0, '2022-07-28 13:01:38', '2022-07-28 13:01:38'),
(115, 84, 'gift_card', 13, 1, 300, 300, 0, '2022-07-28 13:12:36', '2022-07-28 13:12:36'),
(116, 85, 'product', 172, 1, 37.05, 37.05, 0, '2022-07-28 13:38:29', '2022-07-28 13:38:29'),
(117, 86, 'product', 180, 1, 25, 25, 0, '2022-07-28 15:02:03', '2022-07-28 15:02:03'),
(118, 87, 'gift_card', 13, 1, 300, 300, 0, '2022-07-28 15:39:41', '2022-07-28 15:39:41');

-- --------------------------------------------------------

--
